{"id":96191,"date":"2025-06-04T13:18:27","date_gmt":"2025-06-04T11:18:27","guid":{"rendered":"https:\/\/www.heddata.se\/webbutik\/?post_type=product&#038;p=96191"},"modified":"2026-04-24T10:10:47","modified_gmt":"2026-04-24T08:10:47","slug":"ersattnings-fjarrkontroll-samsung-tvrc45sabk","status":"publish","type":"product","link":"https:\/\/www.heddata.se\/webbutik\/produkt\/ersattnings-fjarrkontroll-samsung-tvrc45sabk\/","title":{"rendered":"Ers\u00e4ttnings Fj\u00e4rrkontroll Samsung &#8211; TVRC45SABK"},"content":{"rendered":"<p>Ers\u00e4ttnings Fj\u00e4rrkontroll Samsung &#8211; TVRC45SABK<\/p>\n<p>Byt ut en borttappad eller trasig Samsung-fj\u00e4rrkontroll mot den h\u00e4r f\u00f6rprogrammerade Nedis <a href=\"https:\/\/www.heddata.se\/webbutik\/tv-apparater\/\">TV<\/a>-ers\u00e4ttningsfj\u00e4rrkontrollen, som \u00e4r kompatibel med alla Samsung-TV-apparater. Tack vare en omfattande inbyggd koddatabas har den varje enskild funktion i originalversionen. Nedis ers\u00e4ttningsfj\u00e4rrkontroll \u00e4r enkel att anv\u00e4nda eftersom den inte kr\u00e4ver n\u00e5gon programmering. S\u00e4tt bara i batterierna s\u00e5 \u00e4r du ig\u00e5ng.<\/p>\n<p>F\u00f6rprogrammerad, redo att anv\u00e4nda Samsung TV-ers\u00e4ttningsfj\u00e4rrkontroll<br \/>\nFungerar garanterat med 100% av alla Samsung TV-modeller<br \/>\nStor koddatabas f\u00f6r att ers\u00e4tta alla funktioner i den ursprungliga fj\u00e4rrkontrollen<br \/>\nInl\u00e4rningsfunktion f\u00f6r att helt anpassa fj\u00e4rrkontrollen efter dina behov<br \/>\nHar genv\u00e4gar till Netflix, Amazon Prime, Disney, YouTube<\/p>\n<h3><a href=\"https:\/\/nedis.se\/sv-se\" target=\"_blank\" rel=\"noopener\">Produktspecifikationer<\/a><\/h3>\n<table class=\"table table-with-odd-background\">\n<tbody>\n<tr>\n<td class=\"col-4\">Bredd<\/td>\n<td class=\"col-8\">47 mm<\/td>\n<\/tr>\n<tr>\n<td class=\"col-4\">H\u00f6jd<\/td>\n<td class=\"col-8\">210 mm<\/td>\n<\/tr>\n<tr>\n<td class=\"col-4\">Djup<\/td>\n<td class=\"col-8\">30 mm<\/td>\n<\/tr>\n<tr>\n<td class=\"col-4\">Vikt<\/td>\n<td class=\"col-8\">33 g<\/td>\n<\/tr>\n<tr>\n<td class=\"col-4\">F\u00e4rg<\/td>\n<td class=\"col-8\">Svart<\/td>\n<\/tr>\n<tr>\n<td class=\"col-4\">Material<\/td>\n<td class=\"col-8\">ABS<br \/>\nGummi<\/td>\n<\/tr>\n<tr>\n<td class=\"col-4\">Typ av str\u00f6mk\u00e4lla<\/td>\n<td class=\"col-8\">Batteridriven<\/td>\n<\/tr>\n<tr>\n<td class=\"col-4\">Insp\u00e4nning<\/td>\n<td class=\"col-8\">3 V DC<\/td>\n<\/tr>\n<tr>\n<td class=\"col-4\">Typ av kontroll<\/td>\n<td class=\"col-8\">Ers\u00e4ttningsfj\u00e4rrkontroll<\/td>\n<\/tr>\n<tr>\n<td class=\"col-4\">S\u00e4ndningsteknik<\/td>\n<td class=\"col-8\">Infrar\u00f6d<\/td>\n<\/tr>\n<tr>\n<td class=\"col-4\">Passar till<\/td>\n<td class=\"col-8\">TV<br \/>\nSamsung<\/td>\n<\/tr>\n<tr>\n<td class=\"col-4\">Kodinmatning<\/td>\n<td class=\"col-8\">F\u00f6rprogrammerad<\/td>\n<\/tr>\n<tr>\n<td class=\"col-4\">Funktioner f\u00f6r fj\u00e4rrkontroll<\/td>\n<td class=\"col-8\">Netflix Knapp<br \/>\nYoutube Knapp<br \/>\nSmarthem knapp<br \/>\nAmazon Prime<br \/>\nDisney + Button<\/td>\n<\/tr>\n<tr>\n<td class=\"col-4\">Kr\u00e4ver batterier (ing\u00e5r ej)<\/td>\n<td class=\"col-8\">2x AAA\/LR03<\/td>\n<\/tr>\n<tr>\n<td class=\"col-4\">Antal varor i paketet<\/td>\n<td class=\"col-8\">1 st.<\/td>\n<\/tr>\n<tr>\n<td class=\"col-4\">Antal enheter<\/td>\n<td class=\"col-8\">1 Enhet<\/td>\n<\/tr>\n<\/tbody>\n<\/table>\n","protected":false},"excerpt":{"rendered":"<p>Ers\u00e4ttnings Fj\u00e4rrkontroll Samsung &#8211; TVRC45SABK<\/p>\n","protected":false},"featured_media":96193,"template":"","meta":[],"product_brand":[],"product_cat":[8993,60,86],"product_tag":[],"class_list":{"0":"post-96191","1":"product","2":"type-product","3":"status-publish","4":"has-post-thumbnail","6":"product_cat-fjarrkontroller","7":"product_cat-hemelektronik","8":"product_cat-tillbehor-tv","10":"first","11":"instock","12":"taxable","13":"shipping-taxable","14":"purchasable","15":"product-type-simple"},"yoast_head":"<!-- This site is optimized with the Yoast SEO Premium plugin v26.7 (Yoast SEO v26.7) - https:\/\/yoast.com\/wordpress\/plugins\/seo\/ -->\n<title>Ers\u00e4ttnings Fj\u00e4rrkontroll Samsung - TVRC45SABK<\/title>\n<meta name=\"description\" content=\"Ers\u00e4ttnings Fj\u00e4rrkontroll Samsung - TVRC45SABK. Byt ut en borttappad eller trasig fj\u00e4rrkontroll mot den h\u00e4r f\u00f6rprogrammerade TV-ers\u00e4ttningsfj\u00e4rrkontrollen\" \/>\n<meta name=\"robots\" content=\"index, follow, max-snippet:-1, max-image-preview:large, max-video-preview:-1\" \/>\n<link rel=\"canonical\" href=\"https:\/\/www.heddata.se\/webbutik\/produkt\/ersattnings-fjarrkontroll-samsung-tvrc45sabk\/\" \/>\n<meta property=\"og:locale\" content=\"sv_SE\" \/>\n<meta property=\"og:type\" content=\"article\" \/>\n<meta property=\"og:title\" content=\"Ers\u00e4ttnings Fj\u00e4rrkontroll Samsung - TVRC45SABK\" \/>\n<meta property=\"og:description\" content=\"Ers\u00e4ttnings Fj\u00e4rrkontroll Samsung - TVRC45SABK. Byt ut en borttappad eller trasig fj\u00e4rrkontroll mot den h\u00e4r f\u00f6rprogrammerade TV-ers\u00e4ttningsfj\u00e4rrkontrollen\" \/>\n<meta property=\"og:url\" content=\"https:\/\/www.heddata.se\/webbutik\/produkt\/ersattnings-fjarrkontroll-samsung-tvrc45sabk\/\" \/>\n<meta property=\"og:site_name\" content=\"Datorer, Skrivare, F\u00e4rgpatroner, Mobiltelefoner\" \/>\n<meta property=\"article:modified_time\" content=\"2026-04-24T08:10:47+00:00\" \/>\n<meta property=\"og:image\" content=\"https:\/\/www.heddata.se\/webbutik\/wp-content\/uploads\/webbutik\/kategorier\/tv\/tvrc45sabk.jpeg\" \/>\n\t<meta property=\"og:image:width\" content=\"1200\" \/>\n\t<meta property=\"og:image:height\" content=\"1200\" \/>\n\t<meta property=\"og:image:type\" content=\"image\/jpeg\" \/>\n<meta name=\"twitter:card\" content=\"summary_large_image\" \/>\n<meta name=\"twitter:label1\" content=\"Ber\u00e4knad l\u00e4stid\" \/>\n\t<meta name=\"twitter:data1\" content=\"2 minuter\" \/>\n<script type=\"application\/ld+json\" class=\"yoast-schema-graph\">{\"@context\":\"https:\/\/schema.org\",\"@graph\":[{\"@type\":\"WebPage\",\"@id\":\"https:\/\/www.heddata.se\/webbutik\/produkt\/ersattnings-fjarrkontroll-samsung-tvrc45sabk\/\",\"url\":\"https:\/\/www.heddata.se\/webbutik\/produkt\/ersattnings-fjarrkontroll-samsung-tvrc45sabk\/\",\"name\":\"Ers\u00e4ttnings Fj\u00e4rrkontroll Samsung - TVRC45SABK\",\"isPartOf\":{\"@id\":\"https:\/\/www.heddata.se\/webbutik\/#website\"},\"primaryImageOfPage\":{\"@id\":\"https:\/\/www.heddata.se\/webbutik\/produkt\/ersattnings-fjarrkontroll-samsung-tvrc45sabk\/#primaryimage\"},\"image\":{\"@id\":\"https:\/\/www.heddata.se\/webbutik\/produkt\/ersattnings-fjarrkontroll-samsung-tvrc45sabk\/#primaryimage\"},\"thumbnailUrl\":\"https:\/\/www.heddata.se\/webbutik\/wp-content\/uploads\/webbutik\/kategorier\/tv\/tvrc45sabk.jpeg\",\"datePublished\":\"2025-06-04T11:18:27+00:00\",\"dateModified\":\"2026-04-24T08:10:47+00:00\",\"description\":\"Ers\u00e4ttnings Fj\u00e4rrkontroll Samsung - TVRC45SABK. Byt ut en borttappad eller trasig fj\u00e4rrkontroll mot den h\u00e4r f\u00f6rprogrammerade TV-ers\u00e4ttningsfj\u00e4rrkontrollen\",\"breadcrumb\":{\"@id\":\"https:\/\/www.heddata.se\/webbutik\/produkt\/ersattnings-fjarrkontroll-samsung-tvrc45sabk\/#breadcrumb\"},\"inLanguage\":\"sv-SE\",\"potentialAction\":[{\"@type\":\"ReadAction\",\"target\":[\"https:\/\/www.heddata.se\/webbutik\/produkt\/ersattnings-fjarrkontroll-samsung-tvrc45sabk\/\"]}]},{\"@type\":\"ImageObject\",\"inLanguage\":\"sv-SE\",\"@id\":\"https:\/\/www.heddata.se\/webbutik\/produkt\/ersattnings-fjarrkontroll-samsung-tvrc45sabk\/#primaryimage\",\"url\":\"https:\/\/www.heddata.se\/webbutik\/wp-content\/uploads\/webbutik\/kategorier\/tv\/tvrc45sabk.jpeg\",\"contentUrl\":\"https:\/\/www.heddata.se\/webbutik\/wp-content\/uploads\/webbutik\/kategorier\/tv\/tvrc45sabk.jpeg\",\"width\":1200,\"height\":1200,\"caption\":\"Ers\u00e4ttnings Fj\u00e4rrkontroll Samsung\"},{\"@type\":\"BreadcrumbList\",\"@id\":\"https:\/\/www.heddata.se\/webbutik\/produkt\/ersattnings-fjarrkontroll-samsung-tvrc45sabk\/#breadcrumb\",\"itemListElement\":[{\"@type\":\"ListItem\",\"position\":1,\"name\":\"Hem\",\"item\":\"https:\/\/www.heddata.se\/webbutik\/\"},{\"@type\":\"ListItem\",\"position\":2,\"name\":\"Produkter\",\"item\":\"https:\/\/www.heddata.se\/webbutik\/shop\/\"},{\"@type\":\"ListItem\",\"position\":3,\"name\":\"Ers\u00e4ttnings Fj\u00e4rrkontroll Samsung &#8211; TVRC45SABK\"}]},{\"@type\":\"WebSite\",\"@id\":\"https:\/\/www.heddata.se\/webbutik\/#website\",\"url\":\"https:\/\/www.heddata.se\/webbutik\/\",\"name\":\"Datorer, Skrivare, F\u00e4rgpatroner, Mobiltelefoner\",\"description\":\"Kablar\",\"publisher\":{\"@id\":\"https:\/\/www.heddata.se\/webbutik\/#organization\"},\"potentialAction\":[{\"@type\":\"SearchAction\",\"target\":{\"@type\":\"EntryPoint\",\"urlTemplate\":\"https:\/\/www.heddata.se\/webbutik\/?s={search_term_string}\"},\"query-input\":{\"@type\":\"PropertyValueSpecification\",\"valueRequired\":true,\"valueName\":\"search_term_string\"}}],\"inLanguage\":\"sv-SE\"},{\"@type\":\"Organization\",\"@id\":\"https:\/\/www.heddata.se\/webbutik\/#organization\",\"name\":\"Heddata AB\",\"url\":\"https:\/\/www.heddata.se\/webbutik\/\",\"logo\":{\"@type\":\"ImageObject\",\"inLanguage\":\"sv-SE\",\"@id\":\"https:\/\/www.heddata.se\/webbutik\/#\/schema\/logo\/image\/\",\"url\":\"https:\/\/www.heddata.se\/webbutik\/wp-content\/uploads\/logga\/heddata-ab-logga.png\",\"contentUrl\":\"https:\/\/www.heddata.se\/webbutik\/wp-content\/uploads\/logga\/heddata-ab-logga.png\",\"width\":200,\"height\":64,\"caption\":\"Heddata AB\"},\"image\":{\"@id\":\"https:\/\/www.heddata.se\/webbutik\/#\/schema\/logo\/image\/\"}}]}<\/script>\n<!-- \/ Yoast SEO Premium plugin. -->","yoast_head_json":{"title":"Ers\u00e4ttnings Fj\u00e4rrkontroll Samsung - TVRC45SABK","description":"Ers\u00e4ttnings Fj\u00e4rrkontroll Samsung - TVRC45SABK. Byt ut en borttappad eller trasig fj\u00e4rrkontroll mot den h\u00e4r f\u00f6rprogrammerade TV-ers\u00e4ttningsfj\u00e4rrkontrollen","robots":{"index":"index","follow":"follow","max-snippet":"max-snippet:-1","max-image-preview":"max-image-preview:large","max-video-preview":"max-video-preview:-1"},"canonical":"https:\/\/www.heddata.se\/webbutik\/produkt\/ersattnings-fjarrkontroll-samsung-tvrc45sabk\/","og_locale":"sv_SE","og_type":"article","og_title":"Ers\u00e4ttnings Fj\u00e4rrkontroll Samsung - TVRC45SABK","og_description":"Ers\u00e4ttnings Fj\u00e4rrkontroll Samsung - TVRC45SABK. Byt ut en borttappad eller trasig fj\u00e4rrkontroll mot den h\u00e4r f\u00f6rprogrammerade TV-ers\u00e4ttningsfj\u00e4rrkontrollen","og_url":"https:\/\/www.heddata.se\/webbutik\/produkt\/ersattnings-fjarrkontroll-samsung-tvrc45sabk\/","og_site_name":"Datorer, Skrivare, F\u00e4rgpatroner, Mobiltelefoner","article_modified_time":"2026-04-24T08:10:47+00:00","og_image":[{"width":1200,"height":1200,"url":"https:\/\/www.heddata.se\/webbutik\/wp-content\/uploads\/webbutik\/kategorier\/tv\/tvrc45sabk.jpeg","type":"image\/jpeg"}],"twitter_card":"summary_large_image","twitter_misc":{"Ber\u00e4knad l\u00e4stid":"2 minuter"},"schema":{"@context":"https:\/\/schema.org","@graph":[{"@type":"WebPage","@id":"https:\/\/www.heddata.se\/webbutik\/produkt\/ersattnings-fjarrkontroll-samsung-tvrc45sabk\/","url":"https:\/\/www.heddata.se\/webbutik\/produkt\/ersattnings-fjarrkontroll-samsung-tvrc45sabk\/","name":"Ers\u00e4ttnings Fj\u00e4rrkontroll Samsung - TVRC45SABK","isPartOf":{"@id":"https:\/\/www.heddata.se\/webbutik\/#website"},"primaryImageOfPage":{"@id":"https:\/\/www.heddata.se\/webbutik\/produkt\/ersattnings-fjarrkontroll-samsung-tvrc45sabk\/#primaryimage"},"image":{"@id":"https:\/\/www.heddata.se\/webbutik\/produkt\/ersattnings-fjarrkontroll-samsung-tvrc45sabk\/#primaryimage"},"thumbnailUrl":"https:\/\/www.heddata.se\/webbutik\/wp-content\/uploads\/webbutik\/kategorier\/tv\/tvrc45sabk.jpeg","datePublished":"2025-06-04T11:18:27+00:00","dateModified":"2026-04-24T08:10:47+00:00","description":"Ers\u00e4ttnings Fj\u00e4rrkontroll Samsung - TVRC45SABK. Byt ut en borttappad eller trasig fj\u00e4rrkontroll mot den h\u00e4r f\u00f6rprogrammerade TV-ers\u00e4ttningsfj\u00e4rrkontrollen","breadcrumb":{"@id":"https:\/\/www.heddata.se\/webbutik\/produkt\/ersattnings-fjarrkontroll-samsung-tvrc45sabk\/#breadcrumb"},"inLanguage":"sv-SE","potentialAction":[{"@type":"ReadAction","target":["https:\/\/www.heddata.se\/webbutik\/produkt\/ersattnings-fjarrkontroll-samsung-tvrc45sabk\/"]}]},{"@type":"ImageObject","inLanguage":"sv-SE","@id":"https:\/\/www.heddata.se\/webbutik\/produkt\/ersattnings-fjarrkontroll-samsung-tvrc45sabk\/#primaryimage","url":"https:\/\/www.heddata.se\/webbutik\/wp-content\/uploads\/webbutik\/kategorier\/tv\/tvrc45sabk.jpeg","contentUrl":"https:\/\/www.heddata.se\/webbutik\/wp-content\/uploads\/webbutik\/kategorier\/tv\/tvrc45sabk.jpeg","width":1200,"height":1200,"caption":"Ers\u00e4ttnings Fj\u00e4rrkontroll Samsung"},{"@type":"BreadcrumbList","@id":"https:\/\/www.heddata.se\/webbutik\/produkt\/ersattnings-fjarrkontroll-samsung-tvrc45sabk\/#breadcrumb","itemListElement":[{"@type":"ListItem","position":1,"name":"Hem","item":"https:\/\/www.heddata.se\/webbutik\/"},{"@type":"ListItem","position":2,"name":"Produkter","item":"https:\/\/www.heddata.se\/webbutik\/shop\/"},{"@type":"ListItem","position":3,"name":"Ers\u00e4ttnings Fj\u00e4rrkontroll Samsung &#8211; TVRC45SABK"}]},{"@type":"WebSite","@id":"https:\/\/www.heddata.se\/webbutik\/#website","url":"https:\/\/www.heddata.se\/webbutik\/","name":"Datorer, Skrivare, F\u00e4rgpatroner, Mobiltelefoner","description":"Kablar","publisher":{"@id":"https:\/\/www.heddata.se\/webbutik\/#organization"},"potentialAction":[{"@type":"SearchAction","target":{"@type":"EntryPoint","urlTemplate":"https:\/\/www.heddata.se\/webbutik\/?s={search_term_string}"},"query-input":{"@type":"PropertyValueSpecification","valueRequired":true,"valueName":"search_term_string"}}],"inLanguage":"sv-SE"},{"@type":"Organization","@id":"https:\/\/www.heddata.se\/webbutik\/#organization","name":"Heddata AB","url":"https:\/\/www.heddata.se\/webbutik\/","logo":{"@type":"ImageObject","inLanguage":"sv-SE","@id":"https:\/\/www.heddata.se\/webbutik\/#\/schema\/logo\/image\/","url":"https:\/\/www.heddata.se\/webbutik\/wp-content\/uploads\/logga\/heddata-ab-logga.png","contentUrl":"https:\/\/www.heddata.se\/webbutik\/wp-content\/uploads\/logga\/heddata-ab-logga.png","width":200,"height":64,"caption":"Heddata AB"},"image":{"@id":"https:\/\/www.heddata.se\/webbutik\/#\/schema\/logo\/image\/"}}]}},"_links":{"self":[{"href":"https:\/\/www.heddata.se\/webbutik\/wp-json\/wp\/v2\/product\/96191","targetHints":{"allow":["GET"]}}],"collection":[{"href":"https:\/\/www.heddata.se\/webbutik\/wp-json\/wp\/v2\/product"}],"about":[{"href":"https:\/\/www.heddata.se\/webbutik\/wp-json\/wp\/v2\/types\/product"}],"wp:featuredmedia":[{"embeddable":true,"href":"https:\/\/www.heddata.se\/webbutik\/wp-json\/wp\/v2\/media\/96193"}],"wp:attachment":[{"href":"https:\/\/www.heddata.se\/webbutik\/wp-json\/wp\/v2\/media?parent=96191"}],"wp:term":[{"taxonomy":"product_brand","embeddable":true,"href":"https:\/\/www.heddata.se\/webbutik\/wp-json\/wp\/v2\/product_brand?post=96191"},{"taxonomy":"product_cat","embeddable":true,"href":"https:\/\/www.heddata.se\/webbutik\/wp-json\/wp\/v2\/product_cat?post=96191"},{"taxonomy":"product_tag","embeddable":true,"href":"https:\/\/www.heddata.se\/webbutik\/wp-json\/wp\/v2\/product_tag?post=96191"}],"curies":[{"name":"wp","href":"https:\/\/api.w.org\/{rel}","templated":true}]}}