{"id":96158,"date":"2025-05-08T12:18:25","date_gmt":"2025-05-08T10:18:25","guid":{"rendered":"https:\/\/www.heddata.se\/webbutik\/?post_type=product&#038;p=96158"},"modified":"2026-04-30T10:10:26","modified_gmt":"2026-04-30T08:10:26","slug":"sandisk-extreme-microsdxc-64gb-170mb-s-sdsqxah-064g-gn6aa","status":"publish","type":"product","link":"https:\/\/www.heddata.se\/webbutik\/produkt\/sandisk-extreme-microsdxc-64gb-170mb-s-sdsqxah-064g-gn6aa\/","title":{"rendered":"SanDisk Extreme microSDXC 64GB 170MB\/s &#8211; SDSQXAH-064G-GN6AA"},"content":{"rendered":"<p>SanDisk Extreme microSDXC 64GB 170MB\/s &#8211; SDSQXAH-064G-GN6AA<\/p>\n<p><a href=\"https:\/\/www.sandisk.com\/\" target=\"_blank\" rel=\"noopener\">SanDisk<\/a> Extreme 64 GB MicroSDXC UHS-I Klass 10 \u00e4r utformad f\u00f6r att erbjuda p\u00e5litlig lagring och h\u00f6gpresterande hastighet i en kompakt form. Detta microSD-kort erbjuder gener\u00f6s lagringskapacitet p\u00e5 64 GB, samtidigt som det levererar en l\u00e4shastighet p\u00e5 170 MB\/s och en skrivhastighet p\u00e5 80 MB\/s. Det \u00e4r byggt f\u00f6r att hantera h\u00f6guppl\u00f6sta <a href=\"https:\/\/www.heddata.se\/webbutik\/telefon-surfplattor\/mobiltelefoner\/\">foto-<\/a> och videoinspelningar med en Video Speed Class p\u00e5 V30 och en Application Performance Class p\u00e5 A2, vilket s\u00e4kerst\u00e4ller smidig prestanda \u00f6ver olika applikationer. Den robusta konstruktionen, med vattent\u00e5ligt, st\u00f6tt\u00e5ligt och r\u00f6ntgenbest\u00e4ndigt skydd, g\u00f6r det till ett p\u00e5litligt alternativ f\u00f6r anv\u00e4ndning i utmanande milj\u00f6er.<\/p>\n","protected":false},"excerpt":{"rendered":"<p>SanDisk Extreme microSDXC 64GB 170MB\/s &#8211; SDSQXAH-064G-GN6AA<\/p>\n","protected":false},"featured_media":96160,"template":"","meta":[],"product_brand":[],"product_cat":[64,108],"product_tag":[],"class_list":{"0":"post-96158","1":"product","2":"type-product","3":"status-publish","4":"has-post-thumbnail","6":"product_cat-lagring","7":"product_cat-minneskort","9":"first","10":"instock","11":"taxable","12":"shipping-taxable","13":"purchasable","14":"product-type-simple"},"yoast_head":"<!-- This site is optimized with the Yoast SEO Premium plugin v26.7 (Yoast SEO v26.7) - https:\/\/yoast.com\/wordpress\/plugins\/seo\/ -->\n<title>SanDisk Extreme microSDXC 64GB 170MB\/s<\/title>\n<meta name=\"description\" content=\"SanDisk Extreme microSDXC 64GB 170MB\/s - SDSQXAH-064G-GN6AA utformad f\u00f6r att erbjuda p\u00e5litlig lagring och h\u00f6gpresterande hastighet\" \/>\n<meta name=\"robots\" content=\"index, follow, max-snippet:-1, max-image-preview:large, max-video-preview:-1\" \/>\n<link rel=\"canonical\" href=\"https:\/\/www.heddata.se\/webbutik\/produkt\/sandisk-extreme-microsdxc-64gb-170mb-s-sdsqxah-064g-gn6aa\/\" \/>\n<meta property=\"og:locale\" content=\"sv_SE\" \/>\n<meta property=\"og:type\" content=\"article\" \/>\n<meta property=\"og:title\" content=\"SanDisk Extreme microSDXC 64GB 170MB\/s - SDSQXAH-064G-GN6AA\" \/>\n<meta property=\"og:description\" content=\"SanDisk Extreme microSDXC 64GB 170MB\/s - SDSQXAH-064G-GN6AA utformad f\u00f6r att erbjuda p\u00e5litlig lagring och h\u00f6gpresterande hastighet\" \/>\n<meta property=\"og:url\" content=\"https:\/\/www.heddata.se\/webbutik\/produkt\/sandisk-extreme-microsdxc-64gb-170mb-s-sdsqxah-064g-gn6aa\/\" \/>\n<meta property=\"og:site_name\" content=\"Datorer, Skrivare, F\u00e4rgpatroner, Mobiltelefoner\" \/>\n<meta property=\"article:modified_time\" content=\"2026-04-30T08:10:26+00:00\" \/>\n<meta property=\"og:image\" content=\"https:\/\/www.heddata.se\/webbutik\/wp-content\/uploads\/webbutik\/kategorier\/lagring\/sdsqxah-064g-gn6aa.jpg\" \/>\n\t<meta property=\"og:image:width\" content=\"800\" \/>\n\t<meta property=\"og:image:height\" content=\"800\" \/>\n\t<meta property=\"og:image:type\" content=\"image\/jpeg\" \/>\n<meta name=\"twitter:card\" content=\"summary_large_image\" \/>\n<meta name=\"twitter:label1\" content=\"Ber\u00e4knad l\u00e4stid\" \/>\n\t<meta name=\"twitter:data1\" content=\"1 minut\" \/>\n<script type=\"application\/ld+json\" class=\"yoast-schema-graph\">{\"@context\":\"https:\/\/schema.org\",\"@graph\":[{\"@type\":\"WebPage\",\"@id\":\"https:\/\/www.heddata.se\/webbutik\/produkt\/sandisk-extreme-microsdxc-64gb-170mb-s-sdsqxah-064g-gn6aa\/\",\"url\":\"https:\/\/www.heddata.se\/webbutik\/produkt\/sandisk-extreme-microsdxc-64gb-170mb-s-sdsqxah-064g-gn6aa\/\",\"name\":\"SanDisk Extreme microSDXC 64GB 170MB\/s\",\"isPartOf\":{\"@id\":\"https:\/\/www.heddata.se\/webbutik\/#website\"},\"primaryImageOfPage\":{\"@id\":\"https:\/\/www.heddata.se\/webbutik\/produkt\/sandisk-extreme-microsdxc-64gb-170mb-s-sdsqxah-064g-gn6aa\/#primaryimage\"},\"image\":{\"@id\":\"https:\/\/www.heddata.se\/webbutik\/produkt\/sandisk-extreme-microsdxc-64gb-170mb-s-sdsqxah-064g-gn6aa\/#primaryimage\"},\"thumbnailUrl\":\"https:\/\/www.heddata.se\/webbutik\/wp-content\/uploads\/webbutik\/kategorier\/lagring\/sdsqxah-064g-gn6aa.jpg\",\"datePublished\":\"2025-05-08T10:18:25+00:00\",\"dateModified\":\"2026-04-30T08:10:26+00:00\",\"description\":\"SanDisk Extreme microSDXC 64GB 170MB\/s - SDSQXAH-064G-GN6AA utformad f\u00f6r att erbjuda p\u00e5litlig lagring och h\u00f6gpresterande hastighet\",\"breadcrumb\":{\"@id\":\"https:\/\/www.heddata.se\/webbutik\/produkt\/sandisk-extreme-microsdxc-64gb-170mb-s-sdsqxah-064g-gn6aa\/#breadcrumb\"},\"inLanguage\":\"sv-SE\",\"potentialAction\":[{\"@type\":\"ReadAction\",\"target\":[\"https:\/\/www.heddata.se\/webbutik\/produkt\/sandisk-extreme-microsdxc-64gb-170mb-s-sdsqxah-064g-gn6aa\/\"]}]},{\"@type\":\"ImageObject\",\"inLanguage\":\"sv-SE\",\"@id\":\"https:\/\/www.heddata.se\/webbutik\/produkt\/sandisk-extreme-microsdxc-64gb-170mb-s-sdsqxah-064g-gn6aa\/#primaryimage\",\"url\":\"https:\/\/www.heddata.se\/webbutik\/wp-content\/uploads\/webbutik\/kategorier\/lagring\/sdsqxah-064g-gn6aa.jpg\",\"contentUrl\":\"https:\/\/www.heddata.se\/webbutik\/wp-content\/uploads\/webbutik\/kategorier\/lagring\/sdsqxah-064g-gn6aa.jpg\",\"width\":800,\"height\":800,\"caption\":\"SanDisk Extreme microSDXC 64GB\"},{\"@type\":\"BreadcrumbList\",\"@id\":\"https:\/\/www.heddata.se\/webbutik\/produkt\/sandisk-extreme-microsdxc-64gb-170mb-s-sdsqxah-064g-gn6aa\/#breadcrumb\",\"itemListElement\":[{\"@type\":\"ListItem\",\"position\":1,\"name\":\"Hem\",\"item\":\"https:\/\/www.heddata.se\/webbutik\/\"},{\"@type\":\"ListItem\",\"position\":2,\"name\":\"Produkter\",\"item\":\"https:\/\/www.heddata.se\/webbutik\/shop\/\"},{\"@type\":\"ListItem\",\"position\":3,\"name\":\"SanDisk Extreme microSDXC 64GB 170MB\/s &#8211; SDSQXAH-064G-GN6AA\"}]},{\"@type\":\"WebSite\",\"@id\":\"https:\/\/www.heddata.se\/webbutik\/#website\",\"url\":\"https:\/\/www.heddata.se\/webbutik\/\",\"name\":\"Datorer, Skrivare, F\u00e4rgpatroner, Mobiltelefoner\",\"description\":\"Kablar\",\"publisher\":{\"@id\":\"https:\/\/www.heddata.se\/webbutik\/#organization\"},\"potentialAction\":[{\"@type\":\"SearchAction\",\"target\":{\"@type\":\"EntryPoint\",\"urlTemplate\":\"https:\/\/www.heddata.se\/webbutik\/?s={search_term_string}\"},\"query-input\":{\"@type\":\"PropertyValueSpecification\",\"valueRequired\":true,\"valueName\":\"search_term_string\"}}],\"inLanguage\":\"sv-SE\"},{\"@type\":\"Organization\",\"@id\":\"https:\/\/www.heddata.se\/webbutik\/#organization\",\"name\":\"Heddata AB\",\"url\":\"https:\/\/www.heddata.se\/webbutik\/\",\"logo\":{\"@type\":\"ImageObject\",\"inLanguage\":\"sv-SE\",\"@id\":\"https:\/\/www.heddata.se\/webbutik\/#\/schema\/logo\/image\/\",\"url\":\"https:\/\/www.heddata.se\/webbutik\/wp-content\/uploads\/logga\/heddata-ab-logga.png\",\"contentUrl\":\"https:\/\/www.heddata.se\/webbutik\/wp-content\/uploads\/logga\/heddata-ab-logga.png\",\"width\":200,\"height\":64,\"caption\":\"Heddata AB\"},\"image\":{\"@id\":\"https:\/\/www.heddata.se\/webbutik\/#\/schema\/logo\/image\/\"}}]}<\/script>\n<!-- \/ Yoast SEO Premium plugin. -->","yoast_head_json":{"title":"SanDisk Extreme microSDXC 64GB 170MB\/s","description":"SanDisk Extreme microSDXC 64GB 170MB\/s - SDSQXAH-064G-GN6AA utformad f\u00f6r att erbjuda p\u00e5litlig lagring och h\u00f6gpresterande hastighet","robots":{"index":"index","follow":"follow","max-snippet":"max-snippet:-1","max-image-preview":"max-image-preview:large","max-video-preview":"max-video-preview:-1"},"canonical":"https:\/\/www.heddata.se\/webbutik\/produkt\/sandisk-extreme-microsdxc-64gb-170mb-s-sdsqxah-064g-gn6aa\/","og_locale":"sv_SE","og_type":"article","og_title":"SanDisk Extreme microSDXC 64GB 170MB\/s - SDSQXAH-064G-GN6AA","og_description":"SanDisk Extreme microSDXC 64GB 170MB\/s - SDSQXAH-064G-GN6AA utformad f\u00f6r att erbjuda p\u00e5litlig lagring och h\u00f6gpresterande hastighet","og_url":"https:\/\/www.heddata.se\/webbutik\/produkt\/sandisk-extreme-microsdxc-64gb-170mb-s-sdsqxah-064g-gn6aa\/","og_site_name":"Datorer, Skrivare, F\u00e4rgpatroner, Mobiltelefoner","article_modified_time":"2026-04-30T08:10:26+00:00","og_image":[{"width":800,"height":800,"url":"https:\/\/www.heddata.se\/webbutik\/wp-content\/uploads\/webbutik\/kategorier\/lagring\/sdsqxah-064g-gn6aa.jpg","type":"image\/jpeg"}],"twitter_card":"summary_large_image","twitter_misc":{"Ber\u00e4knad l\u00e4stid":"1 minut"},"schema":{"@context":"https:\/\/schema.org","@graph":[{"@type":"WebPage","@id":"https:\/\/www.heddata.se\/webbutik\/produkt\/sandisk-extreme-microsdxc-64gb-170mb-s-sdsqxah-064g-gn6aa\/","url":"https:\/\/www.heddata.se\/webbutik\/produkt\/sandisk-extreme-microsdxc-64gb-170mb-s-sdsqxah-064g-gn6aa\/","name":"SanDisk Extreme microSDXC 64GB 170MB\/s","isPartOf":{"@id":"https:\/\/www.heddata.se\/webbutik\/#website"},"primaryImageOfPage":{"@id":"https:\/\/www.heddata.se\/webbutik\/produkt\/sandisk-extreme-microsdxc-64gb-170mb-s-sdsqxah-064g-gn6aa\/#primaryimage"},"image":{"@id":"https:\/\/www.heddata.se\/webbutik\/produkt\/sandisk-extreme-microsdxc-64gb-170mb-s-sdsqxah-064g-gn6aa\/#primaryimage"},"thumbnailUrl":"https:\/\/www.heddata.se\/webbutik\/wp-content\/uploads\/webbutik\/kategorier\/lagring\/sdsqxah-064g-gn6aa.jpg","datePublished":"2025-05-08T10:18:25+00:00","dateModified":"2026-04-30T08:10:26+00:00","description":"SanDisk Extreme microSDXC 64GB 170MB\/s - SDSQXAH-064G-GN6AA utformad f\u00f6r att erbjuda p\u00e5litlig lagring och h\u00f6gpresterande hastighet","breadcrumb":{"@id":"https:\/\/www.heddata.se\/webbutik\/produkt\/sandisk-extreme-microsdxc-64gb-170mb-s-sdsqxah-064g-gn6aa\/#breadcrumb"},"inLanguage":"sv-SE","potentialAction":[{"@type":"ReadAction","target":["https:\/\/www.heddata.se\/webbutik\/produkt\/sandisk-extreme-microsdxc-64gb-170mb-s-sdsqxah-064g-gn6aa\/"]}]},{"@type":"ImageObject","inLanguage":"sv-SE","@id":"https:\/\/www.heddata.se\/webbutik\/produkt\/sandisk-extreme-microsdxc-64gb-170mb-s-sdsqxah-064g-gn6aa\/#primaryimage","url":"https:\/\/www.heddata.se\/webbutik\/wp-content\/uploads\/webbutik\/kategorier\/lagring\/sdsqxah-064g-gn6aa.jpg","contentUrl":"https:\/\/www.heddata.se\/webbutik\/wp-content\/uploads\/webbutik\/kategorier\/lagring\/sdsqxah-064g-gn6aa.jpg","width":800,"height":800,"caption":"SanDisk Extreme microSDXC 64GB"},{"@type":"BreadcrumbList","@id":"https:\/\/www.heddata.se\/webbutik\/produkt\/sandisk-extreme-microsdxc-64gb-170mb-s-sdsqxah-064g-gn6aa\/#breadcrumb","itemListElement":[{"@type":"ListItem","position":1,"name":"Hem","item":"https:\/\/www.heddata.se\/webbutik\/"},{"@type":"ListItem","position":2,"name":"Produkter","item":"https:\/\/www.heddata.se\/webbutik\/shop\/"},{"@type":"ListItem","position":3,"name":"SanDisk Extreme microSDXC 64GB 170MB\/s &#8211; SDSQXAH-064G-GN6AA"}]},{"@type":"WebSite","@id":"https:\/\/www.heddata.se\/webbutik\/#website","url":"https:\/\/www.heddata.se\/webbutik\/","name":"Datorer, Skrivare, F\u00e4rgpatroner, Mobiltelefoner","description":"Kablar","publisher":{"@id":"https:\/\/www.heddata.se\/webbutik\/#organization"},"potentialAction":[{"@type":"SearchAction","target":{"@type":"EntryPoint","urlTemplate":"https:\/\/www.heddata.se\/webbutik\/?s={search_term_string}"},"query-input":{"@type":"PropertyValueSpecification","valueRequired":true,"valueName":"search_term_string"}}],"inLanguage":"sv-SE"},{"@type":"Organization","@id":"https:\/\/www.heddata.se\/webbutik\/#organization","name":"Heddata AB","url":"https:\/\/www.heddata.se\/webbutik\/","logo":{"@type":"ImageObject","inLanguage":"sv-SE","@id":"https:\/\/www.heddata.se\/webbutik\/#\/schema\/logo\/image\/","url":"https:\/\/www.heddata.se\/webbutik\/wp-content\/uploads\/logga\/heddata-ab-logga.png","contentUrl":"https:\/\/www.heddata.se\/webbutik\/wp-content\/uploads\/logga\/heddata-ab-logga.png","width":200,"height":64,"caption":"Heddata AB"},"image":{"@id":"https:\/\/www.heddata.se\/webbutik\/#\/schema\/logo\/image\/"}}]}},"_links":{"self":[{"href":"https:\/\/www.heddata.se\/webbutik\/wp-json\/wp\/v2\/product\/96158","targetHints":{"allow":["GET"]}}],"collection":[{"href":"https:\/\/www.heddata.se\/webbutik\/wp-json\/wp\/v2\/product"}],"about":[{"href":"https:\/\/www.heddata.se\/webbutik\/wp-json\/wp\/v2\/types\/product"}],"wp:featuredmedia":[{"embeddable":true,"href":"https:\/\/www.heddata.se\/webbutik\/wp-json\/wp\/v2\/media\/96160"}],"wp:attachment":[{"href":"https:\/\/www.heddata.se\/webbutik\/wp-json\/wp\/v2\/media?parent=96158"}],"wp:term":[{"taxonomy":"product_brand","embeddable":true,"href":"https:\/\/www.heddata.se\/webbutik\/wp-json\/wp\/v2\/product_brand?post=96158"},{"taxonomy":"product_cat","embeddable":true,"href":"https:\/\/www.heddata.se\/webbutik\/wp-json\/wp\/v2\/product_cat?post=96158"},{"taxonomy":"product_tag","embeddable":true,"href":"https:\/\/www.heddata.se\/webbutik\/wp-json\/wp\/v2\/product_tag?post=96158"}],"curies":[{"name":"wp","href":"https:\/\/api.w.org\/{rel}","templated":true}]}}