{"id":96098,"date":"2025-04-23T13:18:26","date_gmt":"2025-04-23T11:18:26","guid":{"rendered":"https:\/\/www.heddata.se\/webbutik\/?post_type=product&#038;p=96098"},"modified":"2026-05-07T09:12:34","modified_gmt":"2026-05-07T07:12:34","slug":"strong-srt423-android-tv-box-4k-uhd-dvb-t2-cable-receiver-srt423","status":"publish","type":"product","link":"https:\/\/www.heddata.se\/webbutik\/produkt\/strong-srt423-android-tv-box-4k-uhd-dvb-t2-cable-receiver-srt423\/","title":{"rendered":"STRONG SRT423 Android TV Box, 4K UHD, DVB-T2 &#038; Cable Receiver &#8211; SRT423"},"content":{"rendered":"<p>STRONG SRT423 Android TV Box, 4K UHD, DVB-T2 &amp; Cable Receiver &#8211; SRT423<\/p>\n<p id=\"title\" class=\"a-size-large a-spacing-none\"><span id=\"productTitle\" class=\"a-size-large product-title-word-break\"><a href=\"https:\/\/www.strong-eu.com\/sv\" target=\"_blank\" rel=\"noopener\">STRONG<\/a> SRT423 Android <a href=\"https:\/\/www.heddata.se\/webbutik\/tv-apparater\/\">TV<\/a> Box, 4K UHD, DVB-T2 &amp; Cable Receiver, Google Certified, Dual Band WiFi 5, Chromecast, Bluetooth, Voice Control, Netflix, YouTube, Prime Video, Disney+<\/span><\/p>\n<ul>\n<li>4K Ultra HD 3840 x 2160 pixlar 60 fps<\/li>\n<li>8 GB eMMC<\/li>\n<li>2000 MB DDR4<\/li>\n<li>Wi-Fi N\u00e4tverksansluten (Ethernet) Bluetooth 5.0<\/li>\n<li>HDMI<\/li>\n<li>H.265, HEVC<\/li>\n<li>Android 11<\/li>\n<li>Svart<\/li>\n<\/ul>\n<p>Android TV och antennmottagare I EN OCH SAMMA L\u00c5DA<\/p>\n<p>Med Strong Android TV-box SRT 423 f\u00e5r du 2 fantastiska funktioner i en och samma enhet. Anslut boxen till din TV s\u00e5 blir den en Smart TV med direkt\u00e5tkomst till Google Play Store! Dessutom \u00e4r den en liten och kraftfull HD TV-mottagare f\u00f6r digitala DVB-T2 TV-program via utomhus- eller inomhusantenn. G\u00f6r din projektor, sk\u00e4rm eller \u00e4ldre TV till hemunderh\u00e5llningens fokus.<\/p>\n<p>Den kompakt Google TV-mediaplayeren g\u00f6r det l\u00e4tt att f\u00f6ra in Google TV-operativsystemet till din TV eller sk\u00e4rm via en HDMI-kabel. Strong SRT423 inneh\u00e5ller ocks\u00e5 inbyggd Chromecast, s\u00e5 att du enkelt kan streama inneh\u00e5ll fr\u00e5n din telefon till enheten vid behov.<\/p>\n<p>Android Box \u00e4r en liten elektronisk enhet som ansluts till TV:n med HDMI-kabel. Enheten k\u00f6r Android-operativsystemet, samma system som finns i m\u00e5nga smarttelefoner och surfplattor. Genom att ansluta denna box till din TV kan du anv\u00e4nda alla smart TV-funktioner utan att beh\u00f6va byta ut din gamla TV.<\/p>\n<p>Tack vare Android-gr\u00e4nssnittet kan du ladda ner appar som Netflix, YouTube, Prime Video och Spotify direkt till din TV. Android Box kan \u00e4ven spela upp mediefiler fr\u00e5n USB-enheter eller externa h\u00e5rddiskar.<\/p>\n","protected":false},"excerpt":{"rendered":"<p>STRONG SRT423 Android TV Box, 4K UHD, DVB-T2 &amp; Cable Receiver &#8211; SRT423<\/p>\n","protected":false},"featured_media":96108,"template":"","meta":[],"product_brand":[],"product_cat":[8855,8854],"product_tag":[],"class_list":{"0":"post-96098","1":"product","2":"type-product","3":"status-publish","4":"has-post-thumbnail","6":"product_cat-chromecast","7":"product_cat-mediaspelare","9":"first","10":"instock","11":"taxable","12":"shipping-taxable","13":"purchasable","14":"product-type-simple"},"yoast_head":"<!-- This site is optimized with the Yoast SEO Premium plugin v26.7 (Yoast SEO v26.7) - https:\/\/yoast.com\/wordpress\/plugins\/seo\/ -->\n<title>STRONG SRT423 Android TV Box, 4K UHD, DVB-T2 &amp; Cable<\/title>\n<meta name=\"description\" content=\"STRONG SRT423 Android TV Box, 4K UHD, DVB-T2 &amp; Cable Receiver - SRT423, Android TV och antennmottagare I EN OCH SAMMA L\u00c5DA\" \/>\n<meta name=\"robots\" content=\"index, follow, max-snippet:-1, max-image-preview:large, max-video-preview:-1\" \/>\n<link rel=\"canonical\" href=\"https:\/\/www.heddata.se\/webbutik\/produkt\/strong-srt423-android-tv-box-4k-uhd-dvb-t2-cable-receiver-srt423\/\" \/>\n<meta property=\"og:locale\" content=\"sv_SE\" \/>\n<meta property=\"og:type\" content=\"article\" \/>\n<meta property=\"og:title\" content=\"STRONG SRT423 Android TV Box, 4K UHD, DVB-T2 &amp; Cable Receiver - SRT423\" \/>\n<meta property=\"og:description\" content=\"STRONG SRT423 Android TV Box, 4K UHD, DVB-T2 &amp; Cable Receiver - SRT423, Android TV och antennmottagare I EN OCH SAMMA L\u00c5DA\" \/>\n<meta property=\"og:url\" content=\"https:\/\/www.heddata.se\/webbutik\/produkt\/strong-srt423-android-tv-box-4k-uhd-dvb-t2-cable-receiver-srt423\/\" \/>\n<meta property=\"og:site_name\" content=\"Datorer, Skrivare, F\u00e4rgpatroner, Mobiltelefoner\" \/>\n<meta property=\"article:modified_time\" content=\"2026-05-07T07:12:34+00:00\" \/>\n<meta property=\"og:image\" content=\"https:\/\/www.heddata.se\/webbutik\/wp-content\/uploads\/webbutik\/kategorier\/hemelektronik\/srt423.jpg\" \/>\n\t<meta property=\"og:image:width\" content=\"1500\" \/>\n\t<meta property=\"og:image:height\" content=\"1500\" \/>\n\t<meta property=\"og:image:type\" content=\"image\/jpeg\" \/>\n<meta name=\"twitter:card\" content=\"summary_large_image\" \/>\n<meta name=\"twitter:label1\" content=\"Ber\u00e4knad l\u00e4stid\" \/>\n\t<meta name=\"twitter:data1\" content=\"2 minuter\" \/>\n<script type=\"application\/ld+json\" class=\"yoast-schema-graph\">{\"@context\":\"https:\/\/schema.org\",\"@graph\":[{\"@type\":\"WebPage\",\"@id\":\"https:\/\/www.heddata.se\/webbutik\/produkt\/strong-srt423-android-tv-box-4k-uhd-dvb-t2-cable-receiver-srt423\/\",\"url\":\"https:\/\/www.heddata.se\/webbutik\/produkt\/strong-srt423-android-tv-box-4k-uhd-dvb-t2-cable-receiver-srt423\/\",\"name\":\"STRONG SRT423 Android TV Box, 4K UHD, DVB-T2 & Cable\",\"isPartOf\":{\"@id\":\"https:\/\/www.heddata.se\/webbutik\/#website\"},\"primaryImageOfPage\":{\"@id\":\"https:\/\/www.heddata.se\/webbutik\/produkt\/strong-srt423-android-tv-box-4k-uhd-dvb-t2-cable-receiver-srt423\/#primaryimage\"},\"image\":{\"@id\":\"https:\/\/www.heddata.se\/webbutik\/produkt\/strong-srt423-android-tv-box-4k-uhd-dvb-t2-cable-receiver-srt423\/#primaryimage\"},\"thumbnailUrl\":\"https:\/\/www.heddata.se\/webbutik\/wp-content\/uploads\/webbutik\/kategorier\/hemelektronik\/srt423.jpg\",\"datePublished\":\"2025-04-23T11:18:26+00:00\",\"dateModified\":\"2026-05-07T07:12:34+00:00\",\"description\":\"STRONG SRT423 Android TV Box, 4K UHD, DVB-T2 & Cable Receiver - SRT423, Android TV och antennmottagare I EN OCH SAMMA L\u00c5DA\",\"breadcrumb\":{\"@id\":\"https:\/\/www.heddata.se\/webbutik\/produkt\/strong-srt423-android-tv-box-4k-uhd-dvb-t2-cable-receiver-srt423\/#breadcrumb\"},\"inLanguage\":\"sv-SE\",\"potentialAction\":[{\"@type\":\"ReadAction\",\"target\":[\"https:\/\/www.heddata.se\/webbutik\/produkt\/strong-srt423-android-tv-box-4k-uhd-dvb-t2-cable-receiver-srt423\/\"]}]},{\"@type\":\"ImageObject\",\"inLanguage\":\"sv-SE\",\"@id\":\"https:\/\/www.heddata.se\/webbutik\/produkt\/strong-srt423-android-tv-box-4k-uhd-dvb-t2-cable-receiver-srt423\/#primaryimage\",\"url\":\"https:\/\/www.heddata.se\/webbutik\/wp-content\/uploads\/webbutik\/kategorier\/hemelektronik\/srt423.jpg\",\"contentUrl\":\"https:\/\/www.heddata.se\/webbutik\/wp-content\/uploads\/webbutik\/kategorier\/hemelektronik\/srt423.jpg\",\"width\":1500,\"height\":1500,\"caption\":\"STRONG SRT423 Android TV Box\"},{\"@type\":\"BreadcrumbList\",\"@id\":\"https:\/\/www.heddata.se\/webbutik\/produkt\/strong-srt423-android-tv-box-4k-uhd-dvb-t2-cable-receiver-srt423\/#breadcrumb\",\"itemListElement\":[{\"@type\":\"ListItem\",\"position\":1,\"name\":\"Hem\",\"item\":\"https:\/\/www.heddata.se\/webbutik\/\"},{\"@type\":\"ListItem\",\"position\":2,\"name\":\"Produkter\",\"item\":\"https:\/\/www.heddata.se\/webbutik\/shop\/\"},{\"@type\":\"ListItem\",\"position\":3,\"name\":\"STRONG SRT423 Android TV Box, 4K UHD, DVB-T2 &#038; Cable Receiver &#8211; SRT423\"}]},{\"@type\":\"WebSite\",\"@id\":\"https:\/\/www.heddata.se\/webbutik\/#website\",\"url\":\"https:\/\/www.heddata.se\/webbutik\/\",\"name\":\"Datorer, Skrivare, F\u00e4rgpatroner, Mobiltelefoner\",\"description\":\"Kablar\",\"publisher\":{\"@id\":\"https:\/\/www.heddata.se\/webbutik\/#organization\"},\"potentialAction\":[{\"@type\":\"SearchAction\",\"target\":{\"@type\":\"EntryPoint\",\"urlTemplate\":\"https:\/\/www.heddata.se\/webbutik\/?s={search_term_string}\"},\"query-input\":{\"@type\":\"PropertyValueSpecification\",\"valueRequired\":true,\"valueName\":\"search_term_string\"}}],\"inLanguage\":\"sv-SE\"},{\"@type\":\"Organization\",\"@id\":\"https:\/\/www.heddata.se\/webbutik\/#organization\",\"name\":\"Heddata AB\",\"url\":\"https:\/\/www.heddata.se\/webbutik\/\",\"logo\":{\"@type\":\"ImageObject\",\"inLanguage\":\"sv-SE\",\"@id\":\"https:\/\/www.heddata.se\/webbutik\/#\/schema\/logo\/image\/\",\"url\":\"https:\/\/www.heddata.se\/webbutik\/wp-content\/uploads\/logga\/heddata-ab-logga.png\",\"contentUrl\":\"https:\/\/www.heddata.se\/webbutik\/wp-content\/uploads\/logga\/heddata-ab-logga.png\",\"width\":200,\"height\":64,\"caption\":\"Heddata AB\"},\"image\":{\"@id\":\"https:\/\/www.heddata.se\/webbutik\/#\/schema\/logo\/image\/\"}}]}<\/script>\n<!-- \/ Yoast SEO Premium plugin. -->","yoast_head_json":{"title":"STRONG SRT423 Android TV Box, 4K UHD, DVB-T2 & Cable","description":"STRONG SRT423 Android TV Box, 4K UHD, DVB-T2 & Cable Receiver - SRT423, Android TV och antennmottagare I EN OCH SAMMA L\u00c5DA","robots":{"index":"index","follow":"follow","max-snippet":"max-snippet:-1","max-image-preview":"max-image-preview:large","max-video-preview":"max-video-preview:-1"},"canonical":"https:\/\/www.heddata.se\/webbutik\/produkt\/strong-srt423-android-tv-box-4k-uhd-dvb-t2-cable-receiver-srt423\/","og_locale":"sv_SE","og_type":"article","og_title":"STRONG SRT423 Android TV Box, 4K UHD, DVB-T2 & Cable Receiver - SRT423","og_description":"STRONG SRT423 Android TV Box, 4K UHD, DVB-T2 & Cable Receiver - SRT423, Android TV och antennmottagare I EN OCH SAMMA L\u00c5DA","og_url":"https:\/\/www.heddata.se\/webbutik\/produkt\/strong-srt423-android-tv-box-4k-uhd-dvb-t2-cable-receiver-srt423\/","og_site_name":"Datorer, Skrivare, F\u00e4rgpatroner, Mobiltelefoner","article_modified_time":"2026-05-07T07:12:34+00:00","og_image":[{"width":1500,"height":1500,"url":"https:\/\/www.heddata.se\/webbutik\/wp-content\/uploads\/webbutik\/kategorier\/hemelektronik\/srt423.jpg","type":"image\/jpeg"}],"twitter_card":"summary_large_image","twitter_misc":{"Ber\u00e4knad l\u00e4stid":"2 minuter"},"schema":{"@context":"https:\/\/schema.org","@graph":[{"@type":"WebPage","@id":"https:\/\/www.heddata.se\/webbutik\/produkt\/strong-srt423-android-tv-box-4k-uhd-dvb-t2-cable-receiver-srt423\/","url":"https:\/\/www.heddata.se\/webbutik\/produkt\/strong-srt423-android-tv-box-4k-uhd-dvb-t2-cable-receiver-srt423\/","name":"STRONG SRT423 Android TV Box, 4K UHD, DVB-T2 & Cable","isPartOf":{"@id":"https:\/\/www.heddata.se\/webbutik\/#website"},"primaryImageOfPage":{"@id":"https:\/\/www.heddata.se\/webbutik\/produkt\/strong-srt423-android-tv-box-4k-uhd-dvb-t2-cable-receiver-srt423\/#primaryimage"},"image":{"@id":"https:\/\/www.heddata.se\/webbutik\/produkt\/strong-srt423-android-tv-box-4k-uhd-dvb-t2-cable-receiver-srt423\/#primaryimage"},"thumbnailUrl":"https:\/\/www.heddata.se\/webbutik\/wp-content\/uploads\/webbutik\/kategorier\/hemelektronik\/srt423.jpg","datePublished":"2025-04-23T11:18:26+00:00","dateModified":"2026-05-07T07:12:34+00:00","description":"STRONG SRT423 Android TV Box, 4K UHD, DVB-T2 & Cable Receiver - SRT423, Android TV och antennmottagare I EN OCH SAMMA L\u00c5DA","breadcrumb":{"@id":"https:\/\/www.heddata.se\/webbutik\/produkt\/strong-srt423-android-tv-box-4k-uhd-dvb-t2-cable-receiver-srt423\/#breadcrumb"},"inLanguage":"sv-SE","potentialAction":[{"@type":"ReadAction","target":["https:\/\/www.heddata.se\/webbutik\/produkt\/strong-srt423-android-tv-box-4k-uhd-dvb-t2-cable-receiver-srt423\/"]}]},{"@type":"ImageObject","inLanguage":"sv-SE","@id":"https:\/\/www.heddata.se\/webbutik\/produkt\/strong-srt423-android-tv-box-4k-uhd-dvb-t2-cable-receiver-srt423\/#primaryimage","url":"https:\/\/www.heddata.se\/webbutik\/wp-content\/uploads\/webbutik\/kategorier\/hemelektronik\/srt423.jpg","contentUrl":"https:\/\/www.heddata.se\/webbutik\/wp-content\/uploads\/webbutik\/kategorier\/hemelektronik\/srt423.jpg","width":1500,"height":1500,"caption":"STRONG SRT423 Android TV Box"},{"@type":"BreadcrumbList","@id":"https:\/\/www.heddata.se\/webbutik\/produkt\/strong-srt423-android-tv-box-4k-uhd-dvb-t2-cable-receiver-srt423\/#breadcrumb","itemListElement":[{"@type":"ListItem","position":1,"name":"Hem","item":"https:\/\/www.heddata.se\/webbutik\/"},{"@type":"ListItem","position":2,"name":"Produkter","item":"https:\/\/www.heddata.se\/webbutik\/shop\/"},{"@type":"ListItem","position":3,"name":"STRONG SRT423 Android TV Box, 4K UHD, DVB-T2 &#038; Cable Receiver &#8211; SRT423"}]},{"@type":"WebSite","@id":"https:\/\/www.heddata.se\/webbutik\/#website","url":"https:\/\/www.heddata.se\/webbutik\/","name":"Datorer, Skrivare, F\u00e4rgpatroner, Mobiltelefoner","description":"Kablar","publisher":{"@id":"https:\/\/www.heddata.se\/webbutik\/#organization"},"potentialAction":[{"@type":"SearchAction","target":{"@type":"EntryPoint","urlTemplate":"https:\/\/www.heddata.se\/webbutik\/?s={search_term_string}"},"query-input":{"@type":"PropertyValueSpecification","valueRequired":true,"valueName":"search_term_string"}}],"inLanguage":"sv-SE"},{"@type":"Organization","@id":"https:\/\/www.heddata.se\/webbutik\/#organization","name":"Heddata AB","url":"https:\/\/www.heddata.se\/webbutik\/","logo":{"@type":"ImageObject","inLanguage":"sv-SE","@id":"https:\/\/www.heddata.se\/webbutik\/#\/schema\/logo\/image\/","url":"https:\/\/www.heddata.se\/webbutik\/wp-content\/uploads\/logga\/heddata-ab-logga.png","contentUrl":"https:\/\/www.heddata.se\/webbutik\/wp-content\/uploads\/logga\/heddata-ab-logga.png","width":200,"height":64,"caption":"Heddata AB"},"image":{"@id":"https:\/\/www.heddata.se\/webbutik\/#\/schema\/logo\/image\/"}}]}},"_links":{"self":[{"href":"https:\/\/www.heddata.se\/webbutik\/wp-json\/wp\/v2\/product\/96098","targetHints":{"allow":["GET"]}}],"collection":[{"href":"https:\/\/www.heddata.se\/webbutik\/wp-json\/wp\/v2\/product"}],"about":[{"href":"https:\/\/www.heddata.se\/webbutik\/wp-json\/wp\/v2\/types\/product"}],"wp:featuredmedia":[{"embeddable":true,"href":"https:\/\/www.heddata.se\/webbutik\/wp-json\/wp\/v2\/media\/96108"}],"wp:attachment":[{"href":"https:\/\/www.heddata.se\/webbutik\/wp-json\/wp\/v2\/media?parent=96098"}],"wp:term":[{"taxonomy":"product_brand","embeddable":true,"href":"https:\/\/www.heddata.se\/webbutik\/wp-json\/wp\/v2\/product_brand?post=96098"},{"taxonomy":"product_cat","embeddable":true,"href":"https:\/\/www.heddata.se\/webbutik\/wp-json\/wp\/v2\/product_cat?post=96098"},{"taxonomy":"product_tag","embeddable":true,"href":"https:\/\/www.heddata.se\/webbutik\/wp-json\/wp\/v2\/product_tag?post=96098"}],"curies":[{"name":"wp","href":"https:\/\/api.w.org\/{rel}","templated":true}]}}