{"id":95912,"date":"2024-12-04T11:18:38","date_gmt":"2024-12-04T10:18:38","guid":{"rendered":"https:\/\/www.heddata.se\/webbutik\/?post_type=product&#038;p=95912"},"modified":"2026-04-14T18:11:47","modified_gmt":"2026-04-14T16:11:47","slug":"musmatta-240-mm-svart-ergompam100bk","status":"publish","type":"product","link":"https:\/\/www.heddata.se\/webbutik\/produkt\/musmatta-240-mm-svart-ergompam100bk\/","title":{"rendered":"Musmatta 240 mm | Svart &#8211; ERGOMPAM100BK"},"content":{"rendered":"<p>Musmatta 240 mm | Svart &#8211; ERGOMPAM100BK<\/p>\n<p>Ultratunn, ergonomisk musmatta fr\u00e5n Nedis som g\u00f6r att du kan r\u00f6ra musen helt fritt. Den kan anv\u00e4ndas med optiska <a href=\"https:\/\/www.heddata.se\/webbutik\/datorer\/moss-tangentbord\/\">m\u00f6ss<\/a> och laserm\u00f6ss och har glidfri undersida.<\/p>\n<p>Glidfri undersida &#8211; f\u00f6r bra prestanda<br \/>\nL\u00e4mplig f\u00f6r optiska m\u00f6ss och laserm\u00f6ss<br \/>\nStorlek &#8211; 240 x 190 x 0.4 mm<\/p>\n<h3><a href=\"https:\/\/nedis.se\/sv-se\" target=\"_blank\" rel=\"noopener\">Produktspecifikationer<\/a><\/h3>\n<table class=\"table table-with-odd-background\">\n<tbody>\n<tr>\n<td class=\"col-4\">Bredd<\/td>\n<td class=\"col-8\">240 mm<\/td>\n<\/tr>\n<tr>\n<td class=\"col-4\">H\u00f6jd<\/td>\n<td class=\"col-8\">190 mm<\/td>\n<\/tr>\n<tr>\n<td class=\"col-4\">Djup<\/td>\n<td class=\"col-8\">1 mm<\/td>\n<\/tr>\n<tr>\n<td class=\"col-4\">Vikt<\/td>\n<td class=\"col-8\">23 g<\/td>\n<\/tr>\n<tr>\n<td class=\"col-4\">F\u00e4rg<\/td>\n<td class=\"col-8\">Svart<\/td>\n<\/tr>\n<tr>\n<td class=\"col-4\">Material<\/td>\n<td class=\"col-8\">Polypropylene<br \/>\nPearl Sheet<\/td>\n<\/tr>\n<tr>\n<td class=\"col-4\">Typ<\/td>\n<td class=\"col-8\">Musmatta<\/td>\n<\/tr>\n<tr>\n<td class=\"col-4\">Apparat<\/td>\n<td class=\"col-8\">Skrivbord<br \/>\nKontor<\/td>\n<\/tr>\n<tr>\n<td class=\"col-4\">Styrplattans dimmensioner<\/td>\n<td class=\"col-8\">240 mm<\/td>\n<\/tr>\n<tr>\n<td class=\"col-4\">Antal varor i paketet<\/td>\n<td class=\"col-8\">1 st.<\/td>\n<\/tr>\n<\/tbody>\n<\/table>\n","protected":false},"excerpt":{"rendered":"<p>Musmatta 240 mm | Svart &#8211; ERGOMPAM100BK<\/p>\n","protected":false},"featured_media":95917,"template":"","meta":[],"product_brand":[],"product_cat":[65,9000],"product_tag":[],"class_list":{"0":"post-95912","1":"product","2":"type-product","3":"status-publish","4":"has-post-thumbnail","6":"product_cat-datorer-tillbehor","7":"product_cat-musmattor","9":"first","10":"outofstock","11":"taxable","12":"shipping-taxable","13":"purchasable","14":"product-type-simple"},"yoast_head":"<!-- This site is optimized with the Yoast SEO Premium plugin v26.7 (Yoast SEO v26.7) - https:\/\/yoast.com\/wordpress\/plugins\/seo\/ -->\n<title>Musmatta 240 mm | Svart - ERGOMPAM100BK, ultratunn<\/title>\n<meta name=\"description\" content=\"Musmatta 240 mm | Svart - ERGOMPAM100BK. Ultratunn, ergonomisk musmatta fr\u00e5n Nedis som g\u00f6r att du kan r\u00f6ra musen helt fritt.\" \/>\n<meta name=\"robots\" content=\"index, follow, max-snippet:-1, max-image-preview:large, max-video-preview:-1\" \/>\n<link rel=\"canonical\" href=\"https:\/\/www.heddata.se\/webbutik\/produkt\/musmatta-240-mm-svart-ergompam100bk\/\" \/>\n<meta property=\"og:locale\" content=\"sv_SE\" \/>\n<meta property=\"og:type\" content=\"article\" \/>\n<meta property=\"og:title\" content=\"Musmatta 240 mm | Svart - ERGOMPAM100BK\" \/>\n<meta property=\"og:description\" content=\"Musmatta 240 mm | Svart - ERGOMPAM100BK. Ultratunn, ergonomisk musmatta fr\u00e5n Nedis som g\u00f6r att du kan r\u00f6ra musen helt fritt.\" \/>\n<meta property=\"og:url\" content=\"https:\/\/www.heddata.se\/webbutik\/produkt\/musmatta-240-mm-svart-ergompam100bk\/\" \/>\n<meta property=\"og:site_name\" content=\"Datorer, Skrivare, F\u00e4rgpatroner, Mobiltelefoner\" \/>\n<meta property=\"article:modified_time\" content=\"2026-04-14T16:11:47+00:00\" \/>\n<meta property=\"og:image\" content=\"https:\/\/www.heddata.se\/webbutik\/wp-content\/uploads\/webbutik\/kategorier\/tangentbord-moss\/ergompam100bk.jpg\" \/>\n\t<meta property=\"og:image:width\" content=\"1200\" \/>\n\t<meta property=\"og:image:height\" content=\"1200\" \/>\n\t<meta property=\"og:image:type\" content=\"image\/jpeg\" \/>\n<meta name=\"twitter:card\" content=\"summary_large_image\" \/>\n<script type=\"application\/ld+json\" class=\"yoast-schema-graph\">{\"@context\":\"https:\/\/schema.org\",\"@graph\":[{\"@type\":\"WebPage\",\"@id\":\"https:\/\/www.heddata.se\/webbutik\/produkt\/musmatta-240-mm-svart-ergompam100bk\/\",\"url\":\"https:\/\/www.heddata.se\/webbutik\/produkt\/musmatta-240-mm-svart-ergompam100bk\/\",\"name\":\"Musmatta 240 mm | Svart - ERGOMPAM100BK, ultratunn\",\"isPartOf\":{\"@id\":\"https:\/\/www.heddata.se\/webbutik\/#website\"},\"primaryImageOfPage\":{\"@id\":\"https:\/\/www.heddata.se\/webbutik\/produkt\/musmatta-240-mm-svart-ergompam100bk\/#primaryimage\"},\"image\":{\"@id\":\"https:\/\/www.heddata.se\/webbutik\/produkt\/musmatta-240-mm-svart-ergompam100bk\/#primaryimage\"},\"thumbnailUrl\":\"https:\/\/www.heddata.se\/webbutik\/wp-content\/uploads\/webbutik\/kategorier\/tangentbord-moss\/ergompam100bk.jpg\",\"datePublished\":\"2024-12-04T10:18:38+00:00\",\"dateModified\":\"2026-04-14T16:11:47+00:00\",\"description\":\"Musmatta 240 mm | Svart - ERGOMPAM100BK. Ultratunn, ergonomisk musmatta fr\u00e5n Nedis som g\u00f6r att du kan r\u00f6ra musen helt fritt.\",\"breadcrumb\":{\"@id\":\"https:\/\/www.heddata.se\/webbutik\/produkt\/musmatta-240-mm-svart-ergompam100bk\/#breadcrumb\"},\"inLanguage\":\"sv-SE\",\"potentialAction\":[{\"@type\":\"ReadAction\",\"target\":[\"https:\/\/www.heddata.se\/webbutik\/produkt\/musmatta-240-mm-svart-ergompam100bk\/\"]}]},{\"@type\":\"ImageObject\",\"inLanguage\":\"sv-SE\",\"@id\":\"https:\/\/www.heddata.se\/webbutik\/produkt\/musmatta-240-mm-svart-ergompam100bk\/#primaryimage\",\"url\":\"https:\/\/www.heddata.se\/webbutik\/wp-content\/uploads\/webbutik\/kategorier\/tangentbord-moss\/ergompam100bk.jpg\",\"contentUrl\":\"https:\/\/www.heddata.se\/webbutik\/wp-content\/uploads\/webbutik\/kategorier\/tangentbord-moss\/ergompam100bk.jpg\",\"width\":1200,\"height\":1200,\"caption\":\"Musmatta 240 mm | Svart\"},{\"@type\":\"BreadcrumbList\",\"@id\":\"https:\/\/www.heddata.se\/webbutik\/produkt\/musmatta-240-mm-svart-ergompam100bk\/#breadcrumb\",\"itemListElement\":[{\"@type\":\"ListItem\",\"position\":1,\"name\":\"Hem\",\"item\":\"https:\/\/www.heddata.se\/webbutik\/\"},{\"@type\":\"ListItem\",\"position\":2,\"name\":\"Produkter\",\"item\":\"https:\/\/www.heddata.se\/webbutik\/shop\/\"},{\"@type\":\"ListItem\",\"position\":3,\"name\":\"Musmatta 240 mm | Svart &#8211; ERGOMPAM100BK\"}]},{\"@type\":\"WebSite\",\"@id\":\"https:\/\/www.heddata.se\/webbutik\/#website\",\"url\":\"https:\/\/www.heddata.se\/webbutik\/\",\"name\":\"Datorer, Skrivare, F\u00e4rgpatroner, Mobiltelefoner\",\"description\":\"Kablar\",\"publisher\":{\"@id\":\"https:\/\/www.heddata.se\/webbutik\/#organization\"},\"potentialAction\":[{\"@type\":\"SearchAction\",\"target\":{\"@type\":\"EntryPoint\",\"urlTemplate\":\"https:\/\/www.heddata.se\/webbutik\/?s={search_term_string}\"},\"query-input\":{\"@type\":\"PropertyValueSpecification\",\"valueRequired\":true,\"valueName\":\"search_term_string\"}}],\"inLanguage\":\"sv-SE\"},{\"@type\":\"Organization\",\"@id\":\"https:\/\/www.heddata.se\/webbutik\/#organization\",\"name\":\"Heddata AB\",\"url\":\"https:\/\/www.heddata.se\/webbutik\/\",\"logo\":{\"@type\":\"ImageObject\",\"inLanguage\":\"sv-SE\",\"@id\":\"https:\/\/www.heddata.se\/webbutik\/#\/schema\/logo\/image\/\",\"url\":\"https:\/\/www.heddata.se\/webbutik\/wp-content\/uploads\/logga\/heddata-ab-logga.png\",\"contentUrl\":\"https:\/\/www.heddata.se\/webbutik\/wp-content\/uploads\/logga\/heddata-ab-logga.png\",\"width\":200,\"height\":64,\"caption\":\"Heddata AB\"},\"image\":{\"@id\":\"https:\/\/www.heddata.se\/webbutik\/#\/schema\/logo\/image\/\"}}]}<\/script>\n<!-- \/ Yoast SEO Premium plugin. -->","yoast_head_json":{"title":"Musmatta 240 mm | Svart - ERGOMPAM100BK, ultratunn","description":"Musmatta 240 mm | Svart - ERGOMPAM100BK. Ultratunn, ergonomisk musmatta fr\u00e5n Nedis som g\u00f6r att du kan r\u00f6ra musen helt fritt.","robots":{"index":"index","follow":"follow","max-snippet":"max-snippet:-1","max-image-preview":"max-image-preview:large","max-video-preview":"max-video-preview:-1"},"canonical":"https:\/\/www.heddata.se\/webbutik\/produkt\/musmatta-240-mm-svart-ergompam100bk\/","og_locale":"sv_SE","og_type":"article","og_title":"Musmatta 240 mm | Svart - ERGOMPAM100BK","og_description":"Musmatta 240 mm | Svart - ERGOMPAM100BK. Ultratunn, ergonomisk musmatta fr\u00e5n Nedis som g\u00f6r att du kan r\u00f6ra musen helt fritt.","og_url":"https:\/\/www.heddata.se\/webbutik\/produkt\/musmatta-240-mm-svart-ergompam100bk\/","og_site_name":"Datorer, Skrivare, F\u00e4rgpatroner, Mobiltelefoner","article_modified_time":"2026-04-14T16:11:47+00:00","og_image":[{"width":1200,"height":1200,"url":"https:\/\/www.heddata.se\/webbutik\/wp-content\/uploads\/webbutik\/kategorier\/tangentbord-moss\/ergompam100bk.jpg","type":"image\/jpeg"}],"twitter_card":"summary_large_image","schema":{"@context":"https:\/\/schema.org","@graph":[{"@type":"WebPage","@id":"https:\/\/www.heddata.se\/webbutik\/produkt\/musmatta-240-mm-svart-ergompam100bk\/","url":"https:\/\/www.heddata.se\/webbutik\/produkt\/musmatta-240-mm-svart-ergompam100bk\/","name":"Musmatta 240 mm | Svart - ERGOMPAM100BK, ultratunn","isPartOf":{"@id":"https:\/\/www.heddata.se\/webbutik\/#website"},"primaryImageOfPage":{"@id":"https:\/\/www.heddata.se\/webbutik\/produkt\/musmatta-240-mm-svart-ergompam100bk\/#primaryimage"},"image":{"@id":"https:\/\/www.heddata.se\/webbutik\/produkt\/musmatta-240-mm-svart-ergompam100bk\/#primaryimage"},"thumbnailUrl":"https:\/\/www.heddata.se\/webbutik\/wp-content\/uploads\/webbutik\/kategorier\/tangentbord-moss\/ergompam100bk.jpg","datePublished":"2024-12-04T10:18:38+00:00","dateModified":"2026-04-14T16:11:47+00:00","description":"Musmatta 240 mm | Svart - ERGOMPAM100BK. Ultratunn, ergonomisk musmatta fr\u00e5n Nedis som g\u00f6r att du kan r\u00f6ra musen helt fritt.","breadcrumb":{"@id":"https:\/\/www.heddata.se\/webbutik\/produkt\/musmatta-240-mm-svart-ergompam100bk\/#breadcrumb"},"inLanguage":"sv-SE","potentialAction":[{"@type":"ReadAction","target":["https:\/\/www.heddata.se\/webbutik\/produkt\/musmatta-240-mm-svart-ergompam100bk\/"]}]},{"@type":"ImageObject","inLanguage":"sv-SE","@id":"https:\/\/www.heddata.se\/webbutik\/produkt\/musmatta-240-mm-svart-ergompam100bk\/#primaryimage","url":"https:\/\/www.heddata.se\/webbutik\/wp-content\/uploads\/webbutik\/kategorier\/tangentbord-moss\/ergompam100bk.jpg","contentUrl":"https:\/\/www.heddata.se\/webbutik\/wp-content\/uploads\/webbutik\/kategorier\/tangentbord-moss\/ergompam100bk.jpg","width":1200,"height":1200,"caption":"Musmatta 240 mm | Svart"},{"@type":"BreadcrumbList","@id":"https:\/\/www.heddata.se\/webbutik\/produkt\/musmatta-240-mm-svart-ergompam100bk\/#breadcrumb","itemListElement":[{"@type":"ListItem","position":1,"name":"Hem","item":"https:\/\/www.heddata.se\/webbutik\/"},{"@type":"ListItem","position":2,"name":"Produkter","item":"https:\/\/www.heddata.se\/webbutik\/shop\/"},{"@type":"ListItem","position":3,"name":"Musmatta 240 mm | Svart &#8211; ERGOMPAM100BK"}]},{"@type":"WebSite","@id":"https:\/\/www.heddata.se\/webbutik\/#website","url":"https:\/\/www.heddata.se\/webbutik\/","name":"Datorer, Skrivare, F\u00e4rgpatroner, Mobiltelefoner","description":"Kablar","publisher":{"@id":"https:\/\/www.heddata.se\/webbutik\/#organization"},"potentialAction":[{"@type":"SearchAction","target":{"@type":"EntryPoint","urlTemplate":"https:\/\/www.heddata.se\/webbutik\/?s={search_term_string}"},"query-input":{"@type":"PropertyValueSpecification","valueRequired":true,"valueName":"search_term_string"}}],"inLanguage":"sv-SE"},{"@type":"Organization","@id":"https:\/\/www.heddata.se\/webbutik\/#organization","name":"Heddata AB","url":"https:\/\/www.heddata.se\/webbutik\/","logo":{"@type":"ImageObject","inLanguage":"sv-SE","@id":"https:\/\/www.heddata.se\/webbutik\/#\/schema\/logo\/image\/","url":"https:\/\/www.heddata.se\/webbutik\/wp-content\/uploads\/logga\/heddata-ab-logga.png","contentUrl":"https:\/\/www.heddata.se\/webbutik\/wp-content\/uploads\/logga\/heddata-ab-logga.png","width":200,"height":64,"caption":"Heddata AB"},"image":{"@id":"https:\/\/www.heddata.se\/webbutik\/#\/schema\/logo\/image\/"}}]}},"_links":{"self":[{"href":"https:\/\/www.heddata.se\/webbutik\/wp-json\/wp\/v2\/product\/95912","targetHints":{"allow":["GET"]}}],"collection":[{"href":"https:\/\/www.heddata.se\/webbutik\/wp-json\/wp\/v2\/product"}],"about":[{"href":"https:\/\/www.heddata.se\/webbutik\/wp-json\/wp\/v2\/types\/product"}],"wp:featuredmedia":[{"embeddable":true,"href":"https:\/\/www.heddata.se\/webbutik\/wp-json\/wp\/v2\/media\/95917"}],"wp:attachment":[{"href":"https:\/\/www.heddata.se\/webbutik\/wp-json\/wp\/v2\/media?parent=95912"}],"wp:term":[{"taxonomy":"product_brand","embeddable":true,"href":"https:\/\/www.heddata.se\/webbutik\/wp-json\/wp\/v2\/product_brand?post=95912"},{"taxonomy":"product_cat","embeddable":true,"href":"https:\/\/www.heddata.se\/webbutik\/wp-json\/wp\/v2\/product_cat?post=95912"},{"taxonomy":"product_tag","embeddable":true,"href":"https:\/\/www.heddata.se\/webbutik\/wp-json\/wp\/v2\/product_tag?post=95912"}],"curies":[{"name":"wp","href":"https:\/\/api.w.org\/{rel}","templated":true}]}}