{"id":95837,"date":"2024-11-05T14:18:06","date_gmt":"2024-11-05T13:18:06","guid":{"rendered":"https:\/\/www.heddata.se\/webbutik\/?post_type=product&#038;p=95837"},"modified":"2026-05-08T18:10:35","modified_gmt":"2026-05-08T16:10:35","slug":"canon-blackpatron-canon-pgi-530pgbk-6117c001","status":"publish","type":"product","link":"https:\/\/www.heddata.se\/webbutik\/produkt\/canon-blackpatron-canon-pgi-530pgbk-6117c001\/","title":{"rendered":"Canon Bl\u00e4ckpatron Canon PGI-530PGBK &#8211; 6117C001"},"content":{"rendered":"<p>Canon Bl\u00e4ckpatron Canon PGI-530PGBK &#8211; 6117C001<\/p>\n<p>Bl\u00e4ckpatron PGI-530 PG svart som passar till skrivarna Canon TS8750 och TS8751. Originalpatron som passar perfekt f\u00f6r b\u00e5de vardagliga och kr\u00e4vande utskrifter d\u00e4r h\u00f6g kvalitet och h\u00e5llbarhet \u00e4r avg\u00f6rande. Patronen \u00e4r utvecklad och tillverkad av <a href=\"https:\/\/www.canon.se\/\" target=\"_blank\" rel=\"noopener\">Canon<\/a> f\u00f6r att ge optimal prestanda och enast\u00e5ende bildkvalitet i din <a href=\"https:\/\/www.heddata.se\/webbutik\/skrivare-blackstrale-monolaser\/blackstraleskrivare\/\">skrivare,<\/a> varje g\u00e5ng du skriver ut.<\/p>\n","protected":false},"excerpt":{"rendered":"<p>Canon Bl\u00e4ckpatron Canon PGI-530PGBK &#8211; 6117C001<\/p>\n","protected":false},"featured_media":95844,"template":"","meta":[],"product_brand":[],"product_cat":[87,61,93],"product_tag":[],"class_list":{"0":"post-95837","1":"product","2":"type-product","3":"status-publish","4":"has-post-thumbnail","6":"product_cat-blackpatroner","7":"product_cat-blackpatroner-toners","8":"product_cat-canon","10":"first","11":"instock","12":"taxable","13":"shipping-taxable","14":"purchasable","15":"product-type-simple"},"yoast_head":"<!-- This site is optimized with the Yoast SEO Premium plugin v26.7 (Yoast SEO v26.7) - https:\/\/yoast.com\/wordpress\/plugins\/seo\/ -->\n<title>Canon Bl\u00e4ckpatron Canon PGI-530PGBK - 6117C001<\/title>\n<meta name=\"description\" content=\"Canon Bl\u00e4ckpatron Canon PGI-530PGBK - 6117C001 Bl\u00e4ckpatron PGI-530 PG svart som passar till skrivarna Canon TS8750 och TS8751.\" \/>\n<meta name=\"robots\" content=\"index, follow, max-snippet:-1, max-image-preview:large, max-video-preview:-1\" \/>\n<link rel=\"canonical\" href=\"https:\/\/www.heddata.se\/webbutik\/produkt\/canon-blackpatron-canon-pgi-530pgbk-6117c001\/\" \/>\n<meta property=\"og:locale\" content=\"sv_SE\" \/>\n<meta property=\"og:type\" content=\"article\" \/>\n<meta property=\"og:title\" content=\"Canon Bl\u00e4ckpatron Canon PGI-530PGBK - 6117C001\" \/>\n<meta property=\"og:description\" content=\"Canon Bl\u00e4ckpatron Canon PGI-530PGBK - 6117C001 Bl\u00e4ckpatron PGI-530 PG svart som passar till skrivarna Canon TS8750 och TS8751.\" \/>\n<meta property=\"og:url\" content=\"https:\/\/www.heddata.se\/webbutik\/produkt\/canon-blackpatron-canon-pgi-530pgbk-6117c001\/\" \/>\n<meta property=\"og:site_name\" content=\"Datorer, Skrivare, F\u00e4rgpatroner, Mobiltelefoner\" \/>\n<meta property=\"article:modified_time\" content=\"2026-05-08T16:10:35+00:00\" \/>\n<meta property=\"og:image\" content=\"https:\/\/www.heddata.se\/webbutik\/wp-content\/uploads\/webbutik\/kategorier\/blackpatroner-toners\/6117c001.jpg\" \/>\n\t<meta property=\"og:image:width\" content=\"700\" \/>\n\t<meta property=\"og:image:height\" content=\"700\" \/>\n\t<meta property=\"og:image:type\" content=\"image\/jpeg\" \/>\n<meta name=\"twitter:card\" content=\"summary_large_image\" \/>\n<script type=\"application\/ld+json\" class=\"yoast-schema-graph\">{\"@context\":\"https:\/\/schema.org\",\"@graph\":[{\"@type\":\"WebPage\",\"@id\":\"https:\/\/www.heddata.se\/webbutik\/produkt\/canon-blackpatron-canon-pgi-530pgbk-6117c001\/\",\"url\":\"https:\/\/www.heddata.se\/webbutik\/produkt\/canon-blackpatron-canon-pgi-530pgbk-6117c001\/\",\"name\":\"Canon Bl\u00e4ckpatron Canon PGI-530PGBK - 6117C001\",\"isPartOf\":{\"@id\":\"https:\/\/www.heddata.se\/webbutik\/#website\"},\"primaryImageOfPage\":{\"@id\":\"https:\/\/www.heddata.se\/webbutik\/produkt\/canon-blackpatron-canon-pgi-530pgbk-6117c001\/#primaryimage\"},\"image\":{\"@id\":\"https:\/\/www.heddata.se\/webbutik\/produkt\/canon-blackpatron-canon-pgi-530pgbk-6117c001\/#primaryimage\"},\"thumbnailUrl\":\"https:\/\/www.heddata.se\/webbutik\/wp-content\/uploads\/webbutik\/kategorier\/blackpatroner-toners\/6117c001.jpg\",\"datePublished\":\"2024-11-05T13:18:06+00:00\",\"dateModified\":\"2026-05-08T16:10:35+00:00\",\"description\":\"Canon Bl\u00e4ckpatron Canon PGI-530PGBK - 6117C001 Bl\u00e4ckpatron PGI-530 PG svart som passar till skrivarna Canon TS8750 och TS8751.\",\"breadcrumb\":{\"@id\":\"https:\/\/www.heddata.se\/webbutik\/produkt\/canon-blackpatron-canon-pgi-530pgbk-6117c001\/#breadcrumb\"},\"inLanguage\":\"sv-SE\",\"potentialAction\":[{\"@type\":\"ReadAction\",\"target\":[\"https:\/\/www.heddata.se\/webbutik\/produkt\/canon-blackpatron-canon-pgi-530pgbk-6117c001\/\"]}]},{\"@type\":\"ImageObject\",\"inLanguage\":\"sv-SE\",\"@id\":\"https:\/\/www.heddata.se\/webbutik\/produkt\/canon-blackpatron-canon-pgi-530pgbk-6117c001\/#primaryimage\",\"url\":\"https:\/\/www.heddata.se\/webbutik\/wp-content\/uploads\/webbutik\/kategorier\/blackpatroner-toners\/6117c001.jpg\",\"contentUrl\":\"https:\/\/www.heddata.se\/webbutik\/wp-content\/uploads\/webbutik\/kategorier\/blackpatroner-toners\/6117c001.jpg\",\"width\":700,\"height\":700,\"caption\":\"Canon Bl\u00e4ckpatron Canon PGI-530PGBK\"},{\"@type\":\"BreadcrumbList\",\"@id\":\"https:\/\/www.heddata.se\/webbutik\/produkt\/canon-blackpatron-canon-pgi-530pgbk-6117c001\/#breadcrumb\",\"itemListElement\":[{\"@type\":\"ListItem\",\"position\":1,\"name\":\"Hem\",\"item\":\"https:\/\/www.heddata.se\/webbutik\/\"},{\"@type\":\"ListItem\",\"position\":2,\"name\":\"Produkter\",\"item\":\"https:\/\/www.heddata.se\/webbutik\/shop\/\"},{\"@type\":\"ListItem\",\"position\":3,\"name\":\"Canon Bl\u00e4ckpatron Canon PGI-530PGBK &#8211; 6117C001\"}]},{\"@type\":\"WebSite\",\"@id\":\"https:\/\/www.heddata.se\/webbutik\/#website\",\"url\":\"https:\/\/www.heddata.se\/webbutik\/\",\"name\":\"Datorer, Skrivare, F\u00e4rgpatroner, Mobiltelefoner\",\"description\":\"Kablar\",\"publisher\":{\"@id\":\"https:\/\/www.heddata.se\/webbutik\/#organization\"},\"potentialAction\":[{\"@type\":\"SearchAction\",\"target\":{\"@type\":\"EntryPoint\",\"urlTemplate\":\"https:\/\/www.heddata.se\/webbutik\/?s={search_term_string}\"},\"query-input\":{\"@type\":\"PropertyValueSpecification\",\"valueRequired\":true,\"valueName\":\"search_term_string\"}}],\"inLanguage\":\"sv-SE\"},{\"@type\":\"Organization\",\"@id\":\"https:\/\/www.heddata.se\/webbutik\/#organization\",\"name\":\"Heddata AB\",\"url\":\"https:\/\/www.heddata.se\/webbutik\/\",\"logo\":{\"@type\":\"ImageObject\",\"inLanguage\":\"sv-SE\",\"@id\":\"https:\/\/www.heddata.se\/webbutik\/#\/schema\/logo\/image\/\",\"url\":\"https:\/\/www.heddata.se\/webbutik\/wp-content\/uploads\/logga\/heddata-ab-logga.png\",\"contentUrl\":\"https:\/\/www.heddata.se\/webbutik\/wp-content\/uploads\/logga\/heddata-ab-logga.png\",\"width\":200,\"height\":64,\"caption\":\"Heddata AB\"},\"image\":{\"@id\":\"https:\/\/www.heddata.se\/webbutik\/#\/schema\/logo\/image\/\"}}]}<\/script>\n<!-- \/ Yoast SEO Premium plugin. -->","yoast_head_json":{"title":"Canon Bl\u00e4ckpatron Canon PGI-530PGBK - 6117C001","description":"Canon Bl\u00e4ckpatron Canon PGI-530PGBK - 6117C001 Bl\u00e4ckpatron PGI-530 PG svart som passar till skrivarna Canon TS8750 och TS8751.","robots":{"index":"index","follow":"follow","max-snippet":"max-snippet:-1","max-image-preview":"max-image-preview:large","max-video-preview":"max-video-preview:-1"},"canonical":"https:\/\/www.heddata.se\/webbutik\/produkt\/canon-blackpatron-canon-pgi-530pgbk-6117c001\/","og_locale":"sv_SE","og_type":"article","og_title":"Canon Bl\u00e4ckpatron Canon PGI-530PGBK - 6117C001","og_description":"Canon Bl\u00e4ckpatron Canon PGI-530PGBK - 6117C001 Bl\u00e4ckpatron PGI-530 PG svart som passar till skrivarna Canon TS8750 och TS8751.","og_url":"https:\/\/www.heddata.se\/webbutik\/produkt\/canon-blackpatron-canon-pgi-530pgbk-6117c001\/","og_site_name":"Datorer, Skrivare, F\u00e4rgpatroner, Mobiltelefoner","article_modified_time":"2026-05-08T16:10:35+00:00","og_image":[{"width":700,"height":700,"url":"https:\/\/www.heddata.se\/webbutik\/wp-content\/uploads\/webbutik\/kategorier\/blackpatroner-toners\/6117c001.jpg","type":"image\/jpeg"}],"twitter_card":"summary_large_image","schema":{"@context":"https:\/\/schema.org","@graph":[{"@type":"WebPage","@id":"https:\/\/www.heddata.se\/webbutik\/produkt\/canon-blackpatron-canon-pgi-530pgbk-6117c001\/","url":"https:\/\/www.heddata.se\/webbutik\/produkt\/canon-blackpatron-canon-pgi-530pgbk-6117c001\/","name":"Canon Bl\u00e4ckpatron Canon PGI-530PGBK - 6117C001","isPartOf":{"@id":"https:\/\/www.heddata.se\/webbutik\/#website"},"primaryImageOfPage":{"@id":"https:\/\/www.heddata.se\/webbutik\/produkt\/canon-blackpatron-canon-pgi-530pgbk-6117c001\/#primaryimage"},"image":{"@id":"https:\/\/www.heddata.se\/webbutik\/produkt\/canon-blackpatron-canon-pgi-530pgbk-6117c001\/#primaryimage"},"thumbnailUrl":"https:\/\/www.heddata.se\/webbutik\/wp-content\/uploads\/webbutik\/kategorier\/blackpatroner-toners\/6117c001.jpg","datePublished":"2024-11-05T13:18:06+00:00","dateModified":"2026-05-08T16:10:35+00:00","description":"Canon Bl\u00e4ckpatron Canon PGI-530PGBK - 6117C001 Bl\u00e4ckpatron PGI-530 PG svart som passar till skrivarna Canon TS8750 och TS8751.","breadcrumb":{"@id":"https:\/\/www.heddata.se\/webbutik\/produkt\/canon-blackpatron-canon-pgi-530pgbk-6117c001\/#breadcrumb"},"inLanguage":"sv-SE","potentialAction":[{"@type":"ReadAction","target":["https:\/\/www.heddata.se\/webbutik\/produkt\/canon-blackpatron-canon-pgi-530pgbk-6117c001\/"]}]},{"@type":"ImageObject","inLanguage":"sv-SE","@id":"https:\/\/www.heddata.se\/webbutik\/produkt\/canon-blackpatron-canon-pgi-530pgbk-6117c001\/#primaryimage","url":"https:\/\/www.heddata.se\/webbutik\/wp-content\/uploads\/webbutik\/kategorier\/blackpatroner-toners\/6117c001.jpg","contentUrl":"https:\/\/www.heddata.se\/webbutik\/wp-content\/uploads\/webbutik\/kategorier\/blackpatroner-toners\/6117c001.jpg","width":700,"height":700,"caption":"Canon Bl\u00e4ckpatron Canon PGI-530PGBK"},{"@type":"BreadcrumbList","@id":"https:\/\/www.heddata.se\/webbutik\/produkt\/canon-blackpatron-canon-pgi-530pgbk-6117c001\/#breadcrumb","itemListElement":[{"@type":"ListItem","position":1,"name":"Hem","item":"https:\/\/www.heddata.se\/webbutik\/"},{"@type":"ListItem","position":2,"name":"Produkter","item":"https:\/\/www.heddata.se\/webbutik\/shop\/"},{"@type":"ListItem","position":3,"name":"Canon Bl\u00e4ckpatron Canon PGI-530PGBK &#8211; 6117C001"}]},{"@type":"WebSite","@id":"https:\/\/www.heddata.se\/webbutik\/#website","url":"https:\/\/www.heddata.se\/webbutik\/","name":"Datorer, Skrivare, F\u00e4rgpatroner, Mobiltelefoner","description":"Kablar","publisher":{"@id":"https:\/\/www.heddata.se\/webbutik\/#organization"},"potentialAction":[{"@type":"SearchAction","target":{"@type":"EntryPoint","urlTemplate":"https:\/\/www.heddata.se\/webbutik\/?s={search_term_string}"},"query-input":{"@type":"PropertyValueSpecification","valueRequired":true,"valueName":"search_term_string"}}],"inLanguage":"sv-SE"},{"@type":"Organization","@id":"https:\/\/www.heddata.se\/webbutik\/#organization","name":"Heddata AB","url":"https:\/\/www.heddata.se\/webbutik\/","logo":{"@type":"ImageObject","inLanguage":"sv-SE","@id":"https:\/\/www.heddata.se\/webbutik\/#\/schema\/logo\/image\/","url":"https:\/\/www.heddata.se\/webbutik\/wp-content\/uploads\/logga\/heddata-ab-logga.png","contentUrl":"https:\/\/www.heddata.se\/webbutik\/wp-content\/uploads\/logga\/heddata-ab-logga.png","width":200,"height":64,"caption":"Heddata AB"},"image":{"@id":"https:\/\/www.heddata.se\/webbutik\/#\/schema\/logo\/image\/"}}]}},"_links":{"self":[{"href":"https:\/\/www.heddata.se\/webbutik\/wp-json\/wp\/v2\/product\/95837","targetHints":{"allow":["GET"]}}],"collection":[{"href":"https:\/\/www.heddata.se\/webbutik\/wp-json\/wp\/v2\/product"}],"about":[{"href":"https:\/\/www.heddata.se\/webbutik\/wp-json\/wp\/v2\/types\/product"}],"wp:featuredmedia":[{"embeddable":true,"href":"https:\/\/www.heddata.se\/webbutik\/wp-json\/wp\/v2\/media\/95844"}],"wp:attachment":[{"href":"https:\/\/www.heddata.se\/webbutik\/wp-json\/wp\/v2\/media?parent=95837"}],"wp:term":[{"taxonomy":"product_brand","embeddable":true,"href":"https:\/\/www.heddata.se\/webbutik\/wp-json\/wp\/v2\/product_brand?post=95837"},{"taxonomy":"product_cat","embeddable":true,"href":"https:\/\/www.heddata.se\/webbutik\/wp-json\/wp\/v2\/product_cat?post=95837"},{"taxonomy":"product_tag","embeddable":true,"href":"https:\/\/www.heddata.se\/webbutik\/wp-json\/wp\/v2\/product_tag?post=95837"}],"curies":[{"name":"wp","href":"https:\/\/api.w.org\/{rel}","templated":true}]}}