{"id":95790,"date":"2024-10-24T13:18:08","date_gmt":"2024-10-24T11:18:08","guid":{"rendered":"https:\/\/www.heddata.se\/webbutik\/?post_type=product&#038;p=95790"},"modified":"2026-04-17T18:08:43","modified_gmt":"2026-04-17T16:08:43","slug":"poly-voyager-legend-tradlost-headset-svart-7w6b8aaabb","status":"publish","type":"product","link":"https:\/\/www.heddata.se\/webbutik\/produkt\/poly-voyager-legend-tradlost-headset-svart-7w6b8aaabb\/","title":{"rendered":"Poly Voyager Legend Tr\u00e5dl\u00f6st Headset Svart &#8211; 7W6B8AA#ABB"},"content":{"rendered":"<p>Poly Voyager Legend Tr\u00e5dl\u00f6st Headset Svart &#8211; 7W6B8AA#ABB<\/p>\n<div class=\"u-mb-24\">Bluetooth-headset med r\u00f6ststyrning<\/div>\n<h2 class=\"h5 u-mb-4\">Produktegenskaper<\/h2>\n<ul class=\"ul-plus u-fs-14 u-py-0\">\n<li class=\"u-mb-0\">H\u00f6r skillnaden med de tre precisionskonfigurerade mikrofonerna som anv\u00e4nder sig av f\u00f6rb\u00e4ttrade digitala signalprocessorer (DSP) f\u00f6r \u00f6verl\u00e4gsen brusreducering. Avancerad WindSmart-teknik erbjuder tre lager med vindskydd och en integrerad A2DP g\u00f6r det m\u00f6jligt att lyssna p\u00e5 str\u00f6mmande media fr\u00e5n en mobiltelefon eller platta.<\/li>\n<li class=\"u-mb-0\">Voyager Legend kombinerar r\u00f6stkommandon och smart sensorteknik f\u00f6r att f\u00f6rst\u00e5 hur och n\u00e4r samtal ska ske. Sensorer reagerar p\u00e5 n\u00e4r headsetet anv\u00e4nds vilket g\u00f6r det snabbt att besvara ett samtal utan knapptryckningar. Om headsetet redan anv\u00e4nds meddelar Voyager Legend vem som ringer och v\u00e4ntar p\u00e5 r\u00f6stkommandona \u201dSvara\u201d eller \u201dIgnorera\u201d. Tryck p\u00e5 knappen f\u00f6r r\u00f6ststyrning och be att f\u00e5 kontrollera batteriniv\u00e5, anslutningsstatus med mera.<\/li>\n<li class=\"u-mb-0\">Smarta sensorer vet n\u00e4r headsetet \u00e4r p\u00e5 eller av; vilket l\u00e5ter samtal enkelt besvaras genom att man tar p\u00e5 sig headsetet; och musik pausas f\u00f6r inkommande samtal eller samtal tystas genom att man tar av sig headsetet.<\/li>\n<\/ul>\n<p><b>Anv\u00e4ndningsomr\u00e5den<\/b><br \/>\nMobiltelefon &amp; tablet<\/p>\n<p><b>Design &amp; komfort<\/b><br \/>\nB\u00e4st komfort i sin klass<\/p>\n<p><b>Prestanda<\/b><br \/>\nBullerd\u00e4mpning: tre mikrofoner, digital bearbetning, 20-bands equalizer &amp; akustisk ekomotverkning<br \/>\nVindreducering: skyddande st\u00e5lk\u00e5pa, GORE material &amp; elektroniskt filter<br \/>\nUpp till 7 timmars taltid<br \/>\nUpp till 11 dagars standbytid<\/p>\n<p><b>Funktioner<\/b><br \/>\nL\u00e4ser upp namnet p\u00e5 den som ringer (personen m\u00e5ste finnas i telefonboken)<br \/>\nSmartSensors: headsetet k\u00e4nner om det \u00e4r p\u00e5 \u00f6rat eller ej. Har du headsetet p\u00e5 \u00f6rat s\u00e5 hamnar<br \/>\nljudet d\u00e4r, \u00e4r det inte p\u00e5 \u00f6rat s\u00e5 hamnar det i telefonen<br \/>\nSvarsknapp, volymjustering, sekretess, \u00e5teruppringning &amp; r\u00f6stuppringning<br \/>\nR\u00f6ststyrning: svara genom att s\u00e4ga answer, kolla batteristatus m.m.<br \/>\nR\u00f6stprompter: meddelar automatiskt kvarst\u00e5ende batteritid anslutningsstatus m.m.<br \/>\nSt\u00f6djer musiklyssning<br \/>\nBatteristatus visas i <a href=\"https:\/\/www.heddata.se\/webbutik\/telefon-surfplattor\/mobiltelefoner\/\">mobilen<\/a><\/p>\n<h2 class=\"h5 u-mb-4\"><a href=\"https:\/\/www.hp.com\/se-sv\/poly.html\" target=\"_blank\" rel=\"noopener\">Snabbfakta<\/a><\/h2>\n<ul class=\"ul-stripped u-fs-14\">\n<li class=\"row sm-gutters\">\n<div class=\"col-6\">Produkttyp:\u00a0Headset<\/div>\n<\/li>\n<li class=\"row sm-gutters\">\n<div class=\"col-6\">Anslutningsteknologi:\u00a0Tr\u00e5dl\u00f6s<\/div>\n<\/li>\n<li class=\"row sm-gutters\">\n<div class=\"col-6\">Bluetooth:\u00a0Ja<\/div>\n<\/li>\n<li class=\"row sm-gutters\">\n<div class=\"col-6\">USB-anslutning:\u00a0Ja<\/div>\n<\/li>\n<li class=\"row sm-gutters\">\n<div class=\"col-6\">USB-kontakt:\u00a0USB Type-A<\/div>\n<\/li>\n<li class=\"row sm-gutters\">\n<div class=\"col-6\">Headset-typ:\u00a0Mono<\/div>\n<\/li>\n<li class=\"row sm-gutters\">\n<div class=\"col-6\">Produktens f\u00e4rg:\u00a0Svart<\/div>\n<\/li>\n<li class=\"row sm-gutters\">\n<div class=\"col-6\">Rekommenderad anv\u00e4ndning:\u00a0Kontor\/callcenter<\/div>\n<\/li>\n<li class=\"row sm-gutters\">\n<div class=\"col-6\">H\u00f6rselskyddstekniker:\u00a0SoundGuard DIGITAL<\/div>\n<\/li>\n<\/ul>\n","protected":false},"excerpt":{"rendered":"<p>Poly Voyager Legend Tr\u00e5dl\u00f6st Headset Svart &#8211; 7W6B8AA#ABB<\/p>\n","protected":false},"featured_media":95792,"template":"","meta":[],"product_brand":[],"product_cat":[128,119],"product_tag":[],"class_list":{"0":"post-95790","1":"product","2":"type-product","3":"status-publish","4":"has-post-thumbnail","6":"product_cat-headset-horlurar-med-bluetooth","7":"product_cat-horlurar-headset","9":"first","10":"outofstock","11":"taxable","12":"shipping-taxable","13":"purchasable","14":"product-type-simple"},"yoast_head":"<!-- This site is optimized with the Yoast SEO Premium plugin v26.7 (Yoast SEO v26.7) - https:\/\/yoast.com\/wordpress\/plugins\/seo\/ -->\n<title>Poly Voyager Legend Tr\u00e5dl\u00f6st Headset Svart - 7W6B8AA#ABB<\/title>\n<meta name=\"description\" content=\"Poly Voyager Legend Tr\u00e5dl\u00f6st Headset Svart - 7W6B8AA#ABB\" \/>\n<meta name=\"robots\" content=\"index, follow, max-snippet:-1, max-image-preview:large, max-video-preview:-1\" \/>\n<link rel=\"canonical\" href=\"https:\/\/www.heddata.se\/webbutik\/produkt\/poly-voyager-legend-tradlost-headset-svart-7w6b8aaabb\/\" \/>\n<meta property=\"og:locale\" content=\"sv_SE\" \/>\n<meta property=\"og:type\" content=\"article\" \/>\n<meta property=\"og:title\" content=\"Poly Voyager Legend Tr\u00e5dl\u00f6st Headset Svart - 7W6B8AA#ABB\" \/>\n<meta property=\"og:description\" content=\"Poly Voyager Legend Tr\u00e5dl\u00f6st Headset Svart - 7W6B8AA#ABB\" \/>\n<meta property=\"og:url\" content=\"https:\/\/www.heddata.se\/webbutik\/produkt\/poly-voyager-legend-tradlost-headset-svart-7w6b8aaabb\/\" \/>\n<meta property=\"og:site_name\" content=\"Datorer, Skrivare, F\u00e4rgpatroner, Mobiltelefoner\" \/>\n<meta property=\"article:modified_time\" content=\"2026-04-17T16:08:43+00:00\" \/>\n<meta property=\"og:image\" content=\"https:\/\/www.heddata.se\/webbutik\/wp-content\/uploads\/webbutik\/kategorier\/horlurar\/polvoyleg.jpg\" \/>\n\t<meta property=\"og:image:width\" content=\"1200\" \/>\n\t<meta property=\"og:image:height\" content=\"1200\" \/>\n\t<meta property=\"og:image:type\" content=\"image\/jpeg\" \/>\n<meta name=\"twitter:card\" content=\"summary_large_image\" \/>\n<meta name=\"twitter:label1\" content=\"Ber\u00e4knad l\u00e4stid\" \/>\n\t<meta name=\"twitter:data1\" content=\"2 minuter\" \/>\n<script type=\"application\/ld+json\" class=\"yoast-schema-graph\">{\"@context\":\"https:\/\/schema.org\",\"@graph\":[{\"@type\":\"WebPage\",\"@id\":\"https:\/\/www.heddata.se\/webbutik\/produkt\/poly-voyager-legend-tradlost-headset-svart-7w6b8aaabb\/\",\"url\":\"https:\/\/www.heddata.se\/webbutik\/produkt\/poly-voyager-legend-tradlost-headset-svart-7w6b8aaabb\/\",\"name\":\"Poly Voyager Legend Tr\u00e5dl\u00f6st Headset Svart - 7W6B8AA#ABB\",\"isPartOf\":{\"@id\":\"https:\/\/www.heddata.se\/webbutik\/#website\"},\"primaryImageOfPage\":{\"@id\":\"https:\/\/www.heddata.se\/webbutik\/produkt\/poly-voyager-legend-tradlost-headset-svart-7w6b8aaabb\/#primaryimage\"},\"image\":{\"@id\":\"https:\/\/www.heddata.se\/webbutik\/produkt\/poly-voyager-legend-tradlost-headset-svart-7w6b8aaabb\/#primaryimage\"},\"thumbnailUrl\":\"https:\/\/www.heddata.se\/webbutik\/wp-content\/uploads\/webbutik\/kategorier\/horlurar\/polvoyleg.jpg\",\"datePublished\":\"2024-10-24T11:18:08+00:00\",\"dateModified\":\"2026-04-17T16:08:43+00:00\",\"description\":\"Poly Voyager Legend Tr\u00e5dl\u00f6st Headset Svart - 7W6B8AA#ABB\",\"breadcrumb\":{\"@id\":\"https:\/\/www.heddata.se\/webbutik\/produkt\/poly-voyager-legend-tradlost-headset-svart-7w6b8aaabb\/#breadcrumb\"},\"inLanguage\":\"sv-SE\",\"potentialAction\":[{\"@type\":\"ReadAction\",\"target\":[\"https:\/\/www.heddata.se\/webbutik\/produkt\/poly-voyager-legend-tradlost-headset-svart-7w6b8aaabb\/\"]}]},{\"@type\":\"ImageObject\",\"inLanguage\":\"sv-SE\",\"@id\":\"https:\/\/www.heddata.se\/webbutik\/produkt\/poly-voyager-legend-tradlost-headset-svart-7w6b8aaabb\/#primaryimage\",\"url\":\"https:\/\/www.heddata.se\/webbutik\/wp-content\/uploads\/webbutik\/kategorier\/horlurar\/polvoyleg.jpg\",\"contentUrl\":\"https:\/\/www.heddata.se\/webbutik\/wp-content\/uploads\/webbutik\/kategorier\/horlurar\/polvoyleg.jpg\",\"width\":1200,\"height\":1200,\"caption\":\"Poly Voyager Legend Tr\u00e5dl\u00f6st\"},{\"@type\":\"BreadcrumbList\",\"@id\":\"https:\/\/www.heddata.se\/webbutik\/produkt\/poly-voyager-legend-tradlost-headset-svart-7w6b8aaabb\/#breadcrumb\",\"itemListElement\":[{\"@type\":\"ListItem\",\"position\":1,\"name\":\"Hem\",\"item\":\"https:\/\/www.heddata.se\/webbutik\/\"},{\"@type\":\"ListItem\",\"position\":2,\"name\":\"Produkter\",\"item\":\"https:\/\/www.heddata.se\/webbutik\/shop\/\"},{\"@type\":\"ListItem\",\"position\":3,\"name\":\"Poly Voyager Legend Tr\u00e5dl\u00f6st Headset Svart &#8211; 7W6B8AA#ABB\"}]},{\"@type\":\"WebSite\",\"@id\":\"https:\/\/www.heddata.se\/webbutik\/#website\",\"url\":\"https:\/\/www.heddata.se\/webbutik\/\",\"name\":\"Datorer, Skrivare, F\u00e4rgpatroner, Mobiltelefoner\",\"description\":\"Kablar\",\"publisher\":{\"@id\":\"https:\/\/www.heddata.se\/webbutik\/#organization\"},\"potentialAction\":[{\"@type\":\"SearchAction\",\"target\":{\"@type\":\"EntryPoint\",\"urlTemplate\":\"https:\/\/www.heddata.se\/webbutik\/?s={search_term_string}\"},\"query-input\":{\"@type\":\"PropertyValueSpecification\",\"valueRequired\":true,\"valueName\":\"search_term_string\"}}],\"inLanguage\":\"sv-SE\"},{\"@type\":\"Organization\",\"@id\":\"https:\/\/www.heddata.se\/webbutik\/#organization\",\"name\":\"Heddata AB\",\"url\":\"https:\/\/www.heddata.se\/webbutik\/\",\"logo\":{\"@type\":\"ImageObject\",\"inLanguage\":\"sv-SE\",\"@id\":\"https:\/\/www.heddata.se\/webbutik\/#\/schema\/logo\/image\/\",\"url\":\"https:\/\/www.heddata.se\/webbutik\/wp-content\/uploads\/logga\/heddata-ab-logga.png\",\"contentUrl\":\"https:\/\/www.heddata.se\/webbutik\/wp-content\/uploads\/logga\/heddata-ab-logga.png\",\"width\":200,\"height\":64,\"caption\":\"Heddata AB\"},\"image\":{\"@id\":\"https:\/\/www.heddata.se\/webbutik\/#\/schema\/logo\/image\/\"}}]}<\/script>\n<!-- \/ Yoast SEO Premium plugin. -->","yoast_head_json":{"title":"Poly Voyager Legend Tr\u00e5dl\u00f6st Headset Svart - 7W6B8AA#ABB","description":"Poly Voyager Legend Tr\u00e5dl\u00f6st Headset Svart - 7W6B8AA#ABB","robots":{"index":"index","follow":"follow","max-snippet":"max-snippet:-1","max-image-preview":"max-image-preview:large","max-video-preview":"max-video-preview:-1"},"canonical":"https:\/\/www.heddata.se\/webbutik\/produkt\/poly-voyager-legend-tradlost-headset-svart-7w6b8aaabb\/","og_locale":"sv_SE","og_type":"article","og_title":"Poly Voyager Legend Tr\u00e5dl\u00f6st Headset Svart - 7W6B8AA#ABB","og_description":"Poly Voyager Legend Tr\u00e5dl\u00f6st Headset Svart - 7W6B8AA#ABB","og_url":"https:\/\/www.heddata.se\/webbutik\/produkt\/poly-voyager-legend-tradlost-headset-svart-7w6b8aaabb\/","og_site_name":"Datorer, Skrivare, F\u00e4rgpatroner, Mobiltelefoner","article_modified_time":"2026-04-17T16:08:43+00:00","og_image":[{"width":1200,"height":1200,"url":"https:\/\/www.heddata.se\/webbutik\/wp-content\/uploads\/webbutik\/kategorier\/horlurar\/polvoyleg.jpg","type":"image\/jpeg"}],"twitter_card":"summary_large_image","twitter_misc":{"Ber\u00e4knad l\u00e4stid":"2 minuter"},"schema":{"@context":"https:\/\/schema.org","@graph":[{"@type":"WebPage","@id":"https:\/\/www.heddata.se\/webbutik\/produkt\/poly-voyager-legend-tradlost-headset-svart-7w6b8aaabb\/","url":"https:\/\/www.heddata.se\/webbutik\/produkt\/poly-voyager-legend-tradlost-headset-svart-7w6b8aaabb\/","name":"Poly Voyager Legend Tr\u00e5dl\u00f6st Headset Svart - 7W6B8AA#ABB","isPartOf":{"@id":"https:\/\/www.heddata.se\/webbutik\/#website"},"primaryImageOfPage":{"@id":"https:\/\/www.heddata.se\/webbutik\/produkt\/poly-voyager-legend-tradlost-headset-svart-7w6b8aaabb\/#primaryimage"},"image":{"@id":"https:\/\/www.heddata.se\/webbutik\/produkt\/poly-voyager-legend-tradlost-headset-svart-7w6b8aaabb\/#primaryimage"},"thumbnailUrl":"https:\/\/www.heddata.se\/webbutik\/wp-content\/uploads\/webbutik\/kategorier\/horlurar\/polvoyleg.jpg","datePublished":"2024-10-24T11:18:08+00:00","dateModified":"2026-04-17T16:08:43+00:00","description":"Poly Voyager Legend Tr\u00e5dl\u00f6st Headset Svart - 7W6B8AA#ABB","breadcrumb":{"@id":"https:\/\/www.heddata.se\/webbutik\/produkt\/poly-voyager-legend-tradlost-headset-svart-7w6b8aaabb\/#breadcrumb"},"inLanguage":"sv-SE","potentialAction":[{"@type":"ReadAction","target":["https:\/\/www.heddata.se\/webbutik\/produkt\/poly-voyager-legend-tradlost-headset-svart-7w6b8aaabb\/"]}]},{"@type":"ImageObject","inLanguage":"sv-SE","@id":"https:\/\/www.heddata.se\/webbutik\/produkt\/poly-voyager-legend-tradlost-headset-svart-7w6b8aaabb\/#primaryimage","url":"https:\/\/www.heddata.se\/webbutik\/wp-content\/uploads\/webbutik\/kategorier\/horlurar\/polvoyleg.jpg","contentUrl":"https:\/\/www.heddata.se\/webbutik\/wp-content\/uploads\/webbutik\/kategorier\/horlurar\/polvoyleg.jpg","width":1200,"height":1200,"caption":"Poly Voyager Legend Tr\u00e5dl\u00f6st"},{"@type":"BreadcrumbList","@id":"https:\/\/www.heddata.se\/webbutik\/produkt\/poly-voyager-legend-tradlost-headset-svart-7w6b8aaabb\/#breadcrumb","itemListElement":[{"@type":"ListItem","position":1,"name":"Hem","item":"https:\/\/www.heddata.se\/webbutik\/"},{"@type":"ListItem","position":2,"name":"Produkter","item":"https:\/\/www.heddata.se\/webbutik\/shop\/"},{"@type":"ListItem","position":3,"name":"Poly Voyager Legend Tr\u00e5dl\u00f6st Headset Svart &#8211; 7W6B8AA#ABB"}]},{"@type":"WebSite","@id":"https:\/\/www.heddata.se\/webbutik\/#website","url":"https:\/\/www.heddata.se\/webbutik\/","name":"Datorer, Skrivare, F\u00e4rgpatroner, Mobiltelefoner","description":"Kablar","publisher":{"@id":"https:\/\/www.heddata.se\/webbutik\/#organization"},"potentialAction":[{"@type":"SearchAction","target":{"@type":"EntryPoint","urlTemplate":"https:\/\/www.heddata.se\/webbutik\/?s={search_term_string}"},"query-input":{"@type":"PropertyValueSpecification","valueRequired":true,"valueName":"search_term_string"}}],"inLanguage":"sv-SE"},{"@type":"Organization","@id":"https:\/\/www.heddata.se\/webbutik\/#organization","name":"Heddata AB","url":"https:\/\/www.heddata.se\/webbutik\/","logo":{"@type":"ImageObject","inLanguage":"sv-SE","@id":"https:\/\/www.heddata.se\/webbutik\/#\/schema\/logo\/image\/","url":"https:\/\/www.heddata.se\/webbutik\/wp-content\/uploads\/logga\/heddata-ab-logga.png","contentUrl":"https:\/\/www.heddata.se\/webbutik\/wp-content\/uploads\/logga\/heddata-ab-logga.png","width":200,"height":64,"caption":"Heddata AB"},"image":{"@id":"https:\/\/www.heddata.se\/webbutik\/#\/schema\/logo\/image\/"}}]}},"_links":{"self":[{"href":"https:\/\/www.heddata.se\/webbutik\/wp-json\/wp\/v2\/product\/95790","targetHints":{"allow":["GET"]}}],"collection":[{"href":"https:\/\/www.heddata.se\/webbutik\/wp-json\/wp\/v2\/product"}],"about":[{"href":"https:\/\/www.heddata.se\/webbutik\/wp-json\/wp\/v2\/types\/product"}],"wp:featuredmedia":[{"embeddable":true,"href":"https:\/\/www.heddata.se\/webbutik\/wp-json\/wp\/v2\/media\/95792"}],"wp:attachment":[{"href":"https:\/\/www.heddata.se\/webbutik\/wp-json\/wp\/v2\/media?parent=95790"}],"wp:term":[{"taxonomy":"product_brand","embeddable":true,"href":"https:\/\/www.heddata.se\/webbutik\/wp-json\/wp\/v2\/product_brand?post=95790"},{"taxonomy":"product_cat","embeddable":true,"href":"https:\/\/www.heddata.se\/webbutik\/wp-json\/wp\/v2\/product_cat?post=95790"},{"taxonomy":"product_tag","embeddable":true,"href":"https:\/\/www.heddata.se\/webbutik\/wp-json\/wp\/v2\/product_tag?post=95790"}],"curies":[{"name":"wp","href":"https:\/\/api.w.org\/{rel}","templated":true}]}}