{"id":95772,"date":"2024-10-16T11:18:24","date_gmt":"2024-10-16T09:18:24","guid":{"rendered":"https:\/\/www.heddata.se\/webbutik\/?post_type=product&#038;p=95772"},"modified":"2026-05-01T18:10:05","modified_gmt":"2026-05-01T16:10:05","slug":"high-speed-hdmi-kabel-med-ethernet-4k30hz-arc-10-2-gbps-7-50-m-cvgb34000bk75","status":"publish","type":"product","link":"https:\/\/www.heddata.se\/webbutik\/produkt\/high-speed-hdmi-kabel-med-ethernet-4k30hz-arc-10-2-gbps-7-50-m-cvgb34000bk75\/","title":{"rendered":"High Speed \u200b\u200bHDMI kabel med Ethernet 4K@30Hz ARC 10.2 Gbps 7.50 m &#8211; CVGB34000BK75"},"content":{"rendered":"<p>High Speed \u200b\u200bHDMI kabel med Ethernet 4K@30Hz ARC 10.2 Gbps 7.50 m &#8211; CVGB34000BK75<\/p>\n<p>Denna h\u00f6ghastighets HDMI-kabel med Ethernet passar f\u00f6r enhetsn\u00e4tverkshantering och kan hantera videouppl\u00f6sningar p\u00e5 1080p och h\u00f6gre, inklusive avancerade visningstekniker, s\u00e5som 4K, 3D och Deep Color.<\/p>\n<p>H\u00f6guppl\u00f6st signal\u00f6verf\u00f6ring upp till 4K@30 Hz uppl\u00f6sning f\u00f6r knivskarpa bilder<\/p>\n<p>Max. \u00f6verf\u00f6ringshastighet p\u00e5 upp till 8,16 Gbit\/s f\u00f6r snabb data\u00f6verf\u00f6ring<\/p>\n<p>HDMI\u2122-kontakter garanterar perfekt signal\u00f6verf\u00f6ring, klart ljud, knivskarp video- och bildkvalitet<\/p>\n<p>Kabell\u00e4nkar <a href=\"https:\/\/www.heddata.se\/webbutik\/tv-apparater\/\">TV-apparater<\/a> och bildsk\u00e4rmar med spelkonsoler som PlayStation eller Xbox, samt beamers, projektorer och streamingmottagare t.ex. Amazon Fire TV eller Apple TV<\/p>\n<p>Denna HDMI\u2122-kabel st\u00f6der funktioner som ARC (Audio Return Channel), HDCP eller 3D-inneh\u00e5ll i Full HD<\/p>\n<h3><a href=\"https:\/\/nedis.se\/sv-se\" target=\"_blank\" rel=\"noopener\">Produktspecifikationer<\/a><\/h3>\n<table class=\"table table-with-odd-background\">\n<tbody>\n<tr>\n<td class=\"col-4\">Data\u00f6verf\u00f6ringsriktning<\/td>\n<td class=\"col-8\">Tv\u00e5v\u00e4gs<\/td>\n<\/tr>\n<tr>\n<td class=\"col-4\">Anslutningsdesign \u2013 sida B<\/td>\n<td class=\"col-8\">Rak<\/td>\n<\/tr>\n<tr>\n<td class=\"col-4\">Anslutningsdesign \u2013 sida A<\/td>\n<td class=\"col-8\">Rak<\/td>\n<\/tr>\n<tr>\n<td class=\"col-4\">ARC<\/td>\n<td class=\"col-8\">Ja<\/td>\n<\/tr>\n<tr>\n<td class=\"col-4\">Kabelns utformning<\/td>\n<td class=\"col-8\">Rund<\/td>\n<\/tr>\n<tr>\n<td class=\"col-4\">AWG-v\u00e4rde<\/td>\n<td class=\"col-8\">30<\/td>\n<\/tr>\n<tr>\n<td class=\"col-4\">Kontaktspl\u00e4tering<\/td>\n<td class=\"col-8\">Guldplaterad<\/td>\n<\/tr>\n<tr>\n<td class=\"col-4\">Kontaktmaterial<\/td>\n<td class=\"col-8\">PVC<\/td>\n<\/tr>\n<tr>\n<td class=\"col-4\">Kontakt A<\/td>\n<td class=\"col-8\">HDMI\u2122 Kontakt<\/td>\n<\/tr>\n<tr>\n<td class=\"col-4\">Kontakt B<\/td>\n<td class=\"col-8\">HDMI\u2122 Kontakt<\/td>\n<\/tr>\n<tr>\n<td class=\"col-4\">Kabeltyp<\/td>\n<td class=\"col-8\">High-Speed HDMI\u2122 met Ethernet<\/td>\n<\/tr>\n<tr>\n<td class=\"col-4\">Kabelmantelns material<\/td>\n<td class=\"col-8\">PVC<\/td>\n<\/tr>\n<tr>\n<td class=\"col-4\">Maximal bandbredd<\/td>\n<td class=\"col-8\">10.2 Gbps<\/td>\n<\/tr>\n<tr>\n<td class=\"col-4\">Maximal uppl\u00f6sning<\/td>\n<td class=\"col-8\">4K@30Hz<\/td>\n<\/tr>\n<tr>\n<td class=\"col-4\">Kabell\u00e4ngd<\/td>\n<td class=\"col-8\">7.50 m<\/td>\n<\/tr>\n<tr>\n<td class=\"col-4\">F\u00e4rg<\/td>\n<td class=\"col-8\">Svart<\/td>\n<\/tr>\n<tr>\n<td class=\"col-4\">Kabelmantelstorlek<\/td>\n<td class=\"col-8\">5.5 mm<\/td>\n<\/tr>\n<tr>\n<td class=\"col-4\">F\u00f6rpackningstyp<\/td>\n<td class=\"col-8\">Blister<\/td>\n<\/tr>\n<tr>\n<td class=\"col-4\">Ledarmaterial<\/td>\n<td class=\"col-8\">CCS<\/td>\n<\/tr>\n<tr>\n<td class=\"col-4\">Material<\/td>\n<td class=\"col-8\">PVC<\/td>\n<\/tr>\n<tr>\n<td class=\"col-4\">Uppl\u00f6sning som st\u00f6ds<\/td>\n<td class=\"col-8\">4K@30Hz<br \/>\n720p<br \/>\n1080p<\/td>\n<\/tr>\n<tr>\n<td class=\"col-4\">Bildf\u00f6rh\u00e5llande<\/td>\n<td class=\"col-8\">16:9<\/td>\n<\/tr>\n<tr>\n<td class=\"col-4\">Resolution standard<\/td>\n<td class=\"col-8\">4K UHD<\/td>\n<\/tr>\n<tr>\n<td class=\"col-4\">Kompatibel teknik<\/td>\n<td class=\"col-8\">ARC<br \/>\nHDCP<br \/>\nEthernet<\/td>\n<\/tr>\n<tr>\n<td class=\"col-4\">Antal varor i paketet<\/td>\n<td class=\"col-8\">1 st.<\/td>\n<\/tr>\n<tr>\n<td class=\"col-4\">St\u00f6d f\u00f6r ljudkanal<\/td>\n<td class=\"col-8\">ARC<\/td>\n<\/tr>\n<\/tbody>\n<\/table>\n","protected":false},"excerpt":{"rendered":"<p>High Speed \u200b\u200bHDMI kabel med Ethernet 4K@30Hz ARC 10.2 Gbps 7.50 m &#8211; CVGB34000BK75<\/p>\n","protected":false},"featured_media":95774,"template":"","meta":[],"product_brand":[],"product_cat":[74,59],"product_tag":[],"class_list":{"0":"post-95772","1":"product","2":"type-product","3":"status-publish","4":"has-post-thumbnail","6":"product_cat-hdmi-kablar","7":"product_cat-kablar","9":"first","10":"instock","11":"taxable","12":"shipping-taxable","13":"purchasable","14":"product-type-simple"},"yoast_head":"<!-- This site is optimized with the Yoast SEO Premium plugin v26.7 (Yoast SEO v26.7) - https:\/\/yoast.com\/wordpress\/plugins\/seo\/ -->\n<title>High Speed \u200b\u200bHDMI kabel med Ethernet 4K@30Hz ARC 10.2 Gbps 7.50 m<\/title>\n<meta name=\"description\" content=\"High Speed \u200b\u200bHDMI kabel med Ethernet 4K@30Hz ARC 10.2 Gbps 7.50 m - H\u00f6guppl\u00f6st signal\u00f6verf\u00f6ring upp till 4K@30 Hz\" \/>\n<meta name=\"robots\" content=\"index, follow, max-snippet:-1, max-image-preview:large, max-video-preview:-1\" \/>\n<link rel=\"canonical\" href=\"https:\/\/www.heddata.se\/webbutik\/produkt\/high-speed-hdmi-kabel-med-ethernet-4k30hz-arc-10-2-gbps-7-50-m-cvgb34000bk75\/\" \/>\n<meta property=\"og:locale\" content=\"sv_SE\" \/>\n<meta property=\"og:type\" content=\"article\" \/>\n<meta property=\"og:title\" content=\"High Speed \u200b\u200bHDMI kabel med Ethernet 4K@30Hz ARC 10.2 Gbps 7.50 m - CVGB34000BK75\" \/>\n<meta property=\"og:description\" content=\"High Speed \u200b\u200bHDMI kabel med Ethernet 4K@30Hz ARC 10.2 Gbps 7.50 m - H\u00f6guppl\u00f6st signal\u00f6verf\u00f6ring upp till 4K@30 Hz\" \/>\n<meta property=\"og:url\" content=\"https:\/\/www.heddata.se\/webbutik\/produkt\/high-speed-hdmi-kabel-med-ethernet-4k30hz-arc-10-2-gbps-7-50-m-cvgb34000bk75\/\" \/>\n<meta property=\"og:site_name\" content=\"Datorer, Skrivare, F\u00e4rgpatroner, Mobiltelefoner\" \/>\n<meta property=\"article:modified_time\" content=\"2026-05-01T16:10:05+00:00\" \/>\n<meta property=\"og:image\" content=\"https:\/\/www.heddata.se\/webbutik\/wp-content\/uploads\/webbutik\/kategorier\/kablar-adaptrar\/cvgb34000bk75.jpg\" \/>\n\t<meta property=\"og:image:width\" content=\"1200\" \/>\n\t<meta property=\"og:image:height\" content=\"1200\" \/>\n\t<meta property=\"og:image:type\" content=\"image\/jpeg\" \/>\n<meta name=\"twitter:card\" content=\"summary_large_image\" \/>\n<meta name=\"twitter:label1\" content=\"Ber\u00e4knad l\u00e4stid\" \/>\n\t<meta name=\"twitter:data1\" content=\"1 minut\" \/>\n<script type=\"application\/ld+json\" class=\"yoast-schema-graph\">{\"@context\":\"https:\/\/schema.org\",\"@graph\":[{\"@type\":\"WebPage\",\"@id\":\"https:\/\/www.heddata.se\/webbutik\/produkt\/high-speed-hdmi-kabel-med-ethernet-4k30hz-arc-10-2-gbps-7-50-m-cvgb34000bk75\/\",\"url\":\"https:\/\/www.heddata.se\/webbutik\/produkt\/high-speed-hdmi-kabel-med-ethernet-4k30hz-arc-10-2-gbps-7-50-m-cvgb34000bk75\/\",\"name\":\"High Speed \u200b\u200bHDMI kabel med Ethernet 4K@30Hz ARC 10.2 Gbps 7.50 m\",\"isPartOf\":{\"@id\":\"https:\/\/www.heddata.se\/webbutik\/#website\"},\"primaryImageOfPage\":{\"@id\":\"https:\/\/www.heddata.se\/webbutik\/produkt\/high-speed-hdmi-kabel-med-ethernet-4k30hz-arc-10-2-gbps-7-50-m-cvgb34000bk75\/#primaryimage\"},\"image\":{\"@id\":\"https:\/\/www.heddata.se\/webbutik\/produkt\/high-speed-hdmi-kabel-med-ethernet-4k30hz-arc-10-2-gbps-7-50-m-cvgb34000bk75\/#primaryimage\"},\"thumbnailUrl\":\"https:\/\/www.heddata.se\/webbutik\/wp-content\/uploads\/webbutik\/kategorier\/kablar-adaptrar\/cvgb34000bk75.jpg\",\"datePublished\":\"2024-10-16T09:18:24+00:00\",\"dateModified\":\"2026-05-01T16:10:05+00:00\",\"description\":\"High Speed \u200b\u200bHDMI kabel med Ethernet 4K@30Hz ARC 10.2 Gbps 7.50 m - H\u00f6guppl\u00f6st signal\u00f6verf\u00f6ring upp till 4K@30 Hz\",\"breadcrumb\":{\"@id\":\"https:\/\/www.heddata.se\/webbutik\/produkt\/high-speed-hdmi-kabel-med-ethernet-4k30hz-arc-10-2-gbps-7-50-m-cvgb34000bk75\/#breadcrumb\"},\"inLanguage\":\"sv-SE\",\"potentialAction\":[{\"@type\":\"ReadAction\",\"target\":[\"https:\/\/www.heddata.se\/webbutik\/produkt\/high-speed-hdmi-kabel-med-ethernet-4k30hz-arc-10-2-gbps-7-50-m-cvgb34000bk75\/\"]}]},{\"@type\":\"ImageObject\",\"inLanguage\":\"sv-SE\",\"@id\":\"https:\/\/www.heddata.se\/webbutik\/produkt\/high-speed-hdmi-kabel-med-ethernet-4k30hz-arc-10-2-gbps-7-50-m-cvgb34000bk75\/#primaryimage\",\"url\":\"https:\/\/www.heddata.se\/webbutik\/wp-content\/uploads\/webbutik\/kategorier\/kablar-adaptrar\/cvgb34000bk75.jpg\",\"contentUrl\":\"https:\/\/www.heddata.se\/webbutik\/wp-content\/uploads\/webbutik\/kategorier\/kablar-adaptrar\/cvgb34000bk75.jpg\",\"width\":1200,\"height\":1200,\"caption\":\"High Speed \u200b\u200bHDMI kabel\"},{\"@type\":\"BreadcrumbList\",\"@id\":\"https:\/\/www.heddata.se\/webbutik\/produkt\/high-speed-hdmi-kabel-med-ethernet-4k30hz-arc-10-2-gbps-7-50-m-cvgb34000bk75\/#breadcrumb\",\"itemListElement\":[{\"@type\":\"ListItem\",\"position\":1,\"name\":\"Hem\",\"item\":\"https:\/\/www.heddata.se\/webbutik\/\"},{\"@type\":\"ListItem\",\"position\":2,\"name\":\"Produkter\",\"item\":\"https:\/\/www.heddata.se\/webbutik\/shop\/\"},{\"@type\":\"ListItem\",\"position\":3,\"name\":\"High Speed \u200b\u200bHDMI kabel med Ethernet 4K@30Hz ARC 10.2 Gbps 7.50 m &#8211; CVGB34000BK75\"}]},{\"@type\":\"WebSite\",\"@id\":\"https:\/\/www.heddata.se\/webbutik\/#website\",\"url\":\"https:\/\/www.heddata.se\/webbutik\/\",\"name\":\"Datorer, Skrivare, F\u00e4rgpatroner, Mobiltelefoner\",\"description\":\"Kablar\",\"publisher\":{\"@id\":\"https:\/\/www.heddata.se\/webbutik\/#organization\"},\"potentialAction\":[{\"@type\":\"SearchAction\",\"target\":{\"@type\":\"EntryPoint\",\"urlTemplate\":\"https:\/\/www.heddata.se\/webbutik\/?s={search_term_string}\"},\"query-input\":{\"@type\":\"PropertyValueSpecification\",\"valueRequired\":true,\"valueName\":\"search_term_string\"}}],\"inLanguage\":\"sv-SE\"},{\"@type\":\"Organization\",\"@id\":\"https:\/\/www.heddata.se\/webbutik\/#organization\",\"name\":\"Heddata AB\",\"url\":\"https:\/\/www.heddata.se\/webbutik\/\",\"logo\":{\"@type\":\"ImageObject\",\"inLanguage\":\"sv-SE\",\"@id\":\"https:\/\/www.heddata.se\/webbutik\/#\/schema\/logo\/image\/\",\"url\":\"https:\/\/www.heddata.se\/webbutik\/wp-content\/uploads\/logga\/heddata-ab-logga.png\",\"contentUrl\":\"https:\/\/www.heddata.se\/webbutik\/wp-content\/uploads\/logga\/heddata-ab-logga.png\",\"width\":200,\"height\":64,\"caption\":\"Heddata AB\"},\"image\":{\"@id\":\"https:\/\/www.heddata.se\/webbutik\/#\/schema\/logo\/image\/\"}}]}<\/script>\n<!-- \/ Yoast SEO Premium plugin. -->","yoast_head_json":{"title":"High Speed \u200b\u200bHDMI kabel med Ethernet 4K@30Hz ARC 10.2 Gbps 7.50 m","description":"High Speed \u200b\u200bHDMI kabel med Ethernet 4K@30Hz ARC 10.2 Gbps 7.50 m - H\u00f6guppl\u00f6st signal\u00f6verf\u00f6ring upp till 4K@30 Hz","robots":{"index":"index","follow":"follow","max-snippet":"max-snippet:-1","max-image-preview":"max-image-preview:large","max-video-preview":"max-video-preview:-1"},"canonical":"https:\/\/www.heddata.se\/webbutik\/produkt\/high-speed-hdmi-kabel-med-ethernet-4k30hz-arc-10-2-gbps-7-50-m-cvgb34000bk75\/","og_locale":"sv_SE","og_type":"article","og_title":"High Speed \u200b\u200bHDMI kabel med Ethernet 4K@30Hz ARC 10.2 Gbps 7.50 m - CVGB34000BK75","og_description":"High Speed \u200b\u200bHDMI kabel med Ethernet 4K@30Hz ARC 10.2 Gbps 7.50 m - H\u00f6guppl\u00f6st signal\u00f6verf\u00f6ring upp till 4K@30 Hz","og_url":"https:\/\/www.heddata.se\/webbutik\/produkt\/high-speed-hdmi-kabel-med-ethernet-4k30hz-arc-10-2-gbps-7-50-m-cvgb34000bk75\/","og_site_name":"Datorer, Skrivare, F\u00e4rgpatroner, Mobiltelefoner","article_modified_time":"2026-05-01T16:10:05+00:00","og_image":[{"width":1200,"height":1200,"url":"https:\/\/www.heddata.se\/webbutik\/wp-content\/uploads\/webbutik\/kategorier\/kablar-adaptrar\/cvgb34000bk75.jpg","type":"image\/jpeg"}],"twitter_card":"summary_large_image","twitter_misc":{"Ber\u00e4knad l\u00e4stid":"1 minut"},"schema":{"@context":"https:\/\/schema.org","@graph":[{"@type":"WebPage","@id":"https:\/\/www.heddata.se\/webbutik\/produkt\/high-speed-hdmi-kabel-med-ethernet-4k30hz-arc-10-2-gbps-7-50-m-cvgb34000bk75\/","url":"https:\/\/www.heddata.se\/webbutik\/produkt\/high-speed-hdmi-kabel-med-ethernet-4k30hz-arc-10-2-gbps-7-50-m-cvgb34000bk75\/","name":"High Speed \u200b\u200bHDMI kabel med Ethernet 4K@30Hz ARC 10.2 Gbps 7.50 m","isPartOf":{"@id":"https:\/\/www.heddata.se\/webbutik\/#website"},"primaryImageOfPage":{"@id":"https:\/\/www.heddata.se\/webbutik\/produkt\/high-speed-hdmi-kabel-med-ethernet-4k30hz-arc-10-2-gbps-7-50-m-cvgb34000bk75\/#primaryimage"},"image":{"@id":"https:\/\/www.heddata.se\/webbutik\/produkt\/high-speed-hdmi-kabel-med-ethernet-4k30hz-arc-10-2-gbps-7-50-m-cvgb34000bk75\/#primaryimage"},"thumbnailUrl":"https:\/\/www.heddata.se\/webbutik\/wp-content\/uploads\/webbutik\/kategorier\/kablar-adaptrar\/cvgb34000bk75.jpg","datePublished":"2024-10-16T09:18:24+00:00","dateModified":"2026-05-01T16:10:05+00:00","description":"High Speed \u200b\u200bHDMI kabel med Ethernet 4K@30Hz ARC 10.2 Gbps 7.50 m - H\u00f6guppl\u00f6st signal\u00f6verf\u00f6ring upp till 4K@30 Hz","breadcrumb":{"@id":"https:\/\/www.heddata.se\/webbutik\/produkt\/high-speed-hdmi-kabel-med-ethernet-4k30hz-arc-10-2-gbps-7-50-m-cvgb34000bk75\/#breadcrumb"},"inLanguage":"sv-SE","potentialAction":[{"@type":"ReadAction","target":["https:\/\/www.heddata.se\/webbutik\/produkt\/high-speed-hdmi-kabel-med-ethernet-4k30hz-arc-10-2-gbps-7-50-m-cvgb34000bk75\/"]}]},{"@type":"ImageObject","inLanguage":"sv-SE","@id":"https:\/\/www.heddata.se\/webbutik\/produkt\/high-speed-hdmi-kabel-med-ethernet-4k30hz-arc-10-2-gbps-7-50-m-cvgb34000bk75\/#primaryimage","url":"https:\/\/www.heddata.se\/webbutik\/wp-content\/uploads\/webbutik\/kategorier\/kablar-adaptrar\/cvgb34000bk75.jpg","contentUrl":"https:\/\/www.heddata.se\/webbutik\/wp-content\/uploads\/webbutik\/kategorier\/kablar-adaptrar\/cvgb34000bk75.jpg","width":1200,"height":1200,"caption":"High Speed \u200b\u200bHDMI kabel"},{"@type":"BreadcrumbList","@id":"https:\/\/www.heddata.se\/webbutik\/produkt\/high-speed-hdmi-kabel-med-ethernet-4k30hz-arc-10-2-gbps-7-50-m-cvgb34000bk75\/#breadcrumb","itemListElement":[{"@type":"ListItem","position":1,"name":"Hem","item":"https:\/\/www.heddata.se\/webbutik\/"},{"@type":"ListItem","position":2,"name":"Produkter","item":"https:\/\/www.heddata.se\/webbutik\/shop\/"},{"@type":"ListItem","position":3,"name":"High Speed \u200b\u200bHDMI kabel med Ethernet 4K@30Hz ARC 10.2 Gbps 7.50 m &#8211; CVGB34000BK75"}]},{"@type":"WebSite","@id":"https:\/\/www.heddata.se\/webbutik\/#website","url":"https:\/\/www.heddata.se\/webbutik\/","name":"Datorer, Skrivare, F\u00e4rgpatroner, Mobiltelefoner","description":"Kablar","publisher":{"@id":"https:\/\/www.heddata.se\/webbutik\/#organization"},"potentialAction":[{"@type":"SearchAction","target":{"@type":"EntryPoint","urlTemplate":"https:\/\/www.heddata.se\/webbutik\/?s={search_term_string}"},"query-input":{"@type":"PropertyValueSpecification","valueRequired":true,"valueName":"search_term_string"}}],"inLanguage":"sv-SE"},{"@type":"Organization","@id":"https:\/\/www.heddata.se\/webbutik\/#organization","name":"Heddata AB","url":"https:\/\/www.heddata.se\/webbutik\/","logo":{"@type":"ImageObject","inLanguage":"sv-SE","@id":"https:\/\/www.heddata.se\/webbutik\/#\/schema\/logo\/image\/","url":"https:\/\/www.heddata.se\/webbutik\/wp-content\/uploads\/logga\/heddata-ab-logga.png","contentUrl":"https:\/\/www.heddata.se\/webbutik\/wp-content\/uploads\/logga\/heddata-ab-logga.png","width":200,"height":64,"caption":"Heddata AB"},"image":{"@id":"https:\/\/www.heddata.se\/webbutik\/#\/schema\/logo\/image\/"}}]}},"_links":{"self":[{"href":"https:\/\/www.heddata.se\/webbutik\/wp-json\/wp\/v2\/product\/95772","targetHints":{"allow":["GET"]}}],"collection":[{"href":"https:\/\/www.heddata.se\/webbutik\/wp-json\/wp\/v2\/product"}],"about":[{"href":"https:\/\/www.heddata.se\/webbutik\/wp-json\/wp\/v2\/types\/product"}],"wp:featuredmedia":[{"embeddable":true,"href":"https:\/\/www.heddata.se\/webbutik\/wp-json\/wp\/v2\/media\/95774"}],"wp:attachment":[{"href":"https:\/\/www.heddata.se\/webbutik\/wp-json\/wp\/v2\/media?parent=95772"}],"wp:term":[{"taxonomy":"product_brand","embeddable":true,"href":"https:\/\/www.heddata.se\/webbutik\/wp-json\/wp\/v2\/product_brand?post=95772"},{"taxonomy":"product_cat","embeddable":true,"href":"https:\/\/www.heddata.se\/webbutik\/wp-json\/wp\/v2\/product_cat?post=95772"},{"taxonomy":"product_tag","embeddable":true,"href":"https:\/\/www.heddata.se\/webbutik\/wp-json\/wp\/v2\/product_tag?post=95772"}],"curies":[{"name":"wp","href":"https:\/\/api.w.org\/{rel}","templated":true}]}}