{"id":95632,"date":"2024-08-12T11:18:34","date_gmt":"2024-08-12T09:18:34","guid":{"rendered":"https:\/\/www.heddata.se\/webbutik\/?post_type=product&#038;p=95632"},"modified":"2026-04-29T18:41:13","modified_gmt":"2026-04-29T16:41:13","slug":"tp-link-tradlos-usb-adapter-tl-wn822n","status":"publish","type":"product","link":"https:\/\/www.heddata.se\/webbutik\/produkt\/tp-link-tradlos-usb-adapter-tl-wn822n\/","title":{"rendered":"TP-Link tr\u00e5dl\u00f6s USB Adapter &#8211; TL-WN822N"},"content":{"rendered":"<p>TP-Link tr\u00e5dl\u00f6s USB Adapter &#8211; TL-WN822N<\/p>\n<p>TL-WN822N \u00e4r en 300 Mbps tr\u00e5dl\u00f6s USB-adapter som du enkelt ansluter till en station\u00e4r eller <a href=\"https:\/\/www.heddata.se\/webbutik\/datorer\/\">b\u00e4rbar<\/a> dator. Med den medf\u00f6ljande USB-kabeln (1,5 m) g\u00f6r den flexibel placeringsm\u00e4ssigt.<\/p>\n<div class=\"c-product-specifications__category\">\n<h4 class=\"u-fs-14 u-fw-bold\">Anslutningar<\/h4>\n<div class=\"row no-gutters u-bb u-border-light\">\n<div class=\"col-5 col-lg-4\">Anslutningsteknologi<\/div>\n<div class=\"col-7 col-lg-8 u-px-8 d-flex align-items-end\"><span class=\"u-overflow-auto\">Tr\u00e5dl\u00f6s<\/span><\/div>\n<\/div>\n<div class=\"row no-gutters u-bb u-border-light\">\n<div class=\"col-5 col-lg-4\">V\u00e4rdgr\u00e4nssnitt<\/div>\n<div class=\"col-7 col-lg-8 u-px-8 d-flex align-items-end\"><span class=\"u-overflow-auto\">Mini-USB<\/span><\/div>\n<\/div>\n<div class=\"row no-gutters u-bb u-border-light\">\n<div class=\"col-5 col-lg-4\">Gr\u00e4nssnitt<\/div>\n<div class=\"col-7 col-lg-8 u-px-8 d-flex align-items-end\"><span class=\"u-overflow-auto\">WLAN<\/span><\/div>\n<\/div>\n<div class=\"row no-gutters u-bb u-border-light\">\n<div class=\"col-5 col-lg-4\">Antal USB-portar<\/div>\n<div class=\"col-7 col-lg-8 u-px-8 d-flex align-items-end\"><span class=\"u-overflow-auto\">1<\/span><\/div>\n<\/div>\n<div class=\"row no-gutters u-bb u-border-light\">\n<div class=\"col-5 col-lg-4\">USB-version<\/div>\n<div class=\"col-7 col-lg-8 u-px-8 d-flex align-items-end\"><span class=\"u-overflow-auto\">2.0<\/span><\/div>\n<\/div>\n<\/div>\n<div class=\"c-product-specifications__category\">\n<h4 class=\"u-fs-14 u-fw-bold\"><a href=\"https:\/\/www.tp-link.com\/se\/\" target=\"_blank\" rel=\"noopener\">N\u00e4tverk<\/a><\/h4>\n<div class=\"row no-gutters u-bb u-border-light\">\n<div class=\"col-5 col-lg-4\">Maximal data\u00f6verf\u00f6ringshastighet<\/div>\n<div class=\"col-7 col-lg-8 u-px-8 d-flex align-items-end\"><span class=\"u-overflow-auto\">300\u00a0Mbit\/s<\/span><\/div>\n<\/div>\n<div class=\"row no-gutters u-bb u-border-light\">\n<div class=\"col-5 col-lg-4\">Kommunikationsstandarder<\/div>\n<div class=\"col-7 col-lg-8 u-px-8 d-flex align-items-end\"><span class=\"u-overflow-auto\">IEEE 802.11b, IEEE 802.11g, IEEE 802.11n<\/span><\/div>\n<\/div>\n<div class=\"row no-gutters u-bb u-border-light\">\n<div class=\"col-5 col-lg-4\">Frekvensomr\u00e5de<\/div>\n<div class=\"col-7 col-lg-8 u-px-8 d-flex align-items-end\"><span class=\"u-overflow-auto\">2,4 &#8211; 2,4835\u00a0GHz<\/span><\/div>\n<\/div>\n<div class=\"row no-gutters u-bb u-border-light\">\n<div class=\"col-5 col-lg-4\">Wi-Fi<\/div>\n<div class=\"col-7 col-lg-8 u-px-8 d-flex align-items-end\"><span class=\"u-overflow-auto\">Ja<\/span><\/div>\n<\/div>\n<div class=\"row no-gutters u-bb u-border-light\">\n<div class=\"col-5 col-lg-4\">Wi-Fi-band<\/div>\n<div class=\"col-7 col-lg-8 u-px-8 d-flex align-items-end\"><span class=\"u-overflow-auto\">Singel-band (2,4 GHz)<\/span><\/div>\n<\/div>\n<\/div>\n","protected":false},"excerpt":{"rendered":"<p>TP-Link tr\u00e5dl\u00f6s USB Adapter &#8211; TL-WN822N<\/p>\n","protected":false},"featured_media":95635,"template":"","meta":[],"product_brand":[],"product_cat":[70,8976,8977,8996],"product_tag":[],"class_list":{"0":"post-95632","1":"product","2":"type-product","3":"status-publish","4":"has-post-thumbnail","6":"product_cat-natverk","7":"product_cat-natverkskort","8":"product_cat-tradlosa","9":"product_cat-usb-natverkskort","11":"first","12":"outofstock","13":"taxable","14":"shipping-taxable","15":"purchasable","16":"product-type-simple"},"yoast_head":"<!-- This site is optimized with the Yoast SEO Premium plugin v26.7 (Yoast SEO v26.7) - https:\/\/yoast.com\/wordpress\/plugins\/seo\/ -->\n<title>TP-Link tr\u00e5dl\u00f6s USB Adapter - TL-WN822N med 1,5m kabel<\/title>\n<meta name=\"description\" content=\"TP-Link tr\u00e5dl\u00f6s USB Adapter - TL-WN822N som du enkelt ansluter till en station\u00e4r eller b\u00e4rbar dator, medf\u00f6ljande USB-kabel \u00e4r 1,5 m.\" \/>\n<meta name=\"robots\" content=\"index, follow, max-snippet:-1, max-image-preview:large, max-video-preview:-1\" \/>\n<link rel=\"canonical\" href=\"https:\/\/www.heddata.se\/webbutik\/produkt\/tp-link-tradlos-usb-adapter-tl-wn822n\/\" \/>\n<meta property=\"og:locale\" content=\"sv_SE\" \/>\n<meta property=\"og:type\" content=\"article\" \/>\n<meta property=\"og:title\" content=\"TP-Link tr\u00e5dl\u00f6s USB Adapter - TL-WN822N\" \/>\n<meta property=\"og:description\" content=\"TP-Link tr\u00e5dl\u00f6s USB Adapter - TL-WN822N som du enkelt ansluter till en station\u00e4r eller b\u00e4rbar dator, medf\u00f6ljande USB-kabel \u00e4r 1,5 m.\" \/>\n<meta property=\"og:url\" content=\"https:\/\/www.heddata.se\/webbutik\/produkt\/tp-link-tradlos-usb-adapter-tl-wn822n\/\" \/>\n<meta property=\"og:site_name\" content=\"Datorer, Skrivare, F\u00e4rgpatroner, Mobiltelefoner\" \/>\n<meta property=\"article:modified_time\" content=\"2026-04-29T16:41:13+00:00\" \/>\n<meta property=\"og:image\" content=\"https:\/\/www.heddata.se\/webbutik\/wp-content\/uploads\/webbutik\/kategorier\/natvark\/tl-wn822n.jpeg\" \/>\n\t<meta property=\"og:image:width\" content=\"960\" \/>\n\t<meta property=\"og:image:height\" content=\"960\" \/>\n\t<meta property=\"og:image:type\" content=\"image\/jpeg\" \/>\n<meta name=\"twitter:card\" content=\"summary_large_image\" \/>\n<script type=\"application\/ld+json\" class=\"yoast-schema-graph\">{\"@context\":\"https:\/\/schema.org\",\"@graph\":[{\"@type\":\"WebPage\",\"@id\":\"https:\/\/www.heddata.se\/webbutik\/produkt\/tp-link-tradlos-usb-adapter-tl-wn822n\/\",\"url\":\"https:\/\/www.heddata.se\/webbutik\/produkt\/tp-link-tradlos-usb-adapter-tl-wn822n\/\",\"name\":\"TP-Link tr\u00e5dl\u00f6s USB Adapter - TL-WN822N med 1,5m kabel\",\"isPartOf\":{\"@id\":\"https:\/\/www.heddata.se\/webbutik\/#website\"},\"primaryImageOfPage\":{\"@id\":\"https:\/\/www.heddata.se\/webbutik\/produkt\/tp-link-tradlos-usb-adapter-tl-wn822n\/#primaryimage\"},\"image\":{\"@id\":\"https:\/\/www.heddata.se\/webbutik\/produkt\/tp-link-tradlos-usb-adapter-tl-wn822n\/#primaryimage\"},\"thumbnailUrl\":\"https:\/\/www.heddata.se\/webbutik\/wp-content\/uploads\/webbutik\/kategorier\/natvark\/tl-wn822n.jpeg\",\"datePublished\":\"2024-08-12T09:18:34+00:00\",\"dateModified\":\"2026-04-29T16:41:13+00:00\",\"description\":\"TP-Link tr\u00e5dl\u00f6s USB Adapter - TL-WN822N som du enkelt ansluter till en station\u00e4r eller b\u00e4rbar dator, medf\u00f6ljande USB-kabel \u00e4r 1,5 m.\",\"breadcrumb\":{\"@id\":\"https:\/\/www.heddata.se\/webbutik\/produkt\/tp-link-tradlos-usb-adapter-tl-wn822n\/#breadcrumb\"},\"inLanguage\":\"sv-SE\",\"potentialAction\":[{\"@type\":\"ReadAction\",\"target\":[\"https:\/\/www.heddata.se\/webbutik\/produkt\/tp-link-tradlos-usb-adapter-tl-wn822n\/\"]}]},{\"@type\":\"ImageObject\",\"inLanguage\":\"sv-SE\",\"@id\":\"https:\/\/www.heddata.se\/webbutik\/produkt\/tp-link-tradlos-usb-adapter-tl-wn822n\/#primaryimage\",\"url\":\"https:\/\/www.heddata.se\/webbutik\/wp-content\/uploads\/webbutik\/kategorier\/natvark\/tl-wn822n.jpeg\",\"contentUrl\":\"https:\/\/www.heddata.se\/webbutik\/wp-content\/uploads\/webbutik\/kategorier\/natvark\/tl-wn822n.jpeg\",\"width\":960,\"height\":960,\"caption\":\"TP-Link tr\u00e5dl\u00f6s USB Adapter\"},{\"@type\":\"BreadcrumbList\",\"@id\":\"https:\/\/www.heddata.se\/webbutik\/produkt\/tp-link-tradlos-usb-adapter-tl-wn822n\/#breadcrumb\",\"itemListElement\":[{\"@type\":\"ListItem\",\"position\":1,\"name\":\"Hem\",\"item\":\"https:\/\/www.heddata.se\/webbutik\/\"},{\"@type\":\"ListItem\",\"position\":2,\"name\":\"Produkter\",\"item\":\"https:\/\/www.heddata.se\/webbutik\/shop\/\"},{\"@type\":\"ListItem\",\"position\":3,\"name\":\"TP-Link tr\u00e5dl\u00f6s USB Adapter &#8211; TL-WN822N\"}]},{\"@type\":\"WebSite\",\"@id\":\"https:\/\/www.heddata.se\/webbutik\/#website\",\"url\":\"https:\/\/www.heddata.se\/webbutik\/\",\"name\":\"Datorer, Skrivare, F\u00e4rgpatroner, Mobiltelefoner\",\"description\":\"Kablar\",\"publisher\":{\"@id\":\"https:\/\/www.heddata.se\/webbutik\/#organization\"},\"potentialAction\":[{\"@type\":\"SearchAction\",\"target\":{\"@type\":\"EntryPoint\",\"urlTemplate\":\"https:\/\/www.heddata.se\/webbutik\/?s={search_term_string}\"},\"query-input\":{\"@type\":\"PropertyValueSpecification\",\"valueRequired\":true,\"valueName\":\"search_term_string\"}}],\"inLanguage\":\"sv-SE\"},{\"@type\":\"Organization\",\"@id\":\"https:\/\/www.heddata.se\/webbutik\/#organization\",\"name\":\"Heddata AB\",\"url\":\"https:\/\/www.heddata.se\/webbutik\/\",\"logo\":{\"@type\":\"ImageObject\",\"inLanguage\":\"sv-SE\",\"@id\":\"https:\/\/www.heddata.se\/webbutik\/#\/schema\/logo\/image\/\",\"url\":\"https:\/\/www.heddata.se\/webbutik\/wp-content\/uploads\/logga\/heddata-ab-logga.png\",\"contentUrl\":\"https:\/\/www.heddata.se\/webbutik\/wp-content\/uploads\/logga\/heddata-ab-logga.png\",\"width\":200,\"height\":64,\"caption\":\"Heddata AB\"},\"image\":{\"@id\":\"https:\/\/www.heddata.se\/webbutik\/#\/schema\/logo\/image\/\"}}]}<\/script>\n<!-- \/ Yoast SEO Premium plugin. -->","yoast_head_json":{"title":"TP-Link tr\u00e5dl\u00f6s USB Adapter - TL-WN822N med 1,5m kabel","description":"TP-Link tr\u00e5dl\u00f6s USB Adapter - TL-WN822N som du enkelt ansluter till en station\u00e4r eller b\u00e4rbar dator, medf\u00f6ljande USB-kabel \u00e4r 1,5 m.","robots":{"index":"index","follow":"follow","max-snippet":"max-snippet:-1","max-image-preview":"max-image-preview:large","max-video-preview":"max-video-preview:-1"},"canonical":"https:\/\/www.heddata.se\/webbutik\/produkt\/tp-link-tradlos-usb-adapter-tl-wn822n\/","og_locale":"sv_SE","og_type":"article","og_title":"TP-Link tr\u00e5dl\u00f6s USB Adapter - TL-WN822N","og_description":"TP-Link tr\u00e5dl\u00f6s USB Adapter - TL-WN822N som du enkelt ansluter till en station\u00e4r eller b\u00e4rbar dator, medf\u00f6ljande USB-kabel \u00e4r 1,5 m.","og_url":"https:\/\/www.heddata.se\/webbutik\/produkt\/tp-link-tradlos-usb-adapter-tl-wn822n\/","og_site_name":"Datorer, Skrivare, F\u00e4rgpatroner, Mobiltelefoner","article_modified_time":"2026-04-29T16:41:13+00:00","og_image":[{"width":960,"height":960,"url":"https:\/\/www.heddata.se\/webbutik\/wp-content\/uploads\/webbutik\/kategorier\/natvark\/tl-wn822n.jpeg","type":"image\/jpeg"}],"twitter_card":"summary_large_image","schema":{"@context":"https:\/\/schema.org","@graph":[{"@type":"WebPage","@id":"https:\/\/www.heddata.se\/webbutik\/produkt\/tp-link-tradlos-usb-adapter-tl-wn822n\/","url":"https:\/\/www.heddata.se\/webbutik\/produkt\/tp-link-tradlos-usb-adapter-tl-wn822n\/","name":"TP-Link tr\u00e5dl\u00f6s USB Adapter - TL-WN822N med 1,5m kabel","isPartOf":{"@id":"https:\/\/www.heddata.se\/webbutik\/#website"},"primaryImageOfPage":{"@id":"https:\/\/www.heddata.se\/webbutik\/produkt\/tp-link-tradlos-usb-adapter-tl-wn822n\/#primaryimage"},"image":{"@id":"https:\/\/www.heddata.se\/webbutik\/produkt\/tp-link-tradlos-usb-adapter-tl-wn822n\/#primaryimage"},"thumbnailUrl":"https:\/\/www.heddata.se\/webbutik\/wp-content\/uploads\/webbutik\/kategorier\/natvark\/tl-wn822n.jpeg","datePublished":"2024-08-12T09:18:34+00:00","dateModified":"2026-04-29T16:41:13+00:00","description":"TP-Link tr\u00e5dl\u00f6s USB Adapter - TL-WN822N som du enkelt ansluter till en station\u00e4r eller b\u00e4rbar dator, medf\u00f6ljande USB-kabel \u00e4r 1,5 m.","breadcrumb":{"@id":"https:\/\/www.heddata.se\/webbutik\/produkt\/tp-link-tradlos-usb-adapter-tl-wn822n\/#breadcrumb"},"inLanguage":"sv-SE","potentialAction":[{"@type":"ReadAction","target":["https:\/\/www.heddata.se\/webbutik\/produkt\/tp-link-tradlos-usb-adapter-tl-wn822n\/"]}]},{"@type":"ImageObject","inLanguage":"sv-SE","@id":"https:\/\/www.heddata.se\/webbutik\/produkt\/tp-link-tradlos-usb-adapter-tl-wn822n\/#primaryimage","url":"https:\/\/www.heddata.se\/webbutik\/wp-content\/uploads\/webbutik\/kategorier\/natvark\/tl-wn822n.jpeg","contentUrl":"https:\/\/www.heddata.se\/webbutik\/wp-content\/uploads\/webbutik\/kategorier\/natvark\/tl-wn822n.jpeg","width":960,"height":960,"caption":"TP-Link tr\u00e5dl\u00f6s USB Adapter"},{"@type":"BreadcrumbList","@id":"https:\/\/www.heddata.se\/webbutik\/produkt\/tp-link-tradlos-usb-adapter-tl-wn822n\/#breadcrumb","itemListElement":[{"@type":"ListItem","position":1,"name":"Hem","item":"https:\/\/www.heddata.se\/webbutik\/"},{"@type":"ListItem","position":2,"name":"Produkter","item":"https:\/\/www.heddata.se\/webbutik\/shop\/"},{"@type":"ListItem","position":3,"name":"TP-Link tr\u00e5dl\u00f6s USB Adapter &#8211; TL-WN822N"}]},{"@type":"WebSite","@id":"https:\/\/www.heddata.se\/webbutik\/#website","url":"https:\/\/www.heddata.se\/webbutik\/","name":"Datorer, Skrivare, F\u00e4rgpatroner, Mobiltelefoner","description":"Kablar","publisher":{"@id":"https:\/\/www.heddata.se\/webbutik\/#organization"},"potentialAction":[{"@type":"SearchAction","target":{"@type":"EntryPoint","urlTemplate":"https:\/\/www.heddata.se\/webbutik\/?s={search_term_string}"},"query-input":{"@type":"PropertyValueSpecification","valueRequired":true,"valueName":"search_term_string"}}],"inLanguage":"sv-SE"},{"@type":"Organization","@id":"https:\/\/www.heddata.se\/webbutik\/#organization","name":"Heddata AB","url":"https:\/\/www.heddata.se\/webbutik\/","logo":{"@type":"ImageObject","inLanguage":"sv-SE","@id":"https:\/\/www.heddata.se\/webbutik\/#\/schema\/logo\/image\/","url":"https:\/\/www.heddata.se\/webbutik\/wp-content\/uploads\/logga\/heddata-ab-logga.png","contentUrl":"https:\/\/www.heddata.se\/webbutik\/wp-content\/uploads\/logga\/heddata-ab-logga.png","width":200,"height":64,"caption":"Heddata AB"},"image":{"@id":"https:\/\/www.heddata.se\/webbutik\/#\/schema\/logo\/image\/"}}]}},"_links":{"self":[{"href":"https:\/\/www.heddata.se\/webbutik\/wp-json\/wp\/v2\/product\/95632","targetHints":{"allow":["GET"]}}],"collection":[{"href":"https:\/\/www.heddata.se\/webbutik\/wp-json\/wp\/v2\/product"}],"about":[{"href":"https:\/\/www.heddata.se\/webbutik\/wp-json\/wp\/v2\/types\/product"}],"wp:featuredmedia":[{"embeddable":true,"href":"https:\/\/www.heddata.se\/webbutik\/wp-json\/wp\/v2\/media\/95635"}],"wp:attachment":[{"href":"https:\/\/www.heddata.se\/webbutik\/wp-json\/wp\/v2\/media?parent=95632"}],"wp:term":[{"taxonomy":"product_brand","embeddable":true,"href":"https:\/\/www.heddata.se\/webbutik\/wp-json\/wp\/v2\/product_brand?post=95632"},{"taxonomy":"product_cat","embeddable":true,"href":"https:\/\/www.heddata.se\/webbutik\/wp-json\/wp\/v2\/product_cat?post=95632"},{"taxonomy":"product_tag","embeddable":true,"href":"https:\/\/www.heddata.se\/webbutik\/wp-json\/wp\/v2\/product_tag?post=95632"}],"curies":[{"name":"wp","href":"https:\/\/api.w.org\/{rel}","templated":true}]}}