{"id":95567,"date":"2024-07-02T14:18:10","date_gmt":"2024-07-02T12:18:10","guid":{"rendered":"https:\/\/www.heddata.se\/webbutik\/?post_type=product&#038;p=95567"},"modified":"2026-04-07T18:19:09","modified_gmt":"2026-04-07T16:19:09","slug":"dell-vostro-15-3530-core-i5-8gb-256gb-15-6-7fmy6","status":"publish","type":"product","link":"https:\/\/www.heddata.se\/webbutik\/produkt\/dell-vostro-15-3530-core-i5-8gb-256gb-15-6-7fmy6\/","title":{"rendered":"Dell  Vostro 15 3530  Core i5 8GB 256GB 15.6&#8243; &#8211; 7FMY6"},"content":{"rendered":"<p>Dell Vostro 15 3530 Core i5 8GB 256GB 15.6&#8243; &#8211; 7FMY6<\/p>\n<ul class=\"ul-stripped u-fs-14\">\n<li class=\"row sm-gutters\">\n<div class=\"col-6\">Processorfamilj<\/div>\n<div class=\"col-6\">Core i5<\/div>\n<\/li>\n<li class=\"row sm-gutters\">\n<div class=\"col-6\">Internminne<\/div>\n<div class=\"col-6\">8 GB<\/div>\n<\/li>\n<li class=\"row sm-gutters\">\n<div class=\"col-6\">Total lagringskapacitet<\/div>\n<div class=\"col-6\">256 GB<\/div>\n<\/li>\n<li class=\"row sm-gutters\">\n<div class=\"col-6\">Sk\u00e4rm diagonal<\/div>\n<div class=\"col-6\">15.6 &#8221;<\/div>\n<\/li>\n<li class=\"row sm-gutters\">\n<div class=\"col-6\">Uppl\u00f6sning<\/div>\n<div class=\"col-6\">1920 x 1080 pixels<\/div>\n<\/li>\n<li class=\"row sm-gutters\">\n<div class=\"col-6\">Installerat operativsystem<\/div>\n<div class=\"col-6\">Windows 11 Pro<\/div>\n<\/li>\n<\/ul>\n<h2>All prestanda du beh\u00f6ver<\/h2>\n<p>Ta itu med vardagliga uppgifter snabbt och enkelt med upp till 13:e generationens Intel\u00ae Core\u2122 processorer kombinerat med den smidiga prestandan i SSD-lagring. Och med ett batteri p\u00e5 41 eller 54 wattimmar plus upp till 80 % laddning p\u00e5 en timme med ExpressCharge\u2122 vet du att du kan lita p\u00e5 att enheten klarar dagen. Dessutom kan du ge dina bilder ett lyft med NVIDIA\u00ae GeForce\u00ae MX550 som tillval med 2 GB diskret GDDR6-grafik.<\/p>\n<p>Under tiden optimerar adaptiv v\u00e4rme energi i enlighet med enhetens plats, oavsett om den ligger p\u00e5 en stabil yta som ett skrivbord eller en instabil yta, som i kn\u00e4t. Med hj\u00e4lp av avancerade algoritmer och accelerometrar anpassar enheten p\u00e5 ett intelligent s\u00e4tt sina energi- och v\u00e4rmeprofiler till situationen s\u00e5 att enheten fungerar smidigt.<\/p>\n<h2>Utformad f\u00f6r bekv\u00e4m produktivitet<\/h2>\n<p>Fokusera p\u00e5 arbetet till hands med en smal kant p\u00e5 tre sidor. Den stora styrplattan och tangentbordet i full storlek, tillsammans med ett lyftg\u00e5ngj\u00e4rn f\u00f6r mer ergonomiska vinklar och \u00f6kat luftfl\u00f6de, ger en mer flexibel anv\u00e4ndning. Om du vill f\u00e5 jobbet gjort snabbt kan den numeriska knappsatsen med 10 tangenter och kalkylatorknappar hj\u00e4lpa dig att vara effektiv. Med m\u00e5nga portar och kortplatser s\u00e5 att du kan ansluta till allt du beh\u00f6ver. Dessutom bidrar den h\u00e4r b\u00e4rbara datorn med Dell ComfortView-programvaruteknik till att minska m\u00e4ngden skadligt bl\u00e5tt ljus f\u00f6r att optimera \u00f6gonkomforten under l\u00e4ngre sk\u00e4rmtid.<\/p>\n<p>Ett spillt\u00e5ligt tangentbord inneb\u00e4r mindre stress om en olycka skulle intr\u00e4ffa. Och f\u00f6r ytterligare sinnesro har din b\u00e4rbara <a href=\"https:\/\/www.heddata.se\/webbutik\/datorer\/\">dator<\/a> genomg\u00e5tt 14 MIL-810H-tester som omfattar en rad tester ut\u00f6ver Dells standardtester f\u00f6r tillf\u00f6rlitlighet \u2013 s\u00e5 att enheten kan t\u00e5la arbetsdagens alla utmaningar.<\/p>\n<h2>Uppr\u00e4tth\u00e5ll skyddet<\/h2>\n<p>Trusted Platform Module 2.0 \u00e4r ett s\u00e4kerhetschips av kommersiell grad p\u00e5 moderkortet som skapar och lagrar l\u00f6senord och krypteringsnycklar. Det kontrollerar att datorn inte har manipulerats innan den startar och skyddar dina data mot externa programvaruattacker.<\/p>\n<p>Med fingeravtrycksl\u00e4sare (tillval) och Windows Hello kan du enkelt och s\u00e4kert logga in med ett enda tryck. Ett kilformat l\u00e5ssp\u00e5r ger dig extra skydd.<\/p>\n<h2>Uppgradera din upplevelse<\/h2>\n<p>Det uppgraderade h\u00f6ljealternativet i aluminium har en rad funktioner i en elegant utformning.<\/p>\n<p>Du ser alltid bra ut med den nya FHD-webbkameran med Wide Dynamic Range och Temporal Noise Reduction. Du kan dessutom l\u00e5ta lika tydlig som i ett telefonsamtal med inbyggd dubbel mikrofon och AI som minskar bakgrundsljud. AI-baserat ljud inom MyDell optimerar dessutom ljudet s\u00e5 att du kan h\u00f6ra och h\u00f6ras med sk\u00e4rpa.<\/p>\n<p>Den mekaniska luckan p\u00e5 kameran skyddar din sekretess och g\u00f6r s\u00e5 att du kan k\u00e4nna dig trygg.<\/p>\n<h2>Windows 11 Pro \u2013 konstruerat f\u00f6r hybridarbete<\/h2>\n<p>Den mest produktiva och s\u00e4kra versionen av Windows hittills \u2013 men enkel f\u00f6r IT-avdelningen.<\/p>\n<h2>Accidental Damage Service<\/h2>\n<p>Olyckan kan vara framme. Skydda din dator fr\u00e5n fall, spill och andra katastrofer. Med Accidental Damage f\u00e5r du effektiv reparations- eller utbytesservice som minskar bekymren och hj\u00e4lper dig att snabbt komma ig\u00e5ng igen.<\/p>\n<h2>ProSupport<\/h2>\n<p>F\u00e5 proaktiv, automatiserad support dygnet runt, alla dagar och service p\u00e5 plats n\u00e4r du beh\u00f6ver det med <a href=\"https:\/\/www.dell.com\/sv-se\" target=\"_blank\" rel=\"noopener\">Dell<\/a> ProSupport. L\u00e5t v\u00e5rt team ge dig v\u00e4rdefull tid tillbaka s\u00e5 att du kan fokusera p\u00e5 f\u00f6retaget.<\/p>\n<h2>ProSupport Plus<\/h2>\n<p>F\u00e5 prioriterad tillg\u00e5ng till expertsupport med AI-driven prediktiv analys och Accidental Damage Service som skyddar mot fall, spill, str\u00f6mspr\u00e5ng och mycket mer.<\/p>\n","protected":false},"excerpt":{"rendered":"<p>Dell Vostro 15 3530 Core i5 8GB 256GB 15.6&#8243; &#8211; 7FMY6<\/p>\n","protected":false},"featured_media":95572,"template":"","meta":[],"product_brand":[],"product_cat":[5367,112,65],"product_tag":[],"class_list":{"0":"post-95567","1":"product","2":"type-product","3":"status-publish","4":"has-post-thumbnail","6":"product_cat-barbara-datorer","7":"product_cat-datorer","8":"product_cat-datorer-tillbehor","10":"first","11":"outofstock","12":"taxable","13":"shipping-taxable","14":"product-type-simple"},"yoast_head":"<!-- This site is optimized with the Yoast SEO Premium plugin v26.7 (Yoast SEO v26.7) - https:\/\/yoast.com\/wordpress\/plugins\/seo\/ -->\n<title>Dell Vostro 15 3530 Core i5 8GB 256GB 15.6&quot; - 7FMY6<\/title>\n<meta name=\"description\" content=\"Dell Vostro 15 3530 Core i5 8GB 256GB 15.6&quot; - 7FMY6. Ta itu med vardagliga uppgifter snabbt med upp till 13:e generationens Intel\u00ae Core\u2122\" \/>\n<meta name=\"robots\" content=\"index, follow, max-snippet:-1, max-image-preview:large, max-video-preview:-1\" \/>\n<link rel=\"canonical\" href=\"https:\/\/www.heddata.se\/webbutik\/produkt\/dell-vostro-15-3530-core-i5-8gb-256gb-15-6-7fmy6\/\" \/>\n<meta property=\"og:locale\" content=\"sv_SE\" \/>\n<meta property=\"og:type\" content=\"article\" \/>\n<meta property=\"og:title\" content=\"Dell Vostro 15 3530 Core i5 8GB 256GB 15.6&quot; - 7FMY6\" \/>\n<meta property=\"og:description\" content=\"Dell Vostro 15 3530 Core i5 8GB 256GB 15.6&quot; - 7FMY6. Ta itu med vardagliga uppgifter snabbt med upp till 13:e generationens Intel\u00ae Core\u2122\" \/>\n<meta property=\"og:url\" content=\"https:\/\/www.heddata.se\/webbutik\/produkt\/dell-vostro-15-3530-core-i5-8gb-256gb-15-6-7fmy6\/\" \/>\n<meta property=\"og:site_name\" content=\"Datorer, Skrivare, F\u00e4rgpatroner, Mobiltelefoner\" \/>\n<meta property=\"article:modified_time\" content=\"2026-04-07T16:19:09+00:00\" \/>\n<meta property=\"og:image\" content=\"https:\/\/www.heddata.se\/webbutik\/wp-content\/uploads\/webbutik\/kategorier\/datorer\/7fmy6.jpg\" \/>\n\t<meta property=\"og:image:width\" content=\"1080\" \/>\n\t<meta property=\"og:image:height\" content=\"1080\" \/>\n\t<meta property=\"og:image:type\" content=\"image\/jpeg\" \/>\n<meta name=\"twitter:card\" content=\"summary_large_image\" \/>\n<meta name=\"twitter:label1\" content=\"Ber\u00e4knad l\u00e4stid\" \/>\n\t<meta name=\"twitter:data1\" content=\"3 minuter\" \/>\n<script type=\"application\/ld+json\" class=\"yoast-schema-graph\">{\"@context\":\"https:\/\/schema.org\",\"@graph\":[{\"@type\":\"WebPage\",\"@id\":\"https:\/\/www.heddata.se\/webbutik\/produkt\/dell-vostro-15-3530-core-i5-8gb-256gb-15-6-7fmy6\/\",\"url\":\"https:\/\/www.heddata.se\/webbutik\/produkt\/dell-vostro-15-3530-core-i5-8gb-256gb-15-6-7fmy6\/\",\"name\":\"Dell Vostro 15 3530 Core i5 8GB 256GB 15.6\\\" - 7FMY6\",\"isPartOf\":{\"@id\":\"https:\/\/www.heddata.se\/webbutik\/#website\"},\"primaryImageOfPage\":{\"@id\":\"https:\/\/www.heddata.se\/webbutik\/produkt\/dell-vostro-15-3530-core-i5-8gb-256gb-15-6-7fmy6\/#primaryimage\"},\"image\":{\"@id\":\"https:\/\/www.heddata.se\/webbutik\/produkt\/dell-vostro-15-3530-core-i5-8gb-256gb-15-6-7fmy6\/#primaryimage\"},\"thumbnailUrl\":\"https:\/\/www.heddata.se\/webbutik\/wp-content\/uploads\/webbutik\/kategorier\/datorer\/7fmy6.jpg\",\"datePublished\":\"2024-07-02T12:18:10+00:00\",\"dateModified\":\"2026-04-07T16:19:09+00:00\",\"description\":\"Dell Vostro 15 3530 Core i5 8GB 256GB 15.6\\\" - 7FMY6. Ta itu med vardagliga uppgifter snabbt med upp till 13:e generationens Intel\u00ae Core\u2122\",\"breadcrumb\":{\"@id\":\"https:\/\/www.heddata.se\/webbutik\/produkt\/dell-vostro-15-3530-core-i5-8gb-256gb-15-6-7fmy6\/#breadcrumb\"},\"inLanguage\":\"sv-SE\",\"potentialAction\":[{\"@type\":\"ReadAction\",\"target\":[\"https:\/\/www.heddata.se\/webbutik\/produkt\/dell-vostro-15-3530-core-i5-8gb-256gb-15-6-7fmy6\/\"]}]},{\"@type\":\"ImageObject\",\"inLanguage\":\"sv-SE\",\"@id\":\"https:\/\/www.heddata.se\/webbutik\/produkt\/dell-vostro-15-3530-core-i5-8gb-256gb-15-6-7fmy6\/#primaryimage\",\"url\":\"https:\/\/www.heddata.se\/webbutik\/wp-content\/uploads\/webbutik\/kategorier\/datorer\/7fmy6.jpg\",\"contentUrl\":\"https:\/\/www.heddata.se\/webbutik\/wp-content\/uploads\/webbutik\/kategorier\/datorer\/7fmy6.jpg\",\"width\":1080,\"height\":1080,\"caption\":\"Dell Vostro 15 3530\"},{\"@type\":\"BreadcrumbList\",\"@id\":\"https:\/\/www.heddata.se\/webbutik\/produkt\/dell-vostro-15-3530-core-i5-8gb-256gb-15-6-7fmy6\/#breadcrumb\",\"itemListElement\":[{\"@type\":\"ListItem\",\"position\":1,\"name\":\"Hem\",\"item\":\"https:\/\/www.heddata.se\/webbutik\/\"},{\"@type\":\"ListItem\",\"position\":2,\"name\":\"Produkter\",\"item\":\"https:\/\/www.heddata.se\/webbutik\/shop\/\"},{\"@type\":\"ListItem\",\"position\":3,\"name\":\"Dell Vostro 15 3530 Core i5 8GB 256GB 15.6&#8243; &#8211; 7FMY6\"}]},{\"@type\":\"WebSite\",\"@id\":\"https:\/\/www.heddata.se\/webbutik\/#website\",\"url\":\"https:\/\/www.heddata.se\/webbutik\/\",\"name\":\"Datorer, Skrivare, F\u00e4rgpatroner, Mobiltelefoner\",\"description\":\"Kablar\",\"publisher\":{\"@id\":\"https:\/\/www.heddata.se\/webbutik\/#organization\"},\"potentialAction\":[{\"@type\":\"SearchAction\",\"target\":{\"@type\":\"EntryPoint\",\"urlTemplate\":\"https:\/\/www.heddata.se\/webbutik\/?s={search_term_string}\"},\"query-input\":{\"@type\":\"PropertyValueSpecification\",\"valueRequired\":true,\"valueName\":\"search_term_string\"}}],\"inLanguage\":\"sv-SE\"},{\"@type\":\"Organization\",\"@id\":\"https:\/\/www.heddata.se\/webbutik\/#organization\",\"name\":\"Heddata AB\",\"url\":\"https:\/\/www.heddata.se\/webbutik\/\",\"logo\":{\"@type\":\"ImageObject\",\"inLanguage\":\"sv-SE\",\"@id\":\"https:\/\/www.heddata.se\/webbutik\/#\/schema\/logo\/image\/\",\"url\":\"https:\/\/www.heddata.se\/webbutik\/wp-content\/uploads\/logga\/heddata-ab-logga.png\",\"contentUrl\":\"https:\/\/www.heddata.se\/webbutik\/wp-content\/uploads\/logga\/heddata-ab-logga.png\",\"width\":200,\"height\":64,\"caption\":\"Heddata AB\"},\"image\":{\"@id\":\"https:\/\/www.heddata.se\/webbutik\/#\/schema\/logo\/image\/\"}}]}<\/script>\n<!-- \/ Yoast SEO Premium plugin. -->","yoast_head_json":{"title":"Dell Vostro 15 3530 Core i5 8GB 256GB 15.6\" - 7FMY6","description":"Dell Vostro 15 3530 Core i5 8GB 256GB 15.6\" - 7FMY6. Ta itu med vardagliga uppgifter snabbt med upp till 13:e generationens Intel\u00ae Core\u2122","robots":{"index":"index","follow":"follow","max-snippet":"max-snippet:-1","max-image-preview":"max-image-preview:large","max-video-preview":"max-video-preview:-1"},"canonical":"https:\/\/www.heddata.se\/webbutik\/produkt\/dell-vostro-15-3530-core-i5-8gb-256gb-15-6-7fmy6\/","og_locale":"sv_SE","og_type":"article","og_title":"Dell Vostro 15 3530 Core i5 8GB 256GB 15.6\" - 7FMY6","og_description":"Dell Vostro 15 3530 Core i5 8GB 256GB 15.6\" - 7FMY6. Ta itu med vardagliga uppgifter snabbt med upp till 13:e generationens Intel\u00ae Core\u2122","og_url":"https:\/\/www.heddata.se\/webbutik\/produkt\/dell-vostro-15-3530-core-i5-8gb-256gb-15-6-7fmy6\/","og_site_name":"Datorer, Skrivare, F\u00e4rgpatroner, Mobiltelefoner","article_modified_time":"2026-04-07T16:19:09+00:00","og_image":[{"width":1080,"height":1080,"url":"https:\/\/www.heddata.se\/webbutik\/wp-content\/uploads\/webbutik\/kategorier\/datorer\/7fmy6.jpg","type":"image\/jpeg"}],"twitter_card":"summary_large_image","twitter_misc":{"Ber\u00e4knad l\u00e4stid":"3 minuter"},"schema":{"@context":"https:\/\/schema.org","@graph":[{"@type":"WebPage","@id":"https:\/\/www.heddata.se\/webbutik\/produkt\/dell-vostro-15-3530-core-i5-8gb-256gb-15-6-7fmy6\/","url":"https:\/\/www.heddata.se\/webbutik\/produkt\/dell-vostro-15-3530-core-i5-8gb-256gb-15-6-7fmy6\/","name":"Dell Vostro 15 3530 Core i5 8GB 256GB 15.6\" - 7FMY6","isPartOf":{"@id":"https:\/\/www.heddata.se\/webbutik\/#website"},"primaryImageOfPage":{"@id":"https:\/\/www.heddata.se\/webbutik\/produkt\/dell-vostro-15-3530-core-i5-8gb-256gb-15-6-7fmy6\/#primaryimage"},"image":{"@id":"https:\/\/www.heddata.se\/webbutik\/produkt\/dell-vostro-15-3530-core-i5-8gb-256gb-15-6-7fmy6\/#primaryimage"},"thumbnailUrl":"https:\/\/www.heddata.se\/webbutik\/wp-content\/uploads\/webbutik\/kategorier\/datorer\/7fmy6.jpg","datePublished":"2024-07-02T12:18:10+00:00","dateModified":"2026-04-07T16:19:09+00:00","description":"Dell Vostro 15 3530 Core i5 8GB 256GB 15.6\" - 7FMY6. Ta itu med vardagliga uppgifter snabbt med upp till 13:e generationens Intel\u00ae Core\u2122","breadcrumb":{"@id":"https:\/\/www.heddata.se\/webbutik\/produkt\/dell-vostro-15-3530-core-i5-8gb-256gb-15-6-7fmy6\/#breadcrumb"},"inLanguage":"sv-SE","potentialAction":[{"@type":"ReadAction","target":["https:\/\/www.heddata.se\/webbutik\/produkt\/dell-vostro-15-3530-core-i5-8gb-256gb-15-6-7fmy6\/"]}]},{"@type":"ImageObject","inLanguage":"sv-SE","@id":"https:\/\/www.heddata.se\/webbutik\/produkt\/dell-vostro-15-3530-core-i5-8gb-256gb-15-6-7fmy6\/#primaryimage","url":"https:\/\/www.heddata.se\/webbutik\/wp-content\/uploads\/webbutik\/kategorier\/datorer\/7fmy6.jpg","contentUrl":"https:\/\/www.heddata.se\/webbutik\/wp-content\/uploads\/webbutik\/kategorier\/datorer\/7fmy6.jpg","width":1080,"height":1080,"caption":"Dell Vostro 15 3530"},{"@type":"BreadcrumbList","@id":"https:\/\/www.heddata.se\/webbutik\/produkt\/dell-vostro-15-3530-core-i5-8gb-256gb-15-6-7fmy6\/#breadcrumb","itemListElement":[{"@type":"ListItem","position":1,"name":"Hem","item":"https:\/\/www.heddata.se\/webbutik\/"},{"@type":"ListItem","position":2,"name":"Produkter","item":"https:\/\/www.heddata.se\/webbutik\/shop\/"},{"@type":"ListItem","position":3,"name":"Dell Vostro 15 3530 Core i5 8GB 256GB 15.6&#8243; &#8211; 7FMY6"}]},{"@type":"WebSite","@id":"https:\/\/www.heddata.se\/webbutik\/#website","url":"https:\/\/www.heddata.se\/webbutik\/","name":"Datorer, Skrivare, F\u00e4rgpatroner, Mobiltelefoner","description":"Kablar","publisher":{"@id":"https:\/\/www.heddata.se\/webbutik\/#organization"},"potentialAction":[{"@type":"SearchAction","target":{"@type":"EntryPoint","urlTemplate":"https:\/\/www.heddata.se\/webbutik\/?s={search_term_string}"},"query-input":{"@type":"PropertyValueSpecification","valueRequired":true,"valueName":"search_term_string"}}],"inLanguage":"sv-SE"},{"@type":"Organization","@id":"https:\/\/www.heddata.se\/webbutik\/#organization","name":"Heddata AB","url":"https:\/\/www.heddata.se\/webbutik\/","logo":{"@type":"ImageObject","inLanguage":"sv-SE","@id":"https:\/\/www.heddata.se\/webbutik\/#\/schema\/logo\/image\/","url":"https:\/\/www.heddata.se\/webbutik\/wp-content\/uploads\/logga\/heddata-ab-logga.png","contentUrl":"https:\/\/www.heddata.se\/webbutik\/wp-content\/uploads\/logga\/heddata-ab-logga.png","width":200,"height":64,"caption":"Heddata AB"},"image":{"@id":"https:\/\/www.heddata.se\/webbutik\/#\/schema\/logo\/image\/"}}]}},"_links":{"self":[{"href":"https:\/\/www.heddata.se\/webbutik\/wp-json\/wp\/v2\/product\/95567","targetHints":{"allow":["GET"]}}],"collection":[{"href":"https:\/\/www.heddata.se\/webbutik\/wp-json\/wp\/v2\/product"}],"about":[{"href":"https:\/\/www.heddata.se\/webbutik\/wp-json\/wp\/v2\/types\/product"}],"wp:featuredmedia":[{"embeddable":true,"href":"https:\/\/www.heddata.se\/webbutik\/wp-json\/wp\/v2\/media\/95572"}],"wp:attachment":[{"href":"https:\/\/www.heddata.se\/webbutik\/wp-json\/wp\/v2\/media?parent=95567"}],"wp:term":[{"taxonomy":"product_brand","embeddable":true,"href":"https:\/\/www.heddata.se\/webbutik\/wp-json\/wp\/v2\/product_brand?post=95567"},{"taxonomy":"product_cat","embeddable":true,"href":"https:\/\/www.heddata.se\/webbutik\/wp-json\/wp\/v2\/product_cat?post=95567"},{"taxonomy":"product_tag","embeddable":true,"href":"https:\/\/www.heddata.se\/webbutik\/wp-json\/wp\/v2\/product_tag?post=95567"}],"curies":[{"name":"wp","href":"https:\/\/api.w.org\/{rel}","templated":true}]}}