{"id":95524,"date":"2024-06-17T15:18:19","date_gmt":"2024-06-17T13:18:19","guid":{"rendered":"https:\/\/www.heddata.se\/webbutik\/?post_type=product&#038;p=95524"},"modified":"2026-04-30T18:11:38","modified_gmt":"2026-04-30T16:11:38","slug":"toner-hp-508a-svart-cf360a","status":"publish","type":"product","link":"https:\/\/www.heddata.se\/webbutik\/produkt\/toner-hp-508a-svart-cf360a\/","title":{"rendered":"Toner HP 508A Svart &#8211; CF360A"},"content":{"rendered":"<p>Toner HP 508A Svart &#8211; CF360A<\/p>\n<p>HP 508 tonerkassetter fungerar med: HP LaserJet Enterprise M552, M553, M577<\/p>\n<ul class=\"ul-plus u-fs-14 u-py-0\">\n<li class=\"u-mb-0\">Originaltonerkassetter levererar HPs legendariska utskriftskvalitet.<\/li>\n<li class=\"u-mb-0\">HP 508 tonerkassetter fungerar med: HP LaserJet Enterprise M552, M553, M577<\/li>\n<li class=\"u-mb-0\">1 svart (cirka 6000 sidor)<\/li>\n<li class=\"u-mb-0\">Skriv ut svart text av h\u00f6g kvalitet och snygg grafik med HPs originalf\u00f6rbrukningsmaterial som utformats f\u00f6r att vara tillf\u00f6rlitligt.<\/li>\n<li class=\"u-mb-0\">P\u00e5litlig utskrift du kan lita p\u00e5<\/li>\n<li class=\"u-mb-0\">Prova HP Instant Ink \u2013 den problemfria och pengarbesparande bl\u00e4ckabonnemangstj\u00e4nsten.<\/li>\n<li class=\"u-mb-0\">Endast HP LaserJet-tonerkassetter original med JetIntelligence \u00e4r specifikt utformade f\u00f6r din HP <a href=\"https:\/\/www.heddata.se\/webbutik\/blocks\/kategori-laserskrivare\/\">LaserJet-skrivare<\/a> eller MFP. \u00c4gna mindre tid \u00e5t fels\u00f6kning av problem p\u00e5 enheter och mer tid p\u00e5 det viktigaste i din verksamhet.<\/li>\n<li class=\"u-mb-0\">Idealisk f\u00f6r skarpa svartvita utskrifter av text och bilder med den professionella kvalitet som du beh\u00f6ver \u2013 sida efter sida \u2013 i hastigheter som skrivaren \u00e4r gjord f\u00f6r.<\/li>\n<\/ul>\n","protected":false},"excerpt":{"rendered":"<p>Toner HP 508A Svart &#8211; CF360A<\/p>\n","protected":false},"featured_media":95526,"template":"","meta":[],"product_brand":[],"product_cat":[61,96,89],"product_tag":[],"class_list":{"0":"post-95524","1":"product","2":"type-product","3":"status-publish","4":"has-post-thumbnail","6":"product_cat-blackpatroner-toners","7":"product_cat-hp-toner","8":"product_cat-toner","10":"first","11":"instock","12":"taxable","13":"shipping-taxable","14":"purchasable","15":"product-type-simple"},"yoast_head":"<!-- This site is optimized with the Yoast SEO Premium plugin v26.7 (Yoast SEO v26.7) - https:\/\/yoast.com\/wordpress\/plugins\/seo\/ -->\n<title>Toner HP 508A Svart - CF360A originaltonerkassetter h\u00f6g utskriftskvalite<\/title>\n<meta name=\"description\" content=\"Toner HP 508A Svart - CF360A originaltonerkassetter levererar HPs legendariska utskriftskvalitet. cirka 6000 sidor\" \/>\n<meta name=\"robots\" content=\"index, follow, max-snippet:-1, max-image-preview:large, max-video-preview:-1\" \/>\n<link rel=\"canonical\" href=\"https:\/\/www.heddata.se\/webbutik\/produkt\/toner-hp-508a-svart-cf360a\/\" \/>\n<meta property=\"og:locale\" content=\"sv_SE\" \/>\n<meta property=\"og:type\" content=\"article\" \/>\n<meta property=\"og:title\" content=\"Toner HP 508A Svart - CF360A\" \/>\n<meta property=\"og:description\" content=\"Toner HP 508A Svart - CF360A originaltonerkassetter levererar HPs legendariska utskriftskvalitet. cirka 6000 sidor\" \/>\n<meta property=\"og:url\" content=\"https:\/\/www.heddata.se\/webbutik\/produkt\/toner-hp-508a-svart-cf360a\/\" \/>\n<meta property=\"og:site_name\" content=\"Datorer, Skrivare, F\u00e4rgpatroner, Mobiltelefoner\" \/>\n<meta property=\"article:modified_time\" content=\"2026-04-30T16:11:38+00:00\" \/>\n<meta property=\"og:image\" content=\"https:\/\/www.heddata.se\/webbutik\/wp-content\/uploads\/webbutik\/kategorier\/blackpatroner-toners\/cf360a.jpg\" \/>\n\t<meta property=\"og:image:width\" content=\"1080\" \/>\n\t<meta property=\"og:image:height\" content=\"1080\" \/>\n\t<meta property=\"og:image:type\" content=\"image\/jpeg\" \/>\n<meta name=\"twitter:card\" content=\"summary_large_image\" \/>\n<meta name=\"twitter:label1\" content=\"Ber\u00e4knad l\u00e4stid\" \/>\n\t<meta name=\"twitter:data1\" content=\"1 minut\" \/>\n<script type=\"application\/ld+json\" class=\"yoast-schema-graph\">{\"@context\":\"https:\/\/schema.org\",\"@graph\":[{\"@type\":\"WebPage\",\"@id\":\"https:\/\/www.heddata.se\/webbutik\/produkt\/toner-hp-508a-svart-cf360a\/\",\"url\":\"https:\/\/www.heddata.se\/webbutik\/produkt\/toner-hp-508a-svart-cf360a\/\",\"name\":\"Toner HP 508A Svart - CF360A originaltonerkassetter h\u00f6g utskriftskvalite\",\"isPartOf\":{\"@id\":\"https:\/\/www.heddata.se\/webbutik\/#website\"},\"primaryImageOfPage\":{\"@id\":\"https:\/\/www.heddata.se\/webbutik\/produkt\/toner-hp-508a-svart-cf360a\/#primaryimage\"},\"image\":{\"@id\":\"https:\/\/www.heddata.se\/webbutik\/produkt\/toner-hp-508a-svart-cf360a\/#primaryimage\"},\"thumbnailUrl\":\"https:\/\/www.heddata.se\/webbutik\/wp-content\/uploads\/webbutik\/kategorier\/blackpatroner-toners\/cf360a.jpg\",\"datePublished\":\"2024-06-17T13:18:19+00:00\",\"dateModified\":\"2026-04-30T16:11:38+00:00\",\"description\":\"Toner HP 508A Svart - CF360A originaltonerkassetter levererar HPs legendariska utskriftskvalitet. cirka 6000 sidor\",\"breadcrumb\":{\"@id\":\"https:\/\/www.heddata.se\/webbutik\/produkt\/toner-hp-508a-svart-cf360a\/#breadcrumb\"},\"inLanguage\":\"sv-SE\",\"potentialAction\":[{\"@type\":\"ReadAction\",\"target\":[\"https:\/\/www.heddata.se\/webbutik\/produkt\/toner-hp-508a-svart-cf360a\/\"]}]},{\"@type\":\"ImageObject\",\"inLanguage\":\"sv-SE\",\"@id\":\"https:\/\/www.heddata.se\/webbutik\/produkt\/toner-hp-508a-svart-cf360a\/#primaryimage\",\"url\":\"https:\/\/www.heddata.se\/webbutik\/wp-content\/uploads\/webbutik\/kategorier\/blackpatroner-toners\/cf360a.jpg\",\"contentUrl\":\"https:\/\/www.heddata.se\/webbutik\/wp-content\/uploads\/webbutik\/kategorier\/blackpatroner-toners\/cf360a.jpg\",\"width\":1080,\"height\":1080,\"caption\":\"Toner HP 508A Svart\"},{\"@type\":\"BreadcrumbList\",\"@id\":\"https:\/\/www.heddata.se\/webbutik\/produkt\/toner-hp-508a-svart-cf360a\/#breadcrumb\",\"itemListElement\":[{\"@type\":\"ListItem\",\"position\":1,\"name\":\"Hem\",\"item\":\"https:\/\/www.heddata.se\/webbutik\/\"},{\"@type\":\"ListItem\",\"position\":2,\"name\":\"Produkter\",\"item\":\"https:\/\/www.heddata.se\/webbutik\/shop\/\"},{\"@type\":\"ListItem\",\"position\":3,\"name\":\"Toner HP 508A Svart &#8211; CF360A\"}]},{\"@type\":\"WebSite\",\"@id\":\"https:\/\/www.heddata.se\/webbutik\/#website\",\"url\":\"https:\/\/www.heddata.se\/webbutik\/\",\"name\":\"Datorer, Skrivare, F\u00e4rgpatroner, Mobiltelefoner\",\"description\":\"Kablar\",\"publisher\":{\"@id\":\"https:\/\/www.heddata.se\/webbutik\/#organization\"},\"potentialAction\":[{\"@type\":\"SearchAction\",\"target\":{\"@type\":\"EntryPoint\",\"urlTemplate\":\"https:\/\/www.heddata.se\/webbutik\/?s={search_term_string}\"},\"query-input\":{\"@type\":\"PropertyValueSpecification\",\"valueRequired\":true,\"valueName\":\"search_term_string\"}}],\"inLanguage\":\"sv-SE\"},{\"@type\":\"Organization\",\"@id\":\"https:\/\/www.heddata.se\/webbutik\/#organization\",\"name\":\"Heddata AB\",\"url\":\"https:\/\/www.heddata.se\/webbutik\/\",\"logo\":{\"@type\":\"ImageObject\",\"inLanguage\":\"sv-SE\",\"@id\":\"https:\/\/www.heddata.se\/webbutik\/#\/schema\/logo\/image\/\",\"url\":\"https:\/\/www.heddata.se\/webbutik\/wp-content\/uploads\/logga\/heddata-ab-logga.png\",\"contentUrl\":\"https:\/\/www.heddata.se\/webbutik\/wp-content\/uploads\/logga\/heddata-ab-logga.png\",\"width\":200,\"height\":64,\"caption\":\"Heddata AB\"},\"image\":{\"@id\":\"https:\/\/www.heddata.se\/webbutik\/#\/schema\/logo\/image\/\"}}]}<\/script>\n<!-- \/ Yoast SEO Premium plugin. -->","yoast_head_json":{"title":"Toner HP 508A Svart - CF360A originaltonerkassetter h\u00f6g utskriftskvalite","description":"Toner HP 508A Svart - CF360A originaltonerkassetter levererar HPs legendariska utskriftskvalitet. cirka 6000 sidor","robots":{"index":"index","follow":"follow","max-snippet":"max-snippet:-1","max-image-preview":"max-image-preview:large","max-video-preview":"max-video-preview:-1"},"canonical":"https:\/\/www.heddata.se\/webbutik\/produkt\/toner-hp-508a-svart-cf360a\/","og_locale":"sv_SE","og_type":"article","og_title":"Toner HP 508A Svart - CF360A","og_description":"Toner HP 508A Svart - CF360A originaltonerkassetter levererar HPs legendariska utskriftskvalitet. cirka 6000 sidor","og_url":"https:\/\/www.heddata.se\/webbutik\/produkt\/toner-hp-508a-svart-cf360a\/","og_site_name":"Datorer, Skrivare, F\u00e4rgpatroner, Mobiltelefoner","article_modified_time":"2026-04-30T16:11:38+00:00","og_image":[{"width":1080,"height":1080,"url":"https:\/\/www.heddata.se\/webbutik\/wp-content\/uploads\/webbutik\/kategorier\/blackpatroner-toners\/cf360a.jpg","type":"image\/jpeg"}],"twitter_card":"summary_large_image","twitter_misc":{"Ber\u00e4knad l\u00e4stid":"1 minut"},"schema":{"@context":"https:\/\/schema.org","@graph":[{"@type":"WebPage","@id":"https:\/\/www.heddata.se\/webbutik\/produkt\/toner-hp-508a-svart-cf360a\/","url":"https:\/\/www.heddata.se\/webbutik\/produkt\/toner-hp-508a-svart-cf360a\/","name":"Toner HP 508A Svart - CF360A originaltonerkassetter h\u00f6g utskriftskvalite","isPartOf":{"@id":"https:\/\/www.heddata.se\/webbutik\/#website"},"primaryImageOfPage":{"@id":"https:\/\/www.heddata.se\/webbutik\/produkt\/toner-hp-508a-svart-cf360a\/#primaryimage"},"image":{"@id":"https:\/\/www.heddata.se\/webbutik\/produkt\/toner-hp-508a-svart-cf360a\/#primaryimage"},"thumbnailUrl":"https:\/\/www.heddata.se\/webbutik\/wp-content\/uploads\/webbutik\/kategorier\/blackpatroner-toners\/cf360a.jpg","datePublished":"2024-06-17T13:18:19+00:00","dateModified":"2026-04-30T16:11:38+00:00","description":"Toner HP 508A Svart - CF360A originaltonerkassetter levererar HPs legendariska utskriftskvalitet. cirka 6000 sidor","breadcrumb":{"@id":"https:\/\/www.heddata.se\/webbutik\/produkt\/toner-hp-508a-svart-cf360a\/#breadcrumb"},"inLanguage":"sv-SE","potentialAction":[{"@type":"ReadAction","target":["https:\/\/www.heddata.se\/webbutik\/produkt\/toner-hp-508a-svart-cf360a\/"]}]},{"@type":"ImageObject","inLanguage":"sv-SE","@id":"https:\/\/www.heddata.se\/webbutik\/produkt\/toner-hp-508a-svart-cf360a\/#primaryimage","url":"https:\/\/www.heddata.se\/webbutik\/wp-content\/uploads\/webbutik\/kategorier\/blackpatroner-toners\/cf360a.jpg","contentUrl":"https:\/\/www.heddata.se\/webbutik\/wp-content\/uploads\/webbutik\/kategorier\/blackpatroner-toners\/cf360a.jpg","width":1080,"height":1080,"caption":"Toner HP 508A Svart"},{"@type":"BreadcrumbList","@id":"https:\/\/www.heddata.se\/webbutik\/produkt\/toner-hp-508a-svart-cf360a\/#breadcrumb","itemListElement":[{"@type":"ListItem","position":1,"name":"Hem","item":"https:\/\/www.heddata.se\/webbutik\/"},{"@type":"ListItem","position":2,"name":"Produkter","item":"https:\/\/www.heddata.se\/webbutik\/shop\/"},{"@type":"ListItem","position":3,"name":"Toner HP 508A Svart &#8211; CF360A"}]},{"@type":"WebSite","@id":"https:\/\/www.heddata.se\/webbutik\/#website","url":"https:\/\/www.heddata.se\/webbutik\/","name":"Datorer, Skrivare, F\u00e4rgpatroner, Mobiltelefoner","description":"Kablar","publisher":{"@id":"https:\/\/www.heddata.se\/webbutik\/#organization"},"potentialAction":[{"@type":"SearchAction","target":{"@type":"EntryPoint","urlTemplate":"https:\/\/www.heddata.se\/webbutik\/?s={search_term_string}"},"query-input":{"@type":"PropertyValueSpecification","valueRequired":true,"valueName":"search_term_string"}}],"inLanguage":"sv-SE"},{"@type":"Organization","@id":"https:\/\/www.heddata.se\/webbutik\/#organization","name":"Heddata AB","url":"https:\/\/www.heddata.se\/webbutik\/","logo":{"@type":"ImageObject","inLanguage":"sv-SE","@id":"https:\/\/www.heddata.se\/webbutik\/#\/schema\/logo\/image\/","url":"https:\/\/www.heddata.se\/webbutik\/wp-content\/uploads\/logga\/heddata-ab-logga.png","contentUrl":"https:\/\/www.heddata.se\/webbutik\/wp-content\/uploads\/logga\/heddata-ab-logga.png","width":200,"height":64,"caption":"Heddata AB"},"image":{"@id":"https:\/\/www.heddata.se\/webbutik\/#\/schema\/logo\/image\/"}}]}},"_links":{"self":[{"href":"https:\/\/www.heddata.se\/webbutik\/wp-json\/wp\/v2\/product\/95524","targetHints":{"allow":["GET"]}}],"collection":[{"href":"https:\/\/www.heddata.se\/webbutik\/wp-json\/wp\/v2\/product"}],"about":[{"href":"https:\/\/www.heddata.se\/webbutik\/wp-json\/wp\/v2\/types\/product"}],"wp:featuredmedia":[{"embeddable":true,"href":"https:\/\/www.heddata.se\/webbutik\/wp-json\/wp\/v2\/media\/95526"}],"wp:attachment":[{"href":"https:\/\/www.heddata.se\/webbutik\/wp-json\/wp\/v2\/media?parent=95524"}],"wp:term":[{"taxonomy":"product_brand","embeddable":true,"href":"https:\/\/www.heddata.se\/webbutik\/wp-json\/wp\/v2\/product_brand?post=95524"},{"taxonomy":"product_cat","embeddable":true,"href":"https:\/\/www.heddata.se\/webbutik\/wp-json\/wp\/v2\/product_cat?post=95524"},{"taxonomy":"product_tag","embeddable":true,"href":"https:\/\/www.heddata.se\/webbutik\/wp-json\/wp\/v2\/product_tag?post=95524"}],"curies":[{"name":"wp","href":"https:\/\/api.w.org\/{rel}","templated":true}]}}