{"id":95498,"date":"2024-05-31T13:18:06","date_gmt":"2024-05-31T11:18:06","guid":{"rendered":"https:\/\/www.heddata.se\/webbutik\/?post_type=product&#038;p=95498"},"modified":"2026-05-01T18:08:29","modified_gmt":"2026-05-01T16:08:29","slug":"sandberg-touchscreen-stylus-pen-saver-361-02","status":"publish","type":"product","link":"https:\/\/www.heddata.se\/webbutik\/produkt\/sandberg-touchscreen-stylus-pen-saver-361-02\/","title":{"rendered":"Sandberg Touchscreen Stylus Pen Saver &#8211; 361-02"},"content":{"rendered":"<p>Sandberg Touchscreen Stylus Pen Saver &#8211; 361-02<\/p>\n<p>Styluspenna med metallh\u00f6lje och gummispets. Pennan fungerar precis som ditt finger p\u00e5 alla <a href=\"https:\/\/www.heddata.se\/webbutik\/telefon-surfplattor\/mobiltelefoner\/\">peksk\u00e4rmar.<\/a><\/p>\n<p>Med gummispetsen skriver du mer exakt \u00e4n med fingret. Med en egen styluspenna beh\u00f6ver du inte anv\u00e4nda fingret n\u00e4r du till exempel signerar ett mottaget paket p\u00e5 en scannerterminal, och kan d\u00e4rmed undvika smittorisken.<\/p>\n<p><a href=\"https:\/\/sandberg.world\/sv-se\/\" target=\"_blank\" rel=\"noopener\">Styluspennan<\/a> har en liten p\u00e5monterad \u00f6gla, s\u00e5 att du enkelt kan f\u00e4sta den p\u00e5 till exempel din nyckelring.<\/p>\n","protected":false},"excerpt":{"rendered":"<p>Sandberg Touchscreen Stylus Pen Saver &#8211; 361-02<\/p>\n","protected":false},"featured_media":95502,"template":"","meta":[],"product_brand":[],"product_cat":[153,69,7953],"product_tag":[],"class_list":{"0":"post-95498","1":"product","2":"type-product","3":"status-publish","4":"has-post-thumbnail","6":"product_cat-ovrigt-telefontillbehor","7":"product_cat-telefontillbehor","8":"product_cat-tillbehor-surfplattor","10":"first","11":"instock","12":"taxable","13":"shipping-taxable","14":"purchasable","15":"product-type-simple"},"yoast_head":"<!-- This site is optimized with the Yoast SEO Premium plugin v26.7 (Yoast SEO v26.7) - https:\/\/yoast.com\/wordpress\/plugins\/seo\/ -->\n<title>Sandberg Touchscreen Stylus Pen Saver - 361-02 med metallh\u00f6lje.<\/title>\n<meta name=\"description\" content=\"Sandberg Touchscreen Stylus Pen Saver - 361-02 med metallh\u00f6lje och gummispets. Pennan fungerar precis som ditt finger p\u00e5 alla peksk\u00e4rmar.\" \/>\n<meta name=\"robots\" content=\"index, follow, max-snippet:-1, max-image-preview:large, max-video-preview:-1\" \/>\n<link rel=\"canonical\" href=\"https:\/\/www.heddata.se\/webbutik\/produkt\/sandberg-touchscreen-stylus-pen-saver-361-02\/\" \/>\n<meta property=\"og:locale\" content=\"sv_SE\" \/>\n<meta property=\"og:type\" content=\"article\" \/>\n<meta property=\"og:title\" content=\"Sandberg Touchscreen Stylus Pen Saver - 361-02\" \/>\n<meta property=\"og:description\" content=\"Sandberg Touchscreen Stylus Pen Saver - 361-02 med metallh\u00f6lje och gummispets. Pennan fungerar precis som ditt finger p\u00e5 alla peksk\u00e4rmar.\" \/>\n<meta property=\"og:url\" content=\"https:\/\/www.heddata.se\/webbutik\/produkt\/sandberg-touchscreen-stylus-pen-saver-361-02\/\" \/>\n<meta property=\"og:site_name\" content=\"Datorer, Skrivare, F\u00e4rgpatroner, Mobiltelefoner\" \/>\n<meta property=\"article:modified_time\" content=\"2026-05-01T16:08:29+00:00\" \/>\n<meta property=\"og:image\" content=\"https:\/\/www.heddata.se\/webbutik\/wp-content\/uploads\/webbutik\/kategorier\/telefontillbehor\/sdg361-02.jpg\" \/>\n\t<meta property=\"og:image:width\" content=\"1048\" \/>\n\t<meta property=\"og:image:height\" content=\"1048\" \/>\n\t<meta property=\"og:image:type\" content=\"image\/jpeg\" \/>\n<meta name=\"twitter:card\" content=\"summary_large_image\" \/>\n<script type=\"application\/ld+json\" class=\"yoast-schema-graph\">{\"@context\":\"https:\/\/schema.org\",\"@graph\":[{\"@type\":\"WebPage\",\"@id\":\"https:\/\/www.heddata.se\/webbutik\/produkt\/sandberg-touchscreen-stylus-pen-saver-361-02\/\",\"url\":\"https:\/\/www.heddata.se\/webbutik\/produkt\/sandberg-touchscreen-stylus-pen-saver-361-02\/\",\"name\":\"Sandberg Touchscreen Stylus Pen Saver - 361-02 med metallh\u00f6lje.\",\"isPartOf\":{\"@id\":\"https:\/\/www.heddata.se\/webbutik\/#website\"},\"primaryImageOfPage\":{\"@id\":\"https:\/\/www.heddata.se\/webbutik\/produkt\/sandberg-touchscreen-stylus-pen-saver-361-02\/#primaryimage\"},\"image\":{\"@id\":\"https:\/\/www.heddata.se\/webbutik\/produkt\/sandberg-touchscreen-stylus-pen-saver-361-02\/#primaryimage\"},\"thumbnailUrl\":\"https:\/\/www.heddata.se\/webbutik\/wp-content\/uploads\/webbutik\/kategorier\/telefontillbehor\/sdg361-02.jpg\",\"datePublished\":\"2024-05-31T11:18:06+00:00\",\"dateModified\":\"2026-05-01T16:08:29+00:00\",\"description\":\"Sandberg Touchscreen Stylus Pen Saver - 361-02 med metallh\u00f6lje och gummispets. Pennan fungerar precis som ditt finger p\u00e5 alla peksk\u00e4rmar.\",\"breadcrumb\":{\"@id\":\"https:\/\/www.heddata.se\/webbutik\/produkt\/sandberg-touchscreen-stylus-pen-saver-361-02\/#breadcrumb\"},\"inLanguage\":\"sv-SE\",\"potentialAction\":[{\"@type\":\"ReadAction\",\"target\":[\"https:\/\/www.heddata.se\/webbutik\/produkt\/sandberg-touchscreen-stylus-pen-saver-361-02\/\"]}]},{\"@type\":\"ImageObject\",\"inLanguage\":\"sv-SE\",\"@id\":\"https:\/\/www.heddata.se\/webbutik\/produkt\/sandberg-touchscreen-stylus-pen-saver-361-02\/#primaryimage\",\"url\":\"https:\/\/www.heddata.se\/webbutik\/wp-content\/uploads\/webbutik\/kategorier\/telefontillbehor\/sdg361-02.jpg\",\"contentUrl\":\"https:\/\/www.heddata.se\/webbutik\/wp-content\/uploads\/webbutik\/kategorier\/telefontillbehor\/sdg361-02.jpg\",\"width\":1048,\"height\":1048,\"caption\":\"Sandberg Touchscreen Stylus Pen\"},{\"@type\":\"BreadcrumbList\",\"@id\":\"https:\/\/www.heddata.se\/webbutik\/produkt\/sandberg-touchscreen-stylus-pen-saver-361-02\/#breadcrumb\",\"itemListElement\":[{\"@type\":\"ListItem\",\"position\":1,\"name\":\"Hem\",\"item\":\"https:\/\/www.heddata.se\/webbutik\/\"},{\"@type\":\"ListItem\",\"position\":2,\"name\":\"Produkter\",\"item\":\"https:\/\/www.heddata.se\/webbutik\/shop\/\"},{\"@type\":\"ListItem\",\"position\":3,\"name\":\"Sandberg Touchscreen Stylus Pen Saver &#8211; 361-02\"}]},{\"@type\":\"WebSite\",\"@id\":\"https:\/\/www.heddata.se\/webbutik\/#website\",\"url\":\"https:\/\/www.heddata.se\/webbutik\/\",\"name\":\"Datorer, Skrivare, F\u00e4rgpatroner, Mobiltelefoner\",\"description\":\"Kablar\",\"publisher\":{\"@id\":\"https:\/\/www.heddata.se\/webbutik\/#organization\"},\"potentialAction\":[{\"@type\":\"SearchAction\",\"target\":{\"@type\":\"EntryPoint\",\"urlTemplate\":\"https:\/\/www.heddata.se\/webbutik\/?s={search_term_string}\"},\"query-input\":{\"@type\":\"PropertyValueSpecification\",\"valueRequired\":true,\"valueName\":\"search_term_string\"}}],\"inLanguage\":\"sv-SE\"},{\"@type\":\"Organization\",\"@id\":\"https:\/\/www.heddata.se\/webbutik\/#organization\",\"name\":\"Heddata AB\",\"url\":\"https:\/\/www.heddata.se\/webbutik\/\",\"logo\":{\"@type\":\"ImageObject\",\"inLanguage\":\"sv-SE\",\"@id\":\"https:\/\/www.heddata.se\/webbutik\/#\/schema\/logo\/image\/\",\"url\":\"https:\/\/www.heddata.se\/webbutik\/wp-content\/uploads\/logga\/heddata-ab-logga.png\",\"contentUrl\":\"https:\/\/www.heddata.se\/webbutik\/wp-content\/uploads\/logga\/heddata-ab-logga.png\",\"width\":200,\"height\":64,\"caption\":\"Heddata AB\"},\"image\":{\"@id\":\"https:\/\/www.heddata.se\/webbutik\/#\/schema\/logo\/image\/\"}}]}<\/script>\n<!-- \/ Yoast SEO Premium plugin. -->","yoast_head_json":{"title":"Sandberg Touchscreen Stylus Pen Saver - 361-02 med metallh\u00f6lje.","description":"Sandberg Touchscreen Stylus Pen Saver - 361-02 med metallh\u00f6lje och gummispets. Pennan fungerar precis som ditt finger p\u00e5 alla peksk\u00e4rmar.","robots":{"index":"index","follow":"follow","max-snippet":"max-snippet:-1","max-image-preview":"max-image-preview:large","max-video-preview":"max-video-preview:-1"},"canonical":"https:\/\/www.heddata.se\/webbutik\/produkt\/sandberg-touchscreen-stylus-pen-saver-361-02\/","og_locale":"sv_SE","og_type":"article","og_title":"Sandberg Touchscreen Stylus Pen Saver - 361-02","og_description":"Sandberg Touchscreen Stylus Pen Saver - 361-02 med metallh\u00f6lje och gummispets. Pennan fungerar precis som ditt finger p\u00e5 alla peksk\u00e4rmar.","og_url":"https:\/\/www.heddata.se\/webbutik\/produkt\/sandberg-touchscreen-stylus-pen-saver-361-02\/","og_site_name":"Datorer, Skrivare, F\u00e4rgpatroner, Mobiltelefoner","article_modified_time":"2026-05-01T16:08:29+00:00","og_image":[{"width":1048,"height":1048,"url":"https:\/\/www.heddata.se\/webbutik\/wp-content\/uploads\/webbutik\/kategorier\/telefontillbehor\/sdg361-02.jpg","type":"image\/jpeg"}],"twitter_card":"summary_large_image","schema":{"@context":"https:\/\/schema.org","@graph":[{"@type":"WebPage","@id":"https:\/\/www.heddata.se\/webbutik\/produkt\/sandberg-touchscreen-stylus-pen-saver-361-02\/","url":"https:\/\/www.heddata.se\/webbutik\/produkt\/sandberg-touchscreen-stylus-pen-saver-361-02\/","name":"Sandberg Touchscreen Stylus Pen Saver - 361-02 med metallh\u00f6lje.","isPartOf":{"@id":"https:\/\/www.heddata.se\/webbutik\/#website"},"primaryImageOfPage":{"@id":"https:\/\/www.heddata.se\/webbutik\/produkt\/sandberg-touchscreen-stylus-pen-saver-361-02\/#primaryimage"},"image":{"@id":"https:\/\/www.heddata.se\/webbutik\/produkt\/sandberg-touchscreen-stylus-pen-saver-361-02\/#primaryimage"},"thumbnailUrl":"https:\/\/www.heddata.se\/webbutik\/wp-content\/uploads\/webbutik\/kategorier\/telefontillbehor\/sdg361-02.jpg","datePublished":"2024-05-31T11:18:06+00:00","dateModified":"2026-05-01T16:08:29+00:00","description":"Sandberg Touchscreen Stylus Pen Saver - 361-02 med metallh\u00f6lje och gummispets. Pennan fungerar precis som ditt finger p\u00e5 alla peksk\u00e4rmar.","breadcrumb":{"@id":"https:\/\/www.heddata.se\/webbutik\/produkt\/sandberg-touchscreen-stylus-pen-saver-361-02\/#breadcrumb"},"inLanguage":"sv-SE","potentialAction":[{"@type":"ReadAction","target":["https:\/\/www.heddata.se\/webbutik\/produkt\/sandberg-touchscreen-stylus-pen-saver-361-02\/"]}]},{"@type":"ImageObject","inLanguage":"sv-SE","@id":"https:\/\/www.heddata.se\/webbutik\/produkt\/sandberg-touchscreen-stylus-pen-saver-361-02\/#primaryimage","url":"https:\/\/www.heddata.se\/webbutik\/wp-content\/uploads\/webbutik\/kategorier\/telefontillbehor\/sdg361-02.jpg","contentUrl":"https:\/\/www.heddata.se\/webbutik\/wp-content\/uploads\/webbutik\/kategorier\/telefontillbehor\/sdg361-02.jpg","width":1048,"height":1048,"caption":"Sandberg Touchscreen Stylus Pen"},{"@type":"BreadcrumbList","@id":"https:\/\/www.heddata.se\/webbutik\/produkt\/sandberg-touchscreen-stylus-pen-saver-361-02\/#breadcrumb","itemListElement":[{"@type":"ListItem","position":1,"name":"Hem","item":"https:\/\/www.heddata.se\/webbutik\/"},{"@type":"ListItem","position":2,"name":"Produkter","item":"https:\/\/www.heddata.se\/webbutik\/shop\/"},{"@type":"ListItem","position":3,"name":"Sandberg Touchscreen Stylus Pen Saver &#8211; 361-02"}]},{"@type":"WebSite","@id":"https:\/\/www.heddata.se\/webbutik\/#website","url":"https:\/\/www.heddata.se\/webbutik\/","name":"Datorer, Skrivare, F\u00e4rgpatroner, Mobiltelefoner","description":"Kablar","publisher":{"@id":"https:\/\/www.heddata.se\/webbutik\/#organization"},"potentialAction":[{"@type":"SearchAction","target":{"@type":"EntryPoint","urlTemplate":"https:\/\/www.heddata.se\/webbutik\/?s={search_term_string}"},"query-input":{"@type":"PropertyValueSpecification","valueRequired":true,"valueName":"search_term_string"}}],"inLanguage":"sv-SE"},{"@type":"Organization","@id":"https:\/\/www.heddata.se\/webbutik\/#organization","name":"Heddata AB","url":"https:\/\/www.heddata.se\/webbutik\/","logo":{"@type":"ImageObject","inLanguage":"sv-SE","@id":"https:\/\/www.heddata.se\/webbutik\/#\/schema\/logo\/image\/","url":"https:\/\/www.heddata.se\/webbutik\/wp-content\/uploads\/logga\/heddata-ab-logga.png","contentUrl":"https:\/\/www.heddata.se\/webbutik\/wp-content\/uploads\/logga\/heddata-ab-logga.png","width":200,"height":64,"caption":"Heddata AB"},"image":{"@id":"https:\/\/www.heddata.se\/webbutik\/#\/schema\/logo\/image\/"}}]}},"_links":{"self":[{"href":"https:\/\/www.heddata.se\/webbutik\/wp-json\/wp\/v2\/product\/95498","targetHints":{"allow":["GET"]}}],"collection":[{"href":"https:\/\/www.heddata.se\/webbutik\/wp-json\/wp\/v2\/product"}],"about":[{"href":"https:\/\/www.heddata.se\/webbutik\/wp-json\/wp\/v2\/types\/product"}],"wp:featuredmedia":[{"embeddable":true,"href":"https:\/\/www.heddata.se\/webbutik\/wp-json\/wp\/v2\/media\/95502"}],"wp:attachment":[{"href":"https:\/\/www.heddata.se\/webbutik\/wp-json\/wp\/v2\/media?parent=95498"}],"wp:term":[{"taxonomy":"product_brand","embeddable":true,"href":"https:\/\/www.heddata.se\/webbutik\/wp-json\/wp\/v2\/product_brand?post=95498"},{"taxonomy":"product_cat","embeddable":true,"href":"https:\/\/www.heddata.se\/webbutik\/wp-json\/wp\/v2\/product_cat?post=95498"},{"taxonomy":"product_tag","embeddable":true,"href":"https:\/\/www.heddata.se\/webbutik\/wp-json\/wp\/v2\/product_tag?post=95498"}],"curies":[{"name":"wp","href":"https:\/\/api.w.org\/{rel}","templated":true}]}}