{"id":95130,"date":"2024-03-01T10:18:28","date_gmt":"2024-03-01T09:18:28","guid":{"rendered":"https:\/\/www.heddata.se\/webbutik\/?post_type=product&#038;p=95130"},"modified":"2026-05-01T10:12:55","modified_gmt":"2026-05-01T08:12:55","slug":"sandisk-extreme-pro-minneskort-sdxc-256gb-200mb-s-sdsdxxd-256g-gn4in","status":"publish","type":"product","link":"https:\/\/www.heddata.se\/webbutik\/produkt\/sandisk-extreme-pro-minneskort-sdxc-256gb-200mb-s-sdsdxxd-256g-gn4in\/","title":{"rendered":"SanDisk Extreme Pro minneskort SDXC 256GB 200MB\/s &#8211; SDSDXXD-256G-GN4IN"},"content":{"rendered":"<p>SanDisk Extreme Pro minneskort SDXC 256GB 200MB\/s &#8211; SDSDXXD-256G-GN4IN<\/p>\n<p>SanDisk SDXC 256GB Extreme Pro UHS-I U3<\/p>\n<table class=\"table table-specs table-striped\">\n<tbody>\n<tr>\n<th colspan=\"2\"><span class=\"text-primary\">Allm\u00e4nt<\/span><\/th>\n<\/tr>\n<tr>\n<td class=\"header\">Minneskapacitet<\/td>\n<td class=\"value\">256 GB<\/td>\n<\/tr>\n<tr>\n<td class=\"header\">Produkttyp<\/td>\n<td class=\"value\">Flash-minneskort<\/td>\n<\/tr>\n<tr>\n<th colspan=\"2\"><a href=\"https:\/\/www.heddata.se\/webbutik\/minneskort\/\"><span class=\"text-primary\">Minne<\/span><\/a><\/th>\n<\/tr>\n<tr>\n<td class=\"header\">Egenskaper<\/td>\n<td class=\"value\">St\u00f6tt\u00e5lig, vattent\u00e4tt, skrivskyddsomkopplare, r\u00f6ntgent\u00e5lig, temperaturbest\u00e4ndig<\/td>\n<\/tr>\n<tr>\n<td class=\"header\">Formfaktor<\/td>\n<td class=\"value\">SDXC UHS-I minneskort<\/td>\n<\/tr>\n<tr>\n<td class=\"header\">Hastighetsklass<\/td>\n<td class=\"value\">Video Class V30 \/ UHS-I U3 \/ Class10<\/td>\n<\/tr>\n<tr>\n<td class=\"header\">Lagringshastighet<\/td>\n<td class=\"value\">Upp till 140 MB\/s<\/td>\n<\/tr>\n<tr>\n<td class=\"header\">L\u00e4shastighet<\/td>\n<td class=\"value\">Upp till 200 MB\/s<\/td>\n<\/tr>\n<tr>\n<th colspan=\"2\"><span class=\"text-primary\">Programvara \/ Systemkrav<\/span><\/th>\n<\/tr>\n<tr>\n<td class=\"header\">Medf\u00f6ljande programvara<\/td>\n<td class=\"value\"><a href=\"https:\/\/www.westerndigital.com\/\" target=\"_blank\" rel=\"noopener\">RescuePRO<\/a> Deluxe (2 \u00e5rs nedladdning)<\/td>\n<\/tr>\n<tr>\n<th colspan=\"2\"><span class=\"text-primary\">Tillverkarens garanti<\/span><\/th>\n<\/tr>\n<tr>\n<td class=\"header\">Service och support<\/td>\n<td class=\"value\">Begr\u00e4nsad garanti &#8211; livstid | Tyskland: begr\u00e4nsad garanti &#8211; 30 \u00e5r | Kanada: begr\u00e4nsad garanti &#8211; 30 \u00e5r<\/td>\n<\/tr>\n<tr>\n<th colspan=\"2\"><span class=\"text-primary\">M\u00e5tt och vikt<\/span><\/th>\n<\/tr>\n<tr>\n<td class=\"header\">Bredd<\/td>\n<td class=\"value\">24 mm<\/td>\n<\/tr>\n<tr>\n<td class=\"header\">Djup<\/td>\n<td class=\"value\">32 mm<\/td>\n<\/tr>\n<tr>\n<td class=\"header\">H\u00f6jd<\/td>\n<td class=\"value\">2.1 mm<\/td>\n<\/tr>\n<tr>\n<th colspan=\"2\"><span class=\"text-primary\">Milj\u00f6parametrar<\/span><\/th>\n<\/tr>\n<tr>\n<td class=\"header\">Max temperatur vid drift<\/td>\n<td class=\"value\">85 \u00b0C<\/td>\n<\/tr>\n<tr>\n<td class=\"header\">Min temperatur vid drift<\/td>\n<td class=\"value\">-25 \u00b0C<\/td>\n<\/tr>\n<\/tbody>\n<\/table>\n","protected":false},"excerpt":{"rendered":"<p>SanDisk Extreme Pro minneskort SDXC 256GB 200MB\/s &#8211; SDSDXXD-256G-GN4IN<\/p>\n","protected":false},"featured_media":95136,"template":"","meta":[],"product_brand":[],"product_cat":[64,108],"product_tag":[],"class_list":{"0":"post-95130","1":"product","2":"type-product","3":"status-publish","4":"has-post-thumbnail","6":"product_cat-lagring","7":"product_cat-minneskort","9":"first","10":"instock","11":"taxable","12":"shipping-taxable","13":"purchasable","14":"product-type-simple"},"yoast_head":"<!-- This site is optimized with the Yoast SEO Premium plugin v26.7 (Yoast SEO v26.7) - https:\/\/yoast.com\/wordpress\/plugins\/seo\/ -->\n<title>SanDisk Extreme Pro minneskort SDXC 256GB 200MB\/s<\/title>\n<meta name=\"description\" content=\"SanDisk Extreme Pro minneskort SDXC 256GB 200MB\/s - SDSDXXD-256G-GN4IN SanDisk SDXC 256GB Extreme Pro UHS-I U3\" \/>\n<meta name=\"robots\" content=\"index, follow, max-snippet:-1, max-image-preview:large, max-video-preview:-1\" \/>\n<link rel=\"canonical\" href=\"https:\/\/www.heddata.se\/webbutik\/produkt\/sandisk-extreme-pro-minneskort-sdxc-256gb-200mb-s-sdsdxxd-256g-gn4in\/\" \/>\n<meta property=\"og:locale\" content=\"sv_SE\" \/>\n<meta property=\"og:type\" content=\"article\" \/>\n<meta property=\"og:title\" content=\"SanDisk Extreme Pro minneskort SDXC 256GB 200MB\/s - SDSDXXD-256G-GN4IN\" \/>\n<meta property=\"og:description\" content=\"SanDisk Extreme Pro minneskort SDXC 256GB 200MB\/s - SDSDXXD-256G-GN4IN SanDisk SDXC 256GB Extreme Pro UHS-I U3\" \/>\n<meta property=\"og:url\" content=\"https:\/\/www.heddata.se\/webbutik\/produkt\/sandisk-extreme-pro-minneskort-sdxc-256gb-200mb-s-sdsdxxd-256g-gn4in\/\" \/>\n<meta property=\"og:site_name\" content=\"Datorer, Skrivare, F\u00e4rgpatroner, Mobiltelefoner\" \/>\n<meta property=\"article:modified_time\" content=\"2026-05-01T08:12:55+00:00\" \/>\n<meta property=\"og:image\" content=\"https:\/\/www.heddata.se\/webbutik\/wp-content\/uploads\/webbutik\/kategorier\/lagring\/sdsdxxd-256g-gn4in.jpg\" \/>\n\t<meta property=\"og:image:width\" content=\"1200\" \/>\n\t<meta property=\"og:image:height\" content=\"1200\" \/>\n\t<meta property=\"og:image:type\" content=\"image\/jpeg\" \/>\n<meta name=\"twitter:card\" content=\"summary_large_image\" \/>\n<meta name=\"twitter:label1\" content=\"Ber\u00e4knad l\u00e4stid\" \/>\n\t<meta name=\"twitter:data1\" content=\"1 minut\" \/>\n<script type=\"application\/ld+json\" class=\"yoast-schema-graph\">{\"@context\":\"https:\/\/schema.org\",\"@graph\":[{\"@type\":\"WebPage\",\"@id\":\"https:\/\/www.heddata.se\/webbutik\/produkt\/sandisk-extreme-pro-minneskort-sdxc-256gb-200mb-s-sdsdxxd-256g-gn4in\/\",\"url\":\"https:\/\/www.heddata.se\/webbutik\/produkt\/sandisk-extreme-pro-minneskort-sdxc-256gb-200mb-s-sdsdxxd-256g-gn4in\/\",\"name\":\"SanDisk Extreme Pro minneskort SDXC 256GB 200MB\/s\",\"isPartOf\":{\"@id\":\"https:\/\/www.heddata.se\/webbutik\/#website\"},\"primaryImageOfPage\":{\"@id\":\"https:\/\/www.heddata.se\/webbutik\/produkt\/sandisk-extreme-pro-minneskort-sdxc-256gb-200mb-s-sdsdxxd-256g-gn4in\/#primaryimage\"},\"image\":{\"@id\":\"https:\/\/www.heddata.se\/webbutik\/produkt\/sandisk-extreme-pro-minneskort-sdxc-256gb-200mb-s-sdsdxxd-256g-gn4in\/#primaryimage\"},\"thumbnailUrl\":\"https:\/\/www.heddata.se\/webbutik\/wp-content\/uploads\/webbutik\/kategorier\/lagring\/sdsdxxd-256g-gn4in.jpg\",\"datePublished\":\"2024-03-01T09:18:28+00:00\",\"dateModified\":\"2026-05-01T08:12:55+00:00\",\"description\":\"SanDisk Extreme Pro minneskort SDXC 256GB 200MB\/s - SDSDXXD-256G-GN4IN SanDisk SDXC 256GB Extreme Pro UHS-I U3\",\"breadcrumb\":{\"@id\":\"https:\/\/www.heddata.se\/webbutik\/produkt\/sandisk-extreme-pro-minneskort-sdxc-256gb-200mb-s-sdsdxxd-256g-gn4in\/#breadcrumb\"},\"inLanguage\":\"sv-SE\",\"potentialAction\":[{\"@type\":\"ReadAction\",\"target\":[\"https:\/\/www.heddata.se\/webbutik\/produkt\/sandisk-extreme-pro-minneskort-sdxc-256gb-200mb-s-sdsdxxd-256g-gn4in\/\"]}]},{\"@type\":\"ImageObject\",\"inLanguage\":\"sv-SE\",\"@id\":\"https:\/\/www.heddata.se\/webbutik\/produkt\/sandisk-extreme-pro-minneskort-sdxc-256gb-200mb-s-sdsdxxd-256g-gn4in\/#primaryimage\",\"url\":\"https:\/\/www.heddata.se\/webbutik\/wp-content\/uploads\/webbutik\/kategorier\/lagring\/sdsdxxd-256g-gn4in.jpg\",\"contentUrl\":\"https:\/\/www.heddata.se\/webbutik\/wp-content\/uploads\/webbutik\/kategorier\/lagring\/sdsdxxd-256g-gn4in.jpg\",\"width\":1200,\"height\":1200,\"caption\":\"SanDisk Extreme Pro minneskort\"},{\"@type\":\"BreadcrumbList\",\"@id\":\"https:\/\/www.heddata.se\/webbutik\/produkt\/sandisk-extreme-pro-minneskort-sdxc-256gb-200mb-s-sdsdxxd-256g-gn4in\/#breadcrumb\",\"itemListElement\":[{\"@type\":\"ListItem\",\"position\":1,\"name\":\"Hem\",\"item\":\"https:\/\/www.heddata.se\/webbutik\/\"},{\"@type\":\"ListItem\",\"position\":2,\"name\":\"Produkter\",\"item\":\"https:\/\/www.heddata.se\/webbutik\/shop\/\"},{\"@type\":\"ListItem\",\"position\":3,\"name\":\"SanDisk Extreme Pro minneskort SDXC 256GB 200MB\/s &#8211; SDSDXXD-256G-GN4IN\"}]},{\"@type\":\"WebSite\",\"@id\":\"https:\/\/www.heddata.se\/webbutik\/#website\",\"url\":\"https:\/\/www.heddata.se\/webbutik\/\",\"name\":\"Datorer, Skrivare, F\u00e4rgpatroner, Mobiltelefoner\",\"description\":\"Kablar\",\"publisher\":{\"@id\":\"https:\/\/www.heddata.se\/webbutik\/#organization\"},\"potentialAction\":[{\"@type\":\"SearchAction\",\"target\":{\"@type\":\"EntryPoint\",\"urlTemplate\":\"https:\/\/www.heddata.se\/webbutik\/?s={search_term_string}\"},\"query-input\":{\"@type\":\"PropertyValueSpecification\",\"valueRequired\":true,\"valueName\":\"search_term_string\"}}],\"inLanguage\":\"sv-SE\"},{\"@type\":\"Organization\",\"@id\":\"https:\/\/www.heddata.se\/webbutik\/#organization\",\"name\":\"Heddata AB\",\"url\":\"https:\/\/www.heddata.se\/webbutik\/\",\"logo\":{\"@type\":\"ImageObject\",\"inLanguage\":\"sv-SE\",\"@id\":\"https:\/\/www.heddata.se\/webbutik\/#\/schema\/logo\/image\/\",\"url\":\"https:\/\/www.heddata.se\/webbutik\/wp-content\/uploads\/logga\/heddata-ab-logga.png\",\"contentUrl\":\"https:\/\/www.heddata.se\/webbutik\/wp-content\/uploads\/logga\/heddata-ab-logga.png\",\"width\":200,\"height\":64,\"caption\":\"Heddata AB\"},\"image\":{\"@id\":\"https:\/\/www.heddata.se\/webbutik\/#\/schema\/logo\/image\/\"}}]}<\/script>\n<!-- \/ Yoast SEO Premium plugin. -->","yoast_head_json":{"title":"SanDisk Extreme Pro minneskort SDXC 256GB 200MB\/s","description":"SanDisk Extreme Pro minneskort SDXC 256GB 200MB\/s - SDSDXXD-256G-GN4IN SanDisk SDXC 256GB Extreme Pro UHS-I U3","robots":{"index":"index","follow":"follow","max-snippet":"max-snippet:-1","max-image-preview":"max-image-preview:large","max-video-preview":"max-video-preview:-1"},"canonical":"https:\/\/www.heddata.se\/webbutik\/produkt\/sandisk-extreme-pro-minneskort-sdxc-256gb-200mb-s-sdsdxxd-256g-gn4in\/","og_locale":"sv_SE","og_type":"article","og_title":"SanDisk Extreme Pro minneskort SDXC 256GB 200MB\/s - SDSDXXD-256G-GN4IN","og_description":"SanDisk Extreme Pro minneskort SDXC 256GB 200MB\/s - SDSDXXD-256G-GN4IN SanDisk SDXC 256GB Extreme Pro UHS-I U3","og_url":"https:\/\/www.heddata.se\/webbutik\/produkt\/sandisk-extreme-pro-minneskort-sdxc-256gb-200mb-s-sdsdxxd-256g-gn4in\/","og_site_name":"Datorer, Skrivare, F\u00e4rgpatroner, Mobiltelefoner","article_modified_time":"2026-05-01T08:12:55+00:00","og_image":[{"width":1200,"height":1200,"url":"https:\/\/www.heddata.se\/webbutik\/wp-content\/uploads\/webbutik\/kategorier\/lagring\/sdsdxxd-256g-gn4in.jpg","type":"image\/jpeg"}],"twitter_card":"summary_large_image","twitter_misc":{"Ber\u00e4knad l\u00e4stid":"1 minut"},"schema":{"@context":"https:\/\/schema.org","@graph":[{"@type":"WebPage","@id":"https:\/\/www.heddata.se\/webbutik\/produkt\/sandisk-extreme-pro-minneskort-sdxc-256gb-200mb-s-sdsdxxd-256g-gn4in\/","url":"https:\/\/www.heddata.se\/webbutik\/produkt\/sandisk-extreme-pro-minneskort-sdxc-256gb-200mb-s-sdsdxxd-256g-gn4in\/","name":"SanDisk Extreme Pro minneskort SDXC 256GB 200MB\/s","isPartOf":{"@id":"https:\/\/www.heddata.se\/webbutik\/#website"},"primaryImageOfPage":{"@id":"https:\/\/www.heddata.se\/webbutik\/produkt\/sandisk-extreme-pro-minneskort-sdxc-256gb-200mb-s-sdsdxxd-256g-gn4in\/#primaryimage"},"image":{"@id":"https:\/\/www.heddata.se\/webbutik\/produkt\/sandisk-extreme-pro-minneskort-sdxc-256gb-200mb-s-sdsdxxd-256g-gn4in\/#primaryimage"},"thumbnailUrl":"https:\/\/www.heddata.se\/webbutik\/wp-content\/uploads\/webbutik\/kategorier\/lagring\/sdsdxxd-256g-gn4in.jpg","datePublished":"2024-03-01T09:18:28+00:00","dateModified":"2026-05-01T08:12:55+00:00","description":"SanDisk Extreme Pro minneskort SDXC 256GB 200MB\/s - SDSDXXD-256G-GN4IN SanDisk SDXC 256GB Extreme Pro UHS-I U3","breadcrumb":{"@id":"https:\/\/www.heddata.se\/webbutik\/produkt\/sandisk-extreme-pro-minneskort-sdxc-256gb-200mb-s-sdsdxxd-256g-gn4in\/#breadcrumb"},"inLanguage":"sv-SE","potentialAction":[{"@type":"ReadAction","target":["https:\/\/www.heddata.se\/webbutik\/produkt\/sandisk-extreme-pro-minneskort-sdxc-256gb-200mb-s-sdsdxxd-256g-gn4in\/"]}]},{"@type":"ImageObject","inLanguage":"sv-SE","@id":"https:\/\/www.heddata.se\/webbutik\/produkt\/sandisk-extreme-pro-minneskort-sdxc-256gb-200mb-s-sdsdxxd-256g-gn4in\/#primaryimage","url":"https:\/\/www.heddata.se\/webbutik\/wp-content\/uploads\/webbutik\/kategorier\/lagring\/sdsdxxd-256g-gn4in.jpg","contentUrl":"https:\/\/www.heddata.se\/webbutik\/wp-content\/uploads\/webbutik\/kategorier\/lagring\/sdsdxxd-256g-gn4in.jpg","width":1200,"height":1200,"caption":"SanDisk Extreme Pro minneskort"},{"@type":"BreadcrumbList","@id":"https:\/\/www.heddata.se\/webbutik\/produkt\/sandisk-extreme-pro-minneskort-sdxc-256gb-200mb-s-sdsdxxd-256g-gn4in\/#breadcrumb","itemListElement":[{"@type":"ListItem","position":1,"name":"Hem","item":"https:\/\/www.heddata.se\/webbutik\/"},{"@type":"ListItem","position":2,"name":"Produkter","item":"https:\/\/www.heddata.se\/webbutik\/shop\/"},{"@type":"ListItem","position":3,"name":"SanDisk Extreme Pro minneskort SDXC 256GB 200MB\/s &#8211; SDSDXXD-256G-GN4IN"}]},{"@type":"WebSite","@id":"https:\/\/www.heddata.se\/webbutik\/#website","url":"https:\/\/www.heddata.se\/webbutik\/","name":"Datorer, Skrivare, F\u00e4rgpatroner, Mobiltelefoner","description":"Kablar","publisher":{"@id":"https:\/\/www.heddata.se\/webbutik\/#organization"},"potentialAction":[{"@type":"SearchAction","target":{"@type":"EntryPoint","urlTemplate":"https:\/\/www.heddata.se\/webbutik\/?s={search_term_string}"},"query-input":{"@type":"PropertyValueSpecification","valueRequired":true,"valueName":"search_term_string"}}],"inLanguage":"sv-SE"},{"@type":"Organization","@id":"https:\/\/www.heddata.se\/webbutik\/#organization","name":"Heddata AB","url":"https:\/\/www.heddata.se\/webbutik\/","logo":{"@type":"ImageObject","inLanguage":"sv-SE","@id":"https:\/\/www.heddata.se\/webbutik\/#\/schema\/logo\/image\/","url":"https:\/\/www.heddata.se\/webbutik\/wp-content\/uploads\/logga\/heddata-ab-logga.png","contentUrl":"https:\/\/www.heddata.se\/webbutik\/wp-content\/uploads\/logga\/heddata-ab-logga.png","width":200,"height":64,"caption":"Heddata AB"},"image":{"@id":"https:\/\/www.heddata.se\/webbutik\/#\/schema\/logo\/image\/"}}]}},"_links":{"self":[{"href":"https:\/\/www.heddata.se\/webbutik\/wp-json\/wp\/v2\/product\/95130","targetHints":{"allow":["GET"]}}],"collection":[{"href":"https:\/\/www.heddata.se\/webbutik\/wp-json\/wp\/v2\/product"}],"about":[{"href":"https:\/\/www.heddata.se\/webbutik\/wp-json\/wp\/v2\/types\/product"}],"wp:featuredmedia":[{"embeddable":true,"href":"https:\/\/www.heddata.se\/webbutik\/wp-json\/wp\/v2\/media\/95136"}],"wp:attachment":[{"href":"https:\/\/www.heddata.se\/webbutik\/wp-json\/wp\/v2\/media?parent=95130"}],"wp:term":[{"taxonomy":"product_brand","embeddable":true,"href":"https:\/\/www.heddata.se\/webbutik\/wp-json\/wp\/v2\/product_brand?post=95130"},{"taxonomy":"product_cat","embeddable":true,"href":"https:\/\/www.heddata.se\/webbutik\/wp-json\/wp\/v2\/product_cat?post=95130"},{"taxonomy":"product_tag","embeddable":true,"href":"https:\/\/www.heddata.se\/webbutik\/wp-json\/wp\/v2\/product_tag?post=95130"}],"curies":[{"name":"wp","href":"https:\/\/api.w.org\/{rel}","templated":true}]}}