{"id":94531,"date":"2023-12-07T11:18:07","date_gmt":"2023-12-07T10:18:07","guid":{"rendered":"https:\/\/www.heddata.se\/webbutik\/?post_type=product&#038;p=94531"},"modified":"2026-04-07T18:17:08","modified_gmt":"2026-04-07T16:17:08","slug":"philips-bildskarm-27-tum-273v7qdsb-00","status":"publish","type":"product","link":"https:\/\/www.heddata.se\/webbutik\/produkt\/philips-bildskarm-27-tum-273v7qdsb-00\/","title":{"rendered":"Philips bildsk\u00e4rm 27 tum &#8211; 273V7QDSB\/00"},"content":{"rendered":"<p>Philips bildsk\u00e4rm 27 tum &#8211; 273V7QDSB\/00<\/p>\n<p class=\"product-main-info-webtext2\">1920&#215;1080 IPS, 75hz, 4ms, 1000:1, VGA\/DVI\/HDMI<\/p>\n<div class=\"row\">\n<div class=\"col-xs-12\">\n<p>En perfekt <a href=\"https:\/\/www.philips.se\/\" target=\"_blank\" rel=\"noopener\">allroundsk\u00e4rm<\/a> med enast\u00e5ende bilder som str\u00e4cker sig fr\u00e5n kant till kant, i en kompakt och tunn design som dessutom \u00e4r skonsam mot \u00f6gonen.<\/p>\n<\/div>\n<\/div>\n<div class=\"row\">\n<div class=\"col-xs-12\">\n<div class=\"p-s12__feature-item p-spacing-bottom-c\">\n<div class=\"p-s12__feature-description p-spacing-bottom-a\">\n<h4 class=\"p-heading-04-large p-heading-bold p-feature-title\"><strong>IPS LED-bred synf\u00e4ltsteknik f\u00f6r bild- och f\u00e4rgprecision<\/strong><\/h4>\n<p class=\"p-body-copy-02\">I <a href=\"https:\/\/www.heddata.se\/webbutik\/skarmar\/\">IPS-sk\u00e4rmar<\/a> anv\u00e4nds en avancerad teknik som ger dig ett extra brett synf\u00e4lt p\u00e5 178\/178 grader, vilket g\u00f6r att du kan se sk\u00e4rmen fr\u00e5n n\u00e4stan vilken vinkel som helst. Till skillnad fr\u00e5n vanliga TN-paneler ger dig IPS-sk\u00e4rmarna otroligt skarpa bilder med livfulla f\u00e4rger, vilket g\u00f6r den perfekt inte bara f\u00f6r bilder, filmer och webbsurfning, utan \u00e4ven f\u00f6r professionella program som kr\u00e4ver f\u00e4rgprecision och konstant ljusstyrka.<\/p>\n<h4><span style=\"font-size: 20.16px;color: #333333\">16:9 Full HD-sk\u00e4rm f\u00f6r skarpa, detaljerade bilder<\/span><\/h4>\n<\/div>\n<\/div>\n<div class=\"p-s12__feature-item p-spacing-bottom-c\">\n<div class=\"p-s12__feature-description p-spacing-bottom-a\">\n<p class=\"p-body-copy-02\">Bildkvalitet \u00e4r viktigt. Vanliga sk\u00e4rmar har kvalitet, men du vill ha mer. Denna sk\u00e4rm har f\u00f6rb\u00e4ttrad Full HD-uppl\u00f6sning p\u00e5 1920 x 1080 f\u00f6r skarpa detaljer, h\u00f6g ljusstyrka, otrolig kontrast och realistiska f\u00e4rger som ger en verklighetstrogen bild.<\/p>\n<h4><span style=\"font-size: 20.16px;color: #333333\">Smal bildsk\u00e4rm utan ramar<\/span><\/h4>\n<\/div>\n<\/div>\n<div class=\"p-s12__feature-item p-spacing-bottom-c\">\n<div class=\"p-s12__feature-description p-spacing-bottom-a\">\n<p class=\"p-body-copy-02\">Philips nya sk\u00e4rmar har ultratunna infattningar som ger minimal distraktion och maximalt synf\u00e4lt. S\u00e4rskilt bra f\u00f6r flersk\u00e4rmsvisning och visning sida vid sida f\u00f6r exempelvis spelande, grafisk design och professionell anv\u00e4ndning, och den ultratunna infattningen ger dig en k\u00e4nsla av att anv\u00e4nda en enda stor sk\u00e4rm.<\/p>\n<div class=\"p-s12__feature-item p-spacing-bottom-c\">\n<div class=\"p-s12__feature-description p-spacing-bottom-a\">\n<h4 class=\"p-heading-04-large p-heading-bold p-feature-title\">SmartContrast f\u00f6r fylliga svarta detaljer<\/h4>\n<p class=\"p-body-copy-02\">SmartContrast \u00e4r en teknik fr\u00e5n Philips som analyserar det du tittar p\u00e5, automatiskt justerar f\u00e4rgerna samt kontrollerar bakgrundsljusets intensitet s\u00e5 att kontrasten dynamiskt f\u00f6rb\u00e4ttras. P\u00e5 s\u00e5 s\u00e4tt f\u00e5r du b\u00e4sta m\u00f6jliga digitala bilder och videor, och du drar \u00e4ven nytta av det n\u00e4r du spelar spel d\u00e4r m\u00f6rka nyanser visas. N\u00e4r du v\u00e4ljer ekonomil\u00e4get justeras kontrasten och bakgrundsljudet finjusteras, vilket ger en perfekt visning av de program du anv\u00e4nder dagligen p\u00e5 kontoret samtidigt som energif\u00f6rbrukningen s\u00e4nks.<\/p>\n<h4><span style=\"font-size: 20.16px;color: #333333\">SmartImage-f\u00f6rinst\u00e4llningar f\u00f6r att enkelt optimera bildinst\u00e4llningar<\/span><\/h4>\n<\/div>\n<\/div>\n<div class=\"p-s12__feature-item p-spacing-bottom-c\">\n<div class=\"p-s12__feature-description p-spacing-bottom-a\">\n<p class=\"p-body-copy-02\">SmartImage \u00e4r en exklusiv, ledande Philips-teknik som analyserar inneh\u00e5ll som visas p\u00e5 sk\u00e4rmen och ger dig optimerade sk\u00e4rmprestanda. Det anv\u00e4ndarv\u00e4nliga gr\u00e4nssnittet ger dig m\u00f6jlighet att v\u00e4lja olika l\u00e4gen som kontor, foto, film, spel, ekonomi osv., efter det program som anv\u00e4nds. Baserat p\u00e5 det valet optimerar SmartImage dynamiskt kontrast, f\u00e4rgm\u00e4ttnad och bild- och videosk\u00e4rpa f\u00f6r ultimata sk\u00e4rmprestanda \u2013 allt i realtid med en enda knapptryckning!<\/p>\n<h4><span style=\"font-size: 20.16px;color: #333333\">Mindre tr\u00f6tta \u00f6gon med flickerfree-teknik<\/span><\/h4>\n<\/div>\n<\/div>\n<div class=\"p-s12__feature-item p-spacing-bottom-c\">\n<div class=\"p-s12__feature-description p-spacing-bottom-a\">\n<p class=\"p-body-copy-02\">Den metod som anv\u00e4nds f\u00f6r att reglera ljusstyrka i bakgrundsbelysta LED-sk\u00e4rmar g\u00f6r att en del anv\u00e4ndare ser flimmer p\u00e5 sk\u00e4rmen, vilket \u00e4r tr\u00f6ttande f\u00f6r \u00f6gonen. I Philips flickerfree-teknik anv\u00e4nds en ny l\u00f6sning f\u00f6r att reglera ljusstyrkan, minska flimret och ge en behagligare upplevelse.<\/p>\n<div class=\"p-s12__feature-item p-spacing-bottom-c\">\n<div class=\"p-s12__feature-description p-spacing-bottom-a\">\n<h4 class=\"p-heading-04-large p-heading-bold p-feature-title\">LowBlue-l\u00e4ge f\u00f6r en produktivitet som \u00e4r skonsam f\u00f6r \u00f6gonen<\/h4>\n<p class=\"p-body-copy-02\">Studier har visat att precis som ultravioletta str\u00e5lar kan skada \u00f6gonen kan kortv\u00e5gigt bl\u00e5tt ljus fr\u00e5n LED-sk\u00e4rmar orsaka skada p\u00e5 \u00f6gonen och p\u00e5verka synen med tiden. Philips LowBlue-l\u00e4ge har utvecklats f\u00f6r v\u00e4lbefinnandet och inst\u00e4llningen anv\u00e4nder smart programvaruteknik f\u00f6r att minska andelen skadligt kortv\u00e5gigt bl\u00e5tt ljus.<\/p>\n<h4><span style=\"font-size: 20.16px;color: #333333\">HDMI-klar f\u00f6r Full HD-underh\u00e5llning<\/span><\/h4>\n<\/div>\n<\/div>\n<div class=\"p-s12__feature-item p-spacing-bottom-c\">\n<div class=\"p-s12__feature-description p-spacing-bottom-a\">\n<p class=\"p-body-copy-02\">En HDMI-klar enhet har all maskinvara som kr\u00e4vs f\u00f6r att ta emot HDMI-indata (High-Definition Multimedia Interface). Med en HDMI-kabel kan du spela upp h\u00f6gkvalitativa digitala video- och ljudsignaler som \u00f6verf\u00f6rs via en enda kabel fr\u00e5n en dator eller fr\u00e5n AV-k\u00e4llor (som digitaldekodrar, DVD-spelare, A\/V-mottagare och videokameror).<\/p>\n<\/div>\n<\/div>\n<\/div>\n<\/div>\n<\/div>\n<\/div>\n<\/div>\n<\/div>\n","protected":false},"excerpt":{"rendered":"<p>Philips bildsk\u00e4rm 27 tum &#8211; 273V7QDSB\/00<\/p>\n","protected":false},"featured_media":94818,"template":"","meta":[],"product_brand":[],"product_cat":[2123],"product_tag":[],"class_list":{"0":"post-94531","1":"product","2":"type-product","3":"status-publish","4":"has-post-thumbnail","6":"product_cat-skarmar","8":"first","9":"outofstock","10":"taxable","11":"shipping-taxable","12":"purchasable","13":"product-type-simple"},"yoast_head":"<!-- This site is optimized with the Yoast SEO Premium plugin v26.7 (Yoast SEO v26.7) - https:\/\/yoast.com\/wordpress\/plugins\/seo\/ -->\n<title>Philips bildsk\u00e4rm 27 tum - 273V7QDSB\/00 En perfekt allroundsk\u00e4rm<\/title>\n<meta name=\"description\" content=\"Philips bildsk\u00e4rm 27 tum - 273V7QDSB\/00 En perfekt allroundsk\u00e4rm med enast\u00e5ende bilder som str\u00e4cker sig fr\u00e5n kant till kant\" \/>\n<meta name=\"robots\" content=\"index, follow, max-snippet:-1, max-image-preview:large, max-video-preview:-1\" \/>\n<link rel=\"canonical\" href=\"https:\/\/www.heddata.se\/webbutik\/produkt\/philips-bildskarm-27-tum-273v7qdsb-00\/\" \/>\n<meta property=\"og:locale\" content=\"sv_SE\" \/>\n<meta property=\"og:type\" content=\"article\" \/>\n<meta property=\"og:title\" content=\"Philips bildsk\u00e4rm 27 tum - 273V7QDSB\/00\" \/>\n<meta property=\"og:description\" content=\"Philips bildsk\u00e4rm 27 tum - 273V7QDSB\/00 En perfekt allroundsk\u00e4rm med enast\u00e5ende bilder som str\u00e4cker sig fr\u00e5n kant till kant\" \/>\n<meta property=\"og:url\" content=\"https:\/\/www.heddata.se\/webbutik\/produkt\/philips-bildskarm-27-tum-273v7qdsb-00\/\" \/>\n<meta property=\"og:site_name\" content=\"Datorer, Skrivare, F\u00e4rgpatroner, Mobiltelefoner\" \/>\n<meta property=\"article:modified_time\" content=\"2026-04-07T16:17:08+00:00\" \/>\n<meta property=\"og:image\" content=\"https:\/\/www.heddata.se\/webbutik\/wp-content\/uploads\/webbutik\/kategorier\/skarmar\/273v7qdsb.jpg\" \/>\n\t<meta property=\"og:image:width\" content=\"1920\" \/>\n\t<meta property=\"og:image:height\" content=\"1920\" \/>\n\t<meta property=\"og:image:type\" content=\"image\/jpeg\" \/>\n<meta name=\"twitter:card\" content=\"summary_large_image\" \/>\n<meta name=\"twitter:label1\" content=\"Ber\u00e4knad l\u00e4stid\" \/>\n\t<meta name=\"twitter:data1\" content=\"3 minuter\" \/>\n<script type=\"application\/ld+json\" class=\"yoast-schema-graph\">{\"@context\":\"https:\/\/schema.org\",\"@graph\":[{\"@type\":\"WebPage\",\"@id\":\"https:\/\/www.heddata.se\/webbutik\/produkt\/philips-bildskarm-27-tum-273v7qdsb-00\/\",\"url\":\"https:\/\/www.heddata.se\/webbutik\/produkt\/philips-bildskarm-27-tum-273v7qdsb-00\/\",\"name\":\"Philips bildsk\u00e4rm 27 tum - 273V7QDSB\/00 En perfekt allroundsk\u00e4rm\",\"isPartOf\":{\"@id\":\"https:\/\/www.heddata.se\/webbutik\/#website\"},\"primaryImageOfPage\":{\"@id\":\"https:\/\/www.heddata.se\/webbutik\/produkt\/philips-bildskarm-27-tum-273v7qdsb-00\/#primaryimage\"},\"image\":{\"@id\":\"https:\/\/www.heddata.se\/webbutik\/produkt\/philips-bildskarm-27-tum-273v7qdsb-00\/#primaryimage\"},\"thumbnailUrl\":\"https:\/\/www.heddata.se\/webbutik\/wp-content\/uploads\/webbutik\/kategorier\/skarmar\/273v7qdsb.jpg\",\"datePublished\":\"2023-12-07T10:18:07+00:00\",\"dateModified\":\"2026-04-07T16:17:08+00:00\",\"description\":\"Philips bildsk\u00e4rm 27 tum - 273V7QDSB\/00 En perfekt allroundsk\u00e4rm med enast\u00e5ende bilder som str\u00e4cker sig fr\u00e5n kant till kant\",\"breadcrumb\":{\"@id\":\"https:\/\/www.heddata.se\/webbutik\/produkt\/philips-bildskarm-27-tum-273v7qdsb-00\/#breadcrumb\"},\"inLanguage\":\"sv-SE\",\"potentialAction\":[{\"@type\":\"ReadAction\",\"target\":[\"https:\/\/www.heddata.se\/webbutik\/produkt\/philips-bildskarm-27-tum-273v7qdsb-00\/\"]}]},{\"@type\":\"ImageObject\",\"inLanguage\":\"sv-SE\",\"@id\":\"https:\/\/www.heddata.se\/webbutik\/produkt\/philips-bildskarm-27-tum-273v7qdsb-00\/#primaryimage\",\"url\":\"https:\/\/www.heddata.se\/webbutik\/wp-content\/uploads\/webbutik\/kategorier\/skarmar\/273v7qdsb.jpg\",\"contentUrl\":\"https:\/\/www.heddata.se\/webbutik\/wp-content\/uploads\/webbutik\/kategorier\/skarmar\/273v7qdsb.jpg\",\"width\":1920,\"height\":1920,\"caption\":\"Philips bildsk\u00e4rm 27 tum\"},{\"@type\":\"BreadcrumbList\",\"@id\":\"https:\/\/www.heddata.se\/webbutik\/produkt\/philips-bildskarm-27-tum-273v7qdsb-00\/#breadcrumb\",\"itemListElement\":[{\"@type\":\"ListItem\",\"position\":1,\"name\":\"Hem\",\"item\":\"https:\/\/www.heddata.se\/webbutik\/\"},{\"@type\":\"ListItem\",\"position\":2,\"name\":\"Produkter\",\"item\":\"https:\/\/www.heddata.se\/webbutik\/shop\/\"},{\"@type\":\"ListItem\",\"position\":3,\"name\":\"Philips bildsk\u00e4rm 27 tum &#8211; 273V7QDSB\/00\"}]},{\"@type\":\"WebSite\",\"@id\":\"https:\/\/www.heddata.se\/webbutik\/#website\",\"url\":\"https:\/\/www.heddata.se\/webbutik\/\",\"name\":\"Datorer, Skrivare, F\u00e4rgpatroner, Mobiltelefoner\",\"description\":\"Kablar\",\"publisher\":{\"@id\":\"https:\/\/www.heddata.se\/webbutik\/#organization\"},\"potentialAction\":[{\"@type\":\"SearchAction\",\"target\":{\"@type\":\"EntryPoint\",\"urlTemplate\":\"https:\/\/www.heddata.se\/webbutik\/?s={search_term_string}\"},\"query-input\":{\"@type\":\"PropertyValueSpecification\",\"valueRequired\":true,\"valueName\":\"search_term_string\"}}],\"inLanguage\":\"sv-SE\"},{\"@type\":\"Organization\",\"@id\":\"https:\/\/www.heddata.se\/webbutik\/#organization\",\"name\":\"Heddata AB\",\"url\":\"https:\/\/www.heddata.se\/webbutik\/\",\"logo\":{\"@type\":\"ImageObject\",\"inLanguage\":\"sv-SE\",\"@id\":\"https:\/\/www.heddata.se\/webbutik\/#\/schema\/logo\/image\/\",\"url\":\"https:\/\/www.heddata.se\/webbutik\/wp-content\/uploads\/logga\/heddata-ab-logga.png\",\"contentUrl\":\"https:\/\/www.heddata.se\/webbutik\/wp-content\/uploads\/logga\/heddata-ab-logga.png\",\"width\":200,\"height\":64,\"caption\":\"Heddata AB\"},\"image\":{\"@id\":\"https:\/\/www.heddata.se\/webbutik\/#\/schema\/logo\/image\/\"}}]}<\/script>\n<!-- \/ Yoast SEO Premium plugin. -->","yoast_head_json":{"title":"Philips bildsk\u00e4rm 27 tum - 273V7QDSB\/00 En perfekt allroundsk\u00e4rm","description":"Philips bildsk\u00e4rm 27 tum - 273V7QDSB\/00 En perfekt allroundsk\u00e4rm med enast\u00e5ende bilder som str\u00e4cker sig fr\u00e5n kant till kant","robots":{"index":"index","follow":"follow","max-snippet":"max-snippet:-1","max-image-preview":"max-image-preview:large","max-video-preview":"max-video-preview:-1"},"canonical":"https:\/\/www.heddata.se\/webbutik\/produkt\/philips-bildskarm-27-tum-273v7qdsb-00\/","og_locale":"sv_SE","og_type":"article","og_title":"Philips bildsk\u00e4rm 27 tum - 273V7QDSB\/00","og_description":"Philips bildsk\u00e4rm 27 tum - 273V7QDSB\/00 En perfekt allroundsk\u00e4rm med enast\u00e5ende bilder som str\u00e4cker sig fr\u00e5n kant till kant","og_url":"https:\/\/www.heddata.se\/webbutik\/produkt\/philips-bildskarm-27-tum-273v7qdsb-00\/","og_site_name":"Datorer, Skrivare, F\u00e4rgpatroner, Mobiltelefoner","article_modified_time":"2026-04-07T16:17:08+00:00","og_image":[{"width":1920,"height":1920,"url":"https:\/\/www.heddata.se\/webbutik\/wp-content\/uploads\/webbutik\/kategorier\/skarmar\/273v7qdsb.jpg","type":"image\/jpeg"}],"twitter_card":"summary_large_image","twitter_misc":{"Ber\u00e4knad l\u00e4stid":"3 minuter"},"schema":{"@context":"https:\/\/schema.org","@graph":[{"@type":"WebPage","@id":"https:\/\/www.heddata.se\/webbutik\/produkt\/philips-bildskarm-27-tum-273v7qdsb-00\/","url":"https:\/\/www.heddata.se\/webbutik\/produkt\/philips-bildskarm-27-tum-273v7qdsb-00\/","name":"Philips bildsk\u00e4rm 27 tum - 273V7QDSB\/00 En perfekt allroundsk\u00e4rm","isPartOf":{"@id":"https:\/\/www.heddata.se\/webbutik\/#website"},"primaryImageOfPage":{"@id":"https:\/\/www.heddata.se\/webbutik\/produkt\/philips-bildskarm-27-tum-273v7qdsb-00\/#primaryimage"},"image":{"@id":"https:\/\/www.heddata.se\/webbutik\/produkt\/philips-bildskarm-27-tum-273v7qdsb-00\/#primaryimage"},"thumbnailUrl":"https:\/\/www.heddata.se\/webbutik\/wp-content\/uploads\/webbutik\/kategorier\/skarmar\/273v7qdsb.jpg","datePublished":"2023-12-07T10:18:07+00:00","dateModified":"2026-04-07T16:17:08+00:00","description":"Philips bildsk\u00e4rm 27 tum - 273V7QDSB\/00 En perfekt allroundsk\u00e4rm med enast\u00e5ende bilder som str\u00e4cker sig fr\u00e5n kant till kant","breadcrumb":{"@id":"https:\/\/www.heddata.se\/webbutik\/produkt\/philips-bildskarm-27-tum-273v7qdsb-00\/#breadcrumb"},"inLanguage":"sv-SE","potentialAction":[{"@type":"ReadAction","target":["https:\/\/www.heddata.se\/webbutik\/produkt\/philips-bildskarm-27-tum-273v7qdsb-00\/"]}]},{"@type":"ImageObject","inLanguage":"sv-SE","@id":"https:\/\/www.heddata.se\/webbutik\/produkt\/philips-bildskarm-27-tum-273v7qdsb-00\/#primaryimage","url":"https:\/\/www.heddata.se\/webbutik\/wp-content\/uploads\/webbutik\/kategorier\/skarmar\/273v7qdsb.jpg","contentUrl":"https:\/\/www.heddata.se\/webbutik\/wp-content\/uploads\/webbutik\/kategorier\/skarmar\/273v7qdsb.jpg","width":1920,"height":1920,"caption":"Philips bildsk\u00e4rm 27 tum"},{"@type":"BreadcrumbList","@id":"https:\/\/www.heddata.se\/webbutik\/produkt\/philips-bildskarm-27-tum-273v7qdsb-00\/#breadcrumb","itemListElement":[{"@type":"ListItem","position":1,"name":"Hem","item":"https:\/\/www.heddata.se\/webbutik\/"},{"@type":"ListItem","position":2,"name":"Produkter","item":"https:\/\/www.heddata.se\/webbutik\/shop\/"},{"@type":"ListItem","position":3,"name":"Philips bildsk\u00e4rm 27 tum &#8211; 273V7QDSB\/00"}]},{"@type":"WebSite","@id":"https:\/\/www.heddata.se\/webbutik\/#website","url":"https:\/\/www.heddata.se\/webbutik\/","name":"Datorer, Skrivare, F\u00e4rgpatroner, Mobiltelefoner","description":"Kablar","publisher":{"@id":"https:\/\/www.heddata.se\/webbutik\/#organization"},"potentialAction":[{"@type":"SearchAction","target":{"@type":"EntryPoint","urlTemplate":"https:\/\/www.heddata.se\/webbutik\/?s={search_term_string}"},"query-input":{"@type":"PropertyValueSpecification","valueRequired":true,"valueName":"search_term_string"}}],"inLanguage":"sv-SE"},{"@type":"Organization","@id":"https:\/\/www.heddata.se\/webbutik\/#organization","name":"Heddata AB","url":"https:\/\/www.heddata.se\/webbutik\/","logo":{"@type":"ImageObject","inLanguage":"sv-SE","@id":"https:\/\/www.heddata.se\/webbutik\/#\/schema\/logo\/image\/","url":"https:\/\/www.heddata.se\/webbutik\/wp-content\/uploads\/logga\/heddata-ab-logga.png","contentUrl":"https:\/\/www.heddata.se\/webbutik\/wp-content\/uploads\/logga\/heddata-ab-logga.png","width":200,"height":64,"caption":"Heddata AB"},"image":{"@id":"https:\/\/www.heddata.se\/webbutik\/#\/schema\/logo\/image\/"}}]}},"_links":{"self":[{"href":"https:\/\/www.heddata.se\/webbutik\/wp-json\/wp\/v2\/product\/94531","targetHints":{"allow":["GET"]}}],"collection":[{"href":"https:\/\/www.heddata.se\/webbutik\/wp-json\/wp\/v2\/product"}],"about":[{"href":"https:\/\/www.heddata.se\/webbutik\/wp-json\/wp\/v2\/types\/product"}],"wp:featuredmedia":[{"embeddable":true,"href":"https:\/\/www.heddata.se\/webbutik\/wp-json\/wp\/v2\/media\/94818"}],"wp:attachment":[{"href":"https:\/\/www.heddata.se\/webbutik\/wp-json\/wp\/v2\/media?parent=94531"}],"wp:term":[{"taxonomy":"product_brand","embeddable":true,"href":"https:\/\/www.heddata.se\/webbutik\/wp-json\/wp\/v2\/product_brand?post=94531"},{"taxonomy":"product_cat","embeddable":true,"href":"https:\/\/www.heddata.se\/webbutik\/wp-json\/wp\/v2\/product_cat?post=94531"},{"taxonomy":"product_tag","embeddable":true,"href":"https:\/\/www.heddata.se\/webbutik\/wp-json\/wp\/v2\/product_tag?post=94531"}],"curies":[{"name":"wp","href":"https:\/\/api.w.org\/{rel}","templated":true}]}}