{"id":94519,"date":"2023-12-05T12:18:18","date_gmt":"2023-12-05T11:18:18","guid":{"rendered":"https:\/\/www.heddata.se\/webbutik\/?post_type=product&#038;p=94519"},"modified":"2026-04-30T11:10:39","modified_gmt":"2026-04-30T09:10:39","slug":"natverkskabel-med-gjutna-rj45-kontakter-tp-625v","status":"publish","type":"product","link":"https:\/\/www.heddata.se\/webbutik\/produkt\/natverkskabel-med-gjutna-rj45-kontakter-tp-625v\/","title":{"rendered":"N\u00e4tverkskabel med gjutna RJ45-kontakter &#8211; TP-625V"},"content":{"rendered":"<p>N\u00e4tverkskabel med gjutna RJ45-kontakter &#8211; TP-625V<\/p>\n<p>U\/UTP Cat6 patchkabel, 25m, 250MHz, Delta-certifierad, LSZH, vit <a href=\"https:\/\/aurdel.com\/se\/sv\/\" target=\"_blank\" rel=\"noopener\">N\u00e4tverkskabel<\/a> med gjutna RJ45-kontakter. Eftersom det \u00e4r en Cat6-kabel har den ett plastkors i mitten som f\u00f6ljer hela kabell\u00e4ngden f\u00f6r att sk\u00e4rma av ledarna 2 och 2. Materialet i <a href=\"https:\/\/www.heddata.se\/webbutik\/kablar\/natverkskablar\/\">kabeln<\/a> \u00e4r fri fr\u00e5n PVC-plast vilket g\u00f6r att ingen halogengas frig\u00f6rs vid eventuell brand.<\/p>\n","protected":false},"excerpt":{"rendered":"<p>N\u00e4tverkskabel med gjutna RJ45-kontakter &#8211; TP-625V<\/p>\n","protected":false},"featured_media":92416,"template":"","meta":[],"product_brand":[],"product_cat":[59,78],"product_tag":[],"class_list":{"0":"post-94519","1":"product","2":"type-product","3":"status-publish","4":"has-post-thumbnail","6":"product_cat-kablar","7":"product_cat-natverkskablar","9":"first","10":"instock","11":"taxable","12":"shipping-taxable","13":"purchasable","14":"product-type-simple"},"yoast_head":"<!-- This site is optimized with the Yoast SEO Premium plugin v26.7 (Yoast SEO v26.7) - https:\/\/yoast.com\/wordpress\/plugins\/seo\/ -->\n<title>N\u00e4tverkskabel med gjutna RJ45-kontakter - TP-625V<\/title>\n<meta name=\"description\" content=\"N\u00e4tverkskabel med gjutna RJ45-kontakter - TP-625V med plastkors i mitten som f\u00f6ljer hela kabell\u00e4ngden f\u00f6r att sk\u00e4rma av ledarna\" \/>\n<meta name=\"robots\" content=\"index, follow, max-snippet:-1, max-image-preview:large, max-video-preview:-1\" \/>\n<link rel=\"canonical\" href=\"https:\/\/www.heddata.se\/webbutik\/produkt\/natverkskabel-med-gjutna-rj45-kontakter-tp-625v\/\" \/>\n<meta property=\"og:locale\" content=\"sv_SE\" \/>\n<meta property=\"og:type\" content=\"article\" \/>\n<meta property=\"og:title\" content=\"N\u00e4tverkskabel med gjutna RJ45-kontakter - TP-625V\" \/>\n<meta property=\"og:description\" content=\"N\u00e4tverkskabel med gjutna RJ45-kontakter - TP-625V med plastkors i mitten som f\u00f6ljer hela kabell\u00e4ngden f\u00f6r att sk\u00e4rma av ledarna\" \/>\n<meta property=\"og:url\" content=\"https:\/\/www.heddata.se\/webbutik\/produkt\/natverkskabel-med-gjutna-rj45-kontakter-tp-625v\/\" \/>\n<meta property=\"og:site_name\" content=\"Datorer, Skrivare, F\u00e4rgpatroner, Mobiltelefoner\" \/>\n<meta property=\"article:modified_time\" content=\"2026-04-30T09:10:39+00:00\" \/>\n<meta property=\"og:image\" content=\"https:\/\/www.heddata.se\/webbutik\/wp-content\/uploads\/webbutik\/kategorier\/natvark\/tp-607v.jpg\" \/>\n\t<meta property=\"og:image:width\" content=\"500\" \/>\n\t<meta property=\"og:image:height\" content=\"500\" \/>\n\t<meta property=\"og:image:type\" content=\"image\/jpeg\" \/>\n<meta name=\"twitter:card\" content=\"summary_large_image\" \/>\n<script type=\"application\/ld+json\" class=\"yoast-schema-graph\">{\"@context\":\"https:\/\/schema.org\",\"@graph\":[{\"@type\":\"WebPage\",\"@id\":\"https:\/\/www.heddata.se\/webbutik\/produkt\/natverkskabel-med-gjutna-rj45-kontakter-tp-625v\/\",\"url\":\"https:\/\/www.heddata.se\/webbutik\/produkt\/natverkskabel-med-gjutna-rj45-kontakter-tp-625v\/\",\"name\":\"N\u00e4tverkskabel med gjutna RJ45-kontakter - TP-625V\",\"isPartOf\":{\"@id\":\"https:\/\/www.heddata.se\/webbutik\/#website\"},\"primaryImageOfPage\":{\"@id\":\"https:\/\/www.heddata.se\/webbutik\/produkt\/natverkskabel-med-gjutna-rj45-kontakter-tp-625v\/#primaryimage\"},\"image\":{\"@id\":\"https:\/\/www.heddata.se\/webbutik\/produkt\/natverkskabel-med-gjutna-rj45-kontakter-tp-625v\/#primaryimage\"},\"thumbnailUrl\":\"https:\/\/www.heddata.se\/webbutik\/wp-content\/uploads\/webbutik\/kategorier\/natvark\/tp-607v.jpg\",\"datePublished\":\"2023-12-05T11:18:18+00:00\",\"dateModified\":\"2026-04-30T09:10:39+00:00\",\"description\":\"N\u00e4tverkskabel med gjutna RJ45-kontakter - TP-625V med plastkors i mitten som f\u00f6ljer hela kabell\u00e4ngden f\u00f6r att sk\u00e4rma av ledarna\",\"breadcrumb\":{\"@id\":\"https:\/\/www.heddata.se\/webbutik\/produkt\/natverkskabel-med-gjutna-rj45-kontakter-tp-625v\/#breadcrumb\"},\"inLanguage\":\"sv-SE\",\"potentialAction\":[{\"@type\":\"ReadAction\",\"target\":[\"https:\/\/www.heddata.se\/webbutik\/produkt\/natverkskabel-med-gjutna-rj45-kontakter-tp-625v\/\"]}]},{\"@type\":\"ImageObject\",\"inLanguage\":\"sv-SE\",\"@id\":\"https:\/\/www.heddata.se\/webbutik\/produkt\/natverkskabel-med-gjutna-rj45-kontakter-tp-625v\/#primaryimage\",\"url\":\"https:\/\/www.heddata.se\/webbutik\/wp-content\/uploads\/webbutik\/kategorier\/natvark\/tp-607v.jpg\",\"contentUrl\":\"https:\/\/www.heddata.se\/webbutik\/wp-content\/uploads\/webbutik\/kategorier\/natvark\/tp-607v.jpg\",\"width\":500,\"height\":500,\"caption\":\"N\u00e4tverkskabel med gjutna RJ45-kontakter\"},{\"@type\":\"BreadcrumbList\",\"@id\":\"https:\/\/www.heddata.se\/webbutik\/produkt\/natverkskabel-med-gjutna-rj45-kontakter-tp-625v\/#breadcrumb\",\"itemListElement\":[{\"@type\":\"ListItem\",\"position\":1,\"name\":\"Hem\",\"item\":\"https:\/\/www.heddata.se\/webbutik\/\"},{\"@type\":\"ListItem\",\"position\":2,\"name\":\"Produkter\",\"item\":\"https:\/\/www.heddata.se\/webbutik\/shop\/\"},{\"@type\":\"ListItem\",\"position\":3,\"name\":\"N\u00e4tverkskabel med gjutna RJ45-kontakter &#8211; TP-625V\"}]},{\"@type\":\"WebSite\",\"@id\":\"https:\/\/www.heddata.se\/webbutik\/#website\",\"url\":\"https:\/\/www.heddata.se\/webbutik\/\",\"name\":\"Datorer, Skrivare, F\u00e4rgpatroner, Mobiltelefoner\",\"description\":\"Kablar\",\"publisher\":{\"@id\":\"https:\/\/www.heddata.se\/webbutik\/#organization\"},\"potentialAction\":[{\"@type\":\"SearchAction\",\"target\":{\"@type\":\"EntryPoint\",\"urlTemplate\":\"https:\/\/www.heddata.se\/webbutik\/?s={search_term_string}\"},\"query-input\":{\"@type\":\"PropertyValueSpecification\",\"valueRequired\":true,\"valueName\":\"search_term_string\"}}],\"inLanguage\":\"sv-SE\"},{\"@type\":\"Organization\",\"@id\":\"https:\/\/www.heddata.se\/webbutik\/#organization\",\"name\":\"Heddata AB\",\"url\":\"https:\/\/www.heddata.se\/webbutik\/\",\"logo\":{\"@type\":\"ImageObject\",\"inLanguage\":\"sv-SE\",\"@id\":\"https:\/\/www.heddata.se\/webbutik\/#\/schema\/logo\/image\/\",\"url\":\"https:\/\/www.heddata.se\/webbutik\/wp-content\/uploads\/logga\/heddata-ab-logga.png\",\"contentUrl\":\"https:\/\/www.heddata.se\/webbutik\/wp-content\/uploads\/logga\/heddata-ab-logga.png\",\"width\":200,\"height\":64,\"caption\":\"Heddata AB\"},\"image\":{\"@id\":\"https:\/\/www.heddata.se\/webbutik\/#\/schema\/logo\/image\/\"}}]}<\/script>\n<!-- \/ Yoast SEO Premium plugin. -->","yoast_head_json":{"title":"N\u00e4tverkskabel med gjutna RJ45-kontakter - TP-625V","description":"N\u00e4tverkskabel med gjutna RJ45-kontakter - TP-625V med plastkors i mitten som f\u00f6ljer hela kabell\u00e4ngden f\u00f6r att sk\u00e4rma av ledarna","robots":{"index":"index","follow":"follow","max-snippet":"max-snippet:-1","max-image-preview":"max-image-preview:large","max-video-preview":"max-video-preview:-1"},"canonical":"https:\/\/www.heddata.se\/webbutik\/produkt\/natverkskabel-med-gjutna-rj45-kontakter-tp-625v\/","og_locale":"sv_SE","og_type":"article","og_title":"N\u00e4tverkskabel med gjutna RJ45-kontakter - TP-625V","og_description":"N\u00e4tverkskabel med gjutna RJ45-kontakter - TP-625V med plastkors i mitten som f\u00f6ljer hela kabell\u00e4ngden f\u00f6r att sk\u00e4rma av ledarna","og_url":"https:\/\/www.heddata.se\/webbutik\/produkt\/natverkskabel-med-gjutna-rj45-kontakter-tp-625v\/","og_site_name":"Datorer, Skrivare, F\u00e4rgpatroner, Mobiltelefoner","article_modified_time":"2026-04-30T09:10:39+00:00","og_image":[{"width":500,"height":500,"url":"https:\/\/www.heddata.se\/webbutik\/wp-content\/uploads\/webbutik\/kategorier\/natvark\/tp-607v.jpg","type":"image\/jpeg"}],"twitter_card":"summary_large_image","schema":{"@context":"https:\/\/schema.org","@graph":[{"@type":"WebPage","@id":"https:\/\/www.heddata.se\/webbutik\/produkt\/natverkskabel-med-gjutna-rj45-kontakter-tp-625v\/","url":"https:\/\/www.heddata.se\/webbutik\/produkt\/natverkskabel-med-gjutna-rj45-kontakter-tp-625v\/","name":"N\u00e4tverkskabel med gjutna RJ45-kontakter - TP-625V","isPartOf":{"@id":"https:\/\/www.heddata.se\/webbutik\/#website"},"primaryImageOfPage":{"@id":"https:\/\/www.heddata.se\/webbutik\/produkt\/natverkskabel-med-gjutna-rj45-kontakter-tp-625v\/#primaryimage"},"image":{"@id":"https:\/\/www.heddata.se\/webbutik\/produkt\/natverkskabel-med-gjutna-rj45-kontakter-tp-625v\/#primaryimage"},"thumbnailUrl":"https:\/\/www.heddata.se\/webbutik\/wp-content\/uploads\/webbutik\/kategorier\/natvark\/tp-607v.jpg","datePublished":"2023-12-05T11:18:18+00:00","dateModified":"2026-04-30T09:10:39+00:00","description":"N\u00e4tverkskabel med gjutna RJ45-kontakter - TP-625V med plastkors i mitten som f\u00f6ljer hela kabell\u00e4ngden f\u00f6r att sk\u00e4rma av ledarna","breadcrumb":{"@id":"https:\/\/www.heddata.se\/webbutik\/produkt\/natverkskabel-med-gjutna-rj45-kontakter-tp-625v\/#breadcrumb"},"inLanguage":"sv-SE","potentialAction":[{"@type":"ReadAction","target":["https:\/\/www.heddata.se\/webbutik\/produkt\/natverkskabel-med-gjutna-rj45-kontakter-tp-625v\/"]}]},{"@type":"ImageObject","inLanguage":"sv-SE","@id":"https:\/\/www.heddata.se\/webbutik\/produkt\/natverkskabel-med-gjutna-rj45-kontakter-tp-625v\/#primaryimage","url":"https:\/\/www.heddata.se\/webbutik\/wp-content\/uploads\/webbutik\/kategorier\/natvark\/tp-607v.jpg","contentUrl":"https:\/\/www.heddata.se\/webbutik\/wp-content\/uploads\/webbutik\/kategorier\/natvark\/tp-607v.jpg","width":500,"height":500,"caption":"N\u00e4tverkskabel med gjutna RJ45-kontakter"},{"@type":"BreadcrumbList","@id":"https:\/\/www.heddata.se\/webbutik\/produkt\/natverkskabel-med-gjutna-rj45-kontakter-tp-625v\/#breadcrumb","itemListElement":[{"@type":"ListItem","position":1,"name":"Hem","item":"https:\/\/www.heddata.se\/webbutik\/"},{"@type":"ListItem","position":2,"name":"Produkter","item":"https:\/\/www.heddata.se\/webbutik\/shop\/"},{"@type":"ListItem","position":3,"name":"N\u00e4tverkskabel med gjutna RJ45-kontakter &#8211; TP-625V"}]},{"@type":"WebSite","@id":"https:\/\/www.heddata.se\/webbutik\/#website","url":"https:\/\/www.heddata.se\/webbutik\/","name":"Datorer, Skrivare, F\u00e4rgpatroner, Mobiltelefoner","description":"Kablar","publisher":{"@id":"https:\/\/www.heddata.se\/webbutik\/#organization"},"potentialAction":[{"@type":"SearchAction","target":{"@type":"EntryPoint","urlTemplate":"https:\/\/www.heddata.se\/webbutik\/?s={search_term_string}"},"query-input":{"@type":"PropertyValueSpecification","valueRequired":true,"valueName":"search_term_string"}}],"inLanguage":"sv-SE"},{"@type":"Organization","@id":"https:\/\/www.heddata.se\/webbutik\/#organization","name":"Heddata AB","url":"https:\/\/www.heddata.se\/webbutik\/","logo":{"@type":"ImageObject","inLanguage":"sv-SE","@id":"https:\/\/www.heddata.se\/webbutik\/#\/schema\/logo\/image\/","url":"https:\/\/www.heddata.se\/webbutik\/wp-content\/uploads\/logga\/heddata-ab-logga.png","contentUrl":"https:\/\/www.heddata.se\/webbutik\/wp-content\/uploads\/logga\/heddata-ab-logga.png","width":200,"height":64,"caption":"Heddata AB"},"image":{"@id":"https:\/\/www.heddata.se\/webbutik\/#\/schema\/logo\/image\/"}}]}},"_links":{"self":[{"href":"https:\/\/www.heddata.se\/webbutik\/wp-json\/wp\/v2\/product\/94519","targetHints":{"allow":["GET"]}}],"collection":[{"href":"https:\/\/www.heddata.se\/webbutik\/wp-json\/wp\/v2\/product"}],"about":[{"href":"https:\/\/www.heddata.se\/webbutik\/wp-json\/wp\/v2\/types\/product"}],"wp:featuredmedia":[{"embeddable":true,"href":"https:\/\/www.heddata.se\/webbutik\/wp-json\/wp\/v2\/media\/92416"}],"wp:attachment":[{"href":"https:\/\/www.heddata.se\/webbutik\/wp-json\/wp\/v2\/media?parent=94519"}],"wp:term":[{"taxonomy":"product_brand","embeddable":true,"href":"https:\/\/www.heddata.se\/webbutik\/wp-json\/wp\/v2\/product_brand?post=94519"},{"taxonomy":"product_cat","embeddable":true,"href":"https:\/\/www.heddata.se\/webbutik\/wp-json\/wp\/v2\/product_cat?post=94519"},{"taxonomy":"product_tag","embeddable":true,"href":"https:\/\/www.heddata.se\/webbutik\/wp-json\/wp\/v2\/product_tag?post=94519"}],"curies":[{"name":"wp","href":"https:\/\/api.w.org\/{rel}","templated":true}]}}