{"id":94246,"date":"2023-09-06T13:18:20","date_gmt":"2023-09-06T11:18:20","guid":{"rendered":"https:\/\/www.heddata.se\/webbutik\/?post_type=product&#038;p=94246"},"modified":"2026-04-08T18:41:36","modified_gmt":"2026-04-08T16:41:36","slug":"samsung-galaxy-a14-64gb-ljusgron","status":"publish","type":"product","link":"https:\/\/www.heddata.se\/webbutik\/produkt\/samsung-galaxy-a14-64gb-ljusgron\/","title":{"rendered":"Samsung Galaxy A14 64GB Ljusgr\u00f6n"},"content":{"rendered":"<p>SM-A145R\/DSN<\/p>\n<p role=\"listitem\">&#8211; Alla specifikationer och beskrivningar som tillhandah\u00e5lls h\u00e4ri kan skilja sig fr\u00e5n de faktiska specifikationer och beskrivningar f\u00f6r produkten.<\/p>\n<p role=\"listitem\">Samsung f\u00f6rbeh\u00e5ller sig r\u00e4tten att g\u00f6ra \u00e4ndringar i detta dokument och den produkt som beskrivs h\u00e4ri, n\u00e4r som helst, utan skyldighet f\u00f6r Samsung att meddela om s\u00e5dan f\u00f6r\u00e4ndring . Alla funktioner, features, specifikationer, GUI och annan information som l\u00e4mnas i detta dokument, inklusive, men inte begr\u00e4nsat till, de f\u00f6rdelar, design, priss\u00e4ttning, komponenter, prestanda, tillg\u00e4nglighet och kapacitet produkten kan \u00e4ndras utan f\u00f6reg\u00e5ende meddelande. Inneh\u00e5llet i den sk\u00e4rmen \u00e4r simulerade bilder och \u00e4r endast i illustrationssyfte.<\/p>\n<p role=\"listitem\">&#8211; Minnesstorlek: Tillg\u00e4ngligt minne \u00e4r mindre \u00e4n den totala minnesm\u00e4ngden p\u00e5 grund av lagringsutrymmet som anv\u00e4nds av operativsystemet och programmen som kr\u00e4vs f\u00f6r att kunna anv\u00e4nda telefonens funktioner. Det faktiska tillg\u00e4ngliga minnet varierar beroende p\u00e5 mobiloperat\u00f6r och kan \u00e4ndras efter programuppdateringar.<\/p>\n<p role=\"listitem\">&#8211; Batteritider kan variera beroende p\u00e5 avst\u00e5nd till basstationer, v\u00e4der, omgivande milj\u00f6, vilka funktioner som \u00e4r aktiverade och dylikt.<\/p>\n<p role=\"listitem\">&#8211; GPS navigering vad g\u00e4ller kartleverant\u00f6r m.m. kan variera beroende p\u00e5 mjukvara. Modeller med inbyggd GPS modul kan kompletteras med vissa GPS navigeringsprogram i de fall det inte ing\u00e5r fr\u00e5n b\u00f6rjan. Lyssna med din \u00e5terf\u00f6rs\u00e4ljare eller Samsung support f\u00f6r mer detaljer.<\/p>\n<p role=\"listitem\">&#8211; Varje modell av 4G (LTE) produkter som s\u00e4ljs av Samsung Electronics Nordic AB testas och verifieras s\u00e4rskilt f\u00f6r specifika operat\u00f6rers n\u00e4tverk i Danmark, Finland, Norge eller Sverige. Kompatibilitet med andra n\u00e4tverk s\u00e4kerst\u00e4lls inte.<\/p>\n<p role=\"listitem\">&#8211; N\u00e4tverksband: Bandbredden som st\u00f6ds av enheten kan variera beroende p\u00e5 region eller tj\u00e4nsteleverant\u00f6r.<\/p>\n<p role=\"listitem\">*M\u00e4tt diagonalt \u00e4r sk\u00e4rmstorleken 6,6&#8243; i hela rektangeln och 6,4&#8243; f\u00f6r de rundade h\u00f6rnen. Den faktiska visningsytan \u00e4r mindre p\u00e5 grund av de rundade h\u00f6rnen och kamerans utsk\u00e4rning.<\/p>\n<p role=\"listitem\">*Typiskt v\u00e4rde testat under laboratorief\u00f6rh\u00e5llanden fr\u00e5n tredje part. Typiskt v\u00e4rde \u00e4r det uppskattade medelv\u00e4rdet med tanke p\u00e5 avvikelsen i batterikapacitet bland batteriproverna som testats enligt IEC 61960-standarden. Nominell kapacitet \u00e4r 4 900 mAh.<\/p>\n","protected":false},"excerpt":{"rendered":"<p>SM-A145R\/DSN &#8211; Alla specifikationer och beskrivningar som tillhandah\u00e5lls h\u00e4ri kan skilja sig fr\u00e5n de faktiska specifikationer och beskrivningar f\u00f6r produkten. Samsung f\u00f6rbeh\u00e5ller sig r\u00e4tten att g\u00f6ra \u00e4ndringar i detta dokument och den produkt som beskrivs h\u00e4ri, n\u00e4r som helst, utan skyldighet f\u00f6r Samsung att meddela om s\u00e5dan f\u00f6r\u00e4ndring . Alla funktioner, features, specifikationer, GUI och [&#8230;]\n","protected":false},"featured_media":94249,"template":"","meta":[],"product_brand":[],"product_cat":[106,6009,103,63],"product_tag":[],"class_list":{"0":"post-94246","1":"product","2":"type-product","3":"status-publish","4":"has-post-thumbnail","6":"product_cat-mobiltelefoner","7":"product_cat-mobiltelefoner-touch","8":"product_cat-telefoner","9":"product_cat-telefoner-surfplattor","11":"first","12":"outofstock","13":"taxable","14":"shipping-taxable","15":"product-type-simple"},"yoast_head":"<!-- This site is optimized with the Yoast SEO Premium plugin v26.7 (Yoast SEO v26.7) - https:\/\/yoast.com\/wordpress\/plugins\/seo\/ -->\n<title>Samsung Galaxy A14 64GB Ljusgr\u00f6n - Datorer, Skrivare, F\u00e4rgpatroner, Mobiltelefoner<\/title>\n<meta name=\"description\" content=\"Samsung Galaxy A14 64GB Ljusgr\u00f6n\" \/>\n<meta name=\"robots\" content=\"index, follow, max-snippet:-1, max-image-preview:large, max-video-preview:-1\" \/>\n<link rel=\"canonical\" href=\"https:\/\/www.heddata.se\/webbutik\/produkt\/samsung-galaxy-a14-64gb-ljusgron\/\" \/>\n<meta property=\"og:locale\" content=\"sv_SE\" \/>\n<meta property=\"og:type\" content=\"article\" \/>\n<meta property=\"og:title\" content=\"Samsung Galaxy A14 64GB Ljusgr\u00f6n\" \/>\n<meta property=\"og:description\" content=\"Samsung Galaxy A14 64GB Ljusgr\u00f6n\" \/>\n<meta property=\"og:url\" content=\"https:\/\/www.heddata.se\/webbutik\/produkt\/samsung-galaxy-a14-64gb-ljusgron\/\" \/>\n<meta property=\"og:site_name\" content=\"Datorer, Skrivare, F\u00e4rgpatroner, Mobiltelefoner\" \/>\n<meta property=\"article:modified_time\" content=\"2026-04-08T16:41:36+00:00\" \/>\n<meta property=\"og:image\" content=\"https:\/\/www.heddata.se\/webbutik\/wp-content\/uploads\/5d11cfd2-b1bd-48c0-8203-8ffc684c81b9.jpg\" \/>\n\t<meta property=\"og:image:width\" content=\"2400\" \/>\n\t<meta property=\"og:image:height\" content=\"1800\" \/>\n\t<meta property=\"og:image:type\" content=\"image\/jpeg\" \/>\n<meta name=\"twitter:card\" content=\"summary_large_image\" \/>\n<meta name=\"twitter:label1\" content=\"Ber\u00e4knad l\u00e4stid\" \/>\n\t<meta name=\"twitter:data1\" content=\"2 minuter\" \/>\n<script type=\"application\/ld+json\" class=\"yoast-schema-graph\">{\"@context\":\"https:\/\/schema.org\",\"@graph\":[{\"@type\":\"WebPage\",\"@id\":\"https:\/\/www.heddata.se\/webbutik\/produkt\/samsung-galaxy-a14-64gb-ljusgron\/\",\"url\":\"https:\/\/www.heddata.se\/webbutik\/produkt\/samsung-galaxy-a14-64gb-ljusgron\/\",\"name\":\"Samsung Galaxy A14 64GB Ljusgr\u00f6n - Datorer, Skrivare, F\u00e4rgpatroner, Mobiltelefoner\",\"isPartOf\":{\"@id\":\"https:\/\/www.heddata.se\/webbutik\/#website\"},\"primaryImageOfPage\":{\"@id\":\"https:\/\/www.heddata.se\/webbutik\/produkt\/samsung-galaxy-a14-64gb-ljusgron\/#primaryimage\"},\"image\":{\"@id\":\"https:\/\/www.heddata.se\/webbutik\/produkt\/samsung-galaxy-a14-64gb-ljusgron\/#primaryimage\"},\"thumbnailUrl\":\"https:\/\/www.heddata.se\/webbutik\/wp-content\/uploads\/5d11cfd2-b1bd-48c0-8203-8ffc684c81b9.jpg\",\"datePublished\":\"2023-09-06T11:18:20+00:00\",\"dateModified\":\"2026-04-08T16:41:36+00:00\",\"description\":\"Samsung Galaxy A14 64GB Ljusgr\u00f6n\",\"breadcrumb\":{\"@id\":\"https:\/\/www.heddata.se\/webbutik\/produkt\/samsung-galaxy-a14-64gb-ljusgron\/#breadcrumb\"},\"inLanguage\":\"sv-SE\",\"potentialAction\":[{\"@type\":\"ReadAction\",\"target\":[\"https:\/\/www.heddata.se\/webbutik\/produkt\/samsung-galaxy-a14-64gb-ljusgron\/\"]}]},{\"@type\":\"ImageObject\",\"inLanguage\":\"sv-SE\",\"@id\":\"https:\/\/www.heddata.se\/webbutik\/produkt\/samsung-galaxy-a14-64gb-ljusgron\/#primaryimage\",\"url\":\"https:\/\/www.heddata.se\/webbutik\/wp-content\/uploads\/5d11cfd2-b1bd-48c0-8203-8ffc684c81b9.jpg\",\"contentUrl\":\"https:\/\/www.heddata.se\/webbutik\/wp-content\/uploads\/5d11cfd2-b1bd-48c0-8203-8ffc684c81b9.jpg\",\"width\":2400,\"height\":1800,\"caption\":\"Samsung Galaxy A14 Ljusgr\u00f6n\"},{\"@type\":\"BreadcrumbList\",\"@id\":\"https:\/\/www.heddata.se\/webbutik\/produkt\/samsung-galaxy-a14-64gb-ljusgron\/#breadcrumb\",\"itemListElement\":[{\"@type\":\"ListItem\",\"position\":1,\"name\":\"Hem\",\"item\":\"https:\/\/www.heddata.se\/webbutik\/\"},{\"@type\":\"ListItem\",\"position\":2,\"name\":\"Produkter\",\"item\":\"https:\/\/www.heddata.se\/webbutik\/shop\/\"},{\"@type\":\"ListItem\",\"position\":3,\"name\":\"Samsung Galaxy A14 64GB Ljusgr\u00f6n\"}]},{\"@type\":\"WebSite\",\"@id\":\"https:\/\/www.heddata.se\/webbutik\/#website\",\"url\":\"https:\/\/www.heddata.se\/webbutik\/\",\"name\":\"Datorer, Skrivare, F\u00e4rgpatroner, Mobiltelefoner\",\"description\":\"Kablar\",\"publisher\":{\"@id\":\"https:\/\/www.heddata.se\/webbutik\/#organization\"},\"potentialAction\":[{\"@type\":\"SearchAction\",\"target\":{\"@type\":\"EntryPoint\",\"urlTemplate\":\"https:\/\/www.heddata.se\/webbutik\/?s={search_term_string}\"},\"query-input\":{\"@type\":\"PropertyValueSpecification\",\"valueRequired\":true,\"valueName\":\"search_term_string\"}}],\"inLanguage\":\"sv-SE\"},{\"@type\":\"Organization\",\"@id\":\"https:\/\/www.heddata.se\/webbutik\/#organization\",\"name\":\"Heddata AB\",\"url\":\"https:\/\/www.heddata.se\/webbutik\/\",\"logo\":{\"@type\":\"ImageObject\",\"inLanguage\":\"sv-SE\",\"@id\":\"https:\/\/www.heddata.se\/webbutik\/#\/schema\/logo\/image\/\",\"url\":\"https:\/\/www.heddata.se\/webbutik\/wp-content\/uploads\/logga\/heddata-ab-logga.png\",\"contentUrl\":\"https:\/\/www.heddata.se\/webbutik\/wp-content\/uploads\/logga\/heddata-ab-logga.png\",\"width\":200,\"height\":64,\"caption\":\"Heddata AB\"},\"image\":{\"@id\":\"https:\/\/www.heddata.se\/webbutik\/#\/schema\/logo\/image\/\"}}]}<\/script>\n<!-- \/ Yoast SEO Premium plugin. -->","yoast_head_json":{"title":"Samsung Galaxy A14 64GB Ljusgr\u00f6n - Datorer, Skrivare, F\u00e4rgpatroner, Mobiltelefoner","description":"Samsung Galaxy A14 64GB Ljusgr\u00f6n","robots":{"index":"index","follow":"follow","max-snippet":"max-snippet:-1","max-image-preview":"max-image-preview:large","max-video-preview":"max-video-preview:-1"},"canonical":"https:\/\/www.heddata.se\/webbutik\/produkt\/samsung-galaxy-a14-64gb-ljusgron\/","og_locale":"sv_SE","og_type":"article","og_title":"Samsung Galaxy A14 64GB Ljusgr\u00f6n","og_description":"Samsung Galaxy A14 64GB Ljusgr\u00f6n","og_url":"https:\/\/www.heddata.se\/webbutik\/produkt\/samsung-galaxy-a14-64gb-ljusgron\/","og_site_name":"Datorer, Skrivare, F\u00e4rgpatroner, Mobiltelefoner","article_modified_time":"2026-04-08T16:41:36+00:00","og_image":[{"width":2400,"height":1800,"url":"https:\/\/www.heddata.se\/webbutik\/wp-content\/uploads\/5d11cfd2-b1bd-48c0-8203-8ffc684c81b9.jpg","type":"image\/jpeg"}],"twitter_card":"summary_large_image","twitter_misc":{"Ber\u00e4knad l\u00e4stid":"2 minuter"},"schema":{"@context":"https:\/\/schema.org","@graph":[{"@type":"WebPage","@id":"https:\/\/www.heddata.se\/webbutik\/produkt\/samsung-galaxy-a14-64gb-ljusgron\/","url":"https:\/\/www.heddata.se\/webbutik\/produkt\/samsung-galaxy-a14-64gb-ljusgron\/","name":"Samsung Galaxy A14 64GB Ljusgr\u00f6n - Datorer, Skrivare, F\u00e4rgpatroner, Mobiltelefoner","isPartOf":{"@id":"https:\/\/www.heddata.se\/webbutik\/#website"},"primaryImageOfPage":{"@id":"https:\/\/www.heddata.se\/webbutik\/produkt\/samsung-galaxy-a14-64gb-ljusgron\/#primaryimage"},"image":{"@id":"https:\/\/www.heddata.se\/webbutik\/produkt\/samsung-galaxy-a14-64gb-ljusgron\/#primaryimage"},"thumbnailUrl":"https:\/\/www.heddata.se\/webbutik\/wp-content\/uploads\/5d11cfd2-b1bd-48c0-8203-8ffc684c81b9.jpg","datePublished":"2023-09-06T11:18:20+00:00","dateModified":"2026-04-08T16:41:36+00:00","description":"Samsung Galaxy A14 64GB Ljusgr\u00f6n","breadcrumb":{"@id":"https:\/\/www.heddata.se\/webbutik\/produkt\/samsung-galaxy-a14-64gb-ljusgron\/#breadcrumb"},"inLanguage":"sv-SE","potentialAction":[{"@type":"ReadAction","target":["https:\/\/www.heddata.se\/webbutik\/produkt\/samsung-galaxy-a14-64gb-ljusgron\/"]}]},{"@type":"ImageObject","inLanguage":"sv-SE","@id":"https:\/\/www.heddata.se\/webbutik\/produkt\/samsung-galaxy-a14-64gb-ljusgron\/#primaryimage","url":"https:\/\/www.heddata.se\/webbutik\/wp-content\/uploads\/5d11cfd2-b1bd-48c0-8203-8ffc684c81b9.jpg","contentUrl":"https:\/\/www.heddata.se\/webbutik\/wp-content\/uploads\/5d11cfd2-b1bd-48c0-8203-8ffc684c81b9.jpg","width":2400,"height":1800,"caption":"Samsung Galaxy A14 Ljusgr\u00f6n"},{"@type":"BreadcrumbList","@id":"https:\/\/www.heddata.se\/webbutik\/produkt\/samsung-galaxy-a14-64gb-ljusgron\/#breadcrumb","itemListElement":[{"@type":"ListItem","position":1,"name":"Hem","item":"https:\/\/www.heddata.se\/webbutik\/"},{"@type":"ListItem","position":2,"name":"Produkter","item":"https:\/\/www.heddata.se\/webbutik\/shop\/"},{"@type":"ListItem","position":3,"name":"Samsung Galaxy A14 64GB Ljusgr\u00f6n"}]},{"@type":"WebSite","@id":"https:\/\/www.heddata.se\/webbutik\/#website","url":"https:\/\/www.heddata.se\/webbutik\/","name":"Datorer, Skrivare, F\u00e4rgpatroner, Mobiltelefoner","description":"Kablar","publisher":{"@id":"https:\/\/www.heddata.se\/webbutik\/#organization"},"potentialAction":[{"@type":"SearchAction","target":{"@type":"EntryPoint","urlTemplate":"https:\/\/www.heddata.se\/webbutik\/?s={search_term_string}"},"query-input":{"@type":"PropertyValueSpecification","valueRequired":true,"valueName":"search_term_string"}}],"inLanguage":"sv-SE"},{"@type":"Organization","@id":"https:\/\/www.heddata.se\/webbutik\/#organization","name":"Heddata AB","url":"https:\/\/www.heddata.se\/webbutik\/","logo":{"@type":"ImageObject","inLanguage":"sv-SE","@id":"https:\/\/www.heddata.se\/webbutik\/#\/schema\/logo\/image\/","url":"https:\/\/www.heddata.se\/webbutik\/wp-content\/uploads\/logga\/heddata-ab-logga.png","contentUrl":"https:\/\/www.heddata.se\/webbutik\/wp-content\/uploads\/logga\/heddata-ab-logga.png","width":200,"height":64,"caption":"Heddata AB"},"image":{"@id":"https:\/\/www.heddata.se\/webbutik\/#\/schema\/logo\/image\/"}}]}},"_links":{"self":[{"href":"https:\/\/www.heddata.se\/webbutik\/wp-json\/wp\/v2\/product\/94246","targetHints":{"allow":["GET"]}}],"collection":[{"href":"https:\/\/www.heddata.se\/webbutik\/wp-json\/wp\/v2\/product"}],"about":[{"href":"https:\/\/www.heddata.se\/webbutik\/wp-json\/wp\/v2\/types\/product"}],"wp:featuredmedia":[{"embeddable":true,"href":"https:\/\/www.heddata.se\/webbutik\/wp-json\/wp\/v2\/media\/94249"}],"wp:attachment":[{"href":"https:\/\/www.heddata.se\/webbutik\/wp-json\/wp\/v2\/media?parent=94246"}],"wp:term":[{"taxonomy":"product_brand","embeddable":true,"href":"https:\/\/www.heddata.se\/webbutik\/wp-json\/wp\/v2\/product_brand?post=94246"},{"taxonomy":"product_cat","embeddable":true,"href":"https:\/\/www.heddata.se\/webbutik\/wp-json\/wp\/v2\/product_cat?post=94246"},{"taxonomy":"product_tag","embeddable":true,"href":"https:\/\/www.heddata.se\/webbutik\/wp-json\/wp\/v2\/product_tag?post=94246"}],"curies":[{"name":"wp","href":"https:\/\/api.w.org\/{rel}","templated":true}]}}