{"id":94042,"date":"2023-05-30T11:18:16","date_gmt":"2023-05-30T09:18:16","guid":{"rendered":"https:\/\/www.heddata.se\/webbutik\/?post_type=product&#038;p=94042"},"modified":"2026-05-01T11:12:36","modified_gmt":"2026-05-01T09:12:36","slug":"bluetooth-horlurar-maximal-batteritid-5-timmar-inbygd-mikrofon-stod-for-roststyrning-volymkontroll-oronvingar-svart-hpbt8000bk","status":"publish","type":"product","link":"https:\/\/www.heddata.se\/webbutik\/produkt\/bluetooth-horlurar-maximal-batteritid-5-timmar-inbygd-mikrofon-stod-for-roststyrning-volymkontroll-oronvingar-svart-hpbt8000bk\/","title":{"rendered":"Bluetooth\u00ae H\u00f6rlurar Maximal batteritid: 5 timmar | Inbygd mikrofon | St\u00f6d f\u00f6r r\u00f6ststyrning | Volymkontroll | \u00d6ronvingar | Svart &#8211; HPBT8000BK"},"content":{"rendered":"<p>Bluetooth\u00ae H\u00f6rlurar Maximal batteritid: 5 timmar | Inbygd mikrofon | St\u00f6d f\u00f6r r\u00f6ststyrning | Volymkontroll | \u00d6ronvingar | Svart &#8211; HPBT8000BK<\/p>\n<p>Bluetooth v 5.0 &#8211; f\u00f6r snabb \u00f6verf\u00f6ring och l\u00e5g str\u00f6mf\u00f6rbrukning<br \/>\n12 mm dynamiskt h\u00f6gtalarelement f\u00f6r kristallklart ljud som g\u00f6r att du kan njuta av din favoritmusik fullt ut<br \/>\nInbyggd HD-mikrofon och brusreducering f\u00f6r <a href=\"https:\/\/www.heddata.se\/webbutik\/telefon-surfplattor\/mobiltelefoner\/\">handsfree-samtal<\/a> med h\u00f6g kvalitet<br \/>\nKontrollpanel f\u00f6r att justera volymen till perfekt niv\u00e5<br \/>\nInternt 80 mAh-batteri &#8211; upp till 5 timmars speltid och 180 timmars standbytid<br \/>\nOlika storlekar p\u00e5 \u00f6ronpluggar och \u00f6ronvingar f\u00f6r \u00f6verl\u00e4gsen bekv\u00e4mlighet f\u00f6r alla \u00f6ron<\/p>\n<p>L\u00e4tta och svetts\u00e4kra h\u00f6rlurar med flexibla, ergonomiska \u00f6ronvingar som g\u00f6r att du kan njuta av musik \u00e4ven under tuffa tr\u00e4ningspass.<\/p>\n<h4><a href=\"https:\/\/nedis.se\/sv-se\" target=\"_blank\" rel=\"noopener\"><strong>Produktspecifikationer<\/strong><\/a><\/h4>\n<table class=\"table table-with-odd-background\">\n<tbody>\n<tr>\n<td class=\"col-4\">Bredd<\/td>\n<td class=\"col-8\">670 mm<\/td>\n<\/tr>\n<tr>\n<td class=\"col-4\">H\u00f6jd<\/td>\n<td class=\"col-8\">17 mm<\/td>\n<\/tr>\n<tr>\n<td class=\"col-4\">Djup<\/td>\n<td class=\"col-8\">27 mm<\/td>\n<\/tr>\n<tr>\n<td class=\"col-4\">Vikt<\/td>\n<td class=\"col-8\">18 g<\/td>\n<\/tr>\n<tr>\n<td class=\"col-4\">F\u00e4rg<\/td>\n<td class=\"col-8\">Svart<\/td>\n<\/tr>\n<tr>\n<td class=\"col-4\">Kabelns utformning<\/td>\n<td class=\"col-8\">Platt<\/td>\n<\/tr>\n<tr>\n<td class=\"col-4\">Material<\/td>\n<td class=\"col-8\">ABS<br \/>\nPVC<\/td>\n<\/tr>\n<tr>\n<td class=\"col-4\">Inbygd mikrofon<\/td>\n<td class=\"col-8\">Ja<\/td>\n<\/tr>\n<tr>\n<td class=\"col-4\">Uppladdningsbara<\/td>\n<td class=\"col-8\">Ja<\/td>\n<\/tr>\n<tr>\n<td class=\"col-4\">Maximal s\u00e4ndningseffekt<\/td>\n<td class=\"col-8\">4 dBm<\/td>\n<\/tr>\n<tr>\n<td class=\"col-4\">Bluetooth\u00ae signalstyrka<\/td>\n<td class=\"col-8\">10 m<\/td>\n<\/tr>\n<tr>\n<td class=\"col-4\">Frekvenstid<\/td>\n<td class=\"col-8\">20 Hz &#8211; 20 kHz<\/td>\n<\/tr>\n<tr>\n<td class=\"col-4\">H\u00f6rlurstyp<\/td>\n<td class=\"col-8\">In-Ear<\/td>\n<\/tr>\n<tr>\n<td class=\"col-4\">Typ av kontrollknapp<\/td>\n<td class=\"col-8\">Tryck p\u00e5 Kontroll<\/td>\n<\/tr>\n<tr>\n<td class=\"col-4\">Bluetooth\u00ae kodeks som st\u00f6ds<\/td>\n<td class=\"col-8\">SBC<\/td>\n<\/tr>\n<tr>\n<td class=\"col-4\">Tr\u00e5dl\u00f6s teknologi som st\u00f6ds<\/td>\n<td class=\"col-8\">Bluetooth\u00ae<\/td>\n<\/tr>\n<tr>\n<td class=\"col-4\">\u00d6rspetsstorlekar ing\u00e5r<\/td>\n<td class=\"col-8\">2x S<br \/>\n2x M<br \/>\n2x L.<\/td>\n<\/tr>\n<tr>\n<td class=\"col-4\">Enhetens str\u00f6minmatningsanslutning<\/td>\n<td class=\"col-8\">Micro USB<\/td>\n<\/tr>\n<tr>\n<td class=\"col-4\">Typ av str\u00f6mk\u00e4lla<\/td>\n<td class=\"col-8\">Batteridriven<\/td>\n<\/tr>\n<tr>\n<td class=\"col-4\">Bluetooth\u00ae profiler som st\u00f6ds<\/td>\n<td class=\"col-8\">AVRCP<br \/>\nHFP<br \/>\nHSP<br \/>\nA2D<\/td>\n<\/tr>\n<tr>\n<td class=\"col-4\">Str\u00f6mkabel sida B<\/td>\n<td class=\"col-8\">Micro USB<\/td>\n<\/tr>\n<tr>\n<td class=\"col-4\">Str\u00f6mbakel sida A<\/td>\n<td class=\"col-8\">USB<\/td>\n<\/tr>\n<tr>\n<td class=\"col-4\">Batteritypsenergi<\/td>\n<td class=\"col-8\">Built-In Lithium-Ion<\/td>\n<\/tr>\n<tr>\n<td class=\"col-4\">Insp\u00e4nning<\/td>\n<td class=\"col-8\">5 V DC<\/td>\n<\/tr>\n<tr>\n<td class=\"col-4\">Volymkontroll<\/td>\n<td class=\"col-8\">Ja<\/td>\n<\/tr>\n<tr>\n<td class=\"col-4\">Bluetooth\u00ae verision<\/td>\n<td class=\"col-8\">5.0<\/td>\n<\/tr>\n<tr>\n<td class=\"col-4\">St\u00f6d f\u00f6r r\u00f6ststyrning<\/td>\n<td class=\"col-8\">Google Assistant<br \/>\nSiri<\/td>\n<\/tr>\n<tr>\n<td class=\"col-4\">Impedans<\/td>\n<td class=\"col-8\">16 Ohm<\/td>\n<\/tr>\n<tr>\n<td class=\"col-4\">\u00d6ronvingar<\/td>\n<td class=\"col-8\">Ja<\/td>\n<\/tr>\n<tr>\n<td class=\"col-4\">S\u00e4nd frekvensomr\u00e5det<\/td>\n<td class=\"col-8\">2402 &#8211; 2480 MHz<\/td>\n<\/tr>\n<tr>\n<td class=\"col-4\">N\u00e4tkontakt<\/td>\n<td class=\"col-8\">USB<\/td>\n<\/tr>\n<tr>\n<td class=\"col-4\">Ing\u00e5ngsstr\u00f6m<\/td>\n<td class=\"col-8\">0.5 A<\/td>\n<\/tr>\n<tr>\n<td class=\"col-4\">Kontakt typ<\/td>\n<td class=\"col-8\">Tr\u00e5dl\u00f6s<\/td>\n<\/tr>\n<tr>\n<td class=\"col-4\">Batterikapacitet<\/td>\n<td class=\"col-8\">80 mAh<\/td>\n<\/tr>\n<tr>\n<td class=\"col-4\">Antal varor i paketet<\/td>\n<td class=\"col-8\">1 st.<\/td>\n<\/tr>\n<tr>\n<td class=\"col-4\">Maximal antennf\u00f6rst\u00e4rkning<\/td>\n<td class=\"col-8\">1.69 dBi<\/td>\n<\/tr>\n<tr>\n<td class=\"col-4\">Str\u00f6mkabel l\u00e4ngd<\/td>\n<td class=\"col-8\">0.15 m<\/td>\n<\/tr>\n<tr>\n<td class=\"col-4\">Driver Storlek<\/td>\n<td class=\"col-8\">12 mm<\/td>\n<\/tr>\n<tr>\n<td class=\"col-4\">Maximal batteritid<\/td>\n<td class=\"col-8\">5 timmar<\/td>\n<\/tr>\n<tr>\n<td class=\"col-4\">Maximal batteriladdningstid<\/td>\n<td class=\"col-8\">2 timmar<\/td>\n<\/tr>\n<tr>\n<td class=\"col-4\">Maximal standby tid<\/td>\n<td class=\"col-8\">200 timmar<\/td>\n<\/tr>\n<\/tbody>\n<\/table>\n","protected":false},"excerpt":{"rendered":"<p>Bluetooth\u00ae H\u00f6rlurar Maximal batteritid: 5 timmar | Inbygd mikrofon | St\u00f6d f\u00f6r r\u00f6ststyrning | Volymkontroll | \u00d6ronvingar | Svart &#8211; HPBT8000BK<\/p>\n","protected":false},"featured_media":94050,"template":"","meta":[],"product_brand":[],"product_cat":[128,126,119],"product_tag":[],"class_list":{"0":"post-94042","1":"product","2":"type-product","3":"status-publish","4":"has-post-thumbnail","6":"product_cat-headset-horlurar-med-bluetooth","7":"product_cat-headset-horlurar-med-mikrofon","8":"product_cat-horlurar-headset","10":"first","11":"instock","12":"taxable","13":"shipping-taxable","14":"purchasable","15":"product-type-simple"},"yoast_head":"<!-- This site is optimized with the Yoast SEO Premium plugin v26.7 (Yoast SEO v26.7) - https:\/\/yoast.com\/wordpress\/plugins\/seo\/ -->\n<title>Bluetooth\u00ae H\u00f6rlurar Maximal batteritid: 5 timmar | Inbygd mikrofon<\/title>\n<meta name=\"description\" content=\"Bluetooth\u00ae H\u00f6rlurar Maximal batteritid: 5 timmar | Inbygd mikrofon | St\u00f6d f\u00f6r r\u00f6ststyrning | Volymkontroll | \u00d6ronvingar | Svart - HPBT8000BK\" \/>\n<meta name=\"robots\" content=\"index, follow, max-snippet:-1, max-image-preview:large, max-video-preview:-1\" \/>\n<link rel=\"canonical\" href=\"https:\/\/www.heddata.se\/webbutik\/produkt\/bluetooth-horlurar-maximal-batteritid-5-timmar-inbygd-mikrofon-stod-for-roststyrning-volymkontroll-oronvingar-svart-hpbt8000bk\/\" \/>\n<meta property=\"og:locale\" content=\"sv_SE\" \/>\n<meta property=\"og:type\" content=\"article\" \/>\n<meta property=\"og:title\" content=\"Bluetooth\u00ae H\u00f6rlurar Maximal batteritid: 5 timmar | Inbygd mikrofon | St\u00f6d f\u00f6r r\u00f6ststyrning | Volymkontroll | \u00d6ronvingar | Svart - HPBT8000BK\" \/>\n<meta property=\"og:description\" content=\"Bluetooth\u00ae H\u00f6rlurar Maximal batteritid: 5 timmar | Inbygd mikrofon | St\u00f6d f\u00f6r r\u00f6ststyrning | Volymkontroll | \u00d6ronvingar | Svart - HPBT8000BK\" \/>\n<meta property=\"og:url\" content=\"https:\/\/www.heddata.se\/webbutik\/produkt\/bluetooth-horlurar-maximal-batteritid-5-timmar-inbygd-mikrofon-stod-for-roststyrning-volymkontroll-oronvingar-svart-hpbt8000bk\/\" \/>\n<meta property=\"og:site_name\" content=\"Datorer, Skrivare, F\u00e4rgpatroner, Mobiltelefoner\" \/>\n<meta property=\"article:modified_time\" content=\"2026-05-01T09:12:36+00:00\" \/>\n<meta property=\"og:image\" content=\"https:\/\/www.heddata.se\/webbutik\/wp-content\/uploads\/webbutik\/kategorier\/horlurar\/hpbt8000bk.jpeg\" \/>\n\t<meta property=\"og:image:width\" content=\"1200\" \/>\n\t<meta property=\"og:image:height\" content=\"1200\" \/>\n\t<meta property=\"og:image:type\" content=\"image\/jpeg\" \/>\n<meta name=\"twitter:card\" content=\"summary_large_image\" \/>\n<meta name=\"twitter:label1\" content=\"Ber\u00e4knad l\u00e4stid\" \/>\n\t<meta name=\"twitter:data1\" content=\"1 minut\" \/>\n<script type=\"application\/ld+json\" class=\"yoast-schema-graph\">{\"@context\":\"https:\/\/schema.org\",\"@graph\":[{\"@type\":\"WebPage\",\"@id\":\"https:\/\/www.heddata.se\/webbutik\/produkt\/bluetooth-horlurar-maximal-batteritid-5-timmar-inbygd-mikrofon-stod-for-roststyrning-volymkontroll-oronvingar-svart-hpbt8000bk\/\",\"url\":\"https:\/\/www.heddata.se\/webbutik\/produkt\/bluetooth-horlurar-maximal-batteritid-5-timmar-inbygd-mikrofon-stod-for-roststyrning-volymkontroll-oronvingar-svart-hpbt8000bk\/\",\"name\":\"Bluetooth\u00ae H\u00f6rlurar Maximal batteritid: 5 timmar | Inbygd mikrofon\",\"isPartOf\":{\"@id\":\"https:\/\/www.heddata.se\/webbutik\/#website\"},\"primaryImageOfPage\":{\"@id\":\"https:\/\/www.heddata.se\/webbutik\/produkt\/bluetooth-horlurar-maximal-batteritid-5-timmar-inbygd-mikrofon-stod-for-roststyrning-volymkontroll-oronvingar-svart-hpbt8000bk\/#primaryimage\"},\"image\":{\"@id\":\"https:\/\/www.heddata.se\/webbutik\/produkt\/bluetooth-horlurar-maximal-batteritid-5-timmar-inbygd-mikrofon-stod-for-roststyrning-volymkontroll-oronvingar-svart-hpbt8000bk\/#primaryimage\"},\"thumbnailUrl\":\"https:\/\/www.heddata.se\/webbutik\/wp-content\/uploads\/webbutik\/kategorier\/horlurar\/hpbt8000bk.jpeg\",\"datePublished\":\"2023-05-30T09:18:16+00:00\",\"dateModified\":\"2026-05-01T09:12:36+00:00\",\"description\":\"Bluetooth\u00ae H\u00f6rlurar Maximal batteritid: 5 timmar | Inbygd mikrofon | St\u00f6d f\u00f6r r\u00f6ststyrning | Volymkontroll | \u00d6ronvingar | Svart - HPBT8000BK\",\"breadcrumb\":{\"@id\":\"https:\/\/www.heddata.se\/webbutik\/produkt\/bluetooth-horlurar-maximal-batteritid-5-timmar-inbygd-mikrofon-stod-for-roststyrning-volymkontroll-oronvingar-svart-hpbt8000bk\/#breadcrumb\"},\"inLanguage\":\"sv-SE\",\"potentialAction\":[{\"@type\":\"ReadAction\",\"target\":[\"https:\/\/www.heddata.se\/webbutik\/produkt\/bluetooth-horlurar-maximal-batteritid-5-timmar-inbygd-mikrofon-stod-for-roststyrning-volymkontroll-oronvingar-svart-hpbt8000bk\/\"]}]},{\"@type\":\"ImageObject\",\"inLanguage\":\"sv-SE\",\"@id\":\"https:\/\/www.heddata.se\/webbutik\/produkt\/bluetooth-horlurar-maximal-batteritid-5-timmar-inbygd-mikrofon-stod-for-roststyrning-volymkontroll-oronvingar-svart-hpbt8000bk\/#primaryimage\",\"url\":\"https:\/\/www.heddata.se\/webbutik\/wp-content\/uploads\/webbutik\/kategorier\/horlurar\/hpbt8000bk.jpeg\",\"contentUrl\":\"https:\/\/www.heddata.se\/webbutik\/wp-content\/uploads\/webbutik\/kategorier\/horlurar\/hpbt8000bk.jpeg\",\"width\":1200,\"height\":1200,\"caption\":\"Bluetooth\u00ae H\u00f6rlurar Maximal batteritid\"},{\"@type\":\"BreadcrumbList\",\"@id\":\"https:\/\/www.heddata.se\/webbutik\/produkt\/bluetooth-horlurar-maximal-batteritid-5-timmar-inbygd-mikrofon-stod-for-roststyrning-volymkontroll-oronvingar-svart-hpbt8000bk\/#breadcrumb\",\"itemListElement\":[{\"@type\":\"ListItem\",\"position\":1,\"name\":\"Hem\",\"item\":\"https:\/\/www.heddata.se\/webbutik\/\"},{\"@type\":\"ListItem\",\"position\":2,\"name\":\"Produkter\",\"item\":\"https:\/\/www.heddata.se\/webbutik\/shop\/\"},{\"@type\":\"ListItem\",\"position\":3,\"name\":\"Bluetooth\u00ae H\u00f6rlurar Maximal batteritid: 5 timmar | Inbygd mikrofon | St\u00f6d f\u00f6r r\u00f6ststyrning | Volymkontroll | \u00d6ronvingar | Svart &#8211; HPBT8000BK\"}]},{\"@type\":\"WebSite\",\"@id\":\"https:\/\/www.heddata.se\/webbutik\/#website\",\"url\":\"https:\/\/www.heddata.se\/webbutik\/\",\"name\":\"Datorer, Skrivare, F\u00e4rgpatroner, Mobiltelefoner\",\"description\":\"Kablar\",\"publisher\":{\"@id\":\"https:\/\/www.heddata.se\/webbutik\/#organization\"},\"potentialAction\":[{\"@type\":\"SearchAction\",\"target\":{\"@type\":\"EntryPoint\",\"urlTemplate\":\"https:\/\/www.heddata.se\/webbutik\/?s={search_term_string}\"},\"query-input\":{\"@type\":\"PropertyValueSpecification\",\"valueRequired\":true,\"valueName\":\"search_term_string\"}}],\"inLanguage\":\"sv-SE\"},{\"@type\":\"Organization\",\"@id\":\"https:\/\/www.heddata.se\/webbutik\/#organization\",\"name\":\"Heddata AB\",\"url\":\"https:\/\/www.heddata.se\/webbutik\/\",\"logo\":{\"@type\":\"ImageObject\",\"inLanguage\":\"sv-SE\",\"@id\":\"https:\/\/www.heddata.se\/webbutik\/#\/schema\/logo\/image\/\",\"url\":\"https:\/\/www.heddata.se\/webbutik\/wp-content\/uploads\/logga\/heddata-ab-logga.png\",\"contentUrl\":\"https:\/\/www.heddata.se\/webbutik\/wp-content\/uploads\/logga\/heddata-ab-logga.png\",\"width\":200,\"height\":64,\"caption\":\"Heddata AB\"},\"image\":{\"@id\":\"https:\/\/www.heddata.se\/webbutik\/#\/schema\/logo\/image\/\"}}]}<\/script>\n<!-- \/ Yoast SEO Premium plugin. -->","yoast_head_json":{"title":"Bluetooth\u00ae H\u00f6rlurar Maximal batteritid: 5 timmar | Inbygd mikrofon","description":"Bluetooth\u00ae H\u00f6rlurar Maximal batteritid: 5 timmar | Inbygd mikrofon | St\u00f6d f\u00f6r r\u00f6ststyrning | Volymkontroll | \u00d6ronvingar | Svart - HPBT8000BK","robots":{"index":"index","follow":"follow","max-snippet":"max-snippet:-1","max-image-preview":"max-image-preview:large","max-video-preview":"max-video-preview:-1"},"canonical":"https:\/\/www.heddata.se\/webbutik\/produkt\/bluetooth-horlurar-maximal-batteritid-5-timmar-inbygd-mikrofon-stod-for-roststyrning-volymkontroll-oronvingar-svart-hpbt8000bk\/","og_locale":"sv_SE","og_type":"article","og_title":"Bluetooth\u00ae H\u00f6rlurar Maximal batteritid: 5 timmar | Inbygd mikrofon | St\u00f6d f\u00f6r r\u00f6ststyrning | Volymkontroll | \u00d6ronvingar | Svart - HPBT8000BK","og_description":"Bluetooth\u00ae H\u00f6rlurar Maximal batteritid: 5 timmar | Inbygd mikrofon | St\u00f6d f\u00f6r r\u00f6ststyrning | Volymkontroll | \u00d6ronvingar | Svart - HPBT8000BK","og_url":"https:\/\/www.heddata.se\/webbutik\/produkt\/bluetooth-horlurar-maximal-batteritid-5-timmar-inbygd-mikrofon-stod-for-roststyrning-volymkontroll-oronvingar-svart-hpbt8000bk\/","og_site_name":"Datorer, Skrivare, F\u00e4rgpatroner, Mobiltelefoner","article_modified_time":"2026-05-01T09:12:36+00:00","og_image":[{"width":1200,"height":1200,"url":"https:\/\/www.heddata.se\/webbutik\/wp-content\/uploads\/webbutik\/kategorier\/horlurar\/hpbt8000bk.jpeg","type":"image\/jpeg"}],"twitter_card":"summary_large_image","twitter_misc":{"Ber\u00e4knad l\u00e4stid":"1 minut"},"schema":{"@context":"https:\/\/schema.org","@graph":[{"@type":"WebPage","@id":"https:\/\/www.heddata.se\/webbutik\/produkt\/bluetooth-horlurar-maximal-batteritid-5-timmar-inbygd-mikrofon-stod-for-roststyrning-volymkontroll-oronvingar-svart-hpbt8000bk\/","url":"https:\/\/www.heddata.se\/webbutik\/produkt\/bluetooth-horlurar-maximal-batteritid-5-timmar-inbygd-mikrofon-stod-for-roststyrning-volymkontroll-oronvingar-svart-hpbt8000bk\/","name":"Bluetooth\u00ae H\u00f6rlurar Maximal batteritid: 5 timmar | Inbygd mikrofon","isPartOf":{"@id":"https:\/\/www.heddata.se\/webbutik\/#website"},"primaryImageOfPage":{"@id":"https:\/\/www.heddata.se\/webbutik\/produkt\/bluetooth-horlurar-maximal-batteritid-5-timmar-inbygd-mikrofon-stod-for-roststyrning-volymkontroll-oronvingar-svart-hpbt8000bk\/#primaryimage"},"image":{"@id":"https:\/\/www.heddata.se\/webbutik\/produkt\/bluetooth-horlurar-maximal-batteritid-5-timmar-inbygd-mikrofon-stod-for-roststyrning-volymkontroll-oronvingar-svart-hpbt8000bk\/#primaryimage"},"thumbnailUrl":"https:\/\/www.heddata.se\/webbutik\/wp-content\/uploads\/webbutik\/kategorier\/horlurar\/hpbt8000bk.jpeg","datePublished":"2023-05-30T09:18:16+00:00","dateModified":"2026-05-01T09:12:36+00:00","description":"Bluetooth\u00ae H\u00f6rlurar Maximal batteritid: 5 timmar | Inbygd mikrofon | St\u00f6d f\u00f6r r\u00f6ststyrning | Volymkontroll | \u00d6ronvingar | Svart - HPBT8000BK","breadcrumb":{"@id":"https:\/\/www.heddata.se\/webbutik\/produkt\/bluetooth-horlurar-maximal-batteritid-5-timmar-inbygd-mikrofon-stod-for-roststyrning-volymkontroll-oronvingar-svart-hpbt8000bk\/#breadcrumb"},"inLanguage":"sv-SE","potentialAction":[{"@type":"ReadAction","target":["https:\/\/www.heddata.se\/webbutik\/produkt\/bluetooth-horlurar-maximal-batteritid-5-timmar-inbygd-mikrofon-stod-for-roststyrning-volymkontroll-oronvingar-svart-hpbt8000bk\/"]}]},{"@type":"ImageObject","inLanguage":"sv-SE","@id":"https:\/\/www.heddata.se\/webbutik\/produkt\/bluetooth-horlurar-maximal-batteritid-5-timmar-inbygd-mikrofon-stod-for-roststyrning-volymkontroll-oronvingar-svart-hpbt8000bk\/#primaryimage","url":"https:\/\/www.heddata.se\/webbutik\/wp-content\/uploads\/webbutik\/kategorier\/horlurar\/hpbt8000bk.jpeg","contentUrl":"https:\/\/www.heddata.se\/webbutik\/wp-content\/uploads\/webbutik\/kategorier\/horlurar\/hpbt8000bk.jpeg","width":1200,"height":1200,"caption":"Bluetooth\u00ae H\u00f6rlurar Maximal batteritid"},{"@type":"BreadcrumbList","@id":"https:\/\/www.heddata.se\/webbutik\/produkt\/bluetooth-horlurar-maximal-batteritid-5-timmar-inbygd-mikrofon-stod-for-roststyrning-volymkontroll-oronvingar-svart-hpbt8000bk\/#breadcrumb","itemListElement":[{"@type":"ListItem","position":1,"name":"Hem","item":"https:\/\/www.heddata.se\/webbutik\/"},{"@type":"ListItem","position":2,"name":"Produkter","item":"https:\/\/www.heddata.se\/webbutik\/shop\/"},{"@type":"ListItem","position":3,"name":"Bluetooth\u00ae H\u00f6rlurar Maximal batteritid: 5 timmar | Inbygd mikrofon | St\u00f6d f\u00f6r r\u00f6ststyrning | Volymkontroll | \u00d6ronvingar | Svart &#8211; HPBT8000BK"}]},{"@type":"WebSite","@id":"https:\/\/www.heddata.se\/webbutik\/#website","url":"https:\/\/www.heddata.se\/webbutik\/","name":"Datorer, Skrivare, F\u00e4rgpatroner, Mobiltelefoner","description":"Kablar","publisher":{"@id":"https:\/\/www.heddata.se\/webbutik\/#organization"},"potentialAction":[{"@type":"SearchAction","target":{"@type":"EntryPoint","urlTemplate":"https:\/\/www.heddata.se\/webbutik\/?s={search_term_string}"},"query-input":{"@type":"PropertyValueSpecification","valueRequired":true,"valueName":"search_term_string"}}],"inLanguage":"sv-SE"},{"@type":"Organization","@id":"https:\/\/www.heddata.se\/webbutik\/#organization","name":"Heddata AB","url":"https:\/\/www.heddata.se\/webbutik\/","logo":{"@type":"ImageObject","inLanguage":"sv-SE","@id":"https:\/\/www.heddata.se\/webbutik\/#\/schema\/logo\/image\/","url":"https:\/\/www.heddata.se\/webbutik\/wp-content\/uploads\/logga\/heddata-ab-logga.png","contentUrl":"https:\/\/www.heddata.se\/webbutik\/wp-content\/uploads\/logga\/heddata-ab-logga.png","width":200,"height":64,"caption":"Heddata AB"},"image":{"@id":"https:\/\/www.heddata.se\/webbutik\/#\/schema\/logo\/image\/"}}]}},"_links":{"self":[{"href":"https:\/\/www.heddata.se\/webbutik\/wp-json\/wp\/v2\/product\/94042","targetHints":{"allow":["GET"]}}],"collection":[{"href":"https:\/\/www.heddata.se\/webbutik\/wp-json\/wp\/v2\/product"}],"about":[{"href":"https:\/\/www.heddata.se\/webbutik\/wp-json\/wp\/v2\/types\/product"}],"wp:featuredmedia":[{"embeddable":true,"href":"https:\/\/www.heddata.se\/webbutik\/wp-json\/wp\/v2\/media\/94050"}],"wp:attachment":[{"href":"https:\/\/www.heddata.se\/webbutik\/wp-json\/wp\/v2\/media?parent=94042"}],"wp:term":[{"taxonomy":"product_brand","embeddable":true,"href":"https:\/\/www.heddata.se\/webbutik\/wp-json\/wp\/v2\/product_brand?post=94042"},{"taxonomy":"product_cat","embeddable":true,"href":"https:\/\/www.heddata.se\/webbutik\/wp-json\/wp\/v2\/product_cat?post=94042"},{"taxonomy":"product_tag","embeddable":true,"href":"https:\/\/www.heddata.se\/webbutik\/wp-json\/wp\/v2\/product_tag?post=94042"}],"curies":[{"name":"wp","href":"https:\/\/api.w.org\/{rel}","templated":true}]}}