{"id":94028,"date":"2023-05-25T11:18:05","date_gmt":"2023-05-25T09:18:05","guid":{"rendered":"https:\/\/www.heddata.se\/webbutik\/?post_type=product&#038;p=94028"},"modified":"2026-05-15T18:08:48","modified_gmt":"2026-05-15T16:08:48","slug":"dokumentforstorare-basic-s8-cd-hama-svart","status":"publish","type":"product","link":"https:\/\/www.heddata.se\/webbutik\/produkt\/dokumentforstorare-basic-s8-cd-hama-svart\/","title":{"rendered":"Dokumentf\u00f6rst\u00f6rare Basic S8 CD Hama Svart"},"content":{"rendered":"<p>Dokumentf\u00f6rst\u00f6rare Basic S8 CD Hama Svart<\/p>\n<p class=\"productDesc list-view-desc small-text-dark\"><a href=\"https:\/\/www.hama.com\/\" target=\"_blank\" rel=\"noopener\">HAMA<\/a> Dokumentf\u00f6rst\u00f6rare Basic S8CD med s\u00e4kerhetsniv\u00e5 P2 T1. Strimlande dokumentf\u00f6rst\u00f6rare f\u00f6r upp till 8 ark DIN A4-papper (80 g \/ m2) \u00e5t g\u00e5ngen. Strimlar ocks\u00e5 CD \/ DVD \/ Blu-ray och plastkort. Inkluderar papperskorg (11 liter) med tittf\u00f6nster. CD \/ DVD \/ Blu-ray-skivor och plastkort kan f\u00f6rst\u00f6ras via en separat ing\u00e5ng. Separat uppsamlingsbeh\u00e5llare f\u00f6r CD \/ <a href=\"https:\/\/www.heddata.se\/webbutik\/hemelektronik\/dvd-spelare\/\">DVD<\/a> \/ Blu-ray och plastkort. Enheten st\u00e4ngs av automatiskt f\u00f6r att undvika skador p\u00e5 enheten. H\u00f6gkvalitets sk\u00e4rrullar av st\u00e5l som \u00e4r resistenta mot klammer.<\/p>\n<p>Dags f\u00f6r en rensning? D\u00e5 ska du omsorgsfullt strimla CD-skivor etc. innan du sl\u00e4nger dem. Med en 11-liters uppsamlingsbeh\u00e5llare, en avsedd korg f\u00f6r CD-skivor och automatisk start\/stopp-funktion kan alla typer av gamla dokument strimlas med den h\u00e4r dokumentf\u00f6rst\u00f6raren f\u00f6r hemmabruk.<\/p>\n<p>Automatisk start\/stopp-funktion: sk\u00e4rrullarna startar automatiskt s\u00e5 snart materialet som ska strimlas matas in och stoppas s\u00e5 snart strimlingsprocessen \u00e4r klar.<\/p>\n<p>Omv\u00e4nd funktion: s\u00e4rskilt anv\u00e4ndbart om ett fastnat dokument beh\u00f6ver frig\u00f6ras igen med hj\u00e4lp av knappen f\u00f6r automatisk och omv\u00e4nd.<\/p>\n<p>S\u00e4kerhetsmekanism f\u00f6rhindrar drift om enhetshuvudet inte \u00e4r korrekt isatt i papperskorgen.<\/p>\n<p>F\u00f6rpackningen inneh\u00e5ller:<\/p>\n<ul class=\"small-text-dark desc-list\">\n<li>Dokumentf\u00f6rst\u00f6rare &#8221;Basic S8CD&#8221;<\/li>\n<li>11-liters papperskorg<\/li>\n<li>0,6-liters korg f\u00f6r CD \/ DVD \/ Blu-str\u00e5lar \/ plastkort<\/li>\n<li>Bruksanvisning<\/li>\n<li>Svart<\/li>\n<li>M\u00e5tt (BxDxH): 30,6 x 15,5 x 37,3 cm<\/li>\n<li>Max. Sk\u00e4rprestanda &#8211; Papper (70 g \/ m\u00b2): 9 st<\/li>\n<li>Max. Sk\u00e4rprestanda &#8211; pappersark: (80 g \/ m\u00b2): 8 stycken<\/li>\n<li>N\u00e4tanslutning: 220 &#8211; 240 V ~<\/li>\n<li>Skyddsklass: 1<\/li>\n<li>Dokumentf\u00f6rst\u00f6rare (DIN 66399): P-2, T-1<\/li>\n<li>(CD \/ DVD \/ Blu-ray-skiva): 42 mm, Strip-Cut, Strimstorlek<\/li>\n<li>Strimstorlek (papper): 6 mm, Strip-Cut<\/li>\n<li>(plastkort): 42 mm, Strip-Cut, Strimstorlek<\/li>\n<li>Strimlar Blu-ray-skivor, CD-skivor, chipkort, DVD-skivor, magnetband, papper, plastkort<\/li>\n<li>Kapacitet (CD \/ DVD \/ Plastkort \/ Blu-ray-skivor): 0,6 l<\/li>\n<li>Kapacitet (papper): 11 l<\/li>\n<li>Max. Ljudniv\u00e5: 70 dB<\/li>\n<li>Max. Matarbredd: 220 mm<\/li>\n<li>Max. Permanent drift: 2 min<\/li>\n<li>Max. Strimlingshastighet: 2,8 m \/ min<\/li>\n<li>Termisk vilotid: 30 minuter<\/li>\n<\/ul>\n","protected":false},"excerpt":{"rendered":"<p>Dokumentf\u00f6rst\u00f6rare Basic S8 CD Hama Svart<\/p>\n","protected":false},"featured_media":94032,"template":"","meta":[],"product_brand":[],"product_cat":[68],"product_tag":[],"class_list":{"0":"post-94028","1":"product","2":"type-product","3":"status-publish","4":"has-post-thumbnail","6":"product_cat-kontorstillbehor","8":"first","9":"instock","10":"taxable","11":"shipping-taxable","12":"purchasable","13":"product-type-simple"},"yoast_head":"<!-- This site is optimized with the Yoast SEO Premium plugin v26.7 (Yoast SEO v26.7) - https:\/\/yoast.com\/wordpress\/plugins\/seo\/ -->\n<title>Dokumentf\u00f6rst\u00f6rare Basic S8 CD Hama Svart s\u00e4kerhetsniv\u00e5 P2 T1<\/title>\n<meta name=\"description\" content=\"Dokumentf\u00f6rst\u00f6rare Basic S8 CD Hama Svart. Strimlande dokumentf\u00f6rst\u00f6rare f\u00f6r upp till 8 ark DIN A4-papper (80 g \/ m2) \u00e5t g\u00e5ngen\" \/>\n<meta name=\"robots\" content=\"index, follow, max-snippet:-1, max-image-preview:large, max-video-preview:-1\" \/>\n<link rel=\"canonical\" href=\"https:\/\/www.heddata.se\/webbutik\/produkt\/dokumentforstorare-basic-s8-cd-hama-svart\/\" \/>\n<meta property=\"og:locale\" content=\"sv_SE\" \/>\n<meta property=\"og:type\" content=\"article\" \/>\n<meta property=\"og:title\" content=\"Dokumentf\u00f6rst\u00f6rare Basic S8 CD Hama Svart\" \/>\n<meta property=\"og:description\" content=\"Dokumentf\u00f6rst\u00f6rare Basic S8 CD Hama Svart. Strimlande dokumentf\u00f6rst\u00f6rare f\u00f6r upp till 8 ark DIN A4-papper (80 g \/ m2) \u00e5t g\u00e5ngen\" \/>\n<meta property=\"og:url\" content=\"https:\/\/www.heddata.se\/webbutik\/produkt\/dokumentforstorare-basic-s8-cd-hama-svart\/\" \/>\n<meta property=\"og:site_name\" content=\"Datorer, Skrivare, F\u00e4rgpatroner, Mobiltelefoner\" \/>\n<meta property=\"article:modified_time\" content=\"2026-05-15T16:08:48+00:00\" \/>\n<meta property=\"og:image\" content=\"https:\/\/www.heddata.se\/webbutik\/wp-content\/uploads\/webbutik\/kategorier\/kontorstillbehor\/8558208.jpg\" \/>\n\t<meta property=\"og:image:width\" content=\"700\" \/>\n\t<meta property=\"og:image:height\" content=\"700\" \/>\n\t<meta property=\"og:image:type\" content=\"image\/jpeg\" \/>\n<meta name=\"twitter:card\" content=\"summary_large_image\" \/>\n<meta name=\"twitter:label1\" content=\"Ber\u00e4knad l\u00e4stid\" \/>\n\t<meta name=\"twitter:data1\" content=\"2 minuter\" \/>\n<script type=\"application\/ld+json\" class=\"yoast-schema-graph\">{\"@context\":\"https:\/\/schema.org\",\"@graph\":[{\"@type\":\"WebPage\",\"@id\":\"https:\/\/www.heddata.se\/webbutik\/produkt\/dokumentforstorare-basic-s8-cd-hama-svart\/\",\"url\":\"https:\/\/www.heddata.se\/webbutik\/produkt\/dokumentforstorare-basic-s8-cd-hama-svart\/\",\"name\":\"Dokumentf\u00f6rst\u00f6rare Basic S8 CD Hama Svart s\u00e4kerhetsniv\u00e5 P2 T1\",\"isPartOf\":{\"@id\":\"https:\/\/www.heddata.se\/webbutik\/#website\"},\"primaryImageOfPage\":{\"@id\":\"https:\/\/www.heddata.se\/webbutik\/produkt\/dokumentforstorare-basic-s8-cd-hama-svart\/#primaryimage\"},\"image\":{\"@id\":\"https:\/\/www.heddata.se\/webbutik\/produkt\/dokumentforstorare-basic-s8-cd-hama-svart\/#primaryimage\"},\"thumbnailUrl\":\"https:\/\/www.heddata.se\/webbutik\/wp-content\/uploads\/webbutik\/kategorier\/kontorstillbehor\/8558208.jpg\",\"datePublished\":\"2023-05-25T09:18:05+00:00\",\"dateModified\":\"2026-05-15T16:08:48+00:00\",\"description\":\"Dokumentf\u00f6rst\u00f6rare Basic S8 CD Hama Svart. Strimlande dokumentf\u00f6rst\u00f6rare f\u00f6r upp till 8 ark DIN A4-papper (80 g \/ m2) \u00e5t g\u00e5ngen\",\"breadcrumb\":{\"@id\":\"https:\/\/www.heddata.se\/webbutik\/produkt\/dokumentforstorare-basic-s8-cd-hama-svart\/#breadcrumb\"},\"inLanguage\":\"sv-SE\",\"potentialAction\":[{\"@type\":\"ReadAction\",\"target\":[\"https:\/\/www.heddata.se\/webbutik\/produkt\/dokumentforstorare-basic-s8-cd-hama-svart\/\"]}]},{\"@type\":\"ImageObject\",\"inLanguage\":\"sv-SE\",\"@id\":\"https:\/\/www.heddata.se\/webbutik\/produkt\/dokumentforstorare-basic-s8-cd-hama-svart\/#primaryimage\",\"url\":\"https:\/\/www.heddata.se\/webbutik\/wp-content\/uploads\/webbutik\/kategorier\/kontorstillbehor\/8558208.jpg\",\"contentUrl\":\"https:\/\/www.heddata.se\/webbutik\/wp-content\/uploads\/webbutik\/kategorier\/kontorstillbehor\/8558208.jpg\",\"width\":700,\"height\":700,\"caption\":\"Dokumentf\u00f6rst\u00f6rare Basic S8 CD\"},{\"@type\":\"BreadcrumbList\",\"@id\":\"https:\/\/www.heddata.se\/webbutik\/produkt\/dokumentforstorare-basic-s8-cd-hama-svart\/#breadcrumb\",\"itemListElement\":[{\"@type\":\"ListItem\",\"position\":1,\"name\":\"Hem\",\"item\":\"https:\/\/www.heddata.se\/webbutik\/\"},{\"@type\":\"ListItem\",\"position\":2,\"name\":\"Produkter\",\"item\":\"https:\/\/www.heddata.se\/webbutik\/shop\/\"},{\"@type\":\"ListItem\",\"position\":3,\"name\":\"Dokumentf\u00f6rst\u00f6rare Basic S8 CD Hama Svart\"}]},{\"@type\":\"WebSite\",\"@id\":\"https:\/\/www.heddata.se\/webbutik\/#website\",\"url\":\"https:\/\/www.heddata.se\/webbutik\/\",\"name\":\"Datorer, Skrivare, F\u00e4rgpatroner, Mobiltelefoner\",\"description\":\"Kablar\",\"publisher\":{\"@id\":\"https:\/\/www.heddata.se\/webbutik\/#organization\"},\"potentialAction\":[{\"@type\":\"SearchAction\",\"target\":{\"@type\":\"EntryPoint\",\"urlTemplate\":\"https:\/\/www.heddata.se\/webbutik\/?s={search_term_string}\"},\"query-input\":{\"@type\":\"PropertyValueSpecification\",\"valueRequired\":true,\"valueName\":\"search_term_string\"}}],\"inLanguage\":\"sv-SE\"},{\"@type\":\"Organization\",\"@id\":\"https:\/\/www.heddata.se\/webbutik\/#organization\",\"name\":\"Heddata AB\",\"url\":\"https:\/\/www.heddata.se\/webbutik\/\",\"logo\":{\"@type\":\"ImageObject\",\"inLanguage\":\"sv-SE\",\"@id\":\"https:\/\/www.heddata.se\/webbutik\/#\/schema\/logo\/image\/\",\"url\":\"https:\/\/www.heddata.se\/webbutik\/wp-content\/uploads\/logga\/heddata-ab-logga.png\",\"contentUrl\":\"https:\/\/www.heddata.se\/webbutik\/wp-content\/uploads\/logga\/heddata-ab-logga.png\",\"width\":200,\"height\":64,\"caption\":\"Heddata AB\"},\"image\":{\"@id\":\"https:\/\/www.heddata.se\/webbutik\/#\/schema\/logo\/image\/\"}}]}<\/script>\n<!-- \/ Yoast SEO Premium plugin. -->","yoast_head_json":{"title":"Dokumentf\u00f6rst\u00f6rare Basic S8 CD Hama Svart s\u00e4kerhetsniv\u00e5 P2 T1","description":"Dokumentf\u00f6rst\u00f6rare Basic S8 CD Hama Svart. Strimlande dokumentf\u00f6rst\u00f6rare f\u00f6r upp till 8 ark DIN A4-papper (80 g \/ m2) \u00e5t g\u00e5ngen","robots":{"index":"index","follow":"follow","max-snippet":"max-snippet:-1","max-image-preview":"max-image-preview:large","max-video-preview":"max-video-preview:-1"},"canonical":"https:\/\/www.heddata.se\/webbutik\/produkt\/dokumentforstorare-basic-s8-cd-hama-svart\/","og_locale":"sv_SE","og_type":"article","og_title":"Dokumentf\u00f6rst\u00f6rare Basic S8 CD Hama Svart","og_description":"Dokumentf\u00f6rst\u00f6rare Basic S8 CD Hama Svart. Strimlande dokumentf\u00f6rst\u00f6rare f\u00f6r upp till 8 ark DIN A4-papper (80 g \/ m2) \u00e5t g\u00e5ngen","og_url":"https:\/\/www.heddata.se\/webbutik\/produkt\/dokumentforstorare-basic-s8-cd-hama-svart\/","og_site_name":"Datorer, Skrivare, F\u00e4rgpatroner, Mobiltelefoner","article_modified_time":"2026-05-15T16:08:48+00:00","og_image":[{"width":700,"height":700,"url":"https:\/\/www.heddata.se\/webbutik\/wp-content\/uploads\/webbutik\/kategorier\/kontorstillbehor\/8558208.jpg","type":"image\/jpeg"}],"twitter_card":"summary_large_image","twitter_misc":{"Ber\u00e4knad l\u00e4stid":"2 minuter"},"schema":{"@context":"https:\/\/schema.org","@graph":[{"@type":"WebPage","@id":"https:\/\/www.heddata.se\/webbutik\/produkt\/dokumentforstorare-basic-s8-cd-hama-svart\/","url":"https:\/\/www.heddata.se\/webbutik\/produkt\/dokumentforstorare-basic-s8-cd-hama-svart\/","name":"Dokumentf\u00f6rst\u00f6rare Basic S8 CD Hama Svart s\u00e4kerhetsniv\u00e5 P2 T1","isPartOf":{"@id":"https:\/\/www.heddata.se\/webbutik\/#website"},"primaryImageOfPage":{"@id":"https:\/\/www.heddata.se\/webbutik\/produkt\/dokumentforstorare-basic-s8-cd-hama-svart\/#primaryimage"},"image":{"@id":"https:\/\/www.heddata.se\/webbutik\/produkt\/dokumentforstorare-basic-s8-cd-hama-svart\/#primaryimage"},"thumbnailUrl":"https:\/\/www.heddata.se\/webbutik\/wp-content\/uploads\/webbutik\/kategorier\/kontorstillbehor\/8558208.jpg","datePublished":"2023-05-25T09:18:05+00:00","dateModified":"2026-05-15T16:08:48+00:00","description":"Dokumentf\u00f6rst\u00f6rare Basic S8 CD Hama Svart. Strimlande dokumentf\u00f6rst\u00f6rare f\u00f6r upp till 8 ark DIN A4-papper (80 g \/ m2) \u00e5t g\u00e5ngen","breadcrumb":{"@id":"https:\/\/www.heddata.se\/webbutik\/produkt\/dokumentforstorare-basic-s8-cd-hama-svart\/#breadcrumb"},"inLanguage":"sv-SE","potentialAction":[{"@type":"ReadAction","target":["https:\/\/www.heddata.se\/webbutik\/produkt\/dokumentforstorare-basic-s8-cd-hama-svart\/"]}]},{"@type":"ImageObject","inLanguage":"sv-SE","@id":"https:\/\/www.heddata.se\/webbutik\/produkt\/dokumentforstorare-basic-s8-cd-hama-svart\/#primaryimage","url":"https:\/\/www.heddata.se\/webbutik\/wp-content\/uploads\/webbutik\/kategorier\/kontorstillbehor\/8558208.jpg","contentUrl":"https:\/\/www.heddata.se\/webbutik\/wp-content\/uploads\/webbutik\/kategorier\/kontorstillbehor\/8558208.jpg","width":700,"height":700,"caption":"Dokumentf\u00f6rst\u00f6rare Basic S8 CD"},{"@type":"BreadcrumbList","@id":"https:\/\/www.heddata.se\/webbutik\/produkt\/dokumentforstorare-basic-s8-cd-hama-svart\/#breadcrumb","itemListElement":[{"@type":"ListItem","position":1,"name":"Hem","item":"https:\/\/www.heddata.se\/webbutik\/"},{"@type":"ListItem","position":2,"name":"Produkter","item":"https:\/\/www.heddata.se\/webbutik\/shop\/"},{"@type":"ListItem","position":3,"name":"Dokumentf\u00f6rst\u00f6rare Basic S8 CD Hama Svart"}]},{"@type":"WebSite","@id":"https:\/\/www.heddata.se\/webbutik\/#website","url":"https:\/\/www.heddata.se\/webbutik\/","name":"Datorer, Skrivare, F\u00e4rgpatroner, Mobiltelefoner","description":"Kablar","publisher":{"@id":"https:\/\/www.heddata.se\/webbutik\/#organization"},"potentialAction":[{"@type":"SearchAction","target":{"@type":"EntryPoint","urlTemplate":"https:\/\/www.heddata.se\/webbutik\/?s={search_term_string}"},"query-input":{"@type":"PropertyValueSpecification","valueRequired":true,"valueName":"search_term_string"}}],"inLanguage":"sv-SE"},{"@type":"Organization","@id":"https:\/\/www.heddata.se\/webbutik\/#organization","name":"Heddata AB","url":"https:\/\/www.heddata.se\/webbutik\/","logo":{"@type":"ImageObject","inLanguage":"sv-SE","@id":"https:\/\/www.heddata.se\/webbutik\/#\/schema\/logo\/image\/","url":"https:\/\/www.heddata.se\/webbutik\/wp-content\/uploads\/logga\/heddata-ab-logga.png","contentUrl":"https:\/\/www.heddata.se\/webbutik\/wp-content\/uploads\/logga\/heddata-ab-logga.png","width":200,"height":64,"caption":"Heddata AB"},"image":{"@id":"https:\/\/www.heddata.se\/webbutik\/#\/schema\/logo\/image\/"}}]}},"_links":{"self":[{"href":"https:\/\/www.heddata.se\/webbutik\/wp-json\/wp\/v2\/product\/94028","targetHints":{"allow":["GET"]}}],"collection":[{"href":"https:\/\/www.heddata.se\/webbutik\/wp-json\/wp\/v2\/product"}],"about":[{"href":"https:\/\/www.heddata.se\/webbutik\/wp-json\/wp\/v2\/types\/product"}],"wp:featuredmedia":[{"embeddable":true,"href":"https:\/\/www.heddata.se\/webbutik\/wp-json\/wp\/v2\/media\/94032"}],"wp:attachment":[{"href":"https:\/\/www.heddata.se\/webbutik\/wp-json\/wp\/v2\/media?parent=94028"}],"wp:term":[{"taxonomy":"product_brand","embeddable":true,"href":"https:\/\/www.heddata.se\/webbutik\/wp-json\/wp\/v2\/product_brand?post=94028"},{"taxonomy":"product_cat","embeddable":true,"href":"https:\/\/www.heddata.se\/webbutik\/wp-json\/wp\/v2\/product_cat?post=94028"},{"taxonomy":"product_tag","embeddable":true,"href":"https:\/\/www.heddata.se\/webbutik\/wp-json\/wp\/v2\/product_tag?post=94028"}],"curies":[{"name":"wp","href":"https:\/\/api.w.org\/{rel}","templated":true}]}}