{"id":93649,"date":"2023-01-05T10:18:07","date_gmt":"2023-01-05T09:18:07","guid":{"rendered":"https:\/\/www.heddata.se\/webbutik\/?post_type=product&#038;p=93649"},"modified":"2026-04-03T18:20:23","modified_gmt":"2026-04-03T16:20:23","slug":"anker-nano-ii-power-adapter-usb-c-65-watt-a2663g11","status":"publish","type":"product","link":"https:\/\/www.heddata.se\/webbutik\/produkt\/anker-nano-ii-power-adapter-usb-c-65-watt-a2663g11\/","title":{"rendered":"Anker Nano II power adapter &#8211; USB-C &#8211; 65 Watt A2663G11"},"content":{"rendered":"<p>Anker Nano II power adapter &#8211; USB-C &#8211; 65 Watt A2663G11<\/p>\n<p>Anker PowerPort Nano II 65W USB-C V\u00e4ggladdare \u00e4r en <a href=\"https:\/\/www.heddata.se\/webbutik\/datorer\/\">v\u00e4ggladdare<\/a> med ett USB-C-uttag.<\/p>\n<table class=\"table table-noborders table-striped\">\n<tbody>\n<tr>\n<td>Produktbeskrivning<\/td>\n<td><a href=\"https:\/\/www.anker.com\/\" target=\"_blank\" rel=\"noopener\">Anker<\/a> Nano II str\u00f6madapter &#8211; USB-C &#8211; 65 Watt<\/td>\n<\/tr>\n<tr>\n<td>Typ av produkt<\/td>\n<td>Str\u00f6madapter<\/td>\n<\/tr>\n<tr>\n<td>Dimensioner (BxDxH)<\/td>\n<td>4.19 cm x 3.61 cm x 4.42 cm<\/td>\n<\/tr>\n<tr>\n<td>Vikt<\/td>\n<td>112 g<\/td>\n<\/tr>\n<tr>\n<td>F\u00e4rg<\/td>\n<td>Svart<\/td>\n<\/tr>\n<tr>\n<td>Typ av utkontakt<\/td>\n<td>USB-C<\/td>\n<\/tr>\n<tr>\n<td>N\u00e4tsp\u00e4nning<\/td>\n<td>AC 100-240 V (50 &#8211; 60 Hz)<\/td>\n<\/tr>\n<tr>\n<td>Tillf\u00f6rd sp\u00e4nning<\/td>\n<td>5 \/ 9 \/ 15 \/ 20 V<\/td>\n<\/tr>\n<tr>\n<td>Max elektrisk str\u00f6m<\/td>\n<td>3.25 A<\/td>\n<\/tr>\n<tr>\n<td>Snabbladdningsteknik<\/td>\n<td>Anker PowerIQ 3.0<\/td>\n<\/tr>\n<tr>\n<td>Effekt<\/td>\n<td>65 Watt<\/td>\n<\/tr>\n<\/tbody>\n<\/table>\n","protected":false},"excerpt":{"rendered":"<p>Anker Nano II power adapter &#8211; USB-C &#8211; 65 Watt A2663G11<\/p>\n","protected":false},"featured_media":93660,"template":"","meta":[],"product_brand":[],"product_cat":[3366,118,7953,123],"product_tag":[],"class_list":{"0":"post-93649","1":"product","2":"type-product","3":"status-publish","4":"has-post-thumbnail","6":"product_cat-ovrigt-datortillbehor","7":"product_cat-telefonladdare","8":"product_cat-tillbehor-surfplattor","9":"product_cat-vaggladdare","11":"first","12":"outofstock","13":"taxable","14":"shipping-taxable","15":"product-type-simple"},"yoast_head":"<!-- This site is optimized with the Yoast SEO Premium plugin v26.7 (Yoast SEO v26.7) - https:\/\/yoast.com\/wordpress\/plugins\/seo\/ -->\n<title>Anker Nano II power adapter - USB-C - 65 Watt A2663G11<\/title>\n<meta name=\"description\" content=\"Anker Nano II power adapter - USB-C - 65 Watt A2663G11 \u00e4r en v\u00e4ggladdare med ett USB-C-uttag. Med en maxeffekt p\u00e5 65W.\" \/>\n<meta name=\"robots\" content=\"index, follow, max-snippet:-1, max-image-preview:large, max-video-preview:-1\" \/>\n<link rel=\"canonical\" href=\"https:\/\/www.heddata.se\/webbutik\/produkt\/anker-nano-ii-power-adapter-usb-c-65-watt-a2663g11\/\" \/>\n<meta property=\"og:locale\" content=\"sv_SE\" \/>\n<meta property=\"og:type\" content=\"article\" \/>\n<meta property=\"og:title\" content=\"Anker Nano II power adapter - USB-C - 65 Watt A2663G11\" \/>\n<meta property=\"og:description\" content=\"Anker Nano II power adapter - USB-C - 65 Watt A2663G11 \u00e4r en v\u00e4ggladdare med ett USB-C-uttag. Med en maxeffekt p\u00e5 65W.\" \/>\n<meta property=\"og:url\" content=\"https:\/\/www.heddata.se\/webbutik\/produkt\/anker-nano-ii-power-adapter-usb-c-65-watt-a2663g11\/\" \/>\n<meta property=\"og:site_name\" content=\"Datorer, Skrivare, F\u00e4rgpatroner, Mobiltelefoner\" \/>\n<meta property=\"article:modified_time\" content=\"2026-04-03T16:20:23+00:00\" \/>\n<meta property=\"og:image\" content=\"https:\/\/www.heddata.se\/webbutik\/wp-content\/uploads\/webbutik\/kategorier\/ovrigt-tillbehor\/a2663g11.jpg\" \/>\n\t<meta property=\"og:image:width\" content=\"915\" \/>\n\t<meta property=\"og:image:height\" content=\"900\" \/>\n\t<meta property=\"og:image:type\" content=\"image\/jpeg\" \/>\n<meta name=\"twitter:card\" content=\"summary_large_image\" \/>\n<script type=\"application\/ld+json\" class=\"yoast-schema-graph\">{\"@context\":\"https:\/\/schema.org\",\"@graph\":[{\"@type\":\"WebPage\",\"@id\":\"https:\/\/www.heddata.se\/webbutik\/produkt\/anker-nano-ii-power-adapter-usb-c-65-watt-a2663g11\/\",\"url\":\"https:\/\/www.heddata.se\/webbutik\/produkt\/anker-nano-ii-power-adapter-usb-c-65-watt-a2663g11\/\",\"name\":\"Anker Nano II power adapter - USB-C - 65 Watt A2663G11\",\"isPartOf\":{\"@id\":\"https:\/\/www.heddata.se\/webbutik\/#website\"},\"primaryImageOfPage\":{\"@id\":\"https:\/\/www.heddata.se\/webbutik\/produkt\/anker-nano-ii-power-adapter-usb-c-65-watt-a2663g11\/#primaryimage\"},\"image\":{\"@id\":\"https:\/\/www.heddata.se\/webbutik\/produkt\/anker-nano-ii-power-adapter-usb-c-65-watt-a2663g11\/#primaryimage\"},\"thumbnailUrl\":\"https:\/\/www.heddata.se\/webbutik\/wp-content\/uploads\/webbutik\/kategorier\/ovrigt-tillbehor\/a2663g11.jpg\",\"datePublished\":\"2023-01-05T09:18:07+00:00\",\"dateModified\":\"2026-04-03T16:20:23+00:00\",\"description\":\"Anker Nano II power adapter - USB-C - 65 Watt A2663G11 \u00e4r en v\u00e4ggladdare med ett USB-C-uttag. Med en maxeffekt p\u00e5 65W.\",\"breadcrumb\":{\"@id\":\"https:\/\/www.heddata.se\/webbutik\/produkt\/anker-nano-ii-power-adapter-usb-c-65-watt-a2663g11\/#breadcrumb\"},\"inLanguage\":\"sv-SE\",\"potentialAction\":[{\"@type\":\"ReadAction\",\"target\":[\"https:\/\/www.heddata.se\/webbutik\/produkt\/anker-nano-ii-power-adapter-usb-c-65-watt-a2663g11\/\"]}]},{\"@type\":\"ImageObject\",\"inLanguage\":\"sv-SE\",\"@id\":\"https:\/\/www.heddata.se\/webbutik\/produkt\/anker-nano-ii-power-adapter-usb-c-65-watt-a2663g11\/#primaryimage\",\"url\":\"https:\/\/www.heddata.se\/webbutik\/wp-content\/uploads\/webbutik\/kategorier\/ovrigt-tillbehor\/a2663g11.jpg\",\"contentUrl\":\"https:\/\/www.heddata.se\/webbutik\/wp-content\/uploads\/webbutik\/kategorier\/ovrigt-tillbehor\/a2663g11.jpg\",\"width\":915,\"height\":900,\"caption\":\"Anker Nano II power adapter\"},{\"@type\":\"BreadcrumbList\",\"@id\":\"https:\/\/www.heddata.se\/webbutik\/produkt\/anker-nano-ii-power-adapter-usb-c-65-watt-a2663g11\/#breadcrumb\",\"itemListElement\":[{\"@type\":\"ListItem\",\"position\":1,\"name\":\"Hem\",\"item\":\"https:\/\/www.heddata.se\/webbutik\/\"},{\"@type\":\"ListItem\",\"position\":2,\"name\":\"Produkter\",\"item\":\"https:\/\/www.heddata.se\/webbutik\/shop\/\"},{\"@type\":\"ListItem\",\"position\":3,\"name\":\"Anker Nano II power adapter &#8211; USB-C &#8211; 65 Watt A2663G11\"}]},{\"@type\":\"WebSite\",\"@id\":\"https:\/\/www.heddata.se\/webbutik\/#website\",\"url\":\"https:\/\/www.heddata.se\/webbutik\/\",\"name\":\"Datorer, Skrivare, F\u00e4rgpatroner, Mobiltelefoner\",\"description\":\"Kablar\",\"publisher\":{\"@id\":\"https:\/\/www.heddata.se\/webbutik\/#organization\"},\"potentialAction\":[{\"@type\":\"SearchAction\",\"target\":{\"@type\":\"EntryPoint\",\"urlTemplate\":\"https:\/\/www.heddata.se\/webbutik\/?s={search_term_string}\"},\"query-input\":{\"@type\":\"PropertyValueSpecification\",\"valueRequired\":true,\"valueName\":\"search_term_string\"}}],\"inLanguage\":\"sv-SE\"},{\"@type\":\"Organization\",\"@id\":\"https:\/\/www.heddata.se\/webbutik\/#organization\",\"name\":\"Heddata AB\",\"url\":\"https:\/\/www.heddata.se\/webbutik\/\",\"logo\":{\"@type\":\"ImageObject\",\"inLanguage\":\"sv-SE\",\"@id\":\"https:\/\/www.heddata.se\/webbutik\/#\/schema\/logo\/image\/\",\"url\":\"https:\/\/www.heddata.se\/webbutik\/wp-content\/uploads\/logga\/heddata-ab-logga.png\",\"contentUrl\":\"https:\/\/www.heddata.se\/webbutik\/wp-content\/uploads\/logga\/heddata-ab-logga.png\",\"width\":200,\"height\":64,\"caption\":\"Heddata AB\"},\"image\":{\"@id\":\"https:\/\/www.heddata.se\/webbutik\/#\/schema\/logo\/image\/\"}}]}<\/script>\n<!-- \/ Yoast SEO Premium plugin. -->","yoast_head_json":{"title":"Anker Nano II power adapter - USB-C - 65 Watt A2663G11","description":"Anker Nano II power adapter - USB-C - 65 Watt A2663G11 \u00e4r en v\u00e4ggladdare med ett USB-C-uttag. Med en maxeffekt p\u00e5 65W.","robots":{"index":"index","follow":"follow","max-snippet":"max-snippet:-1","max-image-preview":"max-image-preview:large","max-video-preview":"max-video-preview:-1"},"canonical":"https:\/\/www.heddata.se\/webbutik\/produkt\/anker-nano-ii-power-adapter-usb-c-65-watt-a2663g11\/","og_locale":"sv_SE","og_type":"article","og_title":"Anker Nano II power adapter - USB-C - 65 Watt A2663G11","og_description":"Anker Nano II power adapter - USB-C - 65 Watt A2663G11 \u00e4r en v\u00e4ggladdare med ett USB-C-uttag. Med en maxeffekt p\u00e5 65W.","og_url":"https:\/\/www.heddata.se\/webbutik\/produkt\/anker-nano-ii-power-adapter-usb-c-65-watt-a2663g11\/","og_site_name":"Datorer, Skrivare, F\u00e4rgpatroner, Mobiltelefoner","article_modified_time":"2026-04-03T16:20:23+00:00","og_image":[{"width":915,"height":900,"url":"https:\/\/www.heddata.se\/webbutik\/wp-content\/uploads\/webbutik\/kategorier\/ovrigt-tillbehor\/a2663g11.jpg","type":"image\/jpeg"}],"twitter_card":"summary_large_image","schema":{"@context":"https:\/\/schema.org","@graph":[{"@type":"WebPage","@id":"https:\/\/www.heddata.se\/webbutik\/produkt\/anker-nano-ii-power-adapter-usb-c-65-watt-a2663g11\/","url":"https:\/\/www.heddata.se\/webbutik\/produkt\/anker-nano-ii-power-adapter-usb-c-65-watt-a2663g11\/","name":"Anker Nano II power adapter - USB-C - 65 Watt A2663G11","isPartOf":{"@id":"https:\/\/www.heddata.se\/webbutik\/#website"},"primaryImageOfPage":{"@id":"https:\/\/www.heddata.se\/webbutik\/produkt\/anker-nano-ii-power-adapter-usb-c-65-watt-a2663g11\/#primaryimage"},"image":{"@id":"https:\/\/www.heddata.se\/webbutik\/produkt\/anker-nano-ii-power-adapter-usb-c-65-watt-a2663g11\/#primaryimage"},"thumbnailUrl":"https:\/\/www.heddata.se\/webbutik\/wp-content\/uploads\/webbutik\/kategorier\/ovrigt-tillbehor\/a2663g11.jpg","datePublished":"2023-01-05T09:18:07+00:00","dateModified":"2026-04-03T16:20:23+00:00","description":"Anker Nano II power adapter - USB-C - 65 Watt A2663G11 \u00e4r en v\u00e4ggladdare med ett USB-C-uttag. Med en maxeffekt p\u00e5 65W.","breadcrumb":{"@id":"https:\/\/www.heddata.se\/webbutik\/produkt\/anker-nano-ii-power-adapter-usb-c-65-watt-a2663g11\/#breadcrumb"},"inLanguage":"sv-SE","potentialAction":[{"@type":"ReadAction","target":["https:\/\/www.heddata.se\/webbutik\/produkt\/anker-nano-ii-power-adapter-usb-c-65-watt-a2663g11\/"]}]},{"@type":"ImageObject","inLanguage":"sv-SE","@id":"https:\/\/www.heddata.se\/webbutik\/produkt\/anker-nano-ii-power-adapter-usb-c-65-watt-a2663g11\/#primaryimage","url":"https:\/\/www.heddata.se\/webbutik\/wp-content\/uploads\/webbutik\/kategorier\/ovrigt-tillbehor\/a2663g11.jpg","contentUrl":"https:\/\/www.heddata.se\/webbutik\/wp-content\/uploads\/webbutik\/kategorier\/ovrigt-tillbehor\/a2663g11.jpg","width":915,"height":900,"caption":"Anker Nano II power adapter"},{"@type":"BreadcrumbList","@id":"https:\/\/www.heddata.se\/webbutik\/produkt\/anker-nano-ii-power-adapter-usb-c-65-watt-a2663g11\/#breadcrumb","itemListElement":[{"@type":"ListItem","position":1,"name":"Hem","item":"https:\/\/www.heddata.se\/webbutik\/"},{"@type":"ListItem","position":2,"name":"Produkter","item":"https:\/\/www.heddata.se\/webbutik\/shop\/"},{"@type":"ListItem","position":3,"name":"Anker Nano II power adapter &#8211; USB-C &#8211; 65 Watt A2663G11"}]},{"@type":"WebSite","@id":"https:\/\/www.heddata.se\/webbutik\/#website","url":"https:\/\/www.heddata.se\/webbutik\/","name":"Datorer, Skrivare, F\u00e4rgpatroner, Mobiltelefoner","description":"Kablar","publisher":{"@id":"https:\/\/www.heddata.se\/webbutik\/#organization"},"potentialAction":[{"@type":"SearchAction","target":{"@type":"EntryPoint","urlTemplate":"https:\/\/www.heddata.se\/webbutik\/?s={search_term_string}"},"query-input":{"@type":"PropertyValueSpecification","valueRequired":true,"valueName":"search_term_string"}}],"inLanguage":"sv-SE"},{"@type":"Organization","@id":"https:\/\/www.heddata.se\/webbutik\/#organization","name":"Heddata AB","url":"https:\/\/www.heddata.se\/webbutik\/","logo":{"@type":"ImageObject","inLanguage":"sv-SE","@id":"https:\/\/www.heddata.se\/webbutik\/#\/schema\/logo\/image\/","url":"https:\/\/www.heddata.se\/webbutik\/wp-content\/uploads\/logga\/heddata-ab-logga.png","contentUrl":"https:\/\/www.heddata.se\/webbutik\/wp-content\/uploads\/logga\/heddata-ab-logga.png","width":200,"height":64,"caption":"Heddata AB"},"image":{"@id":"https:\/\/www.heddata.se\/webbutik\/#\/schema\/logo\/image\/"}}]}},"_links":{"self":[{"href":"https:\/\/www.heddata.se\/webbutik\/wp-json\/wp\/v2\/product\/93649","targetHints":{"allow":["GET"]}}],"collection":[{"href":"https:\/\/www.heddata.se\/webbutik\/wp-json\/wp\/v2\/product"}],"about":[{"href":"https:\/\/www.heddata.se\/webbutik\/wp-json\/wp\/v2\/types\/product"}],"wp:featuredmedia":[{"embeddable":true,"href":"https:\/\/www.heddata.se\/webbutik\/wp-json\/wp\/v2\/media\/93660"}],"wp:attachment":[{"href":"https:\/\/www.heddata.se\/webbutik\/wp-json\/wp\/v2\/media?parent=93649"}],"wp:term":[{"taxonomy":"product_brand","embeddable":true,"href":"https:\/\/www.heddata.se\/webbutik\/wp-json\/wp\/v2\/product_brand?post=93649"},{"taxonomy":"product_cat","embeddable":true,"href":"https:\/\/www.heddata.se\/webbutik\/wp-json\/wp\/v2\/product_cat?post=93649"},{"taxonomy":"product_tag","embeddable":true,"href":"https:\/\/www.heddata.se\/webbutik\/wp-json\/wp\/v2\/product_tag?post=93649"}],"curies":[{"name":"wp","href":"https:\/\/api.w.org\/{rel}","templated":true}]}}