{"id":93648,"date":"2023-01-05T10:18:04","date_gmt":"2023-01-05T09:18:04","guid":{"rendered":"https:\/\/www.heddata.se\/webbutik\/?post_type=product&#038;p=93648"},"modified":"2024-07-19T12:22:45","modified_gmt":"2024-07-19T10:22:45","slug":"powerbank-20-000-mah","status":"publish","type":"product","link":"https:\/\/www.heddata.se\/webbutik\/produkt\/powerbank-20-000-mah\/","title":{"rendered":"Powerbank 20.000 mAh"},"content":{"rendered":"<p class=\"product-name mb-2\"><strong>Powerbank 20.000 mAh<\/strong><\/p>\n<p>Ladda 3 enheter samtidigt med de medf\u00f6ljande USB Type C- och USB A-portarna f\u00f6r att aldrig f\u00e5 slut p\u00e5 str\u00f6m igen.<br \/>\nAvancerad s\u00e4kerhetsteknik och slimmad <a href=\"https:\/\/varta.com\/\" target=\"_blank\" rel=\"noopener\">VARTA-design<\/a> g\u00f6r VARTA Energy Power Banks till den perfekta f\u00f6ljeslagaren som ger flexibilitet och oberoende n\u00e4r du \u00e4r p\u00e5 spr\u00e5ng.<\/p>\n<p>\u2022 Kraftfull powerbank med 4 portar (1x ing\u00e5ng Micro USB, 2x utg\u00e5ng USB A, 1x dubbelriktad port USB Typ C)<br \/>\n\u2022 F\u00e5 114 timmars extra samtalstid med din <a href=\"https:\/\/www.heddata.se\/webbutik\/telefon-surfplattor\/mobiltelefoner\/\">smartphone<\/a><br \/>\n\u2022 L\u00e4mplig kapacitet f\u00f6r ett h\u00f6gt energibehov<br \/>\n\u2022 Tekniktrend: USB Typ C 5 V\/3 A ing\u00e5ng och utg\u00e5ng f\u00f6r hastighetsladdning<br \/>\n\u2022 Genomstr\u00f6mningsladdning: m\u00f6jligg\u00f6r laddning av Power Bank och din enhet samtidigt<br \/>\n\u2022 Snygg och texturerad plastdesign<br \/>\n\u2022 Idealisk f\u00f6r den som \u00e4r p\u00e5 spr\u00e5ng: laddar 3 enheter samtidigt<br \/>\n\u2022 4 vita lysdioder f\u00f6r laddnings- och urladdningsindikering<br \/>\n\u2022 Inklusive Micro USB-laddningskabel<br \/>\n\u2022 Anv\u00e4nder den senaste VARTA Advanced Safety Technology<\/p>\n","protected":false},"excerpt":{"rendered":"<p class=\"product-name mb-2\"><strong>Powerbank 20.000 mAh<\/strong><\/p>\n","protected":false},"featured_media":93662,"template":"","meta":[],"product_brand":[],"product_cat":[120,69],"product_tag":[],"class_list":{"0":"post-93648","1":"product","2":"type-product","3":"status-publish","4":"has-post-thumbnail","6":"product_cat-powerbanks","7":"product_cat-telefontillbehor","9":"first","10":"outofstock","11":"taxable","12":"shipping-taxable","13":"product-type-simple"},"yoast_head":"<!-- This site is optimized with the Yoast SEO Premium plugin v26.7 (Yoast SEO v26.7) - https:\/\/yoast.com\/wordpress\/plugins\/seo\/ -->\n<title>Powerbank 20.000 mAh Ladda 3 enheter samtidigt<\/title>\n<meta name=\"description\" content=\"Powerbank 20.000 mAh Ladda 3 enheter samtidigt med de medf\u00f6ljande USB Type C- och USB A-portarna f\u00f6r att aldrig f\u00e5 slut p\u00e5 str\u00f6m igen.\" \/>\n<meta name=\"robots\" content=\"index, follow, max-snippet:-1, max-image-preview:large, max-video-preview:-1\" \/>\n<link rel=\"canonical\" href=\"https:\/\/www.heddata.se\/webbutik\/produkt\/powerbank-20-000-mah\/\" \/>\n<meta property=\"og:locale\" content=\"sv_SE\" \/>\n<meta property=\"og:type\" content=\"article\" \/>\n<meta property=\"og:title\" content=\"Powerbank 20.000 mAh\" \/>\n<meta property=\"og:description\" content=\"Powerbank 20.000 mAh Ladda 3 enheter samtidigt med de medf\u00f6ljande USB Type C- och USB A-portarna f\u00f6r att aldrig f\u00e5 slut p\u00e5 str\u00f6m igen.\" \/>\n<meta property=\"og:url\" content=\"https:\/\/www.heddata.se\/webbutik\/produkt\/powerbank-20-000-mah\/\" \/>\n<meta property=\"og:site_name\" content=\"Datorer, Skrivare, F\u00e4rgpatroner, Mobiltelefoner\" \/>\n<meta property=\"article:modified_time\" content=\"2024-07-19T10:22:45+00:00\" \/>\n<meta property=\"og:image\" content=\"https:\/\/www.heddata.se\/webbutik\/wp-content\/uploads\/webbutik\/kategorier\/ovrigt-tillbehor\/57978101111.jpeg\" \/>\n\t<meta property=\"og:image:width\" content=\"1200\" \/>\n\t<meta property=\"og:image:height\" content=\"1200\" \/>\n\t<meta property=\"og:image:type\" content=\"image\/jpeg\" \/>\n<meta name=\"twitter:card\" content=\"summary_large_image\" \/>\n<meta name=\"twitter:label1\" content=\"Ber\u00e4knad l\u00e4stid\" \/>\n\t<meta name=\"twitter:data1\" content=\"1 minut\" \/>\n<script type=\"application\/ld+json\" class=\"yoast-schema-graph\">{\"@context\":\"https:\/\/schema.org\",\"@graph\":[{\"@type\":\"WebPage\",\"@id\":\"https:\/\/www.heddata.se\/webbutik\/produkt\/powerbank-20-000-mah\/\",\"url\":\"https:\/\/www.heddata.se\/webbutik\/produkt\/powerbank-20-000-mah\/\",\"name\":\"Powerbank 20.000 mAh Ladda 3 enheter samtidigt\",\"isPartOf\":{\"@id\":\"https:\/\/www.heddata.se\/webbutik\/#website\"},\"primaryImageOfPage\":{\"@id\":\"https:\/\/www.heddata.se\/webbutik\/produkt\/powerbank-20-000-mah\/#primaryimage\"},\"image\":{\"@id\":\"https:\/\/www.heddata.se\/webbutik\/produkt\/powerbank-20-000-mah\/#primaryimage\"},\"thumbnailUrl\":\"https:\/\/www.heddata.se\/webbutik\/wp-content\/uploads\/webbutik\/kategorier\/ovrigt-tillbehor\/57978101111.jpeg\",\"datePublished\":\"2023-01-05T09:18:04+00:00\",\"dateModified\":\"2024-07-19T10:22:45+00:00\",\"description\":\"Powerbank 20.000 mAh Ladda 3 enheter samtidigt med de medf\u00f6ljande USB Type C- och USB A-portarna f\u00f6r att aldrig f\u00e5 slut p\u00e5 str\u00f6m igen.\",\"breadcrumb\":{\"@id\":\"https:\/\/www.heddata.se\/webbutik\/produkt\/powerbank-20-000-mah\/#breadcrumb\"},\"inLanguage\":\"sv-SE\",\"potentialAction\":[{\"@type\":\"ReadAction\",\"target\":[\"https:\/\/www.heddata.se\/webbutik\/produkt\/powerbank-20-000-mah\/\"]}]},{\"@type\":\"ImageObject\",\"inLanguage\":\"sv-SE\",\"@id\":\"https:\/\/www.heddata.se\/webbutik\/produkt\/powerbank-20-000-mah\/#primaryimage\",\"url\":\"https:\/\/www.heddata.se\/webbutik\/wp-content\/uploads\/webbutik\/kategorier\/ovrigt-tillbehor\/57978101111.jpeg\",\"contentUrl\":\"https:\/\/www.heddata.se\/webbutik\/wp-content\/uploads\/webbutik\/kategorier\/ovrigt-tillbehor\/57978101111.jpeg\",\"width\":1200,\"height\":1200,\"caption\":\"Powerbank 20.000 mAh\"},{\"@type\":\"BreadcrumbList\",\"@id\":\"https:\/\/www.heddata.se\/webbutik\/produkt\/powerbank-20-000-mah\/#breadcrumb\",\"itemListElement\":[{\"@type\":\"ListItem\",\"position\":1,\"name\":\"Hem\",\"item\":\"https:\/\/www.heddata.se\/webbutik\/\"},{\"@type\":\"ListItem\",\"position\":2,\"name\":\"Produkter\",\"item\":\"https:\/\/www.heddata.se\/webbutik\/shop\/\"},{\"@type\":\"ListItem\",\"position\":3,\"name\":\"Powerbank 20.000 mAh\"}]},{\"@type\":\"WebSite\",\"@id\":\"https:\/\/www.heddata.se\/webbutik\/#website\",\"url\":\"https:\/\/www.heddata.se\/webbutik\/\",\"name\":\"Datorer, Skrivare, F\u00e4rgpatroner, Mobiltelefoner\",\"description\":\"Kablar\",\"publisher\":{\"@id\":\"https:\/\/www.heddata.se\/webbutik\/#organization\"},\"potentialAction\":[{\"@type\":\"SearchAction\",\"target\":{\"@type\":\"EntryPoint\",\"urlTemplate\":\"https:\/\/www.heddata.se\/webbutik\/?s={search_term_string}\"},\"query-input\":{\"@type\":\"PropertyValueSpecification\",\"valueRequired\":true,\"valueName\":\"search_term_string\"}}],\"inLanguage\":\"sv-SE\"},{\"@type\":\"Organization\",\"@id\":\"https:\/\/www.heddata.se\/webbutik\/#organization\",\"name\":\"Heddata AB\",\"url\":\"https:\/\/www.heddata.se\/webbutik\/\",\"logo\":{\"@type\":\"ImageObject\",\"inLanguage\":\"sv-SE\",\"@id\":\"https:\/\/www.heddata.se\/webbutik\/#\/schema\/logo\/image\/\",\"url\":\"https:\/\/www.heddata.se\/webbutik\/wp-content\/uploads\/logga\/heddata-ab-logga.png\",\"contentUrl\":\"https:\/\/www.heddata.se\/webbutik\/wp-content\/uploads\/logga\/heddata-ab-logga.png\",\"width\":200,\"height\":64,\"caption\":\"Heddata AB\"},\"image\":{\"@id\":\"https:\/\/www.heddata.se\/webbutik\/#\/schema\/logo\/image\/\"}}]}<\/script>\n<!-- \/ Yoast SEO Premium plugin. -->","yoast_head_json":{"title":"Powerbank 20.000 mAh Ladda 3 enheter samtidigt","description":"Powerbank 20.000 mAh Ladda 3 enheter samtidigt med de medf\u00f6ljande USB Type C- och USB A-portarna f\u00f6r att aldrig f\u00e5 slut p\u00e5 str\u00f6m igen.","robots":{"index":"index","follow":"follow","max-snippet":"max-snippet:-1","max-image-preview":"max-image-preview:large","max-video-preview":"max-video-preview:-1"},"canonical":"https:\/\/www.heddata.se\/webbutik\/produkt\/powerbank-20-000-mah\/","og_locale":"sv_SE","og_type":"article","og_title":"Powerbank 20.000 mAh","og_description":"Powerbank 20.000 mAh Ladda 3 enheter samtidigt med de medf\u00f6ljande USB Type C- och USB A-portarna f\u00f6r att aldrig f\u00e5 slut p\u00e5 str\u00f6m igen.","og_url":"https:\/\/www.heddata.se\/webbutik\/produkt\/powerbank-20-000-mah\/","og_site_name":"Datorer, Skrivare, F\u00e4rgpatroner, Mobiltelefoner","article_modified_time":"2024-07-19T10:22:45+00:00","og_image":[{"width":1200,"height":1200,"url":"https:\/\/www.heddata.se\/webbutik\/wp-content\/uploads\/webbutik\/kategorier\/ovrigt-tillbehor\/57978101111.jpeg","type":"image\/jpeg"}],"twitter_card":"summary_large_image","twitter_misc":{"Ber\u00e4knad l\u00e4stid":"1 minut"},"schema":{"@context":"https:\/\/schema.org","@graph":[{"@type":"WebPage","@id":"https:\/\/www.heddata.se\/webbutik\/produkt\/powerbank-20-000-mah\/","url":"https:\/\/www.heddata.se\/webbutik\/produkt\/powerbank-20-000-mah\/","name":"Powerbank 20.000 mAh Ladda 3 enheter samtidigt","isPartOf":{"@id":"https:\/\/www.heddata.se\/webbutik\/#website"},"primaryImageOfPage":{"@id":"https:\/\/www.heddata.se\/webbutik\/produkt\/powerbank-20-000-mah\/#primaryimage"},"image":{"@id":"https:\/\/www.heddata.se\/webbutik\/produkt\/powerbank-20-000-mah\/#primaryimage"},"thumbnailUrl":"https:\/\/www.heddata.se\/webbutik\/wp-content\/uploads\/webbutik\/kategorier\/ovrigt-tillbehor\/57978101111.jpeg","datePublished":"2023-01-05T09:18:04+00:00","dateModified":"2024-07-19T10:22:45+00:00","description":"Powerbank 20.000 mAh Ladda 3 enheter samtidigt med de medf\u00f6ljande USB Type C- och USB A-portarna f\u00f6r att aldrig f\u00e5 slut p\u00e5 str\u00f6m igen.","breadcrumb":{"@id":"https:\/\/www.heddata.se\/webbutik\/produkt\/powerbank-20-000-mah\/#breadcrumb"},"inLanguage":"sv-SE","potentialAction":[{"@type":"ReadAction","target":["https:\/\/www.heddata.se\/webbutik\/produkt\/powerbank-20-000-mah\/"]}]},{"@type":"ImageObject","inLanguage":"sv-SE","@id":"https:\/\/www.heddata.se\/webbutik\/produkt\/powerbank-20-000-mah\/#primaryimage","url":"https:\/\/www.heddata.se\/webbutik\/wp-content\/uploads\/webbutik\/kategorier\/ovrigt-tillbehor\/57978101111.jpeg","contentUrl":"https:\/\/www.heddata.se\/webbutik\/wp-content\/uploads\/webbutik\/kategorier\/ovrigt-tillbehor\/57978101111.jpeg","width":1200,"height":1200,"caption":"Powerbank 20.000 mAh"},{"@type":"BreadcrumbList","@id":"https:\/\/www.heddata.se\/webbutik\/produkt\/powerbank-20-000-mah\/#breadcrumb","itemListElement":[{"@type":"ListItem","position":1,"name":"Hem","item":"https:\/\/www.heddata.se\/webbutik\/"},{"@type":"ListItem","position":2,"name":"Produkter","item":"https:\/\/www.heddata.se\/webbutik\/shop\/"},{"@type":"ListItem","position":3,"name":"Powerbank 20.000 mAh"}]},{"@type":"WebSite","@id":"https:\/\/www.heddata.se\/webbutik\/#website","url":"https:\/\/www.heddata.se\/webbutik\/","name":"Datorer, Skrivare, F\u00e4rgpatroner, Mobiltelefoner","description":"Kablar","publisher":{"@id":"https:\/\/www.heddata.se\/webbutik\/#organization"},"potentialAction":[{"@type":"SearchAction","target":{"@type":"EntryPoint","urlTemplate":"https:\/\/www.heddata.se\/webbutik\/?s={search_term_string}"},"query-input":{"@type":"PropertyValueSpecification","valueRequired":true,"valueName":"search_term_string"}}],"inLanguage":"sv-SE"},{"@type":"Organization","@id":"https:\/\/www.heddata.se\/webbutik\/#organization","name":"Heddata AB","url":"https:\/\/www.heddata.se\/webbutik\/","logo":{"@type":"ImageObject","inLanguage":"sv-SE","@id":"https:\/\/www.heddata.se\/webbutik\/#\/schema\/logo\/image\/","url":"https:\/\/www.heddata.se\/webbutik\/wp-content\/uploads\/logga\/heddata-ab-logga.png","contentUrl":"https:\/\/www.heddata.se\/webbutik\/wp-content\/uploads\/logga\/heddata-ab-logga.png","width":200,"height":64,"caption":"Heddata AB"},"image":{"@id":"https:\/\/www.heddata.se\/webbutik\/#\/schema\/logo\/image\/"}}]}},"_links":{"self":[{"href":"https:\/\/www.heddata.se\/webbutik\/wp-json\/wp\/v2\/product\/93648","targetHints":{"allow":["GET"]}}],"collection":[{"href":"https:\/\/www.heddata.se\/webbutik\/wp-json\/wp\/v2\/product"}],"about":[{"href":"https:\/\/www.heddata.se\/webbutik\/wp-json\/wp\/v2\/types\/product"}],"wp:featuredmedia":[{"embeddable":true,"href":"https:\/\/www.heddata.se\/webbutik\/wp-json\/wp\/v2\/media\/93662"}],"wp:attachment":[{"href":"https:\/\/www.heddata.se\/webbutik\/wp-json\/wp\/v2\/media?parent=93648"}],"wp:term":[{"taxonomy":"product_brand","embeddable":true,"href":"https:\/\/www.heddata.se\/webbutik\/wp-json\/wp\/v2\/product_brand?post=93648"},{"taxonomy":"product_cat","embeddable":true,"href":"https:\/\/www.heddata.se\/webbutik\/wp-json\/wp\/v2\/product_cat?post=93648"},{"taxonomy":"product_tag","embeddable":true,"href":"https:\/\/www.heddata.se\/webbutik\/wp-json\/wp\/v2\/product_tag?post=93648"}],"curies":[{"name":"wp","href":"https:\/\/api.w.org\/{rel}","templated":true}]}}