{"id":93584,"date":"2022-12-20T11:18:17","date_gmt":"2022-12-20T10:18:17","guid":{"rendered":"https:\/\/www.heddata.se\/webbutik\/?post_type=product&#038;p=93584"},"modified":"2026-04-30T18:13:13","modified_gmt":"2026-04-30T16:13:13","slug":"vaggladdare-snabbladdnings-funktion-1-67-a-2-22-a-3-0-a-antal-utgangar-1-usb-c-lightning-8-pin-los-kabel-1-00-m","status":"publish","type":"product","link":"https:\/\/www.heddata.se\/webbutik\/produkt\/vaggladdare-snabbladdnings-funktion-1-67-a-2-22-a-3-0-a-antal-utgangar-1-usb-c-lightning-8-pin-los-kabel-1-00-m\/","title":{"rendered":"V\u00e4ggladdare Snabbladdnings funktion | 1.67 A \/ 2.22 A \/ 3.0 A | Antal utg\u00e5ngar: 1 | USB-C\u2122 | Lightning 8-Pin (L\u00f6s) Kabel | 1.00 m"},"content":{"rendered":"<p>V\u00e4ggladdare Snabbladdnings funktion | 1.67 A \/ 2.22 A \/ 3.0 A | Antal utg\u00e5ngar: 1 | USB-C\u2122 | Lightning 8-Pin (L\u00f6s) Kabel | 1.00 m<\/p>\n<p>Med Nedis kompakta USB-C-v\u00e4ggladdare kan du ladda <a href=\"https:\/\/www.heddata.se\/webbutik\/telefon-surfplattor\/mobiltelefoner\/\">smartphones,<\/a> surfplattor och m\u00e5nga andra USB-enheter. Laddaren p\u00e5 20\u00a0W anv\u00e4nder USB Power Delivery-teknik och kan ladda dina enheter snabbare och mer effektivt. Smart IC-teknik som automatiskt k\u00e4nner av den str\u00f6m som beh\u00f6vs.<br \/>\nLaddaren \u00e4r inte bara perfekt f\u00f6r anv\u00e4ndning hemma eller p\u00e5 jobbet, det kompakta formatet g\u00f6r den \u00e4ven till en idealisk resel\u00f6sning.<br \/>\nLevereras med en 1 meter l\u00e5ng USB-A till <a href=\"https:\/\/www.apple.com\/se\/\" target=\"_blank\" rel=\"noopener\">Apple-certifierad<\/a> Lightning-kabel s\u00e5 att du kan b\u00f6rja ladda direkt.<\/p>\n<table class=\"table table-with-odd-background\">\n<tbody>\n<tr>\n<td class=\"col-4\">Kabell\u00e4ngd<\/td>\n<td class=\"col-8\">1.00 m<\/td>\n<\/tr>\n<tr>\n<td class=\"col-4\">F\u00e4rg<\/td>\n<td class=\"col-8\">Vit<\/td>\n<\/tr>\n<tr>\n<td class=\"col-4\">Typ av str\u00f6mk\u00e4lla<\/td>\n<td class=\"col-8\">Str\u00f6madapter<\/td>\n<\/tr>\n<tr>\n<td class=\"col-4\">Material<\/td>\n<td class=\"col-8\">Polycarbonate<\/td>\n<\/tr>\n<tr>\n<td class=\"col-4\">Ing\u00e5ngsstr\u00f6m<\/td>\n<td class=\"col-8\">0.5 A<\/td>\n<\/tr>\n<tr>\n<td class=\"col-4\">Antal utg\u00e5ngar<\/td>\n<td class=\"col-8\">1<\/td>\n<\/tr>\n<tr>\n<td class=\"col-4\">Snabbladdnings funktion<\/td>\n<td class=\"col-8\">Ja<\/td>\n<\/tr>\n<tr>\n<td class=\"col-4\">Insp\u00e4nning<\/td>\n<td class=\"col-8\">100 &#8211; 240 V AC 50\/60 Hz<\/td>\n<\/tr>\n<tr>\n<td class=\"col-4\">Kabel ing\u00e5r<\/td>\n<td class=\"col-8\">Ja<\/td>\n<\/tr>\n<tr>\n<td class=\"col-4\">LED indikatorn anv\u00e4nds<\/td>\n<td class=\"col-8\">Nej<\/td>\n<\/tr>\n<tr>\n<td class=\"col-4\">Kompatibel med enhet<\/td>\n<td class=\"col-8\">Smartphone &amp; surfplatta<\/td>\n<\/tr>\n<tr>\n<td class=\"col-4\">N\u00e4tkontakt<\/td>\n<td class=\"col-8\">Euro \/ Typ C (CEE 7\/16)<\/td>\n<\/tr>\n<tr>\n<td class=\"col-4\">Kabeltyp<\/td>\n<td class=\"col-8\">Lightning 8-Pin (L\u00f6s) Kabel<\/td>\n<\/tr>\n<tr>\n<td class=\"col-4\">Kompatibel teknik<\/td>\n<td class=\"col-8\">PD3.0 20W<\/td>\n<\/tr>\n<tr>\n<td class=\"col-4\">Port typ<\/td>\n<td class=\"col-8\">USB-C\u2122<\/td>\n<\/tr>\n<tr>\n<td class=\"col-4\">Maximal utg\u00e5ngsstr\u00f6m per port<\/td>\n<td class=\"col-8\">3.0 A<\/td>\n<\/tr>\n<tr>\n<td class=\"col-4\">Utstr\u00f6m<\/td>\n<td class=\"col-8\">1.67 A A<br \/>\n2.22 A A<br \/>\n3.0 A<\/td>\n<\/tr>\n<tr>\n<td class=\"col-4\">Ladda tv\u00e5 enheter samtidigt<\/td>\n<td class=\"col-8\">1 st.<\/td>\n<\/tr>\n<tr>\n<td class=\"col-4\">Val av utsp\u00e4nning<\/td>\n<td class=\"col-8\">Automatiskt val av Sp\u00e4nning<\/td>\n<\/tr>\n<tr>\n<td class=\"col-4\">Utg\u00e5ende sp\u00e4nning<\/td>\n<td class=\"col-8\">12 V DC<br \/>\n9 V DC<br \/>\n5 V DC<\/td>\n<\/tr>\n<tr>\n<td class=\"col-4\">Maximal Utg\u00e5ngseffekt<\/td>\n<td class=\"col-8\">20 W<\/td>\n<\/tr>\n<\/tbody>\n<\/table>\n","protected":false},"excerpt":{"rendered":"<p>V\u00e4ggladdare Snabbladdnings funktion | 1.67 A \/ 2.22 A \/ 3.0 A | Antal utg\u00e5ngar: 1 | USB-C\u2122 | Lightning 8-Pin (L\u00f6s) Kabel | 1.00 mv<\/p>\n","protected":false},"featured_media":93588,"template":"","meta":[],"product_brand":[],"product_cat":[118,69,123],"product_tag":[],"class_list":{"0":"post-93584","1":"product","2":"type-product","3":"status-publish","4":"has-post-thumbnail","6":"product_cat-telefonladdare","7":"product_cat-telefontillbehor","8":"product_cat-vaggladdare","10":"first","11":"instock","12":"taxable","13":"shipping-taxable","14":"purchasable","15":"product-type-simple"},"yoast_head":"<!-- This site is optimized with the Yoast SEO Premium plugin v26.7 (Yoast SEO v26.7) - https:\/\/yoast.com\/wordpress\/plugins\/seo\/ -->\n<title>V\u00e4ggladdare Snabbladdnings funktion | 1.67 A \/ 2.22 A \/ 3.0 A<\/title>\n<meta name=\"description\" content=\"V\u00e4ggladdare Snabbladdnings funktion | 1.67 A \/ 2.22 A \/ 3.0 A | Antal utg\u00e5ngar: 1 | USB-C\u2122 | Lightning 8-Pin (L\u00f6s) Kabel | 1.00 m\" \/>\n<meta name=\"robots\" content=\"index, follow, max-snippet:-1, max-image-preview:large, max-video-preview:-1\" \/>\n<link rel=\"canonical\" href=\"https:\/\/www.heddata.se\/webbutik\/produkt\/vaggladdare-snabbladdnings-funktion-1-67-a-2-22-a-3-0-a-antal-utgangar-1-usb-c-lightning-8-pin-los-kabel-1-00-m\/\" \/>\n<meta property=\"og:locale\" content=\"sv_SE\" \/>\n<meta property=\"og:type\" content=\"article\" \/>\n<meta property=\"og:title\" content=\"V\u00e4ggladdare Snabbladdnings funktion | 1.67 A \/ 2.22 A \/ 3.0 A | Antal utg\u00e5ngar: 1 | USB-C\u2122 | Lightning 8-Pin (L\u00f6s) Kabel | 1.00 m\" \/>\n<meta property=\"og:description\" content=\"V\u00e4ggladdare Snabbladdnings funktion | 1.67 A \/ 2.22 A \/ 3.0 A | Antal utg\u00e5ngar: 1 | USB-C\u2122 | Lightning 8-Pin (L\u00f6s) Kabel | 1.00 m\" \/>\n<meta property=\"og:url\" content=\"https:\/\/www.heddata.se\/webbutik\/produkt\/vaggladdare-snabbladdnings-funktion-1-67-a-2-22-a-3-0-a-antal-utgangar-1-usb-c-lightning-8-pin-los-kabel-1-00-m\/\" \/>\n<meta property=\"og:site_name\" content=\"Datorer, Skrivare, F\u00e4rgpatroner, Mobiltelefoner\" \/>\n<meta property=\"article:modified_time\" content=\"2026-04-30T16:13:13+00:00\" \/>\n<meta property=\"og:image\" content=\"https:\/\/www.heddata.se\/webbutik\/wp-content\/uploads\/webbutik\/kategorier\/telefontillbehor\/wcpdl20w112wt.jpeg\" \/>\n\t<meta property=\"og:image:width\" content=\"1200\" \/>\n\t<meta property=\"og:image:height\" content=\"1200\" \/>\n\t<meta property=\"og:image:type\" content=\"image\/jpeg\" \/>\n<meta name=\"twitter:card\" content=\"summary_large_image\" \/>\n<meta name=\"twitter:label1\" content=\"Ber\u00e4knad l\u00e4stid\" \/>\n\t<meta name=\"twitter:data1\" content=\"1 minut\" \/>\n<script type=\"application\/ld+json\" class=\"yoast-schema-graph\">{\"@context\":\"https:\/\/schema.org\",\"@graph\":[{\"@type\":\"WebPage\",\"@id\":\"https:\/\/www.heddata.se\/webbutik\/produkt\/vaggladdare-snabbladdnings-funktion-1-67-a-2-22-a-3-0-a-antal-utgangar-1-usb-c-lightning-8-pin-los-kabel-1-00-m\/\",\"url\":\"https:\/\/www.heddata.se\/webbutik\/produkt\/vaggladdare-snabbladdnings-funktion-1-67-a-2-22-a-3-0-a-antal-utgangar-1-usb-c-lightning-8-pin-los-kabel-1-00-m\/\",\"name\":\"V\u00e4ggladdare Snabbladdnings funktion | 1.67 A \/ 2.22 A \/ 3.0 A\",\"isPartOf\":{\"@id\":\"https:\/\/www.heddata.se\/webbutik\/#website\"},\"primaryImageOfPage\":{\"@id\":\"https:\/\/www.heddata.se\/webbutik\/produkt\/vaggladdare-snabbladdnings-funktion-1-67-a-2-22-a-3-0-a-antal-utgangar-1-usb-c-lightning-8-pin-los-kabel-1-00-m\/#primaryimage\"},\"image\":{\"@id\":\"https:\/\/www.heddata.se\/webbutik\/produkt\/vaggladdare-snabbladdnings-funktion-1-67-a-2-22-a-3-0-a-antal-utgangar-1-usb-c-lightning-8-pin-los-kabel-1-00-m\/#primaryimage\"},\"thumbnailUrl\":\"https:\/\/www.heddata.se\/webbutik\/wp-content\/uploads\/webbutik\/kategorier\/telefontillbehor\/wcpdl20w112wt.jpeg\",\"datePublished\":\"2022-12-20T10:18:17+00:00\",\"dateModified\":\"2026-04-30T16:13:13+00:00\",\"description\":\"V\u00e4ggladdare Snabbladdnings funktion | 1.67 A \/ 2.22 A \/ 3.0 A | Antal utg\u00e5ngar: 1 | USB-C\u2122 | Lightning 8-Pin (L\u00f6s) Kabel | 1.00 m\",\"breadcrumb\":{\"@id\":\"https:\/\/www.heddata.se\/webbutik\/produkt\/vaggladdare-snabbladdnings-funktion-1-67-a-2-22-a-3-0-a-antal-utgangar-1-usb-c-lightning-8-pin-los-kabel-1-00-m\/#breadcrumb\"},\"inLanguage\":\"sv-SE\",\"potentialAction\":[{\"@type\":\"ReadAction\",\"target\":[\"https:\/\/www.heddata.se\/webbutik\/produkt\/vaggladdare-snabbladdnings-funktion-1-67-a-2-22-a-3-0-a-antal-utgangar-1-usb-c-lightning-8-pin-los-kabel-1-00-m\/\"]}]},{\"@type\":\"ImageObject\",\"inLanguage\":\"sv-SE\",\"@id\":\"https:\/\/www.heddata.se\/webbutik\/produkt\/vaggladdare-snabbladdnings-funktion-1-67-a-2-22-a-3-0-a-antal-utgangar-1-usb-c-lightning-8-pin-los-kabel-1-00-m\/#primaryimage\",\"url\":\"https:\/\/www.heddata.se\/webbutik\/wp-content\/uploads\/webbutik\/kategorier\/telefontillbehor\/wcpdl20w112wt.jpeg\",\"contentUrl\":\"https:\/\/www.heddata.se\/webbutik\/wp-content\/uploads\/webbutik\/kategorier\/telefontillbehor\/wcpdl20w112wt.jpeg\",\"width\":1200,\"height\":1200,\"caption\":\"V\u00e4ggladdare Snabbladdnings funktion\"},{\"@type\":\"BreadcrumbList\",\"@id\":\"https:\/\/www.heddata.se\/webbutik\/produkt\/vaggladdare-snabbladdnings-funktion-1-67-a-2-22-a-3-0-a-antal-utgangar-1-usb-c-lightning-8-pin-los-kabel-1-00-m\/#breadcrumb\",\"itemListElement\":[{\"@type\":\"ListItem\",\"position\":1,\"name\":\"Hem\",\"item\":\"https:\/\/www.heddata.se\/webbutik\/\"},{\"@type\":\"ListItem\",\"position\":2,\"name\":\"Produkter\",\"item\":\"https:\/\/www.heddata.se\/webbutik\/shop\/\"},{\"@type\":\"ListItem\",\"position\":3,\"name\":\"V\u00e4ggladdare Snabbladdnings funktion | 1.67 A \/ 2.22 A \/ 3.0 A | Antal utg\u00e5ngar: 1 | USB-C\u2122 | Lightning 8-Pin (L\u00f6s) Kabel | 1.00 m\"}]},{\"@type\":\"WebSite\",\"@id\":\"https:\/\/www.heddata.se\/webbutik\/#website\",\"url\":\"https:\/\/www.heddata.se\/webbutik\/\",\"name\":\"Datorer, Skrivare, F\u00e4rgpatroner, Mobiltelefoner\",\"description\":\"Kablar\",\"publisher\":{\"@id\":\"https:\/\/www.heddata.se\/webbutik\/#organization\"},\"potentialAction\":[{\"@type\":\"SearchAction\",\"target\":{\"@type\":\"EntryPoint\",\"urlTemplate\":\"https:\/\/www.heddata.se\/webbutik\/?s={search_term_string}\"},\"query-input\":{\"@type\":\"PropertyValueSpecification\",\"valueRequired\":true,\"valueName\":\"search_term_string\"}}],\"inLanguage\":\"sv-SE\"},{\"@type\":\"Organization\",\"@id\":\"https:\/\/www.heddata.se\/webbutik\/#organization\",\"name\":\"Heddata AB\",\"url\":\"https:\/\/www.heddata.se\/webbutik\/\",\"logo\":{\"@type\":\"ImageObject\",\"inLanguage\":\"sv-SE\",\"@id\":\"https:\/\/www.heddata.se\/webbutik\/#\/schema\/logo\/image\/\",\"url\":\"https:\/\/www.heddata.se\/webbutik\/wp-content\/uploads\/logga\/heddata-ab-logga.png\",\"contentUrl\":\"https:\/\/www.heddata.se\/webbutik\/wp-content\/uploads\/logga\/heddata-ab-logga.png\",\"width\":200,\"height\":64,\"caption\":\"Heddata AB\"},\"image\":{\"@id\":\"https:\/\/www.heddata.se\/webbutik\/#\/schema\/logo\/image\/\"}}]}<\/script>\n<!-- \/ Yoast SEO Premium plugin. -->","yoast_head_json":{"title":"V\u00e4ggladdare Snabbladdnings funktion | 1.67 A \/ 2.22 A \/ 3.0 A","description":"V\u00e4ggladdare Snabbladdnings funktion | 1.67 A \/ 2.22 A \/ 3.0 A | Antal utg\u00e5ngar: 1 | USB-C\u2122 | Lightning 8-Pin (L\u00f6s) Kabel | 1.00 m","robots":{"index":"index","follow":"follow","max-snippet":"max-snippet:-1","max-image-preview":"max-image-preview:large","max-video-preview":"max-video-preview:-1"},"canonical":"https:\/\/www.heddata.se\/webbutik\/produkt\/vaggladdare-snabbladdnings-funktion-1-67-a-2-22-a-3-0-a-antal-utgangar-1-usb-c-lightning-8-pin-los-kabel-1-00-m\/","og_locale":"sv_SE","og_type":"article","og_title":"V\u00e4ggladdare Snabbladdnings funktion | 1.67 A \/ 2.22 A \/ 3.0 A | Antal utg\u00e5ngar: 1 | USB-C\u2122 | Lightning 8-Pin (L\u00f6s) Kabel | 1.00 m","og_description":"V\u00e4ggladdare Snabbladdnings funktion | 1.67 A \/ 2.22 A \/ 3.0 A | Antal utg\u00e5ngar: 1 | USB-C\u2122 | Lightning 8-Pin (L\u00f6s) Kabel | 1.00 m","og_url":"https:\/\/www.heddata.se\/webbutik\/produkt\/vaggladdare-snabbladdnings-funktion-1-67-a-2-22-a-3-0-a-antal-utgangar-1-usb-c-lightning-8-pin-los-kabel-1-00-m\/","og_site_name":"Datorer, Skrivare, F\u00e4rgpatroner, Mobiltelefoner","article_modified_time":"2026-04-30T16:13:13+00:00","og_image":[{"width":1200,"height":1200,"url":"https:\/\/www.heddata.se\/webbutik\/wp-content\/uploads\/webbutik\/kategorier\/telefontillbehor\/wcpdl20w112wt.jpeg","type":"image\/jpeg"}],"twitter_card":"summary_large_image","twitter_misc":{"Ber\u00e4knad l\u00e4stid":"1 minut"},"schema":{"@context":"https:\/\/schema.org","@graph":[{"@type":"WebPage","@id":"https:\/\/www.heddata.se\/webbutik\/produkt\/vaggladdare-snabbladdnings-funktion-1-67-a-2-22-a-3-0-a-antal-utgangar-1-usb-c-lightning-8-pin-los-kabel-1-00-m\/","url":"https:\/\/www.heddata.se\/webbutik\/produkt\/vaggladdare-snabbladdnings-funktion-1-67-a-2-22-a-3-0-a-antal-utgangar-1-usb-c-lightning-8-pin-los-kabel-1-00-m\/","name":"V\u00e4ggladdare Snabbladdnings funktion | 1.67 A \/ 2.22 A \/ 3.0 A","isPartOf":{"@id":"https:\/\/www.heddata.se\/webbutik\/#website"},"primaryImageOfPage":{"@id":"https:\/\/www.heddata.se\/webbutik\/produkt\/vaggladdare-snabbladdnings-funktion-1-67-a-2-22-a-3-0-a-antal-utgangar-1-usb-c-lightning-8-pin-los-kabel-1-00-m\/#primaryimage"},"image":{"@id":"https:\/\/www.heddata.se\/webbutik\/produkt\/vaggladdare-snabbladdnings-funktion-1-67-a-2-22-a-3-0-a-antal-utgangar-1-usb-c-lightning-8-pin-los-kabel-1-00-m\/#primaryimage"},"thumbnailUrl":"https:\/\/www.heddata.se\/webbutik\/wp-content\/uploads\/webbutik\/kategorier\/telefontillbehor\/wcpdl20w112wt.jpeg","datePublished":"2022-12-20T10:18:17+00:00","dateModified":"2026-04-30T16:13:13+00:00","description":"V\u00e4ggladdare Snabbladdnings funktion | 1.67 A \/ 2.22 A \/ 3.0 A | Antal utg\u00e5ngar: 1 | USB-C\u2122 | Lightning 8-Pin (L\u00f6s) Kabel | 1.00 m","breadcrumb":{"@id":"https:\/\/www.heddata.se\/webbutik\/produkt\/vaggladdare-snabbladdnings-funktion-1-67-a-2-22-a-3-0-a-antal-utgangar-1-usb-c-lightning-8-pin-los-kabel-1-00-m\/#breadcrumb"},"inLanguage":"sv-SE","potentialAction":[{"@type":"ReadAction","target":["https:\/\/www.heddata.se\/webbutik\/produkt\/vaggladdare-snabbladdnings-funktion-1-67-a-2-22-a-3-0-a-antal-utgangar-1-usb-c-lightning-8-pin-los-kabel-1-00-m\/"]}]},{"@type":"ImageObject","inLanguage":"sv-SE","@id":"https:\/\/www.heddata.se\/webbutik\/produkt\/vaggladdare-snabbladdnings-funktion-1-67-a-2-22-a-3-0-a-antal-utgangar-1-usb-c-lightning-8-pin-los-kabel-1-00-m\/#primaryimage","url":"https:\/\/www.heddata.se\/webbutik\/wp-content\/uploads\/webbutik\/kategorier\/telefontillbehor\/wcpdl20w112wt.jpeg","contentUrl":"https:\/\/www.heddata.se\/webbutik\/wp-content\/uploads\/webbutik\/kategorier\/telefontillbehor\/wcpdl20w112wt.jpeg","width":1200,"height":1200,"caption":"V\u00e4ggladdare Snabbladdnings funktion"},{"@type":"BreadcrumbList","@id":"https:\/\/www.heddata.se\/webbutik\/produkt\/vaggladdare-snabbladdnings-funktion-1-67-a-2-22-a-3-0-a-antal-utgangar-1-usb-c-lightning-8-pin-los-kabel-1-00-m\/#breadcrumb","itemListElement":[{"@type":"ListItem","position":1,"name":"Hem","item":"https:\/\/www.heddata.se\/webbutik\/"},{"@type":"ListItem","position":2,"name":"Produkter","item":"https:\/\/www.heddata.se\/webbutik\/shop\/"},{"@type":"ListItem","position":3,"name":"V\u00e4ggladdare Snabbladdnings funktion | 1.67 A \/ 2.22 A \/ 3.0 A | Antal utg\u00e5ngar: 1 | USB-C\u2122 | Lightning 8-Pin (L\u00f6s) Kabel | 1.00 m"}]},{"@type":"WebSite","@id":"https:\/\/www.heddata.se\/webbutik\/#website","url":"https:\/\/www.heddata.se\/webbutik\/","name":"Datorer, Skrivare, F\u00e4rgpatroner, Mobiltelefoner","description":"Kablar","publisher":{"@id":"https:\/\/www.heddata.se\/webbutik\/#organization"},"potentialAction":[{"@type":"SearchAction","target":{"@type":"EntryPoint","urlTemplate":"https:\/\/www.heddata.se\/webbutik\/?s={search_term_string}"},"query-input":{"@type":"PropertyValueSpecification","valueRequired":true,"valueName":"search_term_string"}}],"inLanguage":"sv-SE"},{"@type":"Organization","@id":"https:\/\/www.heddata.se\/webbutik\/#organization","name":"Heddata AB","url":"https:\/\/www.heddata.se\/webbutik\/","logo":{"@type":"ImageObject","inLanguage":"sv-SE","@id":"https:\/\/www.heddata.se\/webbutik\/#\/schema\/logo\/image\/","url":"https:\/\/www.heddata.se\/webbutik\/wp-content\/uploads\/logga\/heddata-ab-logga.png","contentUrl":"https:\/\/www.heddata.se\/webbutik\/wp-content\/uploads\/logga\/heddata-ab-logga.png","width":200,"height":64,"caption":"Heddata AB"},"image":{"@id":"https:\/\/www.heddata.se\/webbutik\/#\/schema\/logo\/image\/"}}]}},"_links":{"self":[{"href":"https:\/\/www.heddata.se\/webbutik\/wp-json\/wp\/v2\/product\/93584","targetHints":{"allow":["GET"]}}],"collection":[{"href":"https:\/\/www.heddata.se\/webbutik\/wp-json\/wp\/v2\/product"}],"about":[{"href":"https:\/\/www.heddata.se\/webbutik\/wp-json\/wp\/v2\/types\/product"}],"wp:featuredmedia":[{"embeddable":true,"href":"https:\/\/www.heddata.se\/webbutik\/wp-json\/wp\/v2\/media\/93588"}],"wp:attachment":[{"href":"https:\/\/www.heddata.se\/webbutik\/wp-json\/wp\/v2\/media?parent=93584"}],"wp:term":[{"taxonomy":"product_brand","embeddable":true,"href":"https:\/\/www.heddata.se\/webbutik\/wp-json\/wp\/v2\/product_brand?post=93584"},{"taxonomy":"product_cat","embeddable":true,"href":"https:\/\/www.heddata.se\/webbutik\/wp-json\/wp\/v2\/product_cat?post=93584"},{"taxonomy":"product_tag","embeddable":true,"href":"https:\/\/www.heddata.se\/webbutik\/wp-json\/wp\/v2\/product_tag?post=93584"}],"curies":[{"name":"wp","href":"https:\/\/api.w.org\/{rel}","templated":true}]}}