{"id":93568,"date":"2022-12-14T15:18:03","date_gmt":"2022-12-14T14:18:03","guid":{"rendered":"https:\/\/www.heddata.se\/webbutik\/?post_type=product&#038;p=93568"},"modified":"2026-05-04T18:17:38","modified_gmt":"2026-05-04T16:17:38","slug":"barbar-dator-hp-laptop-15s-eq1008no-3x9t8eauuw","status":"publish","type":"product","link":"https:\/\/www.heddata.se\/webbutik\/produkt\/barbar-dator-hp-laptop-15s-eq1008no-3x9t8eauuw\/","title":{"rendered":"B\u00e4rbar dator HP Laptop 15s-eq1008no 3X9T8EAUUW"},"content":{"rendered":"<p>B\u00e4rbar dator HP Laptop 15s-eq1008no 3X9T8EAUUW<\/p>\n<p>Denna snygga b\u00e4rbara <a href=\"https:\/\/www.heddata.se\/webbutik\/datorer\/\">dator<\/a> fr\u00e5n HP p\u00e5 39,6 cm (15,6 tum) har l\u00e5ng livsl\u00e4ngd och h\u00f6g prestanda tack vare ett kraftfullt batteri som h\u00e5ller dig uppkopplad, road och produktiv hela dagen. Jobba effektivt eller luta dig tillbaka med sociala medier. Fixa allt. Hela dagen.<\/p>\n<p><a href=\"https:\/\/www.hp.com\/se-sv\/home.html\" target=\"_blank\" rel=\"noopener\">HP<\/a> laptop med\u00a015,6 tum (39,6 cm) antireflexbehandlad FHD-bildsk\u00e4rm,\u00a04 GB DDR4-2400 MHz RAM och\u00a0256 GB PCIe\u00ae NVMe\u2122 M.2 SSD.<\/p>\n<p>Datorn \u00e4r \u00e4ven utrustad med\u00a0AMD Athlon\u2122 Silver 3050U och\u00a0AMD Radeon\u2122 -grafik.<\/p>\n<table class=\"data-table\">\n<tbody>\n<tr class=\"even\">\n<td class=\"pb-2 pt-2 text-primary\" colspan=\"2\"><b>Allm\u00e4nt<\/b><\/td>\n<\/tr>\n<tr>\n<td class=\"spec-name\">Typ av produkt<\/td>\n<td class=\"spec-value\">Notebook<\/td>\n<\/tr>\n<tr>\n<td class=\"spec-name\">Operativsystem<\/td>\n<td class=\"spec-value\">Windows 10 Home 64-bitarsutg\u00e5va &#8211; Danska \/ engelska \/ finska \/ norska \/ svenska<\/td>\n<\/tr>\n<tr class=\"even\">\n<td class=\"pb-2 pt-2 text-primary\" colspan=\"2\"><b>Anslutningar &amp; Ut\u00f6kning<\/b><\/td>\n<\/tr>\n<tr>\n<td class=\"spec-name\">Gr\u00e4nssnitt<\/td>\n<td class=\"spec-value\">2 x USB 3.2 Gen 1 \u00a6 USB-C 3.2 Gen 1 \u00a6 HDMI \u00a6 Telefon\/mikrofonkombinationsjack<\/td>\n<\/tr>\n<tr>\n<td class=\"spec-name\">Minneskortsl\u00e4sare<\/td>\n<td class=\"spec-value\">Ja (SD-kort)<\/td>\n<\/tr>\n<tr class=\"even\">\n<td class=\"pb-2 pt-2 text-primary\" colspan=\"2\"><b>Batteri<\/b><\/td>\n<\/tr>\n<tr>\n<td class=\"spec-name\">Teknik<\/td>\n<td class=\"spec-value\">3-cells litiumjon<\/td>\n<\/tr>\n<tr>\n<td class=\"spec-name\">Kapacitet<\/td>\n<td class=\"spec-value\">41 Wh<\/td>\n<\/tr>\n<tr class=\"even\">\n<td class=\"pb-2 pt-2 text-primary\" colspan=\"2\"><b>Display<\/b><\/td>\n<\/tr>\n<tr>\n<td class=\"spec-name\">Typ<\/td>\n<td class=\"spec-value\">15.6&#8243;<\/td>\n<\/tr>\n<tr>\n<td class=\"spec-name\">Bildkvot<\/td>\n<td class=\"spec-value\">16:9<\/td>\n<\/tr>\n<tr>\n<td class=\"spec-name\">Uppl\u00f6sning<\/td>\n<td class=\"spec-value\">1920 x 1080 (Full HD)<\/td>\n<\/tr>\n<tr>\n<td class=\"spec-name\">Ljusstyrka f\u00f6r bild<\/td>\n<td class=\"spec-value\">220 cd\/m\u00b2<\/td>\n<\/tr>\n<tr>\n<td class=\"spec-name\">F\u00e4rgskala<\/td>\n<td class=\"spec-value\">45% NTSC<\/td>\n<\/tr>\n<tr>\n<td class=\"spec-name\">Egenskaper<\/td>\n<td class=\"spec-value\">Bl\u00e4ndskydd, Micro Edge<\/td>\n<\/tr>\n<tr>\n<td class=\"spec-name\">Bredsk\u00e4rm<\/td>\n<td class=\"spec-value\">Ja<\/td>\n<\/tr>\n<tr>\n<td class=\"spec-name\">LCD-bakgrundsbelysningsteknik<\/td>\n<td class=\"spec-value\">WLED-bakgrundsbelysning<\/td>\n<\/tr>\n<tr class=\"even\">\n<td class=\"pb-2 pt-2 text-primary\" colspan=\"2\">\n<h4><b>Diverse<\/b><\/h4>\n<\/td>\n<\/tr>\n<tr>\n<td class=\"spec-name\">Inkluderade tillbeh\u00f6r<\/td>\n<td class=\"spec-value\">HP 45 Watt Smart v\u00e4xelstr\u00f6msadapter<\/td>\n<\/tr>\n<tr>\n<td class=\"spec-name\">Egenskaper<\/td>\n<td class=\"spec-value\">HP Fast Charge<\/td>\n<\/tr>\n<tr>\n<td class=\"spec-name\">F\u00e4rg<\/td>\n<td class=\"spec-value\">Naturligt silver, f\u00e4rgfinish (lock och stomme), vertikalt borstad tangentbordsram i gjuten form<\/td>\n<\/tr>\n<tr>\n<td class=\"spec-name\">Standarder som f\u00f6ljs<\/td>\n<td class=\"spec-value\">RED<\/td>\n<\/tr>\n<tr>\n<td class=\"spec-name\">Lokalisering<\/td>\n<td class=\"spec-value\">Spr\u00e5k: danska, norska, finska, svenska \/ region: Danmark, Finland, Norge, Sverige<\/td>\n<\/tr>\n<tr class=\"odd\">\n<td class=\"pb-2 pt-2 text-primary\" colspan=\"2\"><b>Inmatning<\/b><\/td>\n<\/tr>\n<tr>\n<td class=\"spec-name\">Tangentbordslayout<\/td>\n<td class=\"spec-value\">Hela norden<\/td>\n<\/tr>\n<tr>\n<td class=\"spec-name\">Numeriskt tangentbord<\/td>\n<td class=\"spec-value\">Ja<\/td>\n<\/tr>\n<tr>\n<td class=\"spec-name\">Egenskaper<\/td>\n<td class=\"spec-value\">Precisionspekplatta, ImagePad med pekfunktion<\/td>\n<\/tr>\n<tr>\n<td class=\"spec-name\">Typ<\/td>\n<td class=\"spec-value\">Tangentbord, bilddyna<\/td>\n<\/tr>\n<tr class=\"odd\">\n<td class=\"pb-2 pt-2 text-primary\" colspan=\"2\"><b>Kommunikation<\/b><\/td>\n<\/tr>\n<tr>\n<td class=\"spec-name\">Tr\u00e5dl\u00f6s<\/td>\n<td class=\"spec-value\">802.11a\/b\/g\/n\/ac, Bluetooth 4.2<\/td>\n<\/tr>\n<tr>\n<td class=\"spec-name\">Egenskaper<\/td>\n<td class=\"spec-value\">Miracast, enkelstr\u00f6m (1&#215;1), MU-MIMO<\/td>\n<\/tr>\n<tr>\n<td class=\"spec-name\">Tr\u00e5dl\u00f6s styrenhet<\/td>\n<td class=\"spec-value\">Realtek RTL8821CE<\/td>\n<\/tr>\n<tr class=\"even\">\n<td class=\"pb-2 pt-2 text-primary\" colspan=\"2\"><b>Lagring<\/b><\/td>\n<\/tr>\n<tr>\n<td class=\"spec-name\">Huvudlager<\/td>\n<td class=\"spec-value\">256 GB SSD M.2 PCIe &#8211; NVM Express (NVMe), HP Value<\/td>\n<\/tr>\n<tr class=\"odd\">\n<td class=\"pb-2 pt-2 text-primary\" colspan=\"2\"><b>Ljud &amp; Video<\/b><\/td>\n<\/tr>\n<tr>\n<td class=\"spec-name\">Videouppl\u00f6sning<\/td>\n<td class=\"spec-value\">720p<\/td>\n<\/tr>\n<tr>\n<td class=\"spec-name\">Grafikprocessor<\/td>\n<td class=\"spec-value\">AMD Radeon Graphics<\/td>\n<\/tr>\n<tr>\n<td class=\"spec-name\">Kameraegenskaper<\/td>\n<td class=\"spec-value\">HP TrueVision<\/td>\n<\/tr>\n<tr>\n<td class=\"spec-name\">Ljud<\/td>\n<td class=\"spec-value\">H\u00f6gtalare, mikrofon med tv\u00e5 l\u00e4gen<\/td>\n<\/tr>\n<tr>\n<td class=\"spec-name\">Kamera<\/td>\n<td class=\"spec-value\">Ja &#8211; HD<\/td>\n<\/tr>\n<tr class=\"even\">\n<td class=\"pb-2 pt-2 text-primary\" colspan=\"2\"><b>Milj\u00f6standarder<\/b><\/td>\n<\/tr>\n<tr>\n<td class=\"spec-name\">EPEAT-kompatibel<\/td>\n<td class=\"spec-value\">EPEAT Silver<\/td>\n<\/tr>\n<tr>\n<td class=\"spec-name\">ENERGY STAR-certifierad<\/td>\n<td class=\"spec-value\">Ja<\/td>\n<\/tr>\n<tr class=\"even\">\n<td class=\"pb-2 pt-2 text-primary\" colspan=\"2\">\n<h4><b>Minne<\/b><\/h4>\n<\/td>\n<\/tr>\n<tr>\n<td class=\"spec-name\">Tomma kortplatser<\/td>\n<td class=\"spec-value\">0<\/td>\n<\/tr>\n<tr>\n<td class=\"spec-name\">Antal kortplatser<\/td>\n<td class=\"spec-value\">1<\/td>\n<\/tr>\n<tr>\n<td class=\"spec-name\">Hastighet<\/td>\n<td class=\"spec-value\">2400 MHz<\/td>\n<\/tr>\n<tr>\n<td class=\"spec-name\">Nominell hastighet<\/td>\n<td class=\"spec-value\">2400 MHz<\/td>\n<\/tr>\n<tr>\n<td class=\"spec-name\">RAM<\/td>\n<td class=\"spec-value\">4 GB (1 x 4 GB)<\/td>\n<\/tr>\n<tr>\n<td class=\"spec-name\">Teknik<\/td>\n<td class=\"spec-value\">DDR4 SDRAM &#8211; icke ECC<\/td>\n<\/tr>\n<tr>\n<td class=\"spec-name\">Formfaktor<\/td>\n<td class=\"spec-value\">SO DIMM 260-pin<\/td>\n<\/tr>\n<tr class=\"odd\">\n<td class=\"pb-2 pt-2 text-primary\" colspan=\"2\"><b>M\u00e5tt och vikt<\/b><\/td>\n<\/tr>\n<tr>\n<td class=\"spec-name\">Vikt<\/td>\n<td class=\"spec-value\">1.69 kg<\/td>\n<\/tr>\n<tr>\n<td class=\"spec-name\">Dimensioner (BxDxH)<\/td>\n<td class=\"spec-value\">35.85 cm x 24.2 cm x 1.79 cm<\/td>\n<\/tr>\n<tr>\n<td class=\"spec-name\">Emballagets m\u00e5tt (BxDxH) \/ vikt<\/td>\n<td class=\"spec-value\">6.9 cm x 30.5 cm x 52 cm \/ 2.21 kg<\/td>\n<\/tr>\n<tr class=\"even\">\n<td class=\"pb-2 pt-2 text-primary\" colspan=\"2\"><b>Processor \/ Chipupps\u00e4ttning<\/b><\/td>\n<\/tr>\n<tr>\n<td class=\"spec-name\">Max. turbohastighet<\/td>\n<td class=\"spec-value\">3.2 GHz<\/td>\n<\/tr>\n<tr>\n<td class=\"spec-name\">CPU<\/td>\n<td class=\"spec-value\">AMD Athlon Silver 3050U \/ 2.3 GHz<\/td>\n<\/tr>\n<tr>\n<td class=\"spec-name\">Antal k\u00e4rnor<\/td>\n<td class=\"spec-value\">Dubbelk\u00e4rnig<\/td>\n<\/tr>\n<tr>\n<td class=\"spec-name\">Cache<\/td>\n<td class=\"spec-value\">L3 &#8211; 4 MB<\/td>\n<\/tr>\n<tr class=\"even\">\n<td class=\"pb-2 pt-2 text-primary\" colspan=\"2\"><b>Tillverkarens garanti<\/b><\/td>\n<\/tr>\n<tr>\n<td class=\"spec-name\">Service och support<\/td>\n<td class=\"spec-value\">Begr\u00e4nsad garanti &#8211; material och tillverkning &#8211; 1 \u00e5r<\/td>\n<\/tr>\n<tr>\n<td class=\"spec-name\">Kombinerade tj\u00e4nster<\/td>\n<td class=\"spec-value\">HP 2 years Pickup and Return EU Directive Low Notebook Service<\/td>\n<\/tr>\n<tr class=\"even\">\n<td class=\"pb-2 pt-2 text-primary\" colspan=\"2\"><b>V\u00e4xelstr\u00f6msadapter<\/b><\/td>\n<\/tr>\n<tr>\n<td class=\"spec-name\">Utmatning<\/td>\n<td class=\"spec-value\">45 Watt<\/td>\n<\/tr>\n<\/tbody>\n<\/table>\n","protected":false},"excerpt":{"rendered":"<p>B\u00e4rbar dator HP Laptop 15s-eq1008no 3X9T8EAUUW<\/p>\n","protected":false},"featured_media":93570,"template":"","meta":[],"product_brand":[],"product_cat":[5367,112,65],"product_tag":[],"class_list":{"0":"post-93568","1":"product","2":"type-product","3":"status-publish","4":"has-post-thumbnail","6":"product_cat-barbara-datorer","7":"product_cat-datorer","8":"product_cat-datorer-tillbehor","10":"first","11":"outofstock","12":"taxable","13":"shipping-taxable","14":"product-type-simple"},"yoast_head":"<!-- This site is optimized with the Yoast SEO Premium plugin v26.7 (Yoast SEO v26.7) - https:\/\/yoast.com\/wordpress\/plugins\/seo\/ -->\n<title>B\u00e4rbar dator HP Laptop 15s-eq1008no 3X9T8EAUUW<\/title>\n<meta name=\"description\" content=\"B\u00e4rbar dator HP Laptop 15s-eq1008no 3X9T8EAUUW. Denna snygga b\u00e4rbara dator fr\u00e5n HP p\u00e5 39,6 cm (15,6 tum) har l\u00e5ng livsl\u00e4ngd och h\u00f6g prestanda\" \/>\n<meta name=\"robots\" content=\"index, follow, max-snippet:-1, max-image-preview:large, max-video-preview:-1\" \/>\n<link rel=\"canonical\" href=\"https:\/\/www.heddata.se\/webbutik\/produkt\/barbar-dator-hp-laptop-15s-eq1008no-3x9t8eauuw\/\" \/>\n<meta property=\"og:locale\" content=\"sv_SE\" \/>\n<meta property=\"og:type\" content=\"article\" \/>\n<meta property=\"og:title\" content=\"B\u00e4rbar dator HP Laptop 15s-eq1008no 3X9T8EAUUW\" \/>\n<meta property=\"og:description\" content=\"B\u00e4rbar dator HP Laptop 15s-eq1008no 3X9T8EAUUW. Denna snygga b\u00e4rbara dator fr\u00e5n HP p\u00e5 39,6 cm (15,6 tum) har l\u00e5ng livsl\u00e4ngd och h\u00f6g prestanda\" \/>\n<meta property=\"og:url\" content=\"https:\/\/www.heddata.se\/webbutik\/produkt\/barbar-dator-hp-laptop-15s-eq1008no-3x9t8eauuw\/\" \/>\n<meta property=\"og:site_name\" content=\"Datorer, Skrivare, F\u00e4rgpatroner, Mobiltelefoner\" \/>\n<meta property=\"article:modified_time\" content=\"2026-05-04T16:17:38+00:00\" \/>\n<meta property=\"og:image\" content=\"https:\/\/www.heddata.se\/webbutik\/wp-content\/uploads\/webbutik\/kategorier\/datorer\/3x9t8eauuw.jpeg\" \/>\n\t<meta property=\"og:image:width\" content=\"1179\" \/>\n\t<meta property=\"og:image:height\" content=\"1178\" \/>\n\t<meta property=\"og:image:type\" content=\"image\/jpeg\" \/>\n<meta name=\"twitter:card\" content=\"summary_large_image\" \/>\n<meta name=\"twitter:label1\" content=\"Ber\u00e4knad l\u00e4stid\" \/>\n\t<meta name=\"twitter:data1\" content=\"2 minuter\" \/>\n<script type=\"application\/ld+json\" class=\"yoast-schema-graph\">{\"@context\":\"https:\/\/schema.org\",\"@graph\":[{\"@type\":\"WebPage\",\"@id\":\"https:\/\/www.heddata.se\/webbutik\/produkt\/barbar-dator-hp-laptop-15s-eq1008no-3x9t8eauuw\/\",\"url\":\"https:\/\/www.heddata.se\/webbutik\/produkt\/barbar-dator-hp-laptop-15s-eq1008no-3x9t8eauuw\/\",\"name\":\"B\u00e4rbar dator HP Laptop 15s-eq1008no 3X9T8EAUUW\",\"isPartOf\":{\"@id\":\"https:\/\/www.heddata.se\/webbutik\/#website\"},\"primaryImageOfPage\":{\"@id\":\"https:\/\/www.heddata.se\/webbutik\/produkt\/barbar-dator-hp-laptop-15s-eq1008no-3x9t8eauuw\/#primaryimage\"},\"image\":{\"@id\":\"https:\/\/www.heddata.se\/webbutik\/produkt\/barbar-dator-hp-laptop-15s-eq1008no-3x9t8eauuw\/#primaryimage\"},\"thumbnailUrl\":\"https:\/\/www.heddata.se\/webbutik\/wp-content\/uploads\/webbutik\/kategorier\/datorer\/3x9t8eauuw.jpeg\",\"datePublished\":\"2022-12-14T14:18:03+00:00\",\"dateModified\":\"2026-05-04T16:17:38+00:00\",\"description\":\"B\u00e4rbar dator HP Laptop 15s-eq1008no 3X9T8EAUUW. Denna snygga b\u00e4rbara dator fr\u00e5n HP p\u00e5 39,6 cm (15,6 tum) har l\u00e5ng livsl\u00e4ngd och h\u00f6g prestanda\",\"breadcrumb\":{\"@id\":\"https:\/\/www.heddata.se\/webbutik\/produkt\/barbar-dator-hp-laptop-15s-eq1008no-3x9t8eauuw\/#breadcrumb\"},\"inLanguage\":\"sv-SE\",\"potentialAction\":[{\"@type\":\"ReadAction\",\"target\":[\"https:\/\/www.heddata.se\/webbutik\/produkt\/barbar-dator-hp-laptop-15s-eq1008no-3x9t8eauuw\/\"]}]},{\"@type\":\"ImageObject\",\"inLanguage\":\"sv-SE\",\"@id\":\"https:\/\/www.heddata.se\/webbutik\/produkt\/barbar-dator-hp-laptop-15s-eq1008no-3x9t8eauuw\/#primaryimage\",\"url\":\"https:\/\/www.heddata.se\/webbutik\/wp-content\/uploads\/webbutik\/kategorier\/datorer\/3x9t8eauuw.jpeg\",\"contentUrl\":\"https:\/\/www.heddata.se\/webbutik\/wp-content\/uploads\/webbutik\/kategorier\/datorer\/3x9t8eauuw.jpeg\",\"width\":1179,\"height\":1178,\"caption\":\"B\u00e4rbar dator HP Laptop 15s-eq1008no\"},{\"@type\":\"BreadcrumbList\",\"@id\":\"https:\/\/www.heddata.se\/webbutik\/produkt\/barbar-dator-hp-laptop-15s-eq1008no-3x9t8eauuw\/#breadcrumb\",\"itemListElement\":[{\"@type\":\"ListItem\",\"position\":1,\"name\":\"Hem\",\"item\":\"https:\/\/www.heddata.se\/webbutik\/\"},{\"@type\":\"ListItem\",\"position\":2,\"name\":\"Produkter\",\"item\":\"https:\/\/www.heddata.se\/webbutik\/shop\/\"},{\"@type\":\"ListItem\",\"position\":3,\"name\":\"B\u00e4rbar dator HP Laptop 15s-eq1008no 3X9T8EAUUW\"}]},{\"@type\":\"WebSite\",\"@id\":\"https:\/\/www.heddata.se\/webbutik\/#website\",\"url\":\"https:\/\/www.heddata.se\/webbutik\/\",\"name\":\"Datorer, Skrivare, F\u00e4rgpatroner, Mobiltelefoner\",\"description\":\"Kablar\",\"publisher\":{\"@id\":\"https:\/\/www.heddata.se\/webbutik\/#organization\"},\"potentialAction\":[{\"@type\":\"SearchAction\",\"target\":{\"@type\":\"EntryPoint\",\"urlTemplate\":\"https:\/\/www.heddata.se\/webbutik\/?s={search_term_string}\"},\"query-input\":{\"@type\":\"PropertyValueSpecification\",\"valueRequired\":true,\"valueName\":\"search_term_string\"}}],\"inLanguage\":\"sv-SE\"},{\"@type\":\"Organization\",\"@id\":\"https:\/\/www.heddata.se\/webbutik\/#organization\",\"name\":\"Heddata AB\",\"url\":\"https:\/\/www.heddata.se\/webbutik\/\",\"logo\":{\"@type\":\"ImageObject\",\"inLanguage\":\"sv-SE\",\"@id\":\"https:\/\/www.heddata.se\/webbutik\/#\/schema\/logo\/image\/\",\"url\":\"https:\/\/www.heddata.se\/webbutik\/wp-content\/uploads\/logga\/heddata-ab-logga.png\",\"contentUrl\":\"https:\/\/www.heddata.se\/webbutik\/wp-content\/uploads\/logga\/heddata-ab-logga.png\",\"width\":200,\"height\":64,\"caption\":\"Heddata AB\"},\"image\":{\"@id\":\"https:\/\/www.heddata.se\/webbutik\/#\/schema\/logo\/image\/\"}}]}<\/script>\n<!-- \/ Yoast SEO Premium plugin. -->","yoast_head_json":{"title":"B\u00e4rbar dator HP Laptop 15s-eq1008no 3X9T8EAUUW","description":"B\u00e4rbar dator HP Laptop 15s-eq1008no 3X9T8EAUUW. Denna snygga b\u00e4rbara dator fr\u00e5n HP p\u00e5 39,6 cm (15,6 tum) har l\u00e5ng livsl\u00e4ngd och h\u00f6g prestanda","robots":{"index":"index","follow":"follow","max-snippet":"max-snippet:-1","max-image-preview":"max-image-preview:large","max-video-preview":"max-video-preview:-1"},"canonical":"https:\/\/www.heddata.se\/webbutik\/produkt\/barbar-dator-hp-laptop-15s-eq1008no-3x9t8eauuw\/","og_locale":"sv_SE","og_type":"article","og_title":"B\u00e4rbar dator HP Laptop 15s-eq1008no 3X9T8EAUUW","og_description":"B\u00e4rbar dator HP Laptop 15s-eq1008no 3X9T8EAUUW. Denna snygga b\u00e4rbara dator fr\u00e5n HP p\u00e5 39,6 cm (15,6 tum) har l\u00e5ng livsl\u00e4ngd och h\u00f6g prestanda","og_url":"https:\/\/www.heddata.se\/webbutik\/produkt\/barbar-dator-hp-laptop-15s-eq1008no-3x9t8eauuw\/","og_site_name":"Datorer, Skrivare, F\u00e4rgpatroner, Mobiltelefoner","article_modified_time":"2026-05-04T16:17:38+00:00","og_image":[{"width":1179,"height":1178,"url":"https:\/\/www.heddata.se\/webbutik\/wp-content\/uploads\/webbutik\/kategorier\/datorer\/3x9t8eauuw.jpeg","type":"image\/jpeg"}],"twitter_card":"summary_large_image","twitter_misc":{"Ber\u00e4knad l\u00e4stid":"2 minuter"},"schema":{"@context":"https:\/\/schema.org","@graph":[{"@type":"WebPage","@id":"https:\/\/www.heddata.se\/webbutik\/produkt\/barbar-dator-hp-laptop-15s-eq1008no-3x9t8eauuw\/","url":"https:\/\/www.heddata.se\/webbutik\/produkt\/barbar-dator-hp-laptop-15s-eq1008no-3x9t8eauuw\/","name":"B\u00e4rbar dator HP Laptop 15s-eq1008no 3X9T8EAUUW","isPartOf":{"@id":"https:\/\/www.heddata.se\/webbutik\/#website"},"primaryImageOfPage":{"@id":"https:\/\/www.heddata.se\/webbutik\/produkt\/barbar-dator-hp-laptop-15s-eq1008no-3x9t8eauuw\/#primaryimage"},"image":{"@id":"https:\/\/www.heddata.se\/webbutik\/produkt\/barbar-dator-hp-laptop-15s-eq1008no-3x9t8eauuw\/#primaryimage"},"thumbnailUrl":"https:\/\/www.heddata.se\/webbutik\/wp-content\/uploads\/webbutik\/kategorier\/datorer\/3x9t8eauuw.jpeg","datePublished":"2022-12-14T14:18:03+00:00","dateModified":"2026-05-04T16:17:38+00:00","description":"B\u00e4rbar dator HP Laptop 15s-eq1008no 3X9T8EAUUW. Denna snygga b\u00e4rbara dator fr\u00e5n HP p\u00e5 39,6 cm (15,6 tum) har l\u00e5ng livsl\u00e4ngd och h\u00f6g prestanda","breadcrumb":{"@id":"https:\/\/www.heddata.se\/webbutik\/produkt\/barbar-dator-hp-laptop-15s-eq1008no-3x9t8eauuw\/#breadcrumb"},"inLanguage":"sv-SE","potentialAction":[{"@type":"ReadAction","target":["https:\/\/www.heddata.se\/webbutik\/produkt\/barbar-dator-hp-laptop-15s-eq1008no-3x9t8eauuw\/"]}]},{"@type":"ImageObject","inLanguage":"sv-SE","@id":"https:\/\/www.heddata.se\/webbutik\/produkt\/barbar-dator-hp-laptop-15s-eq1008no-3x9t8eauuw\/#primaryimage","url":"https:\/\/www.heddata.se\/webbutik\/wp-content\/uploads\/webbutik\/kategorier\/datorer\/3x9t8eauuw.jpeg","contentUrl":"https:\/\/www.heddata.se\/webbutik\/wp-content\/uploads\/webbutik\/kategorier\/datorer\/3x9t8eauuw.jpeg","width":1179,"height":1178,"caption":"B\u00e4rbar dator HP Laptop 15s-eq1008no"},{"@type":"BreadcrumbList","@id":"https:\/\/www.heddata.se\/webbutik\/produkt\/barbar-dator-hp-laptop-15s-eq1008no-3x9t8eauuw\/#breadcrumb","itemListElement":[{"@type":"ListItem","position":1,"name":"Hem","item":"https:\/\/www.heddata.se\/webbutik\/"},{"@type":"ListItem","position":2,"name":"Produkter","item":"https:\/\/www.heddata.se\/webbutik\/shop\/"},{"@type":"ListItem","position":3,"name":"B\u00e4rbar dator HP Laptop 15s-eq1008no 3X9T8EAUUW"}]},{"@type":"WebSite","@id":"https:\/\/www.heddata.se\/webbutik\/#website","url":"https:\/\/www.heddata.se\/webbutik\/","name":"Datorer, Skrivare, F\u00e4rgpatroner, Mobiltelefoner","description":"Kablar","publisher":{"@id":"https:\/\/www.heddata.se\/webbutik\/#organization"},"potentialAction":[{"@type":"SearchAction","target":{"@type":"EntryPoint","urlTemplate":"https:\/\/www.heddata.se\/webbutik\/?s={search_term_string}"},"query-input":{"@type":"PropertyValueSpecification","valueRequired":true,"valueName":"search_term_string"}}],"inLanguage":"sv-SE"},{"@type":"Organization","@id":"https:\/\/www.heddata.se\/webbutik\/#organization","name":"Heddata AB","url":"https:\/\/www.heddata.se\/webbutik\/","logo":{"@type":"ImageObject","inLanguage":"sv-SE","@id":"https:\/\/www.heddata.se\/webbutik\/#\/schema\/logo\/image\/","url":"https:\/\/www.heddata.se\/webbutik\/wp-content\/uploads\/logga\/heddata-ab-logga.png","contentUrl":"https:\/\/www.heddata.se\/webbutik\/wp-content\/uploads\/logga\/heddata-ab-logga.png","width":200,"height":64,"caption":"Heddata AB"},"image":{"@id":"https:\/\/www.heddata.se\/webbutik\/#\/schema\/logo\/image\/"}}]}},"_links":{"self":[{"href":"https:\/\/www.heddata.se\/webbutik\/wp-json\/wp\/v2\/product\/93568","targetHints":{"allow":["GET"]}}],"collection":[{"href":"https:\/\/www.heddata.se\/webbutik\/wp-json\/wp\/v2\/product"}],"about":[{"href":"https:\/\/www.heddata.se\/webbutik\/wp-json\/wp\/v2\/types\/product"}],"wp:featuredmedia":[{"embeddable":true,"href":"https:\/\/www.heddata.se\/webbutik\/wp-json\/wp\/v2\/media\/93570"}],"wp:attachment":[{"href":"https:\/\/www.heddata.se\/webbutik\/wp-json\/wp\/v2\/media?parent=93568"}],"wp:term":[{"taxonomy":"product_brand","embeddable":true,"href":"https:\/\/www.heddata.se\/webbutik\/wp-json\/wp\/v2\/product_brand?post=93568"},{"taxonomy":"product_cat","embeddable":true,"href":"https:\/\/www.heddata.se\/webbutik\/wp-json\/wp\/v2\/product_cat?post=93568"},{"taxonomy":"product_tag","embeddable":true,"href":"https:\/\/www.heddata.se\/webbutik\/wp-json\/wp\/v2\/product_tag?post=93568"}],"curies":[{"name":"wp","href":"https:\/\/api.w.org\/{rel}","templated":true}]}}