{"id":93378,"date":"2022-11-09T11:18:02","date_gmt":"2022-11-09T10:18:02","guid":{"rendered":"https:\/\/www.heddata.se\/webbutik\/?post_type=product&#038;p=93378"},"modified":"2026-05-08T18:10:14","modified_gmt":"2026-05-08T16:10:14","slug":"pgi-580-cli-581-bk-c-m-y-k-multipack","status":"publish","type":"product","link":"https:\/\/www.heddata.se\/webbutik\/produkt\/pgi-580-cli-581-bk-c-m-y-k-multipack\/","title":{"rendered":"PGI-580\/CLI-581 BK\/C\/M\/Y\/K multipack"},"content":{"rendered":"<p>PGI-580\/CLI-581 BK\/C\/M\/Y\/K multipack<\/p>\n<p>Canon original <a href=\"https:\/\/www.heddata.se\/webbutik\/blackpatroner-toners\/blackpatroner\/\">patroner.<\/a><\/p>\n<p>Kapacitet: Beroende p\u00e5 skrivare<\/p>\n<p>Passar till f\u00f6ljande maskiner: <a href=\"https:\/\/www.canon.se\/\" target=\"_blank\" rel=\"noopener\">PIXMA<\/a> TR7550, TR8550, TS6150, TS6151, TS6250, TS6251, TS6350, TS6351, TS6351a, TS705a, TS8150, TS8151, TS8152, TS8250, TS8251, TS8252, TS8350, TS8350a, TS8351, TS8352, TS8352a, TS9150, TS9155, TS9550, TS9551C<\/p>\n","protected":false},"excerpt":{"rendered":"<p>PGI-580\/CLI-581 BK\/C\/M\/Y\/K multipack<\/p>\n","protected":false},"featured_media":93381,"template":"","meta":[],"product_brand":[],"product_cat":[87,61,93],"product_tag":[],"class_list":{"0":"post-93378","1":"product","2":"type-product","3":"status-publish","4":"has-post-thumbnail","6":"product_cat-blackpatroner","7":"product_cat-blackpatroner-toners","8":"product_cat-canon","10":"first","11":"instock","12":"taxable","13":"shipping-taxable","14":"purchasable","15":"product-type-simple"},"yoast_head":"<!-- This site is optimized with the Yoast SEO Premium plugin v26.7 (Yoast SEO v26.7) - https:\/\/yoast.com\/wordpress\/plugins\/seo\/ -->\n<title>PGI-580\/CLI-581 BK\/C\/M\/Y\/K multipack Canon original patroner.<\/title>\n<meta name=\"description\" content=\"PGI-580\/CLI-581 BK\/C\/M\/Y\/K multipack Canon original patroner. F\u00f6r fina och best\u00e5ende utskrifter b\u00e5de vanligt papper och fotopapper.\" \/>\n<meta name=\"robots\" content=\"index, follow, max-snippet:-1, max-image-preview:large, max-video-preview:-1\" \/>\n<link rel=\"canonical\" href=\"https:\/\/www.heddata.se\/webbutik\/produkt\/pgi-580-cli-581-bk-c-m-y-k-multipack\/\" \/>\n<meta property=\"og:locale\" content=\"sv_SE\" \/>\n<meta property=\"og:type\" content=\"article\" \/>\n<meta property=\"og:title\" content=\"PGI-580\/CLI-581 BK\/C\/M\/Y\/K multipack\" \/>\n<meta property=\"og:description\" content=\"PGI-580\/CLI-581 BK\/C\/M\/Y\/K multipack Canon original patroner. F\u00f6r fina och best\u00e5ende utskrifter b\u00e5de vanligt papper och fotopapper.\" \/>\n<meta property=\"og:url\" content=\"https:\/\/www.heddata.se\/webbutik\/produkt\/pgi-580-cli-581-bk-c-m-y-k-multipack\/\" \/>\n<meta property=\"og:site_name\" content=\"Datorer, Skrivare, F\u00e4rgpatroner, Mobiltelefoner\" \/>\n<meta property=\"article:modified_time\" content=\"2026-05-08T16:10:14+00:00\" \/>\n<meta property=\"og:image\" content=\"https:\/\/www.heddata.se\/webbutik\/wp-content\/uploads\/webbutik\/kategorier\/blackpatroner-toners\/2078c005.jpg\" \/>\n\t<meta property=\"og:image:width\" content=\"420\" \/>\n\t<meta property=\"og:image:height\" content=\"420\" \/>\n\t<meta property=\"og:image:type\" content=\"image\/jpeg\" \/>\n<meta name=\"twitter:card\" content=\"summary_large_image\" \/>\n<script type=\"application\/ld+json\" class=\"yoast-schema-graph\">{\"@context\":\"https:\/\/schema.org\",\"@graph\":[{\"@type\":\"WebPage\",\"@id\":\"https:\/\/www.heddata.se\/webbutik\/produkt\/pgi-580-cli-581-bk-c-m-y-k-multipack\/\",\"url\":\"https:\/\/www.heddata.se\/webbutik\/produkt\/pgi-580-cli-581-bk-c-m-y-k-multipack\/\",\"name\":\"PGI-580\/CLI-581 BK\/C\/M\/Y\/K multipack Canon original patroner.\",\"isPartOf\":{\"@id\":\"https:\/\/www.heddata.se\/webbutik\/#website\"},\"primaryImageOfPage\":{\"@id\":\"https:\/\/www.heddata.se\/webbutik\/produkt\/pgi-580-cli-581-bk-c-m-y-k-multipack\/#primaryimage\"},\"image\":{\"@id\":\"https:\/\/www.heddata.se\/webbutik\/produkt\/pgi-580-cli-581-bk-c-m-y-k-multipack\/#primaryimage\"},\"thumbnailUrl\":\"https:\/\/www.heddata.se\/webbutik\/wp-content\/uploads\/webbutik\/kategorier\/blackpatroner-toners\/2078c005.jpg\",\"datePublished\":\"2022-11-09T10:18:02+00:00\",\"dateModified\":\"2026-05-08T16:10:14+00:00\",\"description\":\"PGI-580\/CLI-581 BK\/C\/M\/Y\/K multipack Canon original patroner. F\u00f6r fina och best\u00e5ende utskrifter b\u00e5de vanligt papper och fotopapper.\",\"breadcrumb\":{\"@id\":\"https:\/\/www.heddata.se\/webbutik\/produkt\/pgi-580-cli-581-bk-c-m-y-k-multipack\/#breadcrumb\"},\"inLanguage\":\"sv-SE\",\"potentialAction\":[{\"@type\":\"ReadAction\",\"target\":[\"https:\/\/www.heddata.se\/webbutik\/produkt\/pgi-580-cli-581-bk-c-m-y-k-multipack\/\"]}]},{\"@type\":\"ImageObject\",\"inLanguage\":\"sv-SE\",\"@id\":\"https:\/\/www.heddata.se\/webbutik\/produkt\/pgi-580-cli-581-bk-c-m-y-k-multipack\/#primaryimage\",\"url\":\"https:\/\/www.heddata.se\/webbutik\/wp-content\/uploads\/webbutik\/kategorier\/blackpatroner-toners\/2078c005.jpg\",\"contentUrl\":\"https:\/\/www.heddata.se\/webbutik\/wp-content\/uploads\/webbutik\/kategorier\/blackpatroner-toners\/2078c005.jpg\",\"width\":420,\"height\":420,\"caption\":\"PGI-580\/CLI-581 BK\/C\/M\/Y\/K multipack\"},{\"@type\":\"BreadcrumbList\",\"@id\":\"https:\/\/www.heddata.se\/webbutik\/produkt\/pgi-580-cli-581-bk-c-m-y-k-multipack\/#breadcrumb\",\"itemListElement\":[{\"@type\":\"ListItem\",\"position\":1,\"name\":\"Hem\",\"item\":\"https:\/\/www.heddata.se\/webbutik\/\"},{\"@type\":\"ListItem\",\"position\":2,\"name\":\"Produkter\",\"item\":\"https:\/\/www.heddata.se\/webbutik\/shop\/\"},{\"@type\":\"ListItem\",\"position\":3,\"name\":\"PGI-580\/CLI-581 BK\/C\/M\/Y\/K multipack\"}]},{\"@type\":\"WebSite\",\"@id\":\"https:\/\/www.heddata.se\/webbutik\/#website\",\"url\":\"https:\/\/www.heddata.se\/webbutik\/\",\"name\":\"Datorer, Skrivare, F\u00e4rgpatroner, Mobiltelefoner\",\"description\":\"Kablar\",\"publisher\":{\"@id\":\"https:\/\/www.heddata.se\/webbutik\/#organization\"},\"potentialAction\":[{\"@type\":\"SearchAction\",\"target\":{\"@type\":\"EntryPoint\",\"urlTemplate\":\"https:\/\/www.heddata.se\/webbutik\/?s={search_term_string}\"},\"query-input\":{\"@type\":\"PropertyValueSpecification\",\"valueRequired\":true,\"valueName\":\"search_term_string\"}}],\"inLanguage\":\"sv-SE\"},{\"@type\":\"Organization\",\"@id\":\"https:\/\/www.heddata.se\/webbutik\/#organization\",\"name\":\"Heddata AB\",\"url\":\"https:\/\/www.heddata.se\/webbutik\/\",\"logo\":{\"@type\":\"ImageObject\",\"inLanguage\":\"sv-SE\",\"@id\":\"https:\/\/www.heddata.se\/webbutik\/#\/schema\/logo\/image\/\",\"url\":\"https:\/\/www.heddata.se\/webbutik\/wp-content\/uploads\/logga\/heddata-ab-logga.png\",\"contentUrl\":\"https:\/\/www.heddata.se\/webbutik\/wp-content\/uploads\/logga\/heddata-ab-logga.png\",\"width\":200,\"height\":64,\"caption\":\"Heddata AB\"},\"image\":{\"@id\":\"https:\/\/www.heddata.se\/webbutik\/#\/schema\/logo\/image\/\"}}]}<\/script>\n<!-- \/ Yoast SEO Premium plugin. -->","yoast_head_json":{"title":"PGI-580\/CLI-581 BK\/C\/M\/Y\/K multipack Canon original patroner.","description":"PGI-580\/CLI-581 BK\/C\/M\/Y\/K multipack Canon original patroner. F\u00f6r fina och best\u00e5ende utskrifter b\u00e5de vanligt papper och fotopapper.","robots":{"index":"index","follow":"follow","max-snippet":"max-snippet:-1","max-image-preview":"max-image-preview:large","max-video-preview":"max-video-preview:-1"},"canonical":"https:\/\/www.heddata.se\/webbutik\/produkt\/pgi-580-cli-581-bk-c-m-y-k-multipack\/","og_locale":"sv_SE","og_type":"article","og_title":"PGI-580\/CLI-581 BK\/C\/M\/Y\/K multipack","og_description":"PGI-580\/CLI-581 BK\/C\/M\/Y\/K multipack Canon original patroner. F\u00f6r fina och best\u00e5ende utskrifter b\u00e5de vanligt papper och fotopapper.","og_url":"https:\/\/www.heddata.se\/webbutik\/produkt\/pgi-580-cli-581-bk-c-m-y-k-multipack\/","og_site_name":"Datorer, Skrivare, F\u00e4rgpatroner, Mobiltelefoner","article_modified_time":"2026-05-08T16:10:14+00:00","og_image":[{"width":420,"height":420,"url":"https:\/\/www.heddata.se\/webbutik\/wp-content\/uploads\/webbutik\/kategorier\/blackpatroner-toners\/2078c005.jpg","type":"image\/jpeg"}],"twitter_card":"summary_large_image","schema":{"@context":"https:\/\/schema.org","@graph":[{"@type":"WebPage","@id":"https:\/\/www.heddata.se\/webbutik\/produkt\/pgi-580-cli-581-bk-c-m-y-k-multipack\/","url":"https:\/\/www.heddata.se\/webbutik\/produkt\/pgi-580-cli-581-bk-c-m-y-k-multipack\/","name":"PGI-580\/CLI-581 BK\/C\/M\/Y\/K multipack Canon original patroner.","isPartOf":{"@id":"https:\/\/www.heddata.se\/webbutik\/#website"},"primaryImageOfPage":{"@id":"https:\/\/www.heddata.se\/webbutik\/produkt\/pgi-580-cli-581-bk-c-m-y-k-multipack\/#primaryimage"},"image":{"@id":"https:\/\/www.heddata.se\/webbutik\/produkt\/pgi-580-cli-581-bk-c-m-y-k-multipack\/#primaryimage"},"thumbnailUrl":"https:\/\/www.heddata.se\/webbutik\/wp-content\/uploads\/webbutik\/kategorier\/blackpatroner-toners\/2078c005.jpg","datePublished":"2022-11-09T10:18:02+00:00","dateModified":"2026-05-08T16:10:14+00:00","description":"PGI-580\/CLI-581 BK\/C\/M\/Y\/K multipack Canon original patroner. F\u00f6r fina och best\u00e5ende utskrifter b\u00e5de vanligt papper och fotopapper.","breadcrumb":{"@id":"https:\/\/www.heddata.se\/webbutik\/produkt\/pgi-580-cli-581-bk-c-m-y-k-multipack\/#breadcrumb"},"inLanguage":"sv-SE","potentialAction":[{"@type":"ReadAction","target":["https:\/\/www.heddata.se\/webbutik\/produkt\/pgi-580-cli-581-bk-c-m-y-k-multipack\/"]}]},{"@type":"ImageObject","inLanguage":"sv-SE","@id":"https:\/\/www.heddata.se\/webbutik\/produkt\/pgi-580-cli-581-bk-c-m-y-k-multipack\/#primaryimage","url":"https:\/\/www.heddata.se\/webbutik\/wp-content\/uploads\/webbutik\/kategorier\/blackpatroner-toners\/2078c005.jpg","contentUrl":"https:\/\/www.heddata.se\/webbutik\/wp-content\/uploads\/webbutik\/kategorier\/blackpatroner-toners\/2078c005.jpg","width":420,"height":420,"caption":"PGI-580\/CLI-581 BK\/C\/M\/Y\/K multipack"},{"@type":"BreadcrumbList","@id":"https:\/\/www.heddata.se\/webbutik\/produkt\/pgi-580-cli-581-bk-c-m-y-k-multipack\/#breadcrumb","itemListElement":[{"@type":"ListItem","position":1,"name":"Hem","item":"https:\/\/www.heddata.se\/webbutik\/"},{"@type":"ListItem","position":2,"name":"Produkter","item":"https:\/\/www.heddata.se\/webbutik\/shop\/"},{"@type":"ListItem","position":3,"name":"PGI-580\/CLI-581 BK\/C\/M\/Y\/K multipack"}]},{"@type":"WebSite","@id":"https:\/\/www.heddata.se\/webbutik\/#website","url":"https:\/\/www.heddata.se\/webbutik\/","name":"Datorer, Skrivare, F\u00e4rgpatroner, Mobiltelefoner","description":"Kablar","publisher":{"@id":"https:\/\/www.heddata.se\/webbutik\/#organization"},"potentialAction":[{"@type":"SearchAction","target":{"@type":"EntryPoint","urlTemplate":"https:\/\/www.heddata.se\/webbutik\/?s={search_term_string}"},"query-input":{"@type":"PropertyValueSpecification","valueRequired":true,"valueName":"search_term_string"}}],"inLanguage":"sv-SE"},{"@type":"Organization","@id":"https:\/\/www.heddata.se\/webbutik\/#organization","name":"Heddata AB","url":"https:\/\/www.heddata.se\/webbutik\/","logo":{"@type":"ImageObject","inLanguage":"sv-SE","@id":"https:\/\/www.heddata.se\/webbutik\/#\/schema\/logo\/image\/","url":"https:\/\/www.heddata.se\/webbutik\/wp-content\/uploads\/logga\/heddata-ab-logga.png","contentUrl":"https:\/\/www.heddata.se\/webbutik\/wp-content\/uploads\/logga\/heddata-ab-logga.png","width":200,"height":64,"caption":"Heddata AB"},"image":{"@id":"https:\/\/www.heddata.se\/webbutik\/#\/schema\/logo\/image\/"}}]}},"_links":{"self":[{"href":"https:\/\/www.heddata.se\/webbutik\/wp-json\/wp\/v2\/product\/93378","targetHints":{"allow":["GET"]}}],"collection":[{"href":"https:\/\/www.heddata.se\/webbutik\/wp-json\/wp\/v2\/product"}],"about":[{"href":"https:\/\/www.heddata.se\/webbutik\/wp-json\/wp\/v2\/types\/product"}],"wp:featuredmedia":[{"embeddable":true,"href":"https:\/\/www.heddata.se\/webbutik\/wp-json\/wp\/v2\/media\/93381"}],"wp:attachment":[{"href":"https:\/\/www.heddata.se\/webbutik\/wp-json\/wp\/v2\/media?parent=93378"}],"wp:term":[{"taxonomy":"product_brand","embeddable":true,"href":"https:\/\/www.heddata.se\/webbutik\/wp-json\/wp\/v2\/product_brand?post=93378"},{"taxonomy":"product_cat","embeddable":true,"href":"https:\/\/www.heddata.se\/webbutik\/wp-json\/wp\/v2\/product_cat?post=93378"},{"taxonomy":"product_tag","embeddable":true,"href":"https:\/\/www.heddata.se\/webbutik\/wp-json\/wp\/v2\/product_tag?post=93378"}],"curies":[{"name":"wp","href":"https:\/\/api.w.org\/{rel}","templated":true}]}}