{"id":93129,"date":"2022-09-05T11:18:15","date_gmt":"2022-09-05T09:18:15","guid":{"rendered":"https:\/\/www.heddata.se\/webbutik\/?post_type=product&#038;p=93129"},"modified":"2026-05-13T16:31:54","modified_gmt":"2026-05-13T14:31:54","slug":"apple-airpods-pro-generation-2-true-wireless-horlurar-med-mikrofon-inuti-orat-bluetooth-aktiv-brusradering-mlwk3zm-a","status":"publish","type":"product","link":"https:\/\/www.heddata.se\/webbutik\/produkt\/apple-airpods-pro-generation-2-true-wireless-horlurar-med-mikrofon-inuti-orat-bluetooth-aktiv-brusradering-mlwk3zm-a\/","title":{"rendered":"Apple AirPods Pro Generation 2- True wireless-h\u00f6rlurar med mikrofon &#8211; inuti \u00f6rat &#8211; Bluetooth &#8211; aktiv brusradering MLWK3ZM\/A"},"content":{"rendered":"<p>Apple AirPods Pro Generation 2- True wireless-h\u00f6rlurar med mikrofon &#8211; inuti \u00f6rat &#8211; Bluetooth &#8211; aktiv brusradering MLWK3ZM\/A<\/p>\n<p>AirPods Pro \u00e4r utformade med aktiv brusreducering som ger ett fylligt ljud, transparens s\u00e5 att du kan h\u00f6ra din omgivning och flexibel passform f\u00f6r komfort hela dagen. AirPods Pro ansluts magiskt enkelt till din <a href=\"https:\/\/www.heddata.se\/webbutik\/telefon-surfplattor\/mobiltelefoner\/\">iPhone<\/a> eller Apple Watch, p\u00e5 samma s\u00e4tt som AirPods. Och de \u00e4r redo att anv\u00e4ndas s\u00e5 fort du tar upp dem ur etuiet.<\/p>\n<h4><b>Aktiv brusreducering<\/b><\/h4>\n<p><a href=\"https:\/\/www.apple.com\/se\/\" target=\"_blank\" rel=\"noopener\">AirPods<\/a> Pro \u00e4r otroligt l\u00e4tta brusreducerande h\u00f6rlurar som blockerar omgivningen s\u00e5 att du kan fokusera p\u00e5 det du lyssnar p\u00e5. AirPods Pro anv\u00e4nder tv\u00e5 mikrofoner, en ut\u00e5tv\u00e4nd och en in\u00e5tv\u00e4nd, f\u00f6r att skapa \u00f6verl\u00e4gsen brusreducering. Aktiv brusreducering tystar omv\u00e4rlden genom kontinuerlig anpassning till ditt \u00f6ras geometri, s\u00e5 att du kan fokusera helt p\u00e5 musiken, podden eller telefonsamtalet.<\/p>\n<h4><b>Transparens<\/b><\/h4>\n<p>V\u00e4xla till transparens n\u00e4r du vill h\u00f6ra vad som h\u00e4nder runt omkring dig, s\u00e5 sl\u00e4pper AirPods Pro in ljud utifr\u00e5n. Tack vare ut\u00e5t- och in\u00e5tv\u00e4nda mikrofoner kan AirPods Pro upph\u00e4va silikontopparnas ljudisolerande effekt, s\u00e5 att allt l\u00e5ter och k\u00e4nns naturligt &#8211; som n\u00e4r du pratar med m\u00e4nniskor i n\u00e4rheten. Konversations\u00adf\u00f6rst\u00e4rkning g\u00f6r det enklare att h\u00f6ra vad som s\u00e4gs vid samtal ansikte mot ansikte i bullriga milj\u00f6er genom att fokusera dina AirPods Pro p\u00e5 ljudet fr\u00e5n den som st\u00e5r rakt framf\u00f6r dig.<\/p>\n<h4><b>Flexibel passform<\/b><\/h4>\n<p>AirPods Pro erbjuder mer flexibel passform med silikontoppar i tre olika storlekar att v\u00e4lja mellan. Topparna \u00e4r koniska och formas efter dina \u00f6ron, h\u00e5ller AirPods Pro p\u00e5 plats och ger en fantastisk f\u00f6rsegling f\u00f6r \u00f6verl\u00e4gsen brusreducering.<\/p>\n<h4><b>MagSafe-laddningsetui<\/b><\/h4>\n<p>MagSafe-laddningsetuiet ger mer \u00e4n 24 timmars batteritid. N\u00e4r det \u00e4r dags att ladda l\u00e4gger du bara etuiet p\u00e5 en MagSafe-laddare eller en tr\u00e5dl\u00f6s laddningsplatta. Och n\u00e4r du inte har tillg\u00e5ng till n\u00e5gon tr\u00e5dl\u00f6s laddare kan du ist\u00e4llet ladda via Lightning-kontakten.<\/p>\n<h4><b>Fantastisk ljudkvalitet<\/b><\/h4>\n<p>En skr\u00e4ddarsydd drivrutin med h\u00f6g exkursion och l\u00e5g distorsion ger ett kraftfullt basljud. En supereffektiv f\u00f6rst\u00e4rkare med hdr (High Dynamic Range) ger rent, otroligt klart ljud samtidigt som batteritiden f\u00f6rl\u00e4ngs. Adaptiv EQ justerar automatiskt musiken efter \u00f6ronens form s\u00e5 att du f\u00e5r en fyllig, enhetlig ljudupplevelse.<\/p>\n<h4><b>\u00c4nnu mer magiska<\/b><\/h4>\n<p>Det Apple-designade H1-chippet ger otroligt liten ljudf\u00f6rdr\u00f6jning. Med trycksensorn p\u00e5 skaftet kan du enkelt styra musik och samtal samt v\u00e4xla mellan aktiv brusreducering och transparens. Du kan v\u00e4lja att l\u00e5ta Siri l\u00e4sa upp dina meddelanden i dina AirPods. Och med den nya funktionen Lyssna tillsammans kan du och en v\u00e4n lyssna p\u00e5 samma ljud i tv\u00e5 par AirPods, s\u00e5 ni kan spela ett spel, se en film eller lyssna p\u00e5 en l\u00e5t tillsammans.<\/p>\n","protected":false},"excerpt":{"rendered":"<p>Apple AirPods Pro Generation 2- True wireless-h\u00f6rlurar med mikrofon &#8211; inuti \u00f6rat &#8211; Bluetooth &#8211; aktiv brusradering MLWK3ZM\/A<\/p>\n","protected":false},"featured_media":93132,"template":"","meta":[],"product_brand":[],"product_cat":[128,126,119,69],"product_tag":[],"class_list":{"0":"post-93129","1":"product","2":"type-product","3":"status-publish","4":"has-post-thumbnail","6":"product_cat-headset-horlurar-med-bluetooth","7":"product_cat-headset-horlurar-med-mikrofon","8":"product_cat-horlurar-headset","9":"product_cat-telefontillbehor","11":"first","12":"outofstock","13":"taxable","14":"shipping-taxable","15":"product-type-simple"},"yoast_head":"<!-- This site is optimized with the Yoast SEO Premium plugin v26.7 (Yoast SEO v26.7) - https:\/\/yoast.com\/wordpress\/plugins\/seo\/ -->\n<title>Apple AirPods Pro Generation 2- True wireless-h\u00f6rlurar med mikrofon<\/title>\n<meta name=\"description\" content=\"Apple AirPods Pro Generation 2- True wireless-h\u00f6rlurar med mikrofon - inuti \u00f6rat - Bluetooth - aktiv brusradering MLWK3ZM\/A\" \/>\n<meta name=\"robots\" content=\"index, follow, max-snippet:-1, max-image-preview:large, max-video-preview:-1\" \/>\n<link rel=\"canonical\" href=\"https:\/\/www.heddata.se\/webbutik\/produkt\/apple-airpods-pro-generation-2-true-wireless-horlurar-med-mikrofon-inuti-orat-bluetooth-aktiv-brusradering-mlwk3zm-a\/\" \/>\n<meta property=\"og:locale\" content=\"sv_SE\" \/>\n<meta property=\"og:type\" content=\"article\" \/>\n<meta property=\"og:title\" content=\"Apple AirPods Pro Generation 2- True wireless-h\u00f6rlurar med mikrofon - inuti \u00f6rat - Bluetooth - aktiv brusradering MLWK3ZM\/A\" \/>\n<meta property=\"og:description\" content=\"Apple AirPods Pro Generation 2- True wireless-h\u00f6rlurar med mikrofon - inuti \u00f6rat - Bluetooth - aktiv brusradering MLWK3ZM\/A\" \/>\n<meta property=\"og:url\" content=\"https:\/\/www.heddata.se\/webbutik\/produkt\/apple-airpods-pro-generation-2-true-wireless-horlurar-med-mikrofon-inuti-orat-bluetooth-aktiv-brusradering-mlwk3zm-a\/\" \/>\n<meta property=\"og:site_name\" content=\"Datorer, Skrivare, F\u00e4rgpatroner, Mobiltelefoner\" \/>\n<meta property=\"article:modified_time\" content=\"2026-05-13T14:31:54+00:00\" \/>\n<meta property=\"og:image\" content=\"https:\/\/www.heddata.se\/webbutik\/wp-content\/uploads\/webbutik\/kategorier\/telefontillbehor\/mlwk3zm-a.jpg\" \/>\n\t<meta property=\"og:image:width\" content=\"1800\" \/>\n\t<meta property=\"og:image:height\" content=\"1800\" \/>\n\t<meta property=\"og:image:type\" content=\"image\/jpeg\" \/>\n<meta name=\"twitter:card\" content=\"summary_large_image\" \/>\n<meta name=\"twitter:label1\" content=\"Ber\u00e4knad l\u00e4stid\" \/>\n\t<meta name=\"twitter:data1\" content=\"2 minuter\" \/>\n<script type=\"application\/ld+json\" class=\"yoast-schema-graph\">{\"@context\":\"https:\/\/schema.org\",\"@graph\":[{\"@type\":\"WebPage\",\"@id\":\"https:\/\/www.heddata.se\/webbutik\/produkt\/apple-airpods-pro-generation-2-true-wireless-horlurar-med-mikrofon-inuti-orat-bluetooth-aktiv-brusradering-mlwk3zm-a\/\",\"url\":\"https:\/\/www.heddata.se\/webbutik\/produkt\/apple-airpods-pro-generation-2-true-wireless-horlurar-med-mikrofon-inuti-orat-bluetooth-aktiv-brusradering-mlwk3zm-a\/\",\"name\":\"Apple AirPods Pro Generation 2- True wireless-h\u00f6rlurar med mikrofon\",\"isPartOf\":{\"@id\":\"https:\/\/www.heddata.se\/webbutik\/#website\"},\"primaryImageOfPage\":{\"@id\":\"https:\/\/www.heddata.se\/webbutik\/produkt\/apple-airpods-pro-generation-2-true-wireless-horlurar-med-mikrofon-inuti-orat-bluetooth-aktiv-brusradering-mlwk3zm-a\/#primaryimage\"},\"image\":{\"@id\":\"https:\/\/www.heddata.se\/webbutik\/produkt\/apple-airpods-pro-generation-2-true-wireless-horlurar-med-mikrofon-inuti-orat-bluetooth-aktiv-brusradering-mlwk3zm-a\/#primaryimage\"},\"thumbnailUrl\":\"https:\/\/www.heddata.se\/webbutik\/wp-content\/uploads\/webbutik\/kategorier\/telefontillbehor\/mlwk3zm-a.jpg\",\"datePublished\":\"2022-09-05T09:18:15+00:00\",\"dateModified\":\"2026-05-13T14:31:54+00:00\",\"description\":\"Apple AirPods Pro Generation 2- True wireless-h\u00f6rlurar med mikrofon - inuti \u00f6rat - Bluetooth - aktiv brusradering MLWK3ZM\/A\",\"breadcrumb\":{\"@id\":\"https:\/\/www.heddata.se\/webbutik\/produkt\/apple-airpods-pro-generation-2-true-wireless-horlurar-med-mikrofon-inuti-orat-bluetooth-aktiv-brusradering-mlwk3zm-a\/#breadcrumb\"},\"inLanguage\":\"sv-SE\",\"potentialAction\":[{\"@type\":\"ReadAction\",\"target\":[\"https:\/\/www.heddata.se\/webbutik\/produkt\/apple-airpods-pro-generation-2-true-wireless-horlurar-med-mikrofon-inuti-orat-bluetooth-aktiv-brusradering-mlwk3zm-a\/\"]}]},{\"@type\":\"ImageObject\",\"inLanguage\":\"sv-SE\",\"@id\":\"https:\/\/www.heddata.se\/webbutik\/produkt\/apple-airpods-pro-generation-2-true-wireless-horlurar-med-mikrofon-inuti-orat-bluetooth-aktiv-brusradering-mlwk3zm-a\/#primaryimage\",\"url\":\"https:\/\/www.heddata.se\/webbutik\/wp-content\/uploads\/webbutik\/kategorier\/telefontillbehor\/mlwk3zm-a.jpg\",\"contentUrl\":\"https:\/\/www.heddata.se\/webbutik\/wp-content\/uploads\/webbutik\/kategorier\/telefontillbehor\/mlwk3zm-a.jpg\",\"width\":1800,\"height\":1800,\"caption\":\"Apple AirPods Pro\"},{\"@type\":\"BreadcrumbList\",\"@id\":\"https:\/\/www.heddata.se\/webbutik\/produkt\/apple-airpods-pro-generation-2-true-wireless-horlurar-med-mikrofon-inuti-orat-bluetooth-aktiv-brusradering-mlwk3zm-a\/#breadcrumb\",\"itemListElement\":[{\"@type\":\"ListItem\",\"position\":1,\"name\":\"Hem\",\"item\":\"https:\/\/www.heddata.se\/webbutik\/\"},{\"@type\":\"ListItem\",\"position\":2,\"name\":\"Produkter\",\"item\":\"https:\/\/www.heddata.se\/webbutik\/shop\/\"},{\"@type\":\"ListItem\",\"position\":3,\"name\":\"Apple AirPods Pro Generation 2- True wireless-h\u00f6rlurar med mikrofon &#8211; inuti \u00f6rat &#8211; Bluetooth &#8211; aktiv brusradering MLWK3ZM\/A\"}]},{\"@type\":\"WebSite\",\"@id\":\"https:\/\/www.heddata.se\/webbutik\/#website\",\"url\":\"https:\/\/www.heddata.se\/webbutik\/\",\"name\":\"Datorer, Skrivare, F\u00e4rgpatroner, Mobiltelefoner\",\"description\":\"Kablar\",\"publisher\":{\"@id\":\"https:\/\/www.heddata.se\/webbutik\/#organization\"},\"potentialAction\":[{\"@type\":\"SearchAction\",\"target\":{\"@type\":\"EntryPoint\",\"urlTemplate\":\"https:\/\/www.heddata.se\/webbutik\/?s={search_term_string}\"},\"query-input\":{\"@type\":\"PropertyValueSpecification\",\"valueRequired\":true,\"valueName\":\"search_term_string\"}}],\"inLanguage\":\"sv-SE\"},{\"@type\":\"Organization\",\"@id\":\"https:\/\/www.heddata.se\/webbutik\/#organization\",\"name\":\"Heddata AB\",\"url\":\"https:\/\/www.heddata.se\/webbutik\/\",\"logo\":{\"@type\":\"ImageObject\",\"inLanguage\":\"sv-SE\",\"@id\":\"https:\/\/www.heddata.se\/webbutik\/#\/schema\/logo\/image\/\",\"url\":\"https:\/\/www.heddata.se\/webbutik\/wp-content\/uploads\/logga\/heddata-ab-logga.png\",\"contentUrl\":\"https:\/\/www.heddata.se\/webbutik\/wp-content\/uploads\/logga\/heddata-ab-logga.png\",\"width\":200,\"height\":64,\"caption\":\"Heddata AB\"},\"image\":{\"@id\":\"https:\/\/www.heddata.se\/webbutik\/#\/schema\/logo\/image\/\"}}]}<\/script>\n<!-- \/ Yoast SEO Premium plugin. -->","yoast_head_json":{"title":"Apple AirPods Pro Generation 2- True wireless-h\u00f6rlurar med mikrofon","description":"Apple AirPods Pro Generation 2- True wireless-h\u00f6rlurar med mikrofon - inuti \u00f6rat - Bluetooth - aktiv brusradering MLWK3ZM\/A","robots":{"index":"index","follow":"follow","max-snippet":"max-snippet:-1","max-image-preview":"max-image-preview:large","max-video-preview":"max-video-preview:-1"},"canonical":"https:\/\/www.heddata.se\/webbutik\/produkt\/apple-airpods-pro-generation-2-true-wireless-horlurar-med-mikrofon-inuti-orat-bluetooth-aktiv-brusradering-mlwk3zm-a\/","og_locale":"sv_SE","og_type":"article","og_title":"Apple AirPods Pro Generation 2- True wireless-h\u00f6rlurar med mikrofon - inuti \u00f6rat - Bluetooth - aktiv brusradering MLWK3ZM\/A","og_description":"Apple AirPods Pro Generation 2- True wireless-h\u00f6rlurar med mikrofon - inuti \u00f6rat - Bluetooth - aktiv brusradering MLWK3ZM\/A","og_url":"https:\/\/www.heddata.se\/webbutik\/produkt\/apple-airpods-pro-generation-2-true-wireless-horlurar-med-mikrofon-inuti-orat-bluetooth-aktiv-brusradering-mlwk3zm-a\/","og_site_name":"Datorer, Skrivare, F\u00e4rgpatroner, Mobiltelefoner","article_modified_time":"2026-05-13T14:31:54+00:00","og_image":[{"width":1800,"height":1800,"url":"https:\/\/www.heddata.se\/webbutik\/wp-content\/uploads\/webbutik\/kategorier\/telefontillbehor\/mlwk3zm-a.jpg","type":"image\/jpeg"}],"twitter_card":"summary_large_image","twitter_misc":{"Ber\u00e4knad l\u00e4stid":"2 minuter"},"schema":{"@context":"https:\/\/schema.org","@graph":[{"@type":"WebPage","@id":"https:\/\/www.heddata.se\/webbutik\/produkt\/apple-airpods-pro-generation-2-true-wireless-horlurar-med-mikrofon-inuti-orat-bluetooth-aktiv-brusradering-mlwk3zm-a\/","url":"https:\/\/www.heddata.se\/webbutik\/produkt\/apple-airpods-pro-generation-2-true-wireless-horlurar-med-mikrofon-inuti-orat-bluetooth-aktiv-brusradering-mlwk3zm-a\/","name":"Apple AirPods Pro Generation 2- True wireless-h\u00f6rlurar med mikrofon","isPartOf":{"@id":"https:\/\/www.heddata.se\/webbutik\/#website"},"primaryImageOfPage":{"@id":"https:\/\/www.heddata.se\/webbutik\/produkt\/apple-airpods-pro-generation-2-true-wireless-horlurar-med-mikrofon-inuti-orat-bluetooth-aktiv-brusradering-mlwk3zm-a\/#primaryimage"},"image":{"@id":"https:\/\/www.heddata.se\/webbutik\/produkt\/apple-airpods-pro-generation-2-true-wireless-horlurar-med-mikrofon-inuti-orat-bluetooth-aktiv-brusradering-mlwk3zm-a\/#primaryimage"},"thumbnailUrl":"https:\/\/www.heddata.se\/webbutik\/wp-content\/uploads\/webbutik\/kategorier\/telefontillbehor\/mlwk3zm-a.jpg","datePublished":"2022-09-05T09:18:15+00:00","dateModified":"2026-05-13T14:31:54+00:00","description":"Apple AirPods Pro Generation 2- True wireless-h\u00f6rlurar med mikrofon - inuti \u00f6rat - Bluetooth - aktiv brusradering MLWK3ZM\/A","breadcrumb":{"@id":"https:\/\/www.heddata.se\/webbutik\/produkt\/apple-airpods-pro-generation-2-true-wireless-horlurar-med-mikrofon-inuti-orat-bluetooth-aktiv-brusradering-mlwk3zm-a\/#breadcrumb"},"inLanguage":"sv-SE","potentialAction":[{"@type":"ReadAction","target":["https:\/\/www.heddata.se\/webbutik\/produkt\/apple-airpods-pro-generation-2-true-wireless-horlurar-med-mikrofon-inuti-orat-bluetooth-aktiv-brusradering-mlwk3zm-a\/"]}]},{"@type":"ImageObject","inLanguage":"sv-SE","@id":"https:\/\/www.heddata.se\/webbutik\/produkt\/apple-airpods-pro-generation-2-true-wireless-horlurar-med-mikrofon-inuti-orat-bluetooth-aktiv-brusradering-mlwk3zm-a\/#primaryimage","url":"https:\/\/www.heddata.se\/webbutik\/wp-content\/uploads\/webbutik\/kategorier\/telefontillbehor\/mlwk3zm-a.jpg","contentUrl":"https:\/\/www.heddata.se\/webbutik\/wp-content\/uploads\/webbutik\/kategorier\/telefontillbehor\/mlwk3zm-a.jpg","width":1800,"height":1800,"caption":"Apple AirPods Pro"},{"@type":"BreadcrumbList","@id":"https:\/\/www.heddata.se\/webbutik\/produkt\/apple-airpods-pro-generation-2-true-wireless-horlurar-med-mikrofon-inuti-orat-bluetooth-aktiv-brusradering-mlwk3zm-a\/#breadcrumb","itemListElement":[{"@type":"ListItem","position":1,"name":"Hem","item":"https:\/\/www.heddata.se\/webbutik\/"},{"@type":"ListItem","position":2,"name":"Produkter","item":"https:\/\/www.heddata.se\/webbutik\/shop\/"},{"@type":"ListItem","position":3,"name":"Apple AirPods Pro Generation 2- True wireless-h\u00f6rlurar med mikrofon &#8211; inuti \u00f6rat &#8211; Bluetooth &#8211; aktiv brusradering MLWK3ZM\/A"}]},{"@type":"WebSite","@id":"https:\/\/www.heddata.se\/webbutik\/#website","url":"https:\/\/www.heddata.se\/webbutik\/","name":"Datorer, Skrivare, F\u00e4rgpatroner, Mobiltelefoner","description":"Kablar","publisher":{"@id":"https:\/\/www.heddata.se\/webbutik\/#organization"},"potentialAction":[{"@type":"SearchAction","target":{"@type":"EntryPoint","urlTemplate":"https:\/\/www.heddata.se\/webbutik\/?s={search_term_string}"},"query-input":{"@type":"PropertyValueSpecification","valueRequired":true,"valueName":"search_term_string"}}],"inLanguage":"sv-SE"},{"@type":"Organization","@id":"https:\/\/www.heddata.se\/webbutik\/#organization","name":"Heddata AB","url":"https:\/\/www.heddata.se\/webbutik\/","logo":{"@type":"ImageObject","inLanguage":"sv-SE","@id":"https:\/\/www.heddata.se\/webbutik\/#\/schema\/logo\/image\/","url":"https:\/\/www.heddata.se\/webbutik\/wp-content\/uploads\/logga\/heddata-ab-logga.png","contentUrl":"https:\/\/www.heddata.se\/webbutik\/wp-content\/uploads\/logga\/heddata-ab-logga.png","width":200,"height":64,"caption":"Heddata AB"},"image":{"@id":"https:\/\/www.heddata.se\/webbutik\/#\/schema\/logo\/image\/"}}]}},"_links":{"self":[{"href":"https:\/\/www.heddata.se\/webbutik\/wp-json\/wp\/v2\/product\/93129","targetHints":{"allow":["GET"]}}],"collection":[{"href":"https:\/\/www.heddata.se\/webbutik\/wp-json\/wp\/v2\/product"}],"about":[{"href":"https:\/\/www.heddata.se\/webbutik\/wp-json\/wp\/v2\/types\/product"}],"wp:featuredmedia":[{"embeddable":true,"href":"https:\/\/www.heddata.se\/webbutik\/wp-json\/wp\/v2\/media\/93132"}],"wp:attachment":[{"href":"https:\/\/www.heddata.se\/webbutik\/wp-json\/wp\/v2\/media?parent=93129"}],"wp:term":[{"taxonomy":"product_brand","embeddable":true,"href":"https:\/\/www.heddata.se\/webbutik\/wp-json\/wp\/v2\/product_brand?post=93129"},{"taxonomy":"product_cat","embeddable":true,"href":"https:\/\/www.heddata.se\/webbutik\/wp-json\/wp\/v2\/product_cat?post=93129"},{"taxonomy":"product_tag","embeddable":true,"href":"https:\/\/www.heddata.se\/webbutik\/wp-json\/wp\/v2\/product_tag?post=93129"}],"curies":[{"name":"wp","href":"https:\/\/api.w.org\/{rel}","templated":true}]}}