{"id":93067,"date":"2022-08-22T13:18:12","date_gmt":"2022-08-22T11:18:12","guid":{"rendered":"https:\/\/www.heddata.se\/webbutik\/?post_type=product&#038;p=93067"},"modified":"2026-04-06T18:31:13","modified_gmt":"2026-04-06T16:31:13","slug":"samsung-bildskarm-27-tum-1920-x-1080-vga-hd-15-hdmi-75hz-lf27t350fhrxen","status":"publish","type":"product","link":"https:\/\/www.heddata.se\/webbutik\/produkt\/samsung-bildskarm-27-tum-1920-x-1080-vga-hd-15-hdmi-75hz-lf27t350fhrxen\/","title":{"rendered":"Samsung bildsk\u00e4rm 27 tum 1920 x 1080 VGA (HD-15) HDMI 75Hz LF27T350FHRXEN"},"content":{"rendered":"<p>Samsung bildsk\u00e4rm 27 tum 1920 x 1080 VGA (HD-15) HDMI 75Hz LF27T350FHRXEN<\/p>\n<p><a href=\"https:\/\/www.samsung.com\/se\/\" target=\"_blank\" rel=\"noopener\">Samsung<\/a> F27T350FHR &#8211; LED-sk\u00e4rm &#8211; 27&#8243; &#8211; 1920 x 1080 Full HD (1080p) @ 75 Hz &#8211; IPS &#8211; 250 cd\/m\u00b2 &#8211; 1000:1 &#8211; 5 ms &#8211; HDMI, VGA &#8211; m\u00f6rkgr\u00e5\/bl\u00e5<\/p>\n<p id=\"tw-target-text\" class=\"tw-data-text tw-text-large tw-ta\" dir=\"ltr\" data-placeholder=\"\u00d6vers\u00e4ttning\"><span class=\"Y2IQFc\" lang=\"sv\">LED-sk\u00e4rm med IPS-panel och kantl\u00f6s design.<\/span><\/p>\n<p>&nbsp;<\/p>\n<table class=\"table table-specs table-specsextended table-striped\">\n<tbody>\n<tr>\n<td class=\"header\">Typ av bildsk\u00e4rm<\/td>\n<td class=\"value\">LED-bakgrundsbelyst LCD-sk\u00e4rm \/ TFT aktiv matris<\/td>\n<\/tr>\n<tr>\n<td class=\"header\">Energiklass<\/td>\n<td class=\"value\">Klass E<\/td>\n<\/tr>\n<tr>\n<td class=\"header\">Diagonal storlek<\/td>\n<td class=\"value\">27&#8243;<\/td>\n<\/tr>\n<tr>\n<td class=\"header\">Adaptive-Sync-teknologi<\/td>\n<td class=\"value\">AMD FreeSync<\/td>\n<\/tr>\n<tr>\n<td class=\"header\">Paneltyp<\/td>\n<td class=\"value\">IPS<\/td>\n<\/tr>\n<tr>\n<td class=\"header\">Bildf\u00f6rh\u00e5llande<\/td>\n<td class=\"value\">16:9<\/td>\n<\/tr>\n<tr>\n<td class=\"header\">Ursprunglig uppl\u00f6sning<\/td>\n<td class=\"value\">Full HD (1080p) 1920 x 1080 vid 75 Hz<\/td>\n<\/tr>\n<tr>\n<td class=\"header\">Ljusstyrka<\/td>\n<td class=\"value\">250 cd\/m\u00b2<\/td>\n<\/tr>\n<tr>\n<td class=\"header\">Kontrastf\u00f6rh\u00e5llande<\/td>\n<td class=\"value\">1000:1<\/td>\n<\/tr>\n<tr>\n<td class=\"header\">F\u00e4rgst\u00f6d<\/td>\n<td class=\"value\">16,7 miljoner f\u00e4rger<\/td>\n<\/tr>\n<tr>\n<td class=\"header\">Responstid<\/td>\n<td class=\"value\">5 ms (gr\u00e5-till-gr\u00e5)<\/td>\n<\/tr>\n<tr>\n<td class=\"header\">Horisontell visningsvinkel<\/td>\n<td class=\"value\">178<\/td>\n<\/tr>\n<tr>\n<td class=\"header\">Vertikal visningsvinkel<\/td>\n<td class=\"value\">178<\/td>\n<\/tr>\n<tr>\n<td class=\"header\">Bakgrundsbelysningsteknik<\/td>\n<td class=\"value\">LED-bakgrundsbelysning<\/td>\n<\/tr>\n<tr>\n<td class=\"header\">Egenskaper<\/td>\n<td class=\"value\">Spell\u00e4ge, flimmerfri teknik, Image Size, Eco Saving Plus, Eye Saver Mode, Off Timer Plus<\/td>\n<\/tr>\n<tr>\n<td class=\"header\">F\u00e4rg<\/td>\n<td class=\"value\">M\u00f6rkgr\u00e5\/bl\u00e5<\/td>\n<\/tr>\n<tr>\n<td class=\"header\">Dimensioner (BxDxH)<\/td>\n<td class=\"value\">61.21 cm x 23.2 cm x 49.57 cm &#8211; med st\u00e4ll<\/td>\n<\/tr>\n<tr>\n<td class=\"header\">Vikt<\/td>\n<td class=\"value\">3.4 kg<\/td>\n<\/tr>\n<tr>\n<th style=\"text-align: left\" colspan=\"2\"><span class=\"text-primary\">Anslutning<\/span><\/th>\n<\/tr>\n<tr>\n<td class=\"header\">Gr\u00e4nssnitt<\/td>\n<td class=\"value\">VGA<br \/>\n<a href=\"https:\/\/www.heddata.se\/webbutik\/kablar\/hdmi-kablar\/\">HDMI<\/a><\/td>\n<\/tr>\n<tr>\n<th style=\"text-align: left\" colspan=\"2\"><span class=\"text-primary\">Mekanisk<\/span><\/th>\n<\/tr>\n<tr>\n<td class=\"header\">Displayl\u00e4gesjusteringar<\/td>\n<td class=\"value\">Lutning<\/td>\n<\/tr>\n<tr>\n<td class=\"header\">Lutningsvinkel<\/td>\n<td class=\"value\">-2\/+20<\/td>\n<\/tr>\n<tr>\n<td class=\"header\">VESA-inf\u00e4stningsgr\u00e4nssnitt<\/td>\n<td class=\"value\">100 x 100 mm<\/td>\n<\/tr>\n<tr>\n<th style=\"text-align: left\" colspan=\"2\"><span class=\"text-primary\">Diverse<\/span><\/th>\n<\/tr>\n<tr>\n<td class=\"header\">Egenskaper<\/td>\n<td class=\"value\">Plats f\u00f6r s\u00e4kerhetsl\u00e5s (kabell\u00e5s s\u00e4ljs separat)<\/td>\n<\/tr>\n<tr>\n<td class=\"header\">Medf\u00f6ljande kablar<\/td>\n<td class=\"value\">1 x HDMI-kabel<\/td>\n<\/tr>\n<tr>\n<td class=\"header\">Standarder som f\u00f6ljs<\/td>\n<td class=\"value\">ISO 9241-307 Class 2<\/td>\n<\/tr>\n<tr>\n<td class=\"header\">Typ av s\u00e4kerhetsplats<\/td>\n<td class=\"value\">Kensington s\u00e4kerhetsplats<\/td>\n<\/tr>\n<tr>\n<th style=\"text-align: left\" colspan=\"2\"><span class=\"text-primary\">Str\u00f6mtillf\u00f6rsel<\/span><\/th>\n<\/tr>\n<tr>\n<td class=\"header\">Str\u00f6mkonsumtion (driftl\u00e4ge)<\/td>\n<td class=\"value\">18 W<\/td>\n<\/tr>\n<tr>\n<td class=\"header\">Str\u00f6mf\u00f6rbrukning f\u00f6r SDR (P\u00e5-l\u00e4ge)<\/td>\n<td class=\"value\">18 kWh\/1 000 h<\/td>\n<\/tr>\n<tr>\n<td class=\"header\">Str\u00f6mkonsumtionsst\u00e4ll med<\/td>\n<td class=\"value\">0.5 Watt<\/td>\n<\/tr>\n<tr>\n<td class=\"header\">Str\u00f6mkonsumtion (vid l\u00e4ge av)<\/td>\n<td class=\"value\">0.3 Watt<\/td>\n<\/tr>\n<tr>\n<th style=\"text-align: left\" colspan=\"2\"><span class=\"text-primary\">M\u00e5tt och vikt<\/span><\/th>\n<\/tr>\n<tr>\n<td class=\"header\">M\u00e5tt och vikt (komponenter)<\/td>\n<td class=\"value\">Med st\u00e4ll &#8211; bredd: 61.21 cm &#8211; djup: 23.2 cm &#8211; h\u00f6jd: 49.57 cm &#8211; vikt: 3.4 kg<br \/>\nUtan st\u00e4ll &#8211; bredd: 61.21 cm &#8211; djup: 3.94 cm &#8211; h\u00f6jd: 36.36 cm &#8211; vikt: 3.1 kg<\/td>\n<\/tr>\n<\/tbody>\n<\/table>\n","protected":false},"excerpt":{"rendered":"<p>Samsung bildsk\u00e4rm 27 tum 1920 x 1080 VGA (HD-15) HDMI 75Hz LF27T350FHRXEN<\/p>\n","protected":false},"featured_media":93069,"template":"","meta":[],"product_brand":[],"product_cat":[2123],"product_tag":[],"class_list":{"0":"post-93067","1":"product","2":"type-product","3":"status-publish","4":"has-post-thumbnail","6":"product_cat-skarmar","8":"first","9":"outofstock","10":"taxable","11":"shipping-taxable","12":"product-type-simple"},"yoast_head":"<!-- This site is optimized with the Yoast SEO Premium plugin v26.7 (Yoast SEO v26.7) - https:\/\/yoast.com\/wordpress\/plugins\/seo\/ -->\n<title>Samsung bildsk\u00e4rm 27 tum 1920 x 1080 VGA (HD-15) HDMI 75Hz<\/title>\n<meta name=\"description\" content=\"Samsung bildsk\u00e4rm 27 tum 1920 x 1080 VGA (HD-15) HDMI 75Hz LF27T350FHRXEN. LED-sk\u00e4rm med IPS-panel och kantl\u00f6s design\" \/>\n<meta name=\"robots\" content=\"index, follow, max-snippet:-1, max-image-preview:large, max-video-preview:-1\" \/>\n<link rel=\"canonical\" href=\"https:\/\/www.heddata.se\/webbutik\/produkt\/samsung-bildskarm-27-tum-1920-x-1080-vga-hd-15-hdmi-75hz-lf27t350fhrxen\/\" \/>\n<meta property=\"og:locale\" content=\"sv_SE\" \/>\n<meta property=\"og:type\" content=\"article\" \/>\n<meta property=\"og:title\" content=\"Samsung bildsk\u00e4rm 27 tum 1920 x 1080 VGA (HD-15) HDMI 75Hz LF27T350FHRXEN\" \/>\n<meta property=\"og:description\" content=\"Samsung bildsk\u00e4rm 27 tum 1920 x 1080 VGA (HD-15) HDMI 75Hz LF27T350FHRXEN. LED-sk\u00e4rm med IPS-panel och kantl\u00f6s design\" \/>\n<meta property=\"og:url\" content=\"https:\/\/www.heddata.se\/webbutik\/produkt\/samsung-bildskarm-27-tum-1920-x-1080-vga-hd-15-hdmi-75hz-lf27t350fhrxen\/\" \/>\n<meta property=\"og:site_name\" content=\"Datorer, Skrivare, F\u00e4rgpatroner, Mobiltelefoner\" \/>\n<meta property=\"article:modified_time\" content=\"2026-04-06T16:31:13+00:00\" \/>\n<meta property=\"og:image\" content=\"https:\/\/www.heddata.se\/webbutik\/wp-content\/uploads\/webbutik\/kategorier\/skarmar\/lf27t350fhrxen.jpg\" \/>\n\t<meta property=\"og:image:width\" content=\"2172\" \/>\n\t<meta property=\"og:image:height\" content=\"2172\" \/>\n\t<meta property=\"og:image:type\" content=\"image\/jpeg\" \/>\n<meta name=\"twitter:card\" content=\"summary_large_image\" \/>\n<meta name=\"twitter:label1\" content=\"Ber\u00e4knad l\u00e4stid\" \/>\n\t<meta name=\"twitter:data1\" content=\"1 minut\" \/>\n<script type=\"application\/ld+json\" class=\"yoast-schema-graph\">{\"@context\":\"https:\/\/schema.org\",\"@graph\":[{\"@type\":\"WebPage\",\"@id\":\"https:\/\/www.heddata.se\/webbutik\/produkt\/samsung-bildskarm-27-tum-1920-x-1080-vga-hd-15-hdmi-75hz-lf27t350fhrxen\/\",\"url\":\"https:\/\/www.heddata.se\/webbutik\/produkt\/samsung-bildskarm-27-tum-1920-x-1080-vga-hd-15-hdmi-75hz-lf27t350fhrxen\/\",\"name\":\"Samsung bildsk\u00e4rm 27 tum 1920 x 1080 VGA (HD-15) HDMI 75Hz\",\"isPartOf\":{\"@id\":\"https:\/\/www.heddata.se\/webbutik\/#website\"},\"primaryImageOfPage\":{\"@id\":\"https:\/\/www.heddata.se\/webbutik\/produkt\/samsung-bildskarm-27-tum-1920-x-1080-vga-hd-15-hdmi-75hz-lf27t350fhrxen\/#primaryimage\"},\"image\":{\"@id\":\"https:\/\/www.heddata.se\/webbutik\/produkt\/samsung-bildskarm-27-tum-1920-x-1080-vga-hd-15-hdmi-75hz-lf27t350fhrxen\/#primaryimage\"},\"thumbnailUrl\":\"https:\/\/www.heddata.se\/webbutik\/wp-content\/uploads\/webbutik\/kategorier\/skarmar\/lf27t350fhrxen.jpg\",\"datePublished\":\"2022-08-22T11:18:12+00:00\",\"dateModified\":\"2026-04-06T16:31:13+00:00\",\"description\":\"Samsung bildsk\u00e4rm 27 tum 1920 x 1080 VGA (HD-15) HDMI 75Hz LF27T350FHRXEN. LED-sk\u00e4rm med IPS-panel och kantl\u00f6s design\",\"breadcrumb\":{\"@id\":\"https:\/\/www.heddata.se\/webbutik\/produkt\/samsung-bildskarm-27-tum-1920-x-1080-vga-hd-15-hdmi-75hz-lf27t350fhrxen\/#breadcrumb\"},\"inLanguage\":\"sv-SE\",\"potentialAction\":[{\"@type\":\"ReadAction\",\"target\":[\"https:\/\/www.heddata.se\/webbutik\/produkt\/samsung-bildskarm-27-tum-1920-x-1080-vga-hd-15-hdmi-75hz-lf27t350fhrxen\/\"]}]},{\"@type\":\"ImageObject\",\"inLanguage\":\"sv-SE\",\"@id\":\"https:\/\/www.heddata.se\/webbutik\/produkt\/samsung-bildskarm-27-tum-1920-x-1080-vga-hd-15-hdmi-75hz-lf27t350fhrxen\/#primaryimage\",\"url\":\"https:\/\/www.heddata.se\/webbutik\/wp-content\/uploads\/webbutik\/kategorier\/skarmar\/lf27t350fhrxen.jpg\",\"contentUrl\":\"https:\/\/www.heddata.se\/webbutik\/wp-content\/uploads\/webbutik\/kategorier\/skarmar\/lf27t350fhrxen.jpg\",\"width\":2172,\"height\":2172,\"caption\":\"Samsung bildsk\u00e4rm 27 tum\"},{\"@type\":\"BreadcrumbList\",\"@id\":\"https:\/\/www.heddata.se\/webbutik\/produkt\/samsung-bildskarm-27-tum-1920-x-1080-vga-hd-15-hdmi-75hz-lf27t350fhrxen\/#breadcrumb\",\"itemListElement\":[{\"@type\":\"ListItem\",\"position\":1,\"name\":\"Hem\",\"item\":\"https:\/\/www.heddata.se\/webbutik\/\"},{\"@type\":\"ListItem\",\"position\":2,\"name\":\"Produkter\",\"item\":\"https:\/\/www.heddata.se\/webbutik\/shop\/\"},{\"@type\":\"ListItem\",\"position\":3,\"name\":\"Samsung bildsk\u00e4rm 27 tum 1920 x 1080 VGA (HD-15) HDMI 75Hz LF27T350FHRXEN\"}]},{\"@type\":\"WebSite\",\"@id\":\"https:\/\/www.heddata.se\/webbutik\/#website\",\"url\":\"https:\/\/www.heddata.se\/webbutik\/\",\"name\":\"Datorer, Skrivare, F\u00e4rgpatroner, Mobiltelefoner\",\"description\":\"Kablar\",\"publisher\":{\"@id\":\"https:\/\/www.heddata.se\/webbutik\/#organization\"},\"potentialAction\":[{\"@type\":\"SearchAction\",\"target\":{\"@type\":\"EntryPoint\",\"urlTemplate\":\"https:\/\/www.heddata.se\/webbutik\/?s={search_term_string}\"},\"query-input\":{\"@type\":\"PropertyValueSpecification\",\"valueRequired\":true,\"valueName\":\"search_term_string\"}}],\"inLanguage\":\"sv-SE\"},{\"@type\":\"Organization\",\"@id\":\"https:\/\/www.heddata.se\/webbutik\/#organization\",\"name\":\"Heddata AB\",\"url\":\"https:\/\/www.heddata.se\/webbutik\/\",\"logo\":{\"@type\":\"ImageObject\",\"inLanguage\":\"sv-SE\",\"@id\":\"https:\/\/www.heddata.se\/webbutik\/#\/schema\/logo\/image\/\",\"url\":\"https:\/\/www.heddata.se\/webbutik\/wp-content\/uploads\/logga\/heddata-ab-logga.png\",\"contentUrl\":\"https:\/\/www.heddata.se\/webbutik\/wp-content\/uploads\/logga\/heddata-ab-logga.png\",\"width\":200,\"height\":64,\"caption\":\"Heddata AB\"},\"image\":{\"@id\":\"https:\/\/www.heddata.se\/webbutik\/#\/schema\/logo\/image\/\"}}]}<\/script>\n<!-- \/ Yoast SEO Premium plugin. -->","yoast_head_json":{"title":"Samsung bildsk\u00e4rm 27 tum 1920 x 1080 VGA (HD-15) HDMI 75Hz","description":"Samsung bildsk\u00e4rm 27 tum 1920 x 1080 VGA (HD-15) HDMI 75Hz LF27T350FHRXEN. LED-sk\u00e4rm med IPS-panel och kantl\u00f6s design","robots":{"index":"index","follow":"follow","max-snippet":"max-snippet:-1","max-image-preview":"max-image-preview:large","max-video-preview":"max-video-preview:-1"},"canonical":"https:\/\/www.heddata.se\/webbutik\/produkt\/samsung-bildskarm-27-tum-1920-x-1080-vga-hd-15-hdmi-75hz-lf27t350fhrxen\/","og_locale":"sv_SE","og_type":"article","og_title":"Samsung bildsk\u00e4rm 27 tum 1920 x 1080 VGA (HD-15) HDMI 75Hz LF27T350FHRXEN","og_description":"Samsung bildsk\u00e4rm 27 tum 1920 x 1080 VGA (HD-15) HDMI 75Hz LF27T350FHRXEN. LED-sk\u00e4rm med IPS-panel och kantl\u00f6s design","og_url":"https:\/\/www.heddata.se\/webbutik\/produkt\/samsung-bildskarm-27-tum-1920-x-1080-vga-hd-15-hdmi-75hz-lf27t350fhrxen\/","og_site_name":"Datorer, Skrivare, F\u00e4rgpatroner, Mobiltelefoner","article_modified_time":"2026-04-06T16:31:13+00:00","og_image":[{"width":2172,"height":2172,"url":"https:\/\/www.heddata.se\/webbutik\/wp-content\/uploads\/webbutik\/kategorier\/skarmar\/lf27t350fhrxen.jpg","type":"image\/jpeg"}],"twitter_card":"summary_large_image","twitter_misc":{"Ber\u00e4knad l\u00e4stid":"1 minut"},"schema":{"@context":"https:\/\/schema.org","@graph":[{"@type":"WebPage","@id":"https:\/\/www.heddata.se\/webbutik\/produkt\/samsung-bildskarm-27-tum-1920-x-1080-vga-hd-15-hdmi-75hz-lf27t350fhrxen\/","url":"https:\/\/www.heddata.se\/webbutik\/produkt\/samsung-bildskarm-27-tum-1920-x-1080-vga-hd-15-hdmi-75hz-lf27t350fhrxen\/","name":"Samsung bildsk\u00e4rm 27 tum 1920 x 1080 VGA (HD-15) HDMI 75Hz","isPartOf":{"@id":"https:\/\/www.heddata.se\/webbutik\/#website"},"primaryImageOfPage":{"@id":"https:\/\/www.heddata.se\/webbutik\/produkt\/samsung-bildskarm-27-tum-1920-x-1080-vga-hd-15-hdmi-75hz-lf27t350fhrxen\/#primaryimage"},"image":{"@id":"https:\/\/www.heddata.se\/webbutik\/produkt\/samsung-bildskarm-27-tum-1920-x-1080-vga-hd-15-hdmi-75hz-lf27t350fhrxen\/#primaryimage"},"thumbnailUrl":"https:\/\/www.heddata.se\/webbutik\/wp-content\/uploads\/webbutik\/kategorier\/skarmar\/lf27t350fhrxen.jpg","datePublished":"2022-08-22T11:18:12+00:00","dateModified":"2026-04-06T16:31:13+00:00","description":"Samsung bildsk\u00e4rm 27 tum 1920 x 1080 VGA (HD-15) HDMI 75Hz LF27T350FHRXEN. LED-sk\u00e4rm med IPS-panel och kantl\u00f6s design","breadcrumb":{"@id":"https:\/\/www.heddata.se\/webbutik\/produkt\/samsung-bildskarm-27-tum-1920-x-1080-vga-hd-15-hdmi-75hz-lf27t350fhrxen\/#breadcrumb"},"inLanguage":"sv-SE","potentialAction":[{"@type":"ReadAction","target":["https:\/\/www.heddata.se\/webbutik\/produkt\/samsung-bildskarm-27-tum-1920-x-1080-vga-hd-15-hdmi-75hz-lf27t350fhrxen\/"]}]},{"@type":"ImageObject","inLanguage":"sv-SE","@id":"https:\/\/www.heddata.se\/webbutik\/produkt\/samsung-bildskarm-27-tum-1920-x-1080-vga-hd-15-hdmi-75hz-lf27t350fhrxen\/#primaryimage","url":"https:\/\/www.heddata.se\/webbutik\/wp-content\/uploads\/webbutik\/kategorier\/skarmar\/lf27t350fhrxen.jpg","contentUrl":"https:\/\/www.heddata.se\/webbutik\/wp-content\/uploads\/webbutik\/kategorier\/skarmar\/lf27t350fhrxen.jpg","width":2172,"height":2172,"caption":"Samsung bildsk\u00e4rm 27 tum"},{"@type":"BreadcrumbList","@id":"https:\/\/www.heddata.se\/webbutik\/produkt\/samsung-bildskarm-27-tum-1920-x-1080-vga-hd-15-hdmi-75hz-lf27t350fhrxen\/#breadcrumb","itemListElement":[{"@type":"ListItem","position":1,"name":"Hem","item":"https:\/\/www.heddata.se\/webbutik\/"},{"@type":"ListItem","position":2,"name":"Produkter","item":"https:\/\/www.heddata.se\/webbutik\/shop\/"},{"@type":"ListItem","position":3,"name":"Samsung bildsk\u00e4rm 27 tum 1920 x 1080 VGA (HD-15) HDMI 75Hz LF27T350FHRXEN"}]},{"@type":"WebSite","@id":"https:\/\/www.heddata.se\/webbutik\/#website","url":"https:\/\/www.heddata.se\/webbutik\/","name":"Datorer, Skrivare, F\u00e4rgpatroner, Mobiltelefoner","description":"Kablar","publisher":{"@id":"https:\/\/www.heddata.se\/webbutik\/#organization"},"potentialAction":[{"@type":"SearchAction","target":{"@type":"EntryPoint","urlTemplate":"https:\/\/www.heddata.se\/webbutik\/?s={search_term_string}"},"query-input":{"@type":"PropertyValueSpecification","valueRequired":true,"valueName":"search_term_string"}}],"inLanguage":"sv-SE"},{"@type":"Organization","@id":"https:\/\/www.heddata.se\/webbutik\/#organization","name":"Heddata AB","url":"https:\/\/www.heddata.se\/webbutik\/","logo":{"@type":"ImageObject","inLanguage":"sv-SE","@id":"https:\/\/www.heddata.se\/webbutik\/#\/schema\/logo\/image\/","url":"https:\/\/www.heddata.se\/webbutik\/wp-content\/uploads\/logga\/heddata-ab-logga.png","contentUrl":"https:\/\/www.heddata.se\/webbutik\/wp-content\/uploads\/logga\/heddata-ab-logga.png","width":200,"height":64,"caption":"Heddata AB"},"image":{"@id":"https:\/\/www.heddata.se\/webbutik\/#\/schema\/logo\/image\/"}}]}},"_links":{"self":[{"href":"https:\/\/www.heddata.se\/webbutik\/wp-json\/wp\/v2\/product\/93067","targetHints":{"allow":["GET"]}}],"collection":[{"href":"https:\/\/www.heddata.se\/webbutik\/wp-json\/wp\/v2\/product"}],"about":[{"href":"https:\/\/www.heddata.se\/webbutik\/wp-json\/wp\/v2\/types\/product"}],"wp:featuredmedia":[{"embeddable":true,"href":"https:\/\/www.heddata.se\/webbutik\/wp-json\/wp\/v2\/media\/93069"}],"wp:attachment":[{"href":"https:\/\/www.heddata.se\/webbutik\/wp-json\/wp\/v2\/media?parent=93067"}],"wp:term":[{"taxonomy":"product_brand","embeddable":true,"href":"https:\/\/www.heddata.se\/webbutik\/wp-json\/wp\/v2\/product_brand?post=93067"},{"taxonomy":"product_cat","embeddable":true,"href":"https:\/\/www.heddata.se\/webbutik\/wp-json\/wp\/v2\/product_cat?post=93067"},{"taxonomy":"product_tag","embeddable":true,"href":"https:\/\/www.heddata.se\/webbutik\/wp-json\/wp\/v2\/product_tag?post=93067"}],"curies":[{"name":"wp","href":"https:\/\/api.w.org\/{rel}","templated":true}]}}