{"id":92903,"date":"2022-06-21T12:18:19","date_gmt":"2022-06-21T10:18:19","guid":{"rendered":"https:\/\/www.heddata.se\/webbutik\/?post_type=product&#038;p=92903"},"modified":"2026-05-08T18:31:49","modified_gmt":"2026-05-08T16:31:49","slug":"mfc-j6540dw-a3-tradlos-allt-i-ett-blackstraleskrivare-for-professionellt-bruk-mfcj6540dwre1","status":"publish","type":"product","link":"https:\/\/www.heddata.se\/webbutik\/produkt\/mfc-j6540dw-a3-tradlos-allt-i-ett-blackstraleskrivare-for-professionellt-bruk-mfcj6540dwre1\/","title":{"rendered":"MFC-J6540DW A3- tr\u00e5dl\u00f6s allt-i-ett-bl\u00e4ckstr\u00e5leskrivare f\u00f6r professionellt bruk MFCJ6540DWRE1"},"content":{"rendered":"<p>MFC-J6540DW A3- tr\u00e5dl\u00f6s allt-i-ett-bl\u00e4ckstr\u00e5leskrivare f\u00f6r professionellt bruk MFCJ6540DWRE1<\/p>\n<p>Snabb utskrift i en allt-i-ett-skrivare, dubbelsidig A4- och A3-utskrift, 6,8 cm f\u00e4rgpeksk\u00e4rm och funktioner f\u00f6r kopiering, skanning och faxning i A3-format. Tillgodoser behov hos mindre kontor och arbetsgrupper.<\/p>\n<p>A3-kapacitet g\u00f6r att du kan producera en m\u00e4ngd A3- och A4-f\u00e4rgdokument utan kr\u00e5ngel, samtidigt som du f\u00e5r utskrifter av h\u00f6g kvalitet,<br \/>\nsnabba utskriftshastigheter och l\u00e5ga driftskostnader. Den h\u00e4r <a href=\"https:\/\/www.heddata.se\/webbutik\/skrivare-blackstrale-monolaser\/allt-i-ett-skrivare\/\">multifunktionsenheten<\/a> erbjuder utskrifts-, kopierings-, skannings-och faxningsfunktioner Skriv ut fr\u00e5n din arbetsstation, i ett m\u00f6tesrum<br \/>\neller fr\u00e5n din mobila enhet med tr\u00e5dl\u00f6s anslutning.<\/p>\n<div class=\"product-detail--content-new-group--heading-content tab-space-cls\">\n<h2 class=\"product-detail-support tabs-title-mobileview heading-content\"><a href=\"https:\/\/www.brother.se\/\" target=\"_blank\" rel=\"noopener\">Specifikationer<\/a><\/h2>\n<p><span style=\"color: #333333;font-size: 14.4px\">Allm\u00e4nt<\/span><\/p>\n<\/div>\n<div class=\"common-product-detail-overview\">\n<div class=\"common-product-detail-overview--item\" data-slider-content=\"\">\n<div id=\"common-accordion-item-0-body\" class=\" common-product-detail-overview--item--body\">\n<div class=\"common-product-detail-overview--item--body--inner\">\n<table class=\"common-product-detail-overview--specification\">\n<tbody>\n<tr class=\"common-product-detail-overview--specification-row\">\n<th class=\"common-product-detail-overview--specification-header\" scope=\"row\">Skrivartyp<\/th>\n<td class=\"common-product-detail-overview--specification-body\">F\u00e4rg<\/td>\n<\/tr>\n<tr class=\"common-product-detail-overview--specification-row\">\n<th class=\"common-product-detail-overview--specification-header\" scope=\"row\">Funktioner<\/th>\n<td class=\"common-product-detail-overview--specification-body\">Utskrift, Kopiering, Skanning, Fax<\/td>\n<\/tr>\n<tr class=\"common-product-detail-overview--specification-row\">\n<th class=\"common-product-detail-overview--specification-header\" scope=\"row\">Sk\u00e4rm<\/th>\n<td class=\"common-product-detail-overview--specification-body\">F\u00e4rgsk\u00e4rm med pekfunktion<\/td>\n<\/tr>\n<tr class=\"common-product-detail-overview--specification-row\">\n<th class=\"common-product-detail-overview--specification-header\" scope=\"row\">Sk\u00e4rmstorlek<\/th>\n<td class=\"common-product-detail-overview--specification-body\">6,8cm<\/td>\n<\/tr>\n<tr class=\"common-product-detail-overview--specification-row\">\n<th class=\"common-product-detail-overview--specification-header\" scope=\"row\">Maximalt pappersformat<\/th>\n<td class=\"common-product-detail-overview--specification-body\">A3<\/td>\n<\/tr>\n<tr class=\"common-product-detail-overview--specification-row\">\n<th class=\"common-product-detail-overview--specification-header\" scope=\"row\">Minne<\/th>\n<td class=\"common-product-detail-overview--specification-body\">256MB<\/td>\n<\/tr>\n<tr class=\"common-product-detail-overview--specification-row\">\n<th class=\"common-product-detail-overview--specification-header\" scope=\"row\">Teknik<\/th>\n<td class=\"common-product-detail-overview--specification-body\">Bl\u00e4ckstr\u00e5le<\/td>\n<\/tr>\n<\/tbody>\n<\/table>\n<div class=\"common-product-detail-overview--header\" data-toggle=\"collapse\" data-target=\"#common-accordion-item-2-body\">\n<div class=\"common-product-detail-overview--item--header--inner\">\n<h4 class=\"common-product-detail-overview--item--header--title\">Anslutning<\/h4>\n<\/div>\n<\/div>\n<div id=\"common-accordion-item-2-body\" class=\" common-product-detail-overview--item--body\">\n<div class=\"common-product-detail-overview--item--body--inner\">\n<table class=\"common-product-detail-overview--specification\">\n<tbody>\n<tr class=\"common-product-detail-overview--specification-row\">\n<th class=\"common-product-detail-overview--specification-header\" scope=\"row\">Anslutning<\/th>\n<td class=\"common-product-detail-overview--specification-body\">Kabelanslutet n\u00e4tverk, Tr\u00e5dl\u00f6st, USB<\/td>\n<\/tr>\n<tr class=\"common-product-detail-overview--specification-row\">\n<th class=\"common-product-detail-overview--specification-header\" scope=\"row\">Lokalt gr\u00e4nssnitt<\/th>\n<td class=\"common-product-detail-overview--specification-body\">Hi-Speed USB 2.0, USB 2.0 Host (Front)<\/td>\n<\/tr>\n<tr class=\"common-product-detail-overview--specification-row\">\n<th class=\"common-product-detail-overview--specification-header\" scope=\"row\">NFC<\/th>\n<td class=\"common-product-detail-overview--specification-body\">Nej<\/td>\n<\/tr>\n<tr class=\"common-product-detail-overview--specification-row\">\n<th class=\"common-product-detail-overview--specification-header\" scope=\"row\">Wi-Fi Direct<\/th>\n<td class=\"common-product-detail-overview--specification-body\">Skriv ut tr\u00e5dl\u00f6st utan att beh\u00f6va g\u00e5 via en tr\u00e5dl\u00f6s \u00e5tkomstpunkt (b\u00e5de automatiska och manuella metoder st\u00f6ds)<\/td>\n<\/tr>\n<tr class=\"common-product-detail-overview--specification-row\">\n<th class=\"common-product-detail-overview--specification-header\" scope=\"row\">Kabelanslutet n\u00e4tverksgr\u00e4nssnitt<\/th>\n<td class=\"common-product-detail-overview--specification-body\">Ethernet 10\/100BASE-TX Auto Negotiation<\/td>\n<\/tr>\n<tr class=\"common-product-detail-overview--specification-row\">\n<th class=\"common-product-detail-overview--specification-header\" scope=\"row\">Tr\u00e5dl\u00f6st n\u00e4tverksgr\u00e4nssnitt<\/th>\n<td class=\"common-product-detail-overview--specification-body\">2.4GHz IEEE 802.11 b\/g\/n &amp; 5GHz IEEE 802.11a\/n<\/td>\n<\/tr>\n<\/tbody>\n<\/table>\n<div class=\"common-product-detail-overview--header\" data-toggle=\"collapse\" data-target=\"#common-accordion-item-14-body\">\n<div class=\"common-product-detail-overview--item--header--inner\">\n<h4 class=\"common-product-detail-overview--item--header--title\">Utskrift<\/h4>\n<\/div>\n<\/div>\n<div id=\"common-accordion-item-14-body\" class=\" common-product-detail-overview--item--body\">\n<div class=\"common-product-detail-overview--item--body--inner\">\n<table class=\"common-product-detail-overview--specification\">\n<tbody>\n<tr class=\"common-product-detail-overview--specification-row\">\n<th class=\"common-product-detail-overview--specification-header\" scope=\"row\">Hastighet A4 dubbelsidig utskrift<\/th>\n<td class=\"common-product-detail-overview--specification-body\">Upp till 21 bilder per minut<\/td>\n<\/tr>\n<tr class=\"common-product-detail-overview--specification-row\">\n<th class=\"common-product-detail-overview--specification-header\" scope=\"row\">Hastighet A4 standardutskrift<\/th>\n<td class=\"common-product-detail-overview--specification-body\">Upp till 28 ipm sidor per minut<\/td>\n<\/tr>\n<tr class=\"common-product-detail-overview--specification-row\">\n<th class=\"common-product-detail-overview--specification-header\" scope=\"row\">Uppl\u00f6sning<\/th>\n<td class=\"common-product-detail-overview--specification-body\">Upp till 1200 x 4800 dpi (horisontell x vertikal)<\/td>\n<\/tr>\n<tr class=\"common-product-detail-overview--specification-row\">\n<th class=\"common-product-detail-overview--specification-header\" scope=\"row\">Automatisk dubbelsidig utskrift<\/th>\n<td class=\"common-product-detail-overview--specification-body\">Ja<\/td>\n<\/tr>\n<tr class=\"common-product-detail-overview--specification-row\">\n<th class=\"common-product-detail-overview--specification-header\" scope=\"row\">Tid till f\u00f6rsta utskrift<\/th>\n<td class=\"common-product-detail-overview--specification-body\">Mindre \u00e4n 4.6 sekunder<\/td>\n<\/tr>\n<tr class=\"common-product-detail-overview--specification-row\">\n<th class=\"common-product-detail-overview--specification-header\" scope=\"row\">Rekommenderad volym per m\u00e5nad<\/th>\n<td class=\"common-product-detail-overview--specification-body\">2 500 sidor<\/td>\n<\/tr>\n<\/tbody>\n<\/table>\n<p>&nbsp;<\/p>\n<p><a href=\"https:\/\/www.heddata.se\/webbutik\/produkt\/brother-lc-422-svart-550-sidor-originalpatron\/\"><strong>LC422BK-bl\u00e4ckpatron, svart.<\/strong><\/a><\/p>\n<div class=\" col-md-7 description-link-colour supplies-list-items\">\n<h4 class=\"common-supply-detail--title supplies-list-title\"><a href=\"https:\/\/www.heddata.se\/webbutik\/produkt\/brother-lc-422-cyan-550-sidor-originalpatron\/\"><strong>LC422C-bl\u00e4ckpatron cyan<\/strong><\/a><\/h4>\n<div class=\" col-md-7 description-link-colour supplies-list-items\">\n<h4 class=\"common-supply-detail--title supplies-list-title\"><a href=\"https:\/\/www.heddata.se\/webbutik\/produkt\/brother-lc-422-magenta-550-sidor-originalpatron\/\"><strong>LC422M-bl\u00e4ckpatron magenta<\/strong><\/a><\/h4>\n<div class=\" col-md-7 description-link-colour supplies-list-items\">\n<h4 class=\"common-supply-detail--title supplies-list-title\"><a href=\"https:\/\/www.heddata.se\/webbutik\/produkt\/brother-lc-422-gul-550-sidor-originalpatron\/\"><strong>\u00a0LC422Y-bl\u00e4ckpatron &#8211; gul<\/strong><\/a><\/h4>\n<\/div>\n<\/div>\n<\/div>\n<\/div>\n<\/div>\n<\/div>\n<\/div>\n<\/div>\n<\/div>\n<\/div>\n<\/div>\n","protected":false},"excerpt":{"rendered":"<p>MFC-J6540DW A3- tr\u00e5dl\u00f6s allt-i-ett-bl\u00e4ckstr\u00e5leskrivare f\u00f6r professionellt bruk MFCJ6540DWRE1<\/p>\n","protected":false},"featured_media":92906,"template":"","meta":[],"product_brand":[],"product_cat":[634,635,62],"product_tag":[],"class_list":{"0":"post-92903","1":"product","2":"type-product","3":"status-publish","4":"has-post-thumbnail","6":"product_cat-blackstraleskrivare","7":"product_cat-multifunktionsskrivare","8":"product_cat-skrivare","10":"first","11":"outofstock","12":"taxable","13":"shipping-taxable","14":"purchasable","15":"product-type-simple"},"yoast_head":"<!-- This site is optimized with the Yoast SEO Premium plugin v26.7 (Yoast SEO v26.7) - https:\/\/yoast.com\/wordpress\/plugins\/seo\/ -->\n<title>MFC-J6540DW A3- tr\u00e5dl\u00f6s allt-i-ett-bl\u00e4ckstr\u00e5leskrivare f\u00f6r professionellt<\/title>\n<meta name=\"description\" content=\"MFC-J6540DW A3- tr\u00e5dl\u00f6s allt-i-ett-bl\u00e4ckstr\u00e5leskrivare f\u00f6r professionellt bruk MFCJ6540DWRE1 Snabb utskrift i en allt-i-ett-skrivare\" \/>\n<meta name=\"robots\" content=\"index, follow, max-snippet:-1, max-image-preview:large, max-video-preview:-1\" \/>\n<link rel=\"canonical\" href=\"https:\/\/www.heddata.se\/webbutik\/produkt\/mfc-j6540dw-a3-tradlos-allt-i-ett-blackstraleskrivare-for-professionellt-bruk-mfcj6540dwre1\/\" \/>\n<meta property=\"og:locale\" content=\"sv_SE\" \/>\n<meta property=\"og:type\" content=\"article\" \/>\n<meta property=\"og:title\" content=\"MFC-J6540DW A3- tr\u00e5dl\u00f6s allt-i-ett-bl\u00e4ckstr\u00e5leskrivare f\u00f6r professionellt bruk MFCJ6540DWRE1\" \/>\n<meta property=\"og:description\" content=\"MFC-J6540DW A3- tr\u00e5dl\u00f6s allt-i-ett-bl\u00e4ckstr\u00e5leskrivare f\u00f6r professionellt bruk MFCJ6540DWRE1 Snabb utskrift i en allt-i-ett-skrivare\" \/>\n<meta property=\"og:url\" content=\"https:\/\/www.heddata.se\/webbutik\/produkt\/mfc-j6540dw-a3-tradlos-allt-i-ett-blackstraleskrivare-for-professionellt-bruk-mfcj6540dwre1\/\" \/>\n<meta property=\"og:site_name\" content=\"Datorer, Skrivare, F\u00e4rgpatroner, Mobiltelefoner\" \/>\n<meta property=\"article:modified_time\" content=\"2026-05-08T16:31:49+00:00\" \/>\n<meta property=\"og:image\" content=\"https:\/\/www.heddata.se\/webbutik\/wp-content\/uploads\/webbutik\/kategorier\/skrivare\/mfc-j6540dw.jpg\" \/>\n\t<meta property=\"og:image:width\" content=\"800\" \/>\n\t<meta property=\"og:image:height\" content=\"800\" \/>\n\t<meta property=\"og:image:type\" content=\"image\/jpeg\" \/>\n<meta name=\"twitter:card\" content=\"summary_large_image\" \/>\n<meta name=\"twitter:label1\" content=\"Ber\u00e4knad l\u00e4stid\" \/>\n\t<meta name=\"twitter:data1\" content=\"1 minut\" \/>\n<script type=\"application\/ld+json\" class=\"yoast-schema-graph\">{\"@context\":\"https:\/\/schema.org\",\"@graph\":[{\"@type\":\"WebPage\",\"@id\":\"https:\/\/www.heddata.se\/webbutik\/produkt\/mfc-j6540dw-a3-tradlos-allt-i-ett-blackstraleskrivare-for-professionellt-bruk-mfcj6540dwre1\/\",\"url\":\"https:\/\/www.heddata.se\/webbutik\/produkt\/mfc-j6540dw-a3-tradlos-allt-i-ett-blackstraleskrivare-for-professionellt-bruk-mfcj6540dwre1\/\",\"name\":\"MFC-J6540DW A3- tr\u00e5dl\u00f6s allt-i-ett-bl\u00e4ckstr\u00e5leskrivare f\u00f6r professionellt\",\"isPartOf\":{\"@id\":\"https:\/\/www.heddata.se\/webbutik\/#website\"},\"primaryImageOfPage\":{\"@id\":\"https:\/\/www.heddata.se\/webbutik\/produkt\/mfc-j6540dw-a3-tradlos-allt-i-ett-blackstraleskrivare-for-professionellt-bruk-mfcj6540dwre1\/#primaryimage\"},\"image\":{\"@id\":\"https:\/\/www.heddata.se\/webbutik\/produkt\/mfc-j6540dw-a3-tradlos-allt-i-ett-blackstraleskrivare-for-professionellt-bruk-mfcj6540dwre1\/#primaryimage\"},\"thumbnailUrl\":\"https:\/\/www.heddata.se\/webbutik\/wp-content\/uploads\/webbutik\/kategorier\/skrivare\/mfc-j6540dw.jpg\",\"datePublished\":\"2022-06-21T10:18:19+00:00\",\"dateModified\":\"2026-05-08T16:31:49+00:00\",\"description\":\"MFC-J6540DW A3- tr\u00e5dl\u00f6s allt-i-ett-bl\u00e4ckstr\u00e5leskrivare f\u00f6r professionellt bruk MFCJ6540DWRE1 Snabb utskrift i en allt-i-ett-skrivare\",\"breadcrumb\":{\"@id\":\"https:\/\/www.heddata.se\/webbutik\/produkt\/mfc-j6540dw-a3-tradlos-allt-i-ett-blackstraleskrivare-for-professionellt-bruk-mfcj6540dwre1\/#breadcrumb\"},\"inLanguage\":\"sv-SE\",\"potentialAction\":[{\"@type\":\"ReadAction\",\"target\":[\"https:\/\/www.heddata.se\/webbutik\/produkt\/mfc-j6540dw-a3-tradlos-allt-i-ett-blackstraleskrivare-for-professionellt-bruk-mfcj6540dwre1\/\"]}]},{\"@type\":\"ImageObject\",\"inLanguage\":\"sv-SE\",\"@id\":\"https:\/\/www.heddata.se\/webbutik\/produkt\/mfc-j6540dw-a3-tradlos-allt-i-ett-blackstraleskrivare-for-professionellt-bruk-mfcj6540dwre1\/#primaryimage\",\"url\":\"https:\/\/www.heddata.se\/webbutik\/wp-content\/uploads\/webbutik\/kategorier\/skrivare\/mfc-j6540dw.jpg\",\"contentUrl\":\"https:\/\/www.heddata.se\/webbutik\/wp-content\/uploads\/webbutik\/kategorier\/skrivare\/mfc-j6540dw.jpg\",\"width\":800,\"height\":800,\"caption\":\"MFC-J6540DW A3- tr\u00e5dl\u00f6s\"},{\"@type\":\"BreadcrumbList\",\"@id\":\"https:\/\/www.heddata.se\/webbutik\/produkt\/mfc-j6540dw-a3-tradlos-allt-i-ett-blackstraleskrivare-for-professionellt-bruk-mfcj6540dwre1\/#breadcrumb\",\"itemListElement\":[{\"@type\":\"ListItem\",\"position\":1,\"name\":\"Hem\",\"item\":\"https:\/\/www.heddata.se\/webbutik\/\"},{\"@type\":\"ListItem\",\"position\":2,\"name\":\"Produkter\",\"item\":\"https:\/\/www.heddata.se\/webbutik\/shop\/\"},{\"@type\":\"ListItem\",\"position\":3,\"name\":\"MFC-J6540DW A3- tr\u00e5dl\u00f6s allt-i-ett-bl\u00e4ckstr\u00e5leskrivare f\u00f6r professionellt bruk MFCJ6540DWRE1\"}]},{\"@type\":\"WebSite\",\"@id\":\"https:\/\/www.heddata.se\/webbutik\/#website\",\"url\":\"https:\/\/www.heddata.se\/webbutik\/\",\"name\":\"Datorer, Skrivare, F\u00e4rgpatroner, Mobiltelefoner\",\"description\":\"Kablar\",\"publisher\":{\"@id\":\"https:\/\/www.heddata.se\/webbutik\/#organization\"},\"potentialAction\":[{\"@type\":\"SearchAction\",\"target\":{\"@type\":\"EntryPoint\",\"urlTemplate\":\"https:\/\/www.heddata.se\/webbutik\/?s={search_term_string}\"},\"query-input\":{\"@type\":\"PropertyValueSpecification\",\"valueRequired\":true,\"valueName\":\"search_term_string\"}}],\"inLanguage\":\"sv-SE\"},{\"@type\":\"Organization\",\"@id\":\"https:\/\/www.heddata.se\/webbutik\/#organization\",\"name\":\"Heddata AB\",\"url\":\"https:\/\/www.heddata.se\/webbutik\/\",\"logo\":{\"@type\":\"ImageObject\",\"inLanguage\":\"sv-SE\",\"@id\":\"https:\/\/www.heddata.se\/webbutik\/#\/schema\/logo\/image\/\",\"url\":\"https:\/\/www.heddata.se\/webbutik\/wp-content\/uploads\/logga\/heddata-ab-logga.png\",\"contentUrl\":\"https:\/\/www.heddata.se\/webbutik\/wp-content\/uploads\/logga\/heddata-ab-logga.png\",\"width\":200,\"height\":64,\"caption\":\"Heddata AB\"},\"image\":{\"@id\":\"https:\/\/www.heddata.se\/webbutik\/#\/schema\/logo\/image\/\"}}]}<\/script>\n<!-- \/ Yoast SEO Premium plugin. -->","yoast_head_json":{"title":"MFC-J6540DW A3- tr\u00e5dl\u00f6s allt-i-ett-bl\u00e4ckstr\u00e5leskrivare f\u00f6r professionellt","description":"MFC-J6540DW A3- tr\u00e5dl\u00f6s allt-i-ett-bl\u00e4ckstr\u00e5leskrivare f\u00f6r professionellt bruk MFCJ6540DWRE1 Snabb utskrift i en allt-i-ett-skrivare","robots":{"index":"index","follow":"follow","max-snippet":"max-snippet:-1","max-image-preview":"max-image-preview:large","max-video-preview":"max-video-preview:-1"},"canonical":"https:\/\/www.heddata.se\/webbutik\/produkt\/mfc-j6540dw-a3-tradlos-allt-i-ett-blackstraleskrivare-for-professionellt-bruk-mfcj6540dwre1\/","og_locale":"sv_SE","og_type":"article","og_title":"MFC-J6540DW A3- tr\u00e5dl\u00f6s allt-i-ett-bl\u00e4ckstr\u00e5leskrivare f\u00f6r professionellt bruk MFCJ6540DWRE1","og_description":"MFC-J6540DW A3- tr\u00e5dl\u00f6s allt-i-ett-bl\u00e4ckstr\u00e5leskrivare f\u00f6r professionellt bruk MFCJ6540DWRE1 Snabb utskrift i en allt-i-ett-skrivare","og_url":"https:\/\/www.heddata.se\/webbutik\/produkt\/mfc-j6540dw-a3-tradlos-allt-i-ett-blackstraleskrivare-for-professionellt-bruk-mfcj6540dwre1\/","og_site_name":"Datorer, Skrivare, F\u00e4rgpatroner, Mobiltelefoner","article_modified_time":"2026-05-08T16:31:49+00:00","og_image":[{"width":800,"height":800,"url":"https:\/\/www.heddata.se\/webbutik\/wp-content\/uploads\/webbutik\/kategorier\/skrivare\/mfc-j6540dw.jpg","type":"image\/jpeg"}],"twitter_card":"summary_large_image","twitter_misc":{"Ber\u00e4knad l\u00e4stid":"1 minut"},"schema":{"@context":"https:\/\/schema.org","@graph":[{"@type":"WebPage","@id":"https:\/\/www.heddata.se\/webbutik\/produkt\/mfc-j6540dw-a3-tradlos-allt-i-ett-blackstraleskrivare-for-professionellt-bruk-mfcj6540dwre1\/","url":"https:\/\/www.heddata.se\/webbutik\/produkt\/mfc-j6540dw-a3-tradlos-allt-i-ett-blackstraleskrivare-for-professionellt-bruk-mfcj6540dwre1\/","name":"MFC-J6540DW A3- tr\u00e5dl\u00f6s allt-i-ett-bl\u00e4ckstr\u00e5leskrivare f\u00f6r professionellt","isPartOf":{"@id":"https:\/\/www.heddata.se\/webbutik\/#website"},"primaryImageOfPage":{"@id":"https:\/\/www.heddata.se\/webbutik\/produkt\/mfc-j6540dw-a3-tradlos-allt-i-ett-blackstraleskrivare-for-professionellt-bruk-mfcj6540dwre1\/#primaryimage"},"image":{"@id":"https:\/\/www.heddata.se\/webbutik\/produkt\/mfc-j6540dw-a3-tradlos-allt-i-ett-blackstraleskrivare-for-professionellt-bruk-mfcj6540dwre1\/#primaryimage"},"thumbnailUrl":"https:\/\/www.heddata.se\/webbutik\/wp-content\/uploads\/webbutik\/kategorier\/skrivare\/mfc-j6540dw.jpg","datePublished":"2022-06-21T10:18:19+00:00","dateModified":"2026-05-08T16:31:49+00:00","description":"MFC-J6540DW A3- tr\u00e5dl\u00f6s allt-i-ett-bl\u00e4ckstr\u00e5leskrivare f\u00f6r professionellt bruk MFCJ6540DWRE1 Snabb utskrift i en allt-i-ett-skrivare","breadcrumb":{"@id":"https:\/\/www.heddata.se\/webbutik\/produkt\/mfc-j6540dw-a3-tradlos-allt-i-ett-blackstraleskrivare-for-professionellt-bruk-mfcj6540dwre1\/#breadcrumb"},"inLanguage":"sv-SE","potentialAction":[{"@type":"ReadAction","target":["https:\/\/www.heddata.se\/webbutik\/produkt\/mfc-j6540dw-a3-tradlos-allt-i-ett-blackstraleskrivare-for-professionellt-bruk-mfcj6540dwre1\/"]}]},{"@type":"ImageObject","inLanguage":"sv-SE","@id":"https:\/\/www.heddata.se\/webbutik\/produkt\/mfc-j6540dw-a3-tradlos-allt-i-ett-blackstraleskrivare-for-professionellt-bruk-mfcj6540dwre1\/#primaryimage","url":"https:\/\/www.heddata.se\/webbutik\/wp-content\/uploads\/webbutik\/kategorier\/skrivare\/mfc-j6540dw.jpg","contentUrl":"https:\/\/www.heddata.se\/webbutik\/wp-content\/uploads\/webbutik\/kategorier\/skrivare\/mfc-j6540dw.jpg","width":800,"height":800,"caption":"MFC-J6540DW A3- tr\u00e5dl\u00f6s"},{"@type":"BreadcrumbList","@id":"https:\/\/www.heddata.se\/webbutik\/produkt\/mfc-j6540dw-a3-tradlos-allt-i-ett-blackstraleskrivare-for-professionellt-bruk-mfcj6540dwre1\/#breadcrumb","itemListElement":[{"@type":"ListItem","position":1,"name":"Hem","item":"https:\/\/www.heddata.se\/webbutik\/"},{"@type":"ListItem","position":2,"name":"Produkter","item":"https:\/\/www.heddata.se\/webbutik\/shop\/"},{"@type":"ListItem","position":3,"name":"MFC-J6540DW A3- tr\u00e5dl\u00f6s allt-i-ett-bl\u00e4ckstr\u00e5leskrivare f\u00f6r professionellt bruk MFCJ6540DWRE1"}]},{"@type":"WebSite","@id":"https:\/\/www.heddata.se\/webbutik\/#website","url":"https:\/\/www.heddata.se\/webbutik\/","name":"Datorer, Skrivare, F\u00e4rgpatroner, Mobiltelefoner","description":"Kablar","publisher":{"@id":"https:\/\/www.heddata.se\/webbutik\/#organization"},"potentialAction":[{"@type":"SearchAction","target":{"@type":"EntryPoint","urlTemplate":"https:\/\/www.heddata.se\/webbutik\/?s={search_term_string}"},"query-input":{"@type":"PropertyValueSpecification","valueRequired":true,"valueName":"search_term_string"}}],"inLanguage":"sv-SE"},{"@type":"Organization","@id":"https:\/\/www.heddata.se\/webbutik\/#organization","name":"Heddata AB","url":"https:\/\/www.heddata.se\/webbutik\/","logo":{"@type":"ImageObject","inLanguage":"sv-SE","@id":"https:\/\/www.heddata.se\/webbutik\/#\/schema\/logo\/image\/","url":"https:\/\/www.heddata.se\/webbutik\/wp-content\/uploads\/logga\/heddata-ab-logga.png","contentUrl":"https:\/\/www.heddata.se\/webbutik\/wp-content\/uploads\/logga\/heddata-ab-logga.png","width":200,"height":64,"caption":"Heddata AB"},"image":{"@id":"https:\/\/www.heddata.se\/webbutik\/#\/schema\/logo\/image\/"}}]}},"_links":{"self":[{"href":"https:\/\/www.heddata.se\/webbutik\/wp-json\/wp\/v2\/product\/92903","targetHints":{"allow":["GET"]}}],"collection":[{"href":"https:\/\/www.heddata.se\/webbutik\/wp-json\/wp\/v2\/product"}],"about":[{"href":"https:\/\/www.heddata.se\/webbutik\/wp-json\/wp\/v2\/types\/product"}],"wp:featuredmedia":[{"embeddable":true,"href":"https:\/\/www.heddata.se\/webbutik\/wp-json\/wp\/v2\/media\/92906"}],"wp:attachment":[{"href":"https:\/\/www.heddata.se\/webbutik\/wp-json\/wp\/v2\/media?parent=92903"}],"wp:term":[{"taxonomy":"product_brand","embeddable":true,"href":"https:\/\/www.heddata.se\/webbutik\/wp-json\/wp\/v2\/product_brand?post=92903"},{"taxonomy":"product_cat","embeddable":true,"href":"https:\/\/www.heddata.se\/webbutik\/wp-json\/wp\/v2\/product_cat?post=92903"},{"taxonomy":"product_tag","embeddable":true,"href":"https:\/\/www.heddata.se\/webbutik\/wp-json\/wp\/v2\/product_tag?post=92903"}],"curies":[{"name":"wp","href":"https:\/\/api.w.org\/{rel}","templated":true}]}}