{"id":92848,"date":"2022-06-02T15:55:12","date_gmt":"2022-06-02T13:55:12","guid":{"rendered":"https:\/\/www.heddata.se\/webbutik\/?post_type=product&#038;p=92848"},"modified":"2026-05-15T18:40:37","modified_gmt":"2026-05-15T16:40:37","slug":"samsung-galaxy-a32-lte-a325-128gb-black-enterprise-edition-sm-a325fzkgeeb","status":"publish","type":"product","link":"https:\/\/www.heddata.se\/webbutik\/produkt\/samsung-galaxy-a32-lte-a325-128gb-black-enterprise-edition-sm-a325fzkgeeb\/","title":{"rendered":"Samsung Galaxy A32 LTE A325 128GB Black Enterprise Edition SM-A325FZKGEEB"},"content":{"rendered":"<p>Samsung Galaxy A32 LTE A325 128GB Black Enterprise Edition SM-A325FZKGEEB<\/p>\n<h4><strong>Enterprise Edition<\/strong><\/h4>\n<p data-hj-ignore-attributes=\"\">Samsung Enterprise Edition, ett koncept som f\u00f6renklar hanteringen av f\u00f6retagets enheter och g\u00f6r det m\u00f6jligt att anv\u00e4nda dem \u00e4nnu mer produktivt och effektivt.<\/p>\n<p data-hj-ignore-attributes=\"\"><strong data-hj-ignore-attributes=\"\">F\u00f6ljande tre punkter utg\u00f6r h\u00f6rnstenar i Samsung Enterprise Edition:<\/strong><\/p>\n<ul data-hj-ignore-attributes=\"\">\n<li data-hj-ignore-attributes=\"\">Enheter i Samsung Enterprise Edition finns tillg\u00e4ngliga i minst tv\u00e5 \u00e5r. Det g\u00f6r att f\u00f6retaget alltid har tillg\u00e5ng till de enheter man valt ut och kan best\u00e4lla fler enheter om f\u00f6retaget expanderar. Det effektiviserar och underl\u00e4ttar ocks\u00e5 hanteringen och g\u00f6r det enkelt att h\u00e5lla koll p\u00e5 alla mobila enheter<\/li>\n<li data-hj-ignore-attributes=\"\">I Enterprise Edition ing\u00e5r m\u00e5natliga eller kvartalsvisa uppdateringar i fyra till fem \u00e5r<\/li>\n<li data-hj-ignore-attributes=\"\">Enterprise Edition ger dig en ett\u00e5rig licens f\u00f6r Knox Suite, en helt\u00e4ckande l\u00f6sning f\u00f6r IT-administrat\u00f6rer som t\u00e4cker alla steg inom f\u00f6retagsmobilitet. Med de verktyg som kr\u00e4vs f\u00f6r att s\u00e4kra, drifts\u00e4tta och administrera mobila enheter under hela livscykeln kan din arbetsstyrka anv\u00e4nda sina mobila enheter direkt n\u00e4r de sl\u00e5s p\u00e5<\/li>\n<\/ul>\n<h4><strong>Minimalistisk design, distinkt stil<\/strong><\/h4>\n<p data-hj-ignore-attributes=\"\">Galaxy A32 ser bra ut och k\u00e4nns \u00e4nnu b\u00e4ttre i handen. Perfekt design i nyanser med en diskret gl\u00f6d och med en smal placering av huvudkameran f\u00f6r den ikoniska stilen. Galaxy A32 Enterprise Edition kommer i f\u00e4rgen Awesome Black.<\/p>\n<h4><strong>S\u00e4kert med ett tryck<\/strong><\/h4>\n<p data-hj-ignore-attributes=\"\"><a href=\"https:\/\/www.samsung.com\/se\/\" target=\"_blank\" rel=\"noopener\">Galaxy<\/a> A32 har en fingeravtrycksl\u00e4sare som k\u00e4nner igen ditt unika fingeravtryck, vilket ger dig ett s\u00e4kert och enkelt s\u00e4tt att l\u00e5sa upp din <a href=\"https:\/\/www.heddata.se\/webbutik\/telefon-surfplattor\/mobiltelefoner\/\">telefon.<\/a> Med Samsung Pass kan du biometriskt identifiera dig snabbt f\u00f6r att logga in p\u00e5 hemsidor och i appar.<\/p>\n<h4><strong>Avancerad quad-kamera f\u00f6r avancerad fotografering<\/strong><\/h4>\n<p data-hj-ignore-attributes=\"\">Ta detaljerade bilder av minnesv\u00e4rda stunder med en 64MP huvudkamera. F\u00f6rl\u00e4ng betraktningsvinkeln med ultravidvinkelkamera. Justera fokus med djupkameran, eller komma \u00e4nnu n\u00e4rmare med makrokameran.<\/p>\n<h4><strong>Specifikationer:<\/strong><\/h4>\n<table class=\"data-table\">\n<tbody>\n<tr class=\"odd\">\n<td class=\"spec-name\">SAR-v\u00e4rde<\/td>\n<td class=\"spec-value\">0,449 W\/kg (huvud), 1,299 W\/kg (kropp)<\/td>\n<\/tr>\n<tr class=\"even\">\n<td class=\"spec-name\">Pixelstorlek<\/td>\n<td class=\"spec-value\">1.4 \u00b5m<\/td>\n<\/tr>\n<tr class=\"odd\">\n<td class=\"spec-name\">Anv\u00e4ndarminne<\/td>\n<td class=\"spec-value\">103.2 GB<\/td>\n<\/tr>\n<tr class=\"even\">\n<td class=\"spec-name\">Digitalt zoom<\/td>\n<td class=\"spec-value\">10x<\/td>\n<\/tr>\n<tr class=\"odd\">\n<td class=\"spec-name\">Synf\u00e4lt (FoV)<\/td>\n<td class=\"spec-value\">123 grader<\/td>\n<\/tr>\n<tr class=\"even\">\n<td class=\"spec-name\">Internminneskapacitet<\/td>\n<td class=\"spec-value\">128 GB<\/td>\n<\/tr>\n<tr class=\"odd\">\n<td class=\"spec-name\">H\u00f6jd<\/td>\n<td class=\"spec-value\">158.9 mm<\/td>\n<\/tr>\n<tr class=\"even\">\n<td class=\"spec-name\">F\u00e4rgdjup<\/td>\n<td class=\"spec-value\">16,7 miljoner f\u00e4rger<\/td>\n<\/tr>\n<tr class=\"odd\">\n<td class=\"spec-name\">Vikt<\/td>\n<td class=\"spec-value\">184 g<\/td>\n<\/tr>\n<tr class=\"even\">\n<td class=\"spec-name\">Videouppl\u00f6sning<\/td>\n<td class=\"spec-value\">1920 x 1080 (1080p) vid 30 fps, Slo-mo-video 1280 x 720 (720p) vid 120 fps<\/td>\n<\/tr>\n<tr class=\"odd\">\n<td class=\"spec-name\">Klockfrekvens<\/td>\n<td class=\"spec-value\">2 GHz<\/td>\n<\/tr>\n<tr class=\"even\">\n<td class=\"spec-name\">Sensoruppl\u00f6sning<\/td>\n<td class=\"spec-value\">20 megapixlar<\/td>\n<\/tr>\n<tr class=\"odd\">\n<td class=\"spec-name\">Samtalstid<\/td>\n<td class=\"spec-value\">2040 minuter<\/td>\n<\/tr>\n<tr class=\"even\">\n<td class=\"spec-name\">3G UMTS-frekvens<\/td>\n<td class=\"spec-value\">2100, 1900, 850, 900<\/td>\n<\/tr>\n<tr class=\"odd\">\n<td class=\"spec-name\">Bildsk\u00e4rmsuppl\u00f6sning<\/td>\n<td class=\"spec-value\">2400 x 1080 pixlar<\/td>\n<\/tr>\n<tr class=\"even\">\n<td class=\"spec-name\">RAM<\/td>\n<td class=\"spec-value\">4 GB<\/td>\n<\/tr>\n<tr class=\"odd\">\n<td class=\"spec-name\">Generationen mobilt bredband<\/td>\n<td class=\"spec-value\">4G<\/td>\n<\/tr>\n<tr class=\"even\">\n<td class=\"spec-name\">Sensoruppl\u00f6sning<\/td>\n<td class=\"spec-value\">5 megapixel<\/td>\n<\/tr>\n<tr class=\"odd\">\n<td class=\"spec-name\">Kapacitet<\/td>\n<td class=\"spec-value\">5000 mAh<\/td>\n<\/tr>\n<tr class=\"even\">\n<td class=\"spec-name\">Diagonal storlek<\/td>\n<td class=\"spec-value\">6.4&#8243;<\/td>\n<\/tr>\n<tr class=\"odd\">\n<td class=\"spec-name\">Sensoruppl\u00f6sning<\/td>\n<td class=\"spec-value\">64 megapixlar<\/td>\n<\/tr>\n<tr class=\"even\">\n<td class=\"spec-name\">Bredd<\/td>\n<td class=\"spec-value\">73.6 mm<\/td>\n<\/tr>\n<tr class=\"odd\">\n<td class=\"spec-name\">Sensoruppl\u00f6sning<\/td>\n<td class=\"spec-value\">8 Megapixel<\/td>\n<\/tr>\n<tr class=\"even\">\n<td class=\"spec-name\">Djup<\/td>\n<td class=\"spec-value\">8.4 mm<\/td>\n<\/tr>\n<tr class=\"odd\">\n<td class=\"spec-name\">Maximal ljusstyrka<\/td>\n<td class=\"spec-value\">800 cd\/m\u00b2<\/td>\n<\/tr>\n<tr class=\"even\">\n<td class=\"spec-name\">2G-band<\/td>\n<td class=\"spec-value\">850 GSM, 900 GSM, 1800 GSM, 1900 GSM<\/td>\n<\/tr>\n<tr class=\"odd\">\n<td class=\"spec-name\">Antal processork\u00e4rnor<\/td>\n<td class=\"spec-value\">8-k\u00e4rnig<\/td>\n<\/tr>\n<tr class=\"even\">\n<td class=\"spec-name\">\n<h4>Sensorer<\/h4>\n<\/td>\n<td class=\"spec-value\">Accelerometer, gyrosensor, hallsensor, RGN-sensor, geomagnetisk sensor<\/td>\n<\/tr>\n<tr class=\"odd\">\n<td class=\"spec-name\">Snabbladdningsteknologi<\/td>\n<td class=\"spec-value\">Adaptiv snabbladdning<\/td>\n<\/tr>\n<tr class=\"even\">\n<td class=\"spec-name\">Operativsystem<\/td>\n<td class=\"spec-value\">Android 10<\/td>\n<\/tr>\n<tr class=\"odd\">\n<td class=\"spec-name\">Fokusjustering<\/td>\n<td class=\"spec-value\">Automatisk<\/td>\n<\/tr>\n<tr class=\"even\">\n<td class=\"spec-name\">4G LTE-band<\/td>\n<td class=\"spec-value\">Band 1, Band 2, Band 3, Band 5, Band 7, Band 8, Band 20, Band 28, Band 38, Band 40, Band 41<\/td>\n<\/tr>\n<tr class=\"odd\">\n<td class=\"spec-name\">3G UMTS-band<\/td>\n<td class=\"spec-value\">Band 1, Band 2, Band 5, Band 8<\/td>\n<\/tr>\n<tr class=\"even\">\n<td class=\"spec-name\">Service och support<\/td>\n<td class=\"spec-value\">Begr\u00e4nsad garanti &#8211; 2 \u00e5r<\/td>\n<\/tr>\n<tr class=\"odd\">\n<td class=\"spec-name\">Formfaktor<\/td>\n<td class=\"spec-value\">Ber\u00f6ring<\/td>\n<\/tr>\n<tr class=\"even\">\n<td class=\"spec-name\">Specialeffekter<\/td>\n<td class=\"spec-value\">Bokeh-effekt<\/td>\n<\/tr>\n<tr class=\"odd\">\n<td class=\"spec-name\">Funktioner<\/td>\n<td class=\"spec-value\">Djupkamera<\/td>\n<\/tr>\n<tr class=\"even\">\n<td class=\"spec-name\">Ljudf\u00f6rb\u00e4ttring<\/td>\n<td class=\"spec-value\">Dolby Atmos ljudteknologi<\/td>\n<\/tr>\n<tr class=\"odd\">\n<td class=\"spec-name\">Antal SIM-kort<\/td>\n<td class=\"spec-value\">Dual-SIM<\/td>\n<\/tr>\n<tr class=\"even\">\n<td class=\"spec-name\">F\u00f6rb\u00e4ttringsteknik<\/td>\n<td class=\"spec-value\">Eye Comfort Shield<\/td>\n<\/tr>\n<tr class=\"odd\">\n<td class=\"spec-name\">Bl\u00e4ndare<\/td>\n<td class=\"spec-value\">F\/1.8<\/td>\n<\/tr>\n<tr class=\"even\">\n<td class=\"spec-name\">Bl\u00e4ndare<\/td>\n<td class=\"spec-value\">F\/2.2<\/td>\n<\/tr>\n<tr class=\"odd\">\n<td class=\"spec-name\">Lins\u00f6ppning<\/td>\n<td class=\"spec-value\">F\/2.2<\/td>\n<\/tr>\n<tr class=\"even\">\n<td class=\"spec-name\">Lins\u00f6ppning<\/td>\n<td class=\"spec-value\">F\/2.4<\/td>\n<\/tr>\n<tr class=\"odd\">\n<td class=\"spec-name\">F\u00e4rg<\/td>\n<td class=\"spec-value\">Fantastisk svart<\/td>\n<\/tr>\n<tr class=\"even\">\n<td class=\"spec-name\">5G NR-frekvens<\/td>\n<td class=\"spec-value\">FDD 2100, FDD 1800, FDD 850, FDD 2600, FDD 700APT<\/td>\n<\/tr>\n<tr class=\"odd\">\n<td class=\"spec-name\">4G LTE-frekvens<\/td>\n<td class=\"spec-value\">FDD 2100, FDD 1900 PCS, FDD 1800+, FDD 850, FDD 2600, FDD 900, FDD 800 DD, FDD 700 APT, TDD 2600, TDD 2300, TDD 2500<\/td>\n<\/tr>\n<tr class=\"even\">\n<td class=\"spec-name\">Data\u00f6verf\u00f6ring<\/td>\n<td class=\"spec-value\">FDD-LTE, TDD-LTE<\/td>\n<\/tr>\n<tr class=\"odd\">\n<td class=\"spec-name\">S\u00e4kerhetsenheter<\/td>\n<td class=\"spec-value\">Fingeravtrycksl\u00e4sare (under monitorn)<\/td>\n<\/tr>\n<tr class=\"even\">\n<td class=\"spec-name\">Fokusjustering<\/td>\n<td class=\"spec-value\">Fokuseringsfri<\/td>\n<\/tr>\n<tr class=\"odd\">\n<td class=\"spec-name\">Visningsformat<\/td>\n<td class=\"spec-value\">Full-HD+<\/td>\n<\/tr>\n<tr class=\"even\">\n<td class=\"spec-name\">Navigering<\/td>\n<td class=\"spec-value\">GPS, GLONASS, BeiDou, Galileo<\/td>\n<\/tr>\n<tr class=\"odd\">\n<td class=\"spec-name\">Telefonfunktioner<\/td>\n<td class=\"spec-value\">H\u00f6gtalartelefon, r\u00f6ststyrning, samtalstimer, konferenssamtal, flygl\u00e4ge, r\u00f6ststyrd uppringning, vibrerande larm<\/td>\n<\/tr>\n<tr class=\"even\">\n<td class=\"spec-name\">Funktioner<\/td>\n<td class=\"spec-value\">Infinity U Display<\/td>\n<\/tr>\n<tr class=\"odd\">\n<td class=\"spec-name\">Serviceleverant\u00f6r<\/td>\n<td class=\"spec-value\">Inte specificerad<\/td>\n<\/tr>\n<tr class=\"even\">\n<td class=\"spec-name\">Ljusk\u00e4lla<\/td>\n<td class=\"spec-value\">LED-blixt<\/td>\n<\/tr>\n<tr class=\"odd\">\n<td class=\"spec-name\">Funktioner<\/td>\n<td class=\"spec-value\">Makrokamera<\/td>\n<\/tr>\n<tr class=\"even\">\n<td class=\"spec-name\">Flash-minneskort som st\u00f6ds<\/td>\n<td class=\"spec-value\">MicroSDHC, microSD, microSDXC &#8211; upp till 1 TB<\/td>\n<\/tr>\n<tr class=\"odd\">\n<td class=\"spec-name\">Digitala videostandarder som st\u00f6ds<\/td>\n<td class=\"spec-value\">MKV, FLV, AVI, 3GP, M4V, WebM, 3G2, MP4<\/td>\n<\/tr>\n<tr class=\"even\">\n<td class=\"spec-name\">Inmatningsenhet<\/td>\n<td class=\"spec-value\">Multi-touch<\/td>\n<\/tr>\n<tr class=\"odd\">\n<td class=\"spec-name\">5G NR-band<\/td>\n<td class=\"spec-value\">N1, n3, n5, n7, n28<\/td>\n<\/tr>\n<tr class=\"even\">\n<td class=\"spec-name\">SIM-korttyp<\/td>\n<td class=\"spec-value\">Nano-SIM<\/td>\n<\/tr>\n<tr class=\"odd\">\n<td class=\"spec-name\">Tr\u00e5dl\u00f6st gr\u00e4nssnitt<\/td>\n<td class=\"spec-value\">NFC, IEEE 802.11a\/b\/g\/n\/ac, Bluetooth 5.0<\/td>\n<\/tr>\n<tr class=\"even\">\n<td class=\"spec-name\">\n<h4>Typ<\/h4>\n<\/td>\n<td class=\"spec-value\">OLED-sk\u00e4rm<\/td>\n<\/tr>\n<tr class=\"odd\">\n<td class=\"spec-name\">Typ av produkt<\/td>\n<td class=\"spec-value\">Peksk\u00e4rmsmobil<\/td>\n<\/tr>\n<tr class=\"even\">\n<td class=\"spec-name\">Kameral\u00e4gen<\/td>\n<td class=\"spec-value\">Portr\u00e4tt<\/td>\n<\/tr>\n<tr class=\"odd\">\n<td class=\"spec-name\">Ytterligare funktioner<\/td>\n<td class=\"spec-value\">Samsung KNOX, spelbooster, Virtual Proximity Sensing<\/td>\n<\/tr>\n<tr class=\"even\">\n<td class=\"spec-name\">Standarder som f\u00f6ljs<\/td>\n<td class=\"spec-value\">SGS<\/td>\n<\/tr>\n<tr class=\"odd\">\n<td class=\"spec-name\">Ljusk\u00e4lla<\/td>\n<td class=\"spec-value\">Sk\u00e4rmblixt<\/td>\n<\/tr>\n<tr class=\"even\">\n<td class=\"spec-name\">Tillverkarens modellnummer<\/td>\n<td class=\"spec-value\">SM-A325F\/DS<\/td>\n<\/tr>\n<tr class=\"odd\">\n<td class=\"spec-name\">Funktioner<\/td>\n<td class=\"spec-value\">Snabbstart, platstaggar, st\u00f6d f\u00f6r hyperlapse-video, 1080p, Helsk\u00e4rm, Bildf\u00f6rslag, Flytande slutarknapp<\/td>\n<\/tr>\n<tr class=\"even\">\n<td class=\"spec-name\">Inkluderade tillbeh\u00f6r<\/td>\n<td class=\"spec-value\">Str\u00f6madapter<\/td>\n<\/tr>\n<tr class=\"odd\">\n<td class=\"spec-name\">Teknik<\/td>\n<td class=\"spec-value\">Super AMOLED<\/td>\n<\/tr>\n<tr class=\"even\">\n<td class=\"spec-name\">Runtime-detaljer<\/td>\n<td class=\"spec-value\">Tala: upp till 2040 min \u00a6 Aktiv onlineanv\u00e4ndning (LTE): upp till 19 timmar \u00a6 Aktiv onlineanv\u00e4ndning (Wi-Fi): upp till 19 timmar \u00a6 Uppspelning (video): upp till 20 timmar \u00a6 Uppspelning (ljud): upp till 93 timmar<\/td>\n<\/tr>\n<tr class=\"odd\">\n<td class=\"spec-name\">Objektivtyp<\/td>\n<td class=\"spec-value\">Ultravidvinkellins<\/td>\n<\/tr>\n<tr class=\"even\">\n<td class=\"spec-name\">Anslutningstyp<\/td>\n<td class=\"spec-value\">USB Type-C &#8211; 24 pin USB-C \u00a6 Utg\u00e5ng f\u00f6r headset &#8211; minih\u00f6rlurskontakt 3,5 mm<\/td>\n<\/tr>\n<tr class=\"odd\">\n<td class=\"spec-name\">Digitala ljudstandarder som st\u00f6ds<\/td>\n<td class=\"spec-value\">WAV, AAC, AMR, MP3, FLAC, XMF, OGG, MIDI, M4A, MXMF, OGA, 3GA, AWB, IMY, RTTTL, RTX, OTA, MID<\/td>\n<\/tr>\n<tr class=\"even\">\n<td class=\"spec-name\">Teknik<\/td>\n<td class=\"spec-value\">WCDMA (UMTS) \/ GSM<\/td>\n<\/tr>\n<\/tbody>\n<\/table>\n","protected":false},"excerpt":{"rendered":"<p>Samsung Galaxy A32 LTE A325 128GB Black Enterprise Edition SM-A325FZKGEEB<\/p>\n","protected":false},"featured_media":92849,"template":"","meta":[],"product_brand":[],"product_cat":[106,6009,103,63],"product_tag":[],"class_list":{"0":"post-92848","1":"product","2":"type-product","3":"status-publish","4":"has-post-thumbnail","6":"product_cat-mobiltelefoner","7":"product_cat-mobiltelefoner-touch","8":"product_cat-telefoner","9":"product_cat-telefoner-surfplattor","11":"first","12":"outofstock","13":"taxable","14":"shipping-taxable","15":"product-type-simple"},"yoast_head":"<!-- This site is optimized with the Yoast SEO Premium plugin v26.7 (Yoast SEO v26.7) - https:\/\/yoast.com\/wordpress\/plugins\/seo\/ -->\n<title>Samsung Galaxy A32 LTE A325 128GB Black Enterprise Edition<\/title>\n<meta name=\"description\" content=\"Samsung Galaxy A32 LTE A325 128GB Black Enterprise Edition SM-A325FZKGEEB. Ta detaljerade bilder med en 64MP huvudkamera.\" \/>\n<meta name=\"robots\" content=\"index, follow, max-snippet:-1, max-image-preview:large, max-video-preview:-1\" \/>\n<link rel=\"canonical\" href=\"https:\/\/www.heddata.se\/webbutik\/produkt\/samsung-galaxy-a32-lte-a325-128gb-black-enterprise-edition-sm-a325fzkgeeb\/\" \/>\n<meta property=\"og:locale\" content=\"sv_SE\" \/>\n<meta property=\"og:type\" content=\"article\" \/>\n<meta property=\"og:title\" content=\"Samsung Galaxy A32 LTE A325 128GB Black Enterprise Edition SM-A325FZKGEEB\" \/>\n<meta property=\"og:description\" content=\"Samsung Galaxy A32 LTE A325 128GB Black Enterprise Edition SM-A325FZKGEEB. Ta detaljerade bilder med en 64MP huvudkamera.\" \/>\n<meta property=\"og:url\" content=\"https:\/\/www.heddata.se\/webbutik\/produkt\/samsung-galaxy-a32-lte-a325-128gb-black-enterprise-edition-sm-a325fzkgeeb\/\" \/>\n<meta property=\"og:site_name\" content=\"Datorer, Skrivare, F\u00e4rgpatroner, Mobiltelefoner\" \/>\n<meta property=\"article:modified_time\" content=\"2026-05-15T16:40:37+00:00\" \/>\n<meta property=\"og:image\" content=\"https:\/\/www.heddata.se\/webbutik\/wp-content\/uploads\/webbutik\/kategorier\/mobiltelefoner-surfplattor\/sm-a325fzkgeeb.jpeg\" \/>\n\t<meta property=\"og:image:width\" content=\"960\" \/>\n\t<meta property=\"og:image:height\" content=\"960\" \/>\n\t<meta property=\"og:image:type\" content=\"image\/jpeg\" \/>\n<meta name=\"twitter:card\" content=\"summary_large_image\" \/>\n<meta name=\"twitter:label1\" content=\"Ber\u00e4knad l\u00e4stid\" \/>\n\t<meta name=\"twitter:data1\" content=\"4 minuter\" \/>\n<script type=\"application\/ld+json\" class=\"yoast-schema-graph\">{\"@context\":\"https:\/\/schema.org\",\"@graph\":[{\"@type\":\"WebPage\",\"@id\":\"https:\/\/www.heddata.se\/webbutik\/produkt\/samsung-galaxy-a32-lte-a325-128gb-black-enterprise-edition-sm-a325fzkgeeb\/\",\"url\":\"https:\/\/www.heddata.se\/webbutik\/produkt\/samsung-galaxy-a32-lte-a325-128gb-black-enterprise-edition-sm-a325fzkgeeb\/\",\"name\":\"Samsung Galaxy A32 LTE A325 128GB Black Enterprise Edition\",\"isPartOf\":{\"@id\":\"https:\/\/www.heddata.se\/webbutik\/#website\"},\"primaryImageOfPage\":{\"@id\":\"https:\/\/www.heddata.se\/webbutik\/produkt\/samsung-galaxy-a32-lte-a325-128gb-black-enterprise-edition-sm-a325fzkgeeb\/#primaryimage\"},\"image\":{\"@id\":\"https:\/\/www.heddata.se\/webbutik\/produkt\/samsung-galaxy-a32-lte-a325-128gb-black-enterprise-edition-sm-a325fzkgeeb\/#primaryimage\"},\"thumbnailUrl\":\"https:\/\/www.heddata.se\/webbutik\/wp-content\/uploads\/webbutik\/kategorier\/mobiltelefoner-surfplattor\/sm-a325fzkgeeb.jpeg\",\"datePublished\":\"2022-06-02T13:55:12+00:00\",\"dateModified\":\"2026-05-15T16:40:37+00:00\",\"description\":\"Samsung Galaxy A32 LTE A325 128GB Black Enterprise Edition SM-A325FZKGEEB. Ta detaljerade bilder med en 64MP huvudkamera.\",\"breadcrumb\":{\"@id\":\"https:\/\/www.heddata.se\/webbutik\/produkt\/samsung-galaxy-a32-lte-a325-128gb-black-enterprise-edition-sm-a325fzkgeeb\/#breadcrumb\"},\"inLanguage\":\"sv-SE\",\"potentialAction\":[{\"@type\":\"ReadAction\",\"target\":[\"https:\/\/www.heddata.se\/webbutik\/produkt\/samsung-galaxy-a32-lte-a325-128gb-black-enterprise-edition-sm-a325fzkgeeb\/\"]}]},{\"@type\":\"ImageObject\",\"inLanguage\":\"sv-SE\",\"@id\":\"https:\/\/www.heddata.se\/webbutik\/produkt\/samsung-galaxy-a32-lte-a325-128gb-black-enterprise-edition-sm-a325fzkgeeb\/#primaryimage\",\"url\":\"https:\/\/www.heddata.se\/webbutik\/wp-content\/uploads\/webbutik\/kategorier\/mobiltelefoner-surfplattor\/sm-a325fzkgeeb.jpeg\",\"contentUrl\":\"https:\/\/www.heddata.se\/webbutik\/wp-content\/uploads\/webbutik\/kategorier\/mobiltelefoner-surfplattor\/sm-a325fzkgeeb.jpeg\",\"width\":960,\"height\":960,\"caption\":\"Samsung Galaxy A32 LTE\"},{\"@type\":\"BreadcrumbList\",\"@id\":\"https:\/\/www.heddata.se\/webbutik\/produkt\/samsung-galaxy-a32-lte-a325-128gb-black-enterprise-edition-sm-a325fzkgeeb\/#breadcrumb\",\"itemListElement\":[{\"@type\":\"ListItem\",\"position\":1,\"name\":\"Hem\",\"item\":\"https:\/\/www.heddata.se\/webbutik\/\"},{\"@type\":\"ListItem\",\"position\":2,\"name\":\"Produkter\",\"item\":\"https:\/\/www.heddata.se\/webbutik\/shop\/\"},{\"@type\":\"ListItem\",\"position\":3,\"name\":\"Samsung Galaxy A32 LTE A325 128GB Black Enterprise Edition SM-A325FZKGEEB\"}]},{\"@type\":\"WebSite\",\"@id\":\"https:\/\/www.heddata.se\/webbutik\/#website\",\"url\":\"https:\/\/www.heddata.se\/webbutik\/\",\"name\":\"Datorer, Skrivare, F\u00e4rgpatroner, Mobiltelefoner\",\"description\":\"Kablar\",\"publisher\":{\"@id\":\"https:\/\/www.heddata.se\/webbutik\/#organization\"},\"potentialAction\":[{\"@type\":\"SearchAction\",\"target\":{\"@type\":\"EntryPoint\",\"urlTemplate\":\"https:\/\/www.heddata.se\/webbutik\/?s={search_term_string}\"},\"query-input\":{\"@type\":\"PropertyValueSpecification\",\"valueRequired\":true,\"valueName\":\"search_term_string\"}}],\"inLanguage\":\"sv-SE\"},{\"@type\":\"Organization\",\"@id\":\"https:\/\/www.heddata.se\/webbutik\/#organization\",\"name\":\"Heddata AB\",\"url\":\"https:\/\/www.heddata.se\/webbutik\/\",\"logo\":{\"@type\":\"ImageObject\",\"inLanguage\":\"sv-SE\",\"@id\":\"https:\/\/www.heddata.se\/webbutik\/#\/schema\/logo\/image\/\",\"url\":\"https:\/\/www.heddata.se\/webbutik\/wp-content\/uploads\/logga\/heddata-ab-logga.png\",\"contentUrl\":\"https:\/\/www.heddata.se\/webbutik\/wp-content\/uploads\/logga\/heddata-ab-logga.png\",\"width\":200,\"height\":64,\"caption\":\"Heddata AB\"},\"image\":{\"@id\":\"https:\/\/www.heddata.se\/webbutik\/#\/schema\/logo\/image\/\"}}]}<\/script>\n<!-- \/ Yoast SEO Premium plugin. -->","yoast_head_json":{"title":"Samsung Galaxy A32 LTE A325 128GB Black Enterprise Edition","description":"Samsung Galaxy A32 LTE A325 128GB Black Enterprise Edition SM-A325FZKGEEB. Ta detaljerade bilder med en 64MP huvudkamera.","robots":{"index":"index","follow":"follow","max-snippet":"max-snippet:-1","max-image-preview":"max-image-preview:large","max-video-preview":"max-video-preview:-1"},"canonical":"https:\/\/www.heddata.se\/webbutik\/produkt\/samsung-galaxy-a32-lte-a325-128gb-black-enterprise-edition-sm-a325fzkgeeb\/","og_locale":"sv_SE","og_type":"article","og_title":"Samsung Galaxy A32 LTE A325 128GB Black Enterprise Edition SM-A325FZKGEEB","og_description":"Samsung Galaxy A32 LTE A325 128GB Black Enterprise Edition SM-A325FZKGEEB. Ta detaljerade bilder med en 64MP huvudkamera.","og_url":"https:\/\/www.heddata.se\/webbutik\/produkt\/samsung-galaxy-a32-lte-a325-128gb-black-enterprise-edition-sm-a325fzkgeeb\/","og_site_name":"Datorer, Skrivare, F\u00e4rgpatroner, Mobiltelefoner","article_modified_time":"2026-05-15T16:40:37+00:00","og_image":[{"width":960,"height":960,"url":"https:\/\/www.heddata.se\/webbutik\/wp-content\/uploads\/webbutik\/kategorier\/mobiltelefoner-surfplattor\/sm-a325fzkgeeb.jpeg","type":"image\/jpeg"}],"twitter_card":"summary_large_image","twitter_misc":{"Ber\u00e4knad l\u00e4stid":"4 minuter"},"schema":{"@context":"https:\/\/schema.org","@graph":[{"@type":"WebPage","@id":"https:\/\/www.heddata.se\/webbutik\/produkt\/samsung-galaxy-a32-lte-a325-128gb-black-enterprise-edition-sm-a325fzkgeeb\/","url":"https:\/\/www.heddata.se\/webbutik\/produkt\/samsung-galaxy-a32-lte-a325-128gb-black-enterprise-edition-sm-a325fzkgeeb\/","name":"Samsung Galaxy A32 LTE A325 128GB Black Enterprise Edition","isPartOf":{"@id":"https:\/\/www.heddata.se\/webbutik\/#website"},"primaryImageOfPage":{"@id":"https:\/\/www.heddata.se\/webbutik\/produkt\/samsung-galaxy-a32-lte-a325-128gb-black-enterprise-edition-sm-a325fzkgeeb\/#primaryimage"},"image":{"@id":"https:\/\/www.heddata.se\/webbutik\/produkt\/samsung-galaxy-a32-lte-a325-128gb-black-enterprise-edition-sm-a325fzkgeeb\/#primaryimage"},"thumbnailUrl":"https:\/\/www.heddata.se\/webbutik\/wp-content\/uploads\/webbutik\/kategorier\/mobiltelefoner-surfplattor\/sm-a325fzkgeeb.jpeg","datePublished":"2022-06-02T13:55:12+00:00","dateModified":"2026-05-15T16:40:37+00:00","description":"Samsung Galaxy A32 LTE A325 128GB Black Enterprise Edition SM-A325FZKGEEB. Ta detaljerade bilder med en 64MP huvudkamera.","breadcrumb":{"@id":"https:\/\/www.heddata.se\/webbutik\/produkt\/samsung-galaxy-a32-lte-a325-128gb-black-enterprise-edition-sm-a325fzkgeeb\/#breadcrumb"},"inLanguage":"sv-SE","potentialAction":[{"@type":"ReadAction","target":["https:\/\/www.heddata.se\/webbutik\/produkt\/samsung-galaxy-a32-lte-a325-128gb-black-enterprise-edition-sm-a325fzkgeeb\/"]}]},{"@type":"ImageObject","inLanguage":"sv-SE","@id":"https:\/\/www.heddata.se\/webbutik\/produkt\/samsung-galaxy-a32-lte-a325-128gb-black-enterprise-edition-sm-a325fzkgeeb\/#primaryimage","url":"https:\/\/www.heddata.se\/webbutik\/wp-content\/uploads\/webbutik\/kategorier\/mobiltelefoner-surfplattor\/sm-a325fzkgeeb.jpeg","contentUrl":"https:\/\/www.heddata.se\/webbutik\/wp-content\/uploads\/webbutik\/kategorier\/mobiltelefoner-surfplattor\/sm-a325fzkgeeb.jpeg","width":960,"height":960,"caption":"Samsung Galaxy A32 LTE"},{"@type":"BreadcrumbList","@id":"https:\/\/www.heddata.se\/webbutik\/produkt\/samsung-galaxy-a32-lte-a325-128gb-black-enterprise-edition-sm-a325fzkgeeb\/#breadcrumb","itemListElement":[{"@type":"ListItem","position":1,"name":"Hem","item":"https:\/\/www.heddata.se\/webbutik\/"},{"@type":"ListItem","position":2,"name":"Produkter","item":"https:\/\/www.heddata.se\/webbutik\/shop\/"},{"@type":"ListItem","position":3,"name":"Samsung Galaxy A32 LTE A325 128GB Black Enterprise Edition SM-A325FZKGEEB"}]},{"@type":"WebSite","@id":"https:\/\/www.heddata.se\/webbutik\/#website","url":"https:\/\/www.heddata.se\/webbutik\/","name":"Datorer, Skrivare, F\u00e4rgpatroner, Mobiltelefoner","description":"Kablar","publisher":{"@id":"https:\/\/www.heddata.se\/webbutik\/#organization"},"potentialAction":[{"@type":"SearchAction","target":{"@type":"EntryPoint","urlTemplate":"https:\/\/www.heddata.se\/webbutik\/?s={search_term_string}"},"query-input":{"@type":"PropertyValueSpecification","valueRequired":true,"valueName":"search_term_string"}}],"inLanguage":"sv-SE"},{"@type":"Organization","@id":"https:\/\/www.heddata.se\/webbutik\/#organization","name":"Heddata AB","url":"https:\/\/www.heddata.se\/webbutik\/","logo":{"@type":"ImageObject","inLanguage":"sv-SE","@id":"https:\/\/www.heddata.se\/webbutik\/#\/schema\/logo\/image\/","url":"https:\/\/www.heddata.se\/webbutik\/wp-content\/uploads\/logga\/heddata-ab-logga.png","contentUrl":"https:\/\/www.heddata.se\/webbutik\/wp-content\/uploads\/logga\/heddata-ab-logga.png","width":200,"height":64,"caption":"Heddata AB"},"image":{"@id":"https:\/\/www.heddata.se\/webbutik\/#\/schema\/logo\/image\/"}}]}},"_links":{"self":[{"href":"https:\/\/www.heddata.se\/webbutik\/wp-json\/wp\/v2\/product\/92848","targetHints":{"allow":["GET"]}}],"collection":[{"href":"https:\/\/www.heddata.se\/webbutik\/wp-json\/wp\/v2\/product"}],"about":[{"href":"https:\/\/www.heddata.se\/webbutik\/wp-json\/wp\/v2\/types\/product"}],"wp:featuredmedia":[{"embeddable":true,"href":"https:\/\/www.heddata.se\/webbutik\/wp-json\/wp\/v2\/media\/92849"}],"wp:attachment":[{"href":"https:\/\/www.heddata.se\/webbutik\/wp-json\/wp\/v2\/media?parent=92848"}],"wp:term":[{"taxonomy":"product_brand","embeddable":true,"href":"https:\/\/www.heddata.se\/webbutik\/wp-json\/wp\/v2\/product_brand?post=92848"},{"taxonomy":"product_cat","embeddable":true,"href":"https:\/\/www.heddata.se\/webbutik\/wp-json\/wp\/v2\/product_cat?post=92848"},{"taxonomy":"product_tag","embeddable":true,"href":"https:\/\/www.heddata.se\/webbutik\/wp-json\/wp\/v2\/product_tag?post=92848"}],"curies":[{"name":"wp","href":"https:\/\/api.w.org\/{rel}","templated":true}]}}