{"id":92746,"date":"2022-05-02T10:18:08","date_gmt":"2022-05-02T08:18:08","guid":{"rendered":"https:\/\/www.heddata.se\/webbutik\/?post_type=product&#038;p=92746"},"modified":"2026-04-03T18:19:35","modified_gmt":"2026-04-03T16:19:35","slug":"port-designs-usb-c-power-supply-65w-eu-900097","status":"publish","type":"product","link":"https:\/\/www.heddata.se\/webbutik\/produkt\/port-designs-usb-c-power-supply-65w-eu-900097\/","title":{"rendered":"PORT Designs USB-C Power Supply 65W EU \/900097"},"content":{"rendered":"<p>PORT Designs USB-C Power Supply 65W EU \/900097<\/p>\n<p>Universalladdare f\u00f6r b\u00e4rbara datorer<br \/>\nmed USB-C-kontakt<\/p>\n<p>Ers\u00e4ttningsn\u00e4tdel f\u00f6r <a href=\"https:\/\/www.heddata.se\/webbutik\/datorer\/\">Notebook,<\/a> MacBook,<br \/>\nsurfplattor och smartphones med<br \/>\nanslutningsdon typ C<\/p>\n<p>65 W<\/p>\n<div><b>Beskrivning:<\/b><br \/>\n<b>POWER SUPPLY 65W TYPE C<\/b>This USB-C charger from the new generation of power supplies is made of reliable and durable quality and allows you to charge your computers, tablets, and smartphones efficiently. It is compatible with all devices with a USB-C charging port and provides fast charging thanks to its 65W power.<\/p>\n<p>Compatible with type C Notebook, MacBook, Tablet and Smartphones<br \/>\nAutomatic voltage selection: 5V-3A \/ 9V-3A \/ 12V-3A \/ 15V-3A \/ 20V- 3A<br \/>\n65W MAX<\/p>\n<\/div>\n<div><\/div>\n<div><a href=\"https:\/\/www.portdesigns.com\/en\/\" target=\"_blank\" rel=\"noopener\"><b>Specifikationer:<\/b><\/a><\/div>\n<div>\n<table border=\"0\" cellspacing=\"0\" cellpadding=\"0\">\n<tbody>\n<tr>\n<td>Colour of product<\/td>\n<td>Black<\/td>\n<\/tr>\n<tr>\n<td>Power supply type<\/td>\n<td>Indoor<\/td>\n<\/tr>\n<\/tbody>\n<\/table>\n<\/div>\n","protected":false},"excerpt":{"rendered":"<p>PORT Designs USB-C Power Supply 65W EU \/900097<\/p>\n","protected":false},"featured_media":92766,"template":"","meta":[],"product_brand":[],"product_cat":[65,3366],"product_tag":[],"class_list":{"0":"post-92746","1":"product","2":"type-product","3":"status-publish","4":"has-post-thumbnail","6":"product_cat-datorer-tillbehor","7":"product_cat-ovrigt-datortillbehor","9":"first","10":"outofstock","11":"taxable","12":"shipping-taxable","13":"product-type-simple"},"yoast_head":"<!-- This site is optimized with the Yoast SEO Premium plugin v26.7 (Yoast SEO v26.7) - https:\/\/yoast.com\/wordpress\/plugins\/seo\/ -->\n<title>PORT Designs USB-C Power Supply 65W EU \/900097<\/title>\n<meta name=\"description\" content=\"PORT Designs USB-C Power Supply 65W EU \/900097. Ers\u00e4ttningsn\u00e4tdel f\u00f6r Notebook, MacBook,surfplattor och smartphones medanslutningsdon typ C\" \/>\n<meta name=\"robots\" content=\"index, follow, max-snippet:-1, max-image-preview:large, max-video-preview:-1\" \/>\n<link rel=\"canonical\" href=\"https:\/\/www.heddata.se\/webbutik\/produkt\/port-designs-usb-c-power-supply-65w-eu-900097\/\" \/>\n<meta property=\"og:locale\" content=\"sv_SE\" \/>\n<meta property=\"og:type\" content=\"article\" \/>\n<meta property=\"og:title\" content=\"PORT Designs USB-C Power Supply 65W EU \/900097\" \/>\n<meta property=\"og:description\" content=\"PORT Designs USB-C Power Supply 65W EU \/900097. Ers\u00e4ttningsn\u00e4tdel f\u00f6r Notebook, MacBook,surfplattor och smartphones medanslutningsdon typ C\" \/>\n<meta property=\"og:url\" content=\"https:\/\/www.heddata.se\/webbutik\/produkt\/port-designs-usb-c-power-supply-65w-eu-900097\/\" \/>\n<meta property=\"og:site_name\" content=\"Datorer, Skrivare, F\u00e4rgpatroner, Mobiltelefoner\" \/>\n<meta property=\"article:modified_time\" content=\"2026-04-03T16:19:35+00:00\" \/>\n<meta property=\"og:image\" content=\"https:\/\/www.heddata.se\/webbutik\/wp-content\/uploads\/webbutik\/kategorier\/ovrigt-tillbehor\/900097.jpg\" \/>\n\t<meta property=\"og:image:width\" content=\"511\" \/>\n\t<meta property=\"og:image:height\" content=\"511\" \/>\n\t<meta property=\"og:image:type\" content=\"image\/jpeg\" \/>\n<meta name=\"twitter:card\" content=\"summary_large_image\" \/>\n<meta name=\"twitter:label1\" content=\"Ber\u00e4knad l\u00e4stid\" \/>\n\t<meta name=\"twitter:data1\" content=\"1 minut\" \/>\n<script type=\"application\/ld+json\" class=\"yoast-schema-graph\">{\"@context\":\"https:\/\/schema.org\",\"@graph\":[{\"@type\":\"WebPage\",\"@id\":\"https:\/\/www.heddata.se\/webbutik\/produkt\/port-designs-usb-c-power-supply-65w-eu-900097\/\",\"url\":\"https:\/\/www.heddata.se\/webbutik\/produkt\/port-designs-usb-c-power-supply-65w-eu-900097\/\",\"name\":\"PORT Designs USB-C Power Supply 65W EU \/900097\",\"isPartOf\":{\"@id\":\"https:\/\/www.heddata.se\/webbutik\/#website\"},\"primaryImageOfPage\":{\"@id\":\"https:\/\/www.heddata.se\/webbutik\/produkt\/port-designs-usb-c-power-supply-65w-eu-900097\/#primaryimage\"},\"image\":{\"@id\":\"https:\/\/www.heddata.se\/webbutik\/produkt\/port-designs-usb-c-power-supply-65w-eu-900097\/#primaryimage\"},\"thumbnailUrl\":\"https:\/\/www.heddata.se\/webbutik\/wp-content\/uploads\/webbutik\/kategorier\/ovrigt-tillbehor\/900097.jpg\",\"datePublished\":\"2022-05-02T08:18:08+00:00\",\"dateModified\":\"2026-04-03T16:19:35+00:00\",\"description\":\"PORT Designs USB-C Power Supply 65W EU \/900097. Ers\u00e4ttningsn\u00e4tdel f\u00f6r Notebook, MacBook,surfplattor och smartphones medanslutningsdon typ C\",\"breadcrumb\":{\"@id\":\"https:\/\/www.heddata.se\/webbutik\/produkt\/port-designs-usb-c-power-supply-65w-eu-900097\/#breadcrumb\"},\"inLanguage\":\"sv-SE\",\"potentialAction\":[{\"@type\":\"ReadAction\",\"target\":[\"https:\/\/www.heddata.se\/webbutik\/produkt\/port-designs-usb-c-power-supply-65w-eu-900097\/\"]}]},{\"@type\":\"ImageObject\",\"inLanguage\":\"sv-SE\",\"@id\":\"https:\/\/www.heddata.se\/webbutik\/produkt\/port-designs-usb-c-power-supply-65w-eu-900097\/#primaryimage\",\"url\":\"https:\/\/www.heddata.se\/webbutik\/wp-content\/uploads\/webbutik\/kategorier\/ovrigt-tillbehor\/900097.jpg\",\"contentUrl\":\"https:\/\/www.heddata.se\/webbutik\/wp-content\/uploads\/webbutik\/kategorier\/ovrigt-tillbehor\/900097.jpg\",\"width\":511,\"height\":511,\"caption\":\"PORT Designs USB-C Power\"},{\"@type\":\"BreadcrumbList\",\"@id\":\"https:\/\/www.heddata.se\/webbutik\/produkt\/port-designs-usb-c-power-supply-65w-eu-900097\/#breadcrumb\",\"itemListElement\":[{\"@type\":\"ListItem\",\"position\":1,\"name\":\"Hem\",\"item\":\"https:\/\/www.heddata.se\/webbutik\/\"},{\"@type\":\"ListItem\",\"position\":2,\"name\":\"Produkter\",\"item\":\"https:\/\/www.heddata.se\/webbutik\/shop\/\"},{\"@type\":\"ListItem\",\"position\":3,\"name\":\"PORT Designs USB-C Power Supply 65W EU \/900097\"}]},{\"@type\":\"WebSite\",\"@id\":\"https:\/\/www.heddata.se\/webbutik\/#website\",\"url\":\"https:\/\/www.heddata.se\/webbutik\/\",\"name\":\"Datorer, Skrivare, F\u00e4rgpatroner, Mobiltelefoner\",\"description\":\"Kablar\",\"publisher\":{\"@id\":\"https:\/\/www.heddata.se\/webbutik\/#organization\"},\"potentialAction\":[{\"@type\":\"SearchAction\",\"target\":{\"@type\":\"EntryPoint\",\"urlTemplate\":\"https:\/\/www.heddata.se\/webbutik\/?s={search_term_string}\"},\"query-input\":{\"@type\":\"PropertyValueSpecification\",\"valueRequired\":true,\"valueName\":\"search_term_string\"}}],\"inLanguage\":\"sv-SE\"},{\"@type\":\"Organization\",\"@id\":\"https:\/\/www.heddata.se\/webbutik\/#organization\",\"name\":\"Heddata AB\",\"url\":\"https:\/\/www.heddata.se\/webbutik\/\",\"logo\":{\"@type\":\"ImageObject\",\"inLanguage\":\"sv-SE\",\"@id\":\"https:\/\/www.heddata.se\/webbutik\/#\/schema\/logo\/image\/\",\"url\":\"https:\/\/www.heddata.se\/webbutik\/wp-content\/uploads\/logga\/heddata-ab-logga.png\",\"contentUrl\":\"https:\/\/www.heddata.se\/webbutik\/wp-content\/uploads\/logga\/heddata-ab-logga.png\",\"width\":200,\"height\":64,\"caption\":\"Heddata AB\"},\"image\":{\"@id\":\"https:\/\/www.heddata.se\/webbutik\/#\/schema\/logo\/image\/\"}}]}<\/script>\n<!-- \/ Yoast SEO Premium plugin. -->","yoast_head_json":{"title":"PORT Designs USB-C Power Supply 65W EU \/900097","description":"PORT Designs USB-C Power Supply 65W EU \/900097. Ers\u00e4ttningsn\u00e4tdel f\u00f6r Notebook, MacBook,surfplattor och smartphones medanslutningsdon typ C","robots":{"index":"index","follow":"follow","max-snippet":"max-snippet:-1","max-image-preview":"max-image-preview:large","max-video-preview":"max-video-preview:-1"},"canonical":"https:\/\/www.heddata.se\/webbutik\/produkt\/port-designs-usb-c-power-supply-65w-eu-900097\/","og_locale":"sv_SE","og_type":"article","og_title":"PORT Designs USB-C Power Supply 65W EU \/900097","og_description":"PORT Designs USB-C Power Supply 65W EU \/900097. Ers\u00e4ttningsn\u00e4tdel f\u00f6r Notebook, MacBook,surfplattor och smartphones medanslutningsdon typ C","og_url":"https:\/\/www.heddata.se\/webbutik\/produkt\/port-designs-usb-c-power-supply-65w-eu-900097\/","og_site_name":"Datorer, Skrivare, F\u00e4rgpatroner, Mobiltelefoner","article_modified_time":"2026-04-03T16:19:35+00:00","og_image":[{"width":511,"height":511,"url":"https:\/\/www.heddata.se\/webbutik\/wp-content\/uploads\/webbutik\/kategorier\/ovrigt-tillbehor\/900097.jpg","type":"image\/jpeg"}],"twitter_card":"summary_large_image","twitter_misc":{"Ber\u00e4knad l\u00e4stid":"1 minut"},"schema":{"@context":"https:\/\/schema.org","@graph":[{"@type":"WebPage","@id":"https:\/\/www.heddata.se\/webbutik\/produkt\/port-designs-usb-c-power-supply-65w-eu-900097\/","url":"https:\/\/www.heddata.se\/webbutik\/produkt\/port-designs-usb-c-power-supply-65w-eu-900097\/","name":"PORT Designs USB-C Power Supply 65W EU \/900097","isPartOf":{"@id":"https:\/\/www.heddata.se\/webbutik\/#website"},"primaryImageOfPage":{"@id":"https:\/\/www.heddata.se\/webbutik\/produkt\/port-designs-usb-c-power-supply-65w-eu-900097\/#primaryimage"},"image":{"@id":"https:\/\/www.heddata.se\/webbutik\/produkt\/port-designs-usb-c-power-supply-65w-eu-900097\/#primaryimage"},"thumbnailUrl":"https:\/\/www.heddata.se\/webbutik\/wp-content\/uploads\/webbutik\/kategorier\/ovrigt-tillbehor\/900097.jpg","datePublished":"2022-05-02T08:18:08+00:00","dateModified":"2026-04-03T16:19:35+00:00","description":"PORT Designs USB-C Power Supply 65W EU \/900097. Ers\u00e4ttningsn\u00e4tdel f\u00f6r Notebook, MacBook,surfplattor och smartphones medanslutningsdon typ C","breadcrumb":{"@id":"https:\/\/www.heddata.se\/webbutik\/produkt\/port-designs-usb-c-power-supply-65w-eu-900097\/#breadcrumb"},"inLanguage":"sv-SE","potentialAction":[{"@type":"ReadAction","target":["https:\/\/www.heddata.se\/webbutik\/produkt\/port-designs-usb-c-power-supply-65w-eu-900097\/"]}]},{"@type":"ImageObject","inLanguage":"sv-SE","@id":"https:\/\/www.heddata.se\/webbutik\/produkt\/port-designs-usb-c-power-supply-65w-eu-900097\/#primaryimage","url":"https:\/\/www.heddata.se\/webbutik\/wp-content\/uploads\/webbutik\/kategorier\/ovrigt-tillbehor\/900097.jpg","contentUrl":"https:\/\/www.heddata.se\/webbutik\/wp-content\/uploads\/webbutik\/kategorier\/ovrigt-tillbehor\/900097.jpg","width":511,"height":511,"caption":"PORT Designs USB-C Power"},{"@type":"BreadcrumbList","@id":"https:\/\/www.heddata.se\/webbutik\/produkt\/port-designs-usb-c-power-supply-65w-eu-900097\/#breadcrumb","itemListElement":[{"@type":"ListItem","position":1,"name":"Hem","item":"https:\/\/www.heddata.se\/webbutik\/"},{"@type":"ListItem","position":2,"name":"Produkter","item":"https:\/\/www.heddata.se\/webbutik\/shop\/"},{"@type":"ListItem","position":3,"name":"PORT Designs USB-C Power Supply 65W EU \/900097"}]},{"@type":"WebSite","@id":"https:\/\/www.heddata.se\/webbutik\/#website","url":"https:\/\/www.heddata.se\/webbutik\/","name":"Datorer, Skrivare, F\u00e4rgpatroner, Mobiltelefoner","description":"Kablar","publisher":{"@id":"https:\/\/www.heddata.se\/webbutik\/#organization"},"potentialAction":[{"@type":"SearchAction","target":{"@type":"EntryPoint","urlTemplate":"https:\/\/www.heddata.se\/webbutik\/?s={search_term_string}"},"query-input":{"@type":"PropertyValueSpecification","valueRequired":true,"valueName":"search_term_string"}}],"inLanguage":"sv-SE"},{"@type":"Organization","@id":"https:\/\/www.heddata.se\/webbutik\/#organization","name":"Heddata AB","url":"https:\/\/www.heddata.se\/webbutik\/","logo":{"@type":"ImageObject","inLanguage":"sv-SE","@id":"https:\/\/www.heddata.se\/webbutik\/#\/schema\/logo\/image\/","url":"https:\/\/www.heddata.se\/webbutik\/wp-content\/uploads\/logga\/heddata-ab-logga.png","contentUrl":"https:\/\/www.heddata.se\/webbutik\/wp-content\/uploads\/logga\/heddata-ab-logga.png","width":200,"height":64,"caption":"Heddata AB"},"image":{"@id":"https:\/\/www.heddata.se\/webbutik\/#\/schema\/logo\/image\/"}}]}},"_links":{"self":[{"href":"https:\/\/www.heddata.se\/webbutik\/wp-json\/wp\/v2\/product\/92746","targetHints":{"allow":["GET"]}}],"collection":[{"href":"https:\/\/www.heddata.se\/webbutik\/wp-json\/wp\/v2\/product"}],"about":[{"href":"https:\/\/www.heddata.se\/webbutik\/wp-json\/wp\/v2\/types\/product"}],"wp:featuredmedia":[{"embeddable":true,"href":"https:\/\/www.heddata.se\/webbutik\/wp-json\/wp\/v2\/media\/92766"}],"wp:attachment":[{"href":"https:\/\/www.heddata.se\/webbutik\/wp-json\/wp\/v2\/media?parent=92746"}],"wp:term":[{"taxonomy":"product_brand","embeddable":true,"href":"https:\/\/www.heddata.se\/webbutik\/wp-json\/wp\/v2\/product_brand?post=92746"},{"taxonomy":"product_cat","embeddable":true,"href":"https:\/\/www.heddata.se\/webbutik\/wp-json\/wp\/v2\/product_cat?post=92746"},{"taxonomy":"product_tag","embeddable":true,"href":"https:\/\/www.heddata.se\/webbutik\/wp-json\/wp\/v2\/product_tag?post=92746"}],"curies":[{"name":"wp","href":"https:\/\/api.w.org\/{rel}","templated":true}]}}