{"id":91903,"date":"2021-09-02T11:18:08","date_gmt":"2021-09-02T09:18:08","guid":{"rendered":"https:\/\/www.heddata.se\/webbutik\/?post_type=product&#038;p=91903"},"modified":"2026-04-07T14:29:39","modified_gmt":"2026-04-07T12:29:39","slug":"forlangningskabel-stromkontakt-hane-stromkontakt-hona-rak-rak-nickelplaterad-5-00-m","status":"publish","type":"product","link":"https:\/\/www.heddata.se\/webbutik\/produkt\/forlangningskabel-stromkontakt-hane-stromkontakt-hona-rak-rak-nickelplaterad-5-00-m\/","title":{"rendered":"F\u00f6rl\u00e4ngningskanel Str\u00f6mkontakt Hane | Str\u00f6mkontakt Hona | Rak | Rak | Nickelplaterad | 5.00 m"},"content":{"rendered":"<p>F\u00f6rl\u00e4ngningskabel Str\u00f6mkontakt Hane | Str\u00f6mkontakt Hona | Rak | Rak | Nickelplaterad | 5.00 m<\/p>\n<p>Den h\u00e4r f\u00f6rl\u00e4ngningssladden f\u00f6r jordad kontakt kan anv\u00e4ndas f\u00f6r att f\u00f6rl\u00e4nga den aktuella str\u00f6mkabeln som anv\u00e4nds f\u00f6r huvudstr\u00f6msanslutna enheter, s\u00e5som <a href=\"https:\/\/www.heddata.se\/webbutik\/datorer\/\">datorer.<\/a><\/p>\n<div id=\"package-contents\">\n<div class=\"border-top-md-down py-4 py-md-0\">\n<h4 id=\"package-contents\">Paketet inneh\u00e5ller<\/h4>\n<p>\u2022 1x str\u00f6mkabel<\/p>\n<\/div>\n<\/div>\n<div id=\"information\"><span style=\"font-size: 14.4px\">F\u00f6rl\u00e4ngningskabel Str\u00f6mkontakt Hane <\/span><a style=\"font-size: 14.4px\" href=\"https:\/\/nedis.se\/sv-se\" target=\"_blank\" rel=\"noopener\">produktspecifikationer:<\/a><\/div>\n<div class=\"border-top-md-down py-4 py-md-0\">\n<table class=\"table table-dashed-border\">\n<tbody>\n<tr>\n<th scope=\"row\">Anslutningsdesign \u2013 sida B<\/th>\n<td>Rak<\/td>\n<\/tr>\n<tr>\n<th scope=\"row\">Anslutningsdesign \u2013 sida A<\/th>\n<td>Rak<\/td>\n<\/tr>\n<tr>\n<th scope=\"row\">Kabelns utformning<\/th>\n<td>Rund<\/td>\n<\/tr>\n<tr>\n<th scope=\"row\">Kontaktmaterial<\/th>\n<td>PVC<\/td>\n<\/tr>\n<tr>\n<th scope=\"row\">Ledarmaterial<\/th>\n<td>Koppar<\/td>\n<\/tr>\n<tr>\n<th scope=\"row\">Kabelmantelns material<\/th>\n<td>PVC<\/td>\n<\/tr>\n<tr>\n<th scope=\"row\">Kabell\u00e4ngd<\/th>\n<td>5.00 m<\/td>\n<\/tr>\n<tr>\n<th scope=\"row\">F\u00e4rg<\/th>\n<td>Svart<\/td>\n<\/tr>\n<tr>\n<th scope=\"row\">F\u00f6rpackningstyp<\/th>\n<td>Plastp\u00e5se<\/td>\n<\/tr>\n<tr>\n<th scope=\"row\">Kontaktspl\u00e4tering<\/th>\n<td>Nickelplaterad<\/td>\n<\/tr>\n<tr>\n<th scope=\"row\">Material<\/th>\n<td>PVC<\/td>\n<\/tr>\n<tr>\n<th scope=\"row\">Kabelmantelstorlek<\/th>\n<td>6.5 mm<\/td>\n<\/tr>\n<tr>\n<th scope=\"row\">Kabeltyp<\/th>\n<td>Str\u00f6mkontakt<\/td>\n<\/tr>\n<tr>\n<th scope=\"row\">Kontakt A<\/th>\n<td>Str\u00f6mkontakt Hane<\/td>\n<\/tr>\n<tr>\n<th scope=\"row\">Kontakt B<\/th>\n<td>Str\u00f6mkontakt Hona<\/td>\n<\/tr>\n<tr>\n<th scope=\"row\">Ledardiameter<\/th>\n<td>3 x 1.50 mm\u00b2<\/td>\n<\/tr>\n<\/tbody>\n<\/table>\n<\/div>\n","protected":false},"excerpt":{"rendered":"<p>F\u00f6rl\u00e4ngningskabel Str\u00f6mkontakt Hane | Str\u00f6mkontakt Hona | Rak | Rak | Nickelplaterad | 5.00 m<\/p>\n","protected":false},"featured_media":91908,"template":"","meta":[],"product_brand":[],"product_cat":[1473,1474,1475],"product_tag":[],"class_list":{"0":"post-91903","1":"product","2":"type-product","3":"status-publish","4":"has-post-thumbnail","6":"product_cat-el","7":"product_cat-grenuttag","8":"product_cat-stromkablar","10":"first","11":"outofstock","12":"taxable","13":"shipping-taxable","14":"product-type-simple"},"yoast_head":"<!-- This site is optimized with the Yoast SEO Premium plugin v26.7 (Yoast SEO v26.7) - https:\/\/yoast.com\/wordpress\/plugins\/seo\/ -->\n<title>F\u00f6rl\u00e4ngningskabel Str\u00f6mkontakt Hane | Str\u00f6mkontakt Hona | Rak | Rak<\/title>\n<meta name=\"description\" content=\"F\u00f6rl\u00e4ngningskabel Str\u00f6mkontakt Hane | Str\u00f6mkontakt Hona | Rak | Rak 5.00 m kan anv\u00e4ndas f\u00f6r att f\u00f6rl\u00e4nga den aktuella str\u00f6mkabeln\" \/>\n<meta name=\"robots\" content=\"index, follow, max-snippet:-1, max-image-preview:large, max-video-preview:-1\" \/>\n<link rel=\"canonical\" href=\"https:\/\/www.heddata.se\/webbutik\/produkt\/forlangningskabel-stromkontakt-hane-stromkontakt-hona-rak-rak-nickelplaterad-5-00-m\/\" \/>\n<meta property=\"og:locale\" content=\"sv_SE\" \/>\n<meta property=\"og:type\" content=\"article\" \/>\n<meta property=\"og:title\" content=\"F\u00f6rl\u00e4ngningskanel Str\u00f6mkontakt Hane | Str\u00f6mkontakt Hona | Rak | Rak | Nickelplaterad | 5.00 m\" \/>\n<meta property=\"og:description\" content=\"F\u00f6rl\u00e4ngningskabel Str\u00f6mkontakt Hane | Str\u00f6mkontakt Hona | Rak | Rak 5.00 m kan anv\u00e4ndas f\u00f6r att f\u00f6rl\u00e4nga den aktuella str\u00f6mkabeln\" \/>\n<meta property=\"og:url\" content=\"https:\/\/www.heddata.se\/webbutik\/produkt\/forlangningskabel-stromkontakt-hane-stromkontakt-hona-rak-rak-nickelplaterad-5-00-m\/\" \/>\n<meta property=\"og:site_name\" content=\"Datorer, Skrivare, F\u00e4rgpatroner, Mobiltelefoner\" \/>\n<meta property=\"article:modified_time\" content=\"2026-04-07T12:29:39+00:00\" \/>\n<meta property=\"og:image\" content=\"https:\/\/www.heddata.se\/webbutik\/wp-content\/uploads\/webbutik\/kategorier\/el\/cegp10200bk50.jpeg\" \/>\n\t<meta property=\"og:image:width\" content=\"1200\" \/>\n\t<meta property=\"og:image:height\" content=\"1200\" \/>\n\t<meta property=\"og:image:type\" content=\"image\/jpeg\" \/>\n<meta name=\"twitter:card\" content=\"summary_large_image\" \/>\n<meta name=\"twitter:label1\" content=\"Ber\u00e4knad l\u00e4stid\" \/>\n\t<meta name=\"twitter:data1\" content=\"1 minut\" \/>\n<script type=\"application\/ld+json\" class=\"yoast-schema-graph\">{\"@context\":\"https:\/\/schema.org\",\"@graph\":[{\"@type\":\"WebPage\",\"@id\":\"https:\/\/www.heddata.se\/webbutik\/produkt\/forlangningskabel-stromkontakt-hane-stromkontakt-hona-rak-rak-nickelplaterad-5-00-m\/\",\"url\":\"https:\/\/www.heddata.se\/webbutik\/produkt\/forlangningskabel-stromkontakt-hane-stromkontakt-hona-rak-rak-nickelplaterad-5-00-m\/\",\"name\":\"F\u00f6rl\u00e4ngningskabel Str\u00f6mkontakt Hane | Str\u00f6mkontakt Hona | Rak | Rak\",\"isPartOf\":{\"@id\":\"https:\/\/www.heddata.se\/webbutik\/#website\"},\"primaryImageOfPage\":{\"@id\":\"https:\/\/www.heddata.se\/webbutik\/produkt\/forlangningskabel-stromkontakt-hane-stromkontakt-hona-rak-rak-nickelplaterad-5-00-m\/#primaryimage\"},\"image\":{\"@id\":\"https:\/\/www.heddata.se\/webbutik\/produkt\/forlangningskabel-stromkontakt-hane-stromkontakt-hona-rak-rak-nickelplaterad-5-00-m\/#primaryimage\"},\"thumbnailUrl\":\"https:\/\/www.heddata.se\/webbutik\/wp-content\/uploads\/webbutik\/kategorier\/el\/cegp10200bk50.jpeg\",\"datePublished\":\"2021-09-02T09:18:08+00:00\",\"dateModified\":\"2026-04-07T12:29:39+00:00\",\"description\":\"F\u00f6rl\u00e4ngningskabel Str\u00f6mkontakt Hane | Str\u00f6mkontakt Hona | Rak | Rak 5.00 m kan anv\u00e4ndas f\u00f6r att f\u00f6rl\u00e4nga den aktuella str\u00f6mkabeln\",\"breadcrumb\":{\"@id\":\"https:\/\/www.heddata.se\/webbutik\/produkt\/forlangningskabel-stromkontakt-hane-stromkontakt-hona-rak-rak-nickelplaterad-5-00-m\/#breadcrumb\"},\"inLanguage\":\"sv-SE\",\"potentialAction\":[{\"@type\":\"ReadAction\",\"target\":[\"https:\/\/www.heddata.se\/webbutik\/produkt\/forlangningskabel-stromkontakt-hane-stromkontakt-hona-rak-rak-nickelplaterad-5-00-m\/\"]}]},{\"@type\":\"ImageObject\",\"inLanguage\":\"sv-SE\",\"@id\":\"https:\/\/www.heddata.se\/webbutik\/produkt\/forlangningskabel-stromkontakt-hane-stromkontakt-hona-rak-rak-nickelplaterad-5-00-m\/#primaryimage\",\"url\":\"https:\/\/www.heddata.se\/webbutik\/wp-content\/uploads\/webbutik\/kategorier\/el\/cegp10200bk50.jpeg\",\"contentUrl\":\"https:\/\/www.heddata.se\/webbutik\/wp-content\/uploads\/webbutik\/kategorier\/el\/cegp10200bk50.jpeg\",\"width\":1200,\"height\":1200,\"caption\":\"F\u00f6rl\u00e4ngningskabel Str\u00f6mkontakt Hane\"},{\"@type\":\"BreadcrumbList\",\"@id\":\"https:\/\/www.heddata.se\/webbutik\/produkt\/forlangningskabel-stromkontakt-hane-stromkontakt-hona-rak-rak-nickelplaterad-5-00-m\/#breadcrumb\",\"itemListElement\":[{\"@type\":\"ListItem\",\"position\":1,\"name\":\"Hem\",\"item\":\"https:\/\/www.heddata.se\/webbutik\/\"},{\"@type\":\"ListItem\",\"position\":2,\"name\":\"Produkter\",\"item\":\"https:\/\/www.heddata.se\/webbutik\/shop\/\"},{\"@type\":\"ListItem\",\"position\":3,\"name\":\"F\u00f6rl\u00e4ngningskanel Str\u00f6mkontakt Hane | Str\u00f6mkontakt Hona | Rak | Rak | Nickelplaterad | 5.00 m\"}]},{\"@type\":\"WebSite\",\"@id\":\"https:\/\/www.heddata.se\/webbutik\/#website\",\"url\":\"https:\/\/www.heddata.se\/webbutik\/\",\"name\":\"Datorer, Skrivare, F\u00e4rgpatroner, Mobiltelefoner\",\"description\":\"Kablar\",\"publisher\":{\"@id\":\"https:\/\/www.heddata.se\/webbutik\/#organization\"},\"potentialAction\":[{\"@type\":\"SearchAction\",\"target\":{\"@type\":\"EntryPoint\",\"urlTemplate\":\"https:\/\/www.heddata.se\/webbutik\/?s={search_term_string}\"},\"query-input\":{\"@type\":\"PropertyValueSpecification\",\"valueRequired\":true,\"valueName\":\"search_term_string\"}}],\"inLanguage\":\"sv-SE\"},{\"@type\":\"Organization\",\"@id\":\"https:\/\/www.heddata.se\/webbutik\/#organization\",\"name\":\"Heddata AB\",\"url\":\"https:\/\/www.heddata.se\/webbutik\/\",\"logo\":{\"@type\":\"ImageObject\",\"inLanguage\":\"sv-SE\",\"@id\":\"https:\/\/www.heddata.se\/webbutik\/#\/schema\/logo\/image\/\",\"url\":\"https:\/\/www.heddata.se\/webbutik\/wp-content\/uploads\/logga\/heddata-ab-logga.png\",\"contentUrl\":\"https:\/\/www.heddata.se\/webbutik\/wp-content\/uploads\/logga\/heddata-ab-logga.png\",\"width\":200,\"height\":64,\"caption\":\"Heddata AB\"},\"image\":{\"@id\":\"https:\/\/www.heddata.se\/webbutik\/#\/schema\/logo\/image\/\"}}]}<\/script>\n<!-- \/ Yoast SEO Premium plugin. -->","yoast_head_json":{"title":"F\u00f6rl\u00e4ngningskabel Str\u00f6mkontakt Hane | Str\u00f6mkontakt Hona | Rak | Rak","description":"F\u00f6rl\u00e4ngningskabel Str\u00f6mkontakt Hane | Str\u00f6mkontakt Hona | Rak | Rak 5.00 m kan anv\u00e4ndas f\u00f6r att f\u00f6rl\u00e4nga den aktuella str\u00f6mkabeln","robots":{"index":"index","follow":"follow","max-snippet":"max-snippet:-1","max-image-preview":"max-image-preview:large","max-video-preview":"max-video-preview:-1"},"canonical":"https:\/\/www.heddata.se\/webbutik\/produkt\/forlangningskabel-stromkontakt-hane-stromkontakt-hona-rak-rak-nickelplaterad-5-00-m\/","og_locale":"sv_SE","og_type":"article","og_title":"F\u00f6rl\u00e4ngningskanel Str\u00f6mkontakt Hane | Str\u00f6mkontakt Hona | Rak | Rak | Nickelplaterad | 5.00 m","og_description":"F\u00f6rl\u00e4ngningskabel Str\u00f6mkontakt Hane | Str\u00f6mkontakt Hona | Rak | Rak 5.00 m kan anv\u00e4ndas f\u00f6r att f\u00f6rl\u00e4nga den aktuella str\u00f6mkabeln","og_url":"https:\/\/www.heddata.se\/webbutik\/produkt\/forlangningskabel-stromkontakt-hane-stromkontakt-hona-rak-rak-nickelplaterad-5-00-m\/","og_site_name":"Datorer, Skrivare, F\u00e4rgpatroner, Mobiltelefoner","article_modified_time":"2026-04-07T12:29:39+00:00","og_image":[{"width":1200,"height":1200,"url":"https:\/\/www.heddata.se\/webbutik\/wp-content\/uploads\/webbutik\/kategorier\/el\/cegp10200bk50.jpeg","type":"image\/jpeg"}],"twitter_card":"summary_large_image","twitter_misc":{"Ber\u00e4knad l\u00e4stid":"1 minut"},"schema":{"@context":"https:\/\/schema.org","@graph":[{"@type":"WebPage","@id":"https:\/\/www.heddata.se\/webbutik\/produkt\/forlangningskabel-stromkontakt-hane-stromkontakt-hona-rak-rak-nickelplaterad-5-00-m\/","url":"https:\/\/www.heddata.se\/webbutik\/produkt\/forlangningskabel-stromkontakt-hane-stromkontakt-hona-rak-rak-nickelplaterad-5-00-m\/","name":"F\u00f6rl\u00e4ngningskabel Str\u00f6mkontakt Hane | Str\u00f6mkontakt Hona | Rak | Rak","isPartOf":{"@id":"https:\/\/www.heddata.se\/webbutik\/#website"},"primaryImageOfPage":{"@id":"https:\/\/www.heddata.se\/webbutik\/produkt\/forlangningskabel-stromkontakt-hane-stromkontakt-hona-rak-rak-nickelplaterad-5-00-m\/#primaryimage"},"image":{"@id":"https:\/\/www.heddata.se\/webbutik\/produkt\/forlangningskabel-stromkontakt-hane-stromkontakt-hona-rak-rak-nickelplaterad-5-00-m\/#primaryimage"},"thumbnailUrl":"https:\/\/www.heddata.se\/webbutik\/wp-content\/uploads\/webbutik\/kategorier\/el\/cegp10200bk50.jpeg","datePublished":"2021-09-02T09:18:08+00:00","dateModified":"2026-04-07T12:29:39+00:00","description":"F\u00f6rl\u00e4ngningskabel Str\u00f6mkontakt Hane | Str\u00f6mkontakt Hona | Rak | Rak 5.00 m kan anv\u00e4ndas f\u00f6r att f\u00f6rl\u00e4nga den aktuella str\u00f6mkabeln","breadcrumb":{"@id":"https:\/\/www.heddata.se\/webbutik\/produkt\/forlangningskabel-stromkontakt-hane-stromkontakt-hona-rak-rak-nickelplaterad-5-00-m\/#breadcrumb"},"inLanguage":"sv-SE","potentialAction":[{"@type":"ReadAction","target":["https:\/\/www.heddata.se\/webbutik\/produkt\/forlangningskabel-stromkontakt-hane-stromkontakt-hona-rak-rak-nickelplaterad-5-00-m\/"]}]},{"@type":"ImageObject","inLanguage":"sv-SE","@id":"https:\/\/www.heddata.se\/webbutik\/produkt\/forlangningskabel-stromkontakt-hane-stromkontakt-hona-rak-rak-nickelplaterad-5-00-m\/#primaryimage","url":"https:\/\/www.heddata.se\/webbutik\/wp-content\/uploads\/webbutik\/kategorier\/el\/cegp10200bk50.jpeg","contentUrl":"https:\/\/www.heddata.se\/webbutik\/wp-content\/uploads\/webbutik\/kategorier\/el\/cegp10200bk50.jpeg","width":1200,"height":1200,"caption":"F\u00f6rl\u00e4ngningskabel Str\u00f6mkontakt Hane"},{"@type":"BreadcrumbList","@id":"https:\/\/www.heddata.se\/webbutik\/produkt\/forlangningskabel-stromkontakt-hane-stromkontakt-hona-rak-rak-nickelplaterad-5-00-m\/#breadcrumb","itemListElement":[{"@type":"ListItem","position":1,"name":"Hem","item":"https:\/\/www.heddata.se\/webbutik\/"},{"@type":"ListItem","position":2,"name":"Produkter","item":"https:\/\/www.heddata.se\/webbutik\/shop\/"},{"@type":"ListItem","position":3,"name":"F\u00f6rl\u00e4ngningskanel Str\u00f6mkontakt Hane | Str\u00f6mkontakt Hona | Rak | Rak | Nickelplaterad | 5.00 m"}]},{"@type":"WebSite","@id":"https:\/\/www.heddata.se\/webbutik\/#website","url":"https:\/\/www.heddata.se\/webbutik\/","name":"Datorer, Skrivare, F\u00e4rgpatroner, Mobiltelefoner","description":"Kablar","publisher":{"@id":"https:\/\/www.heddata.se\/webbutik\/#organization"},"potentialAction":[{"@type":"SearchAction","target":{"@type":"EntryPoint","urlTemplate":"https:\/\/www.heddata.se\/webbutik\/?s={search_term_string}"},"query-input":{"@type":"PropertyValueSpecification","valueRequired":true,"valueName":"search_term_string"}}],"inLanguage":"sv-SE"},{"@type":"Organization","@id":"https:\/\/www.heddata.se\/webbutik\/#organization","name":"Heddata AB","url":"https:\/\/www.heddata.se\/webbutik\/","logo":{"@type":"ImageObject","inLanguage":"sv-SE","@id":"https:\/\/www.heddata.se\/webbutik\/#\/schema\/logo\/image\/","url":"https:\/\/www.heddata.se\/webbutik\/wp-content\/uploads\/logga\/heddata-ab-logga.png","contentUrl":"https:\/\/www.heddata.se\/webbutik\/wp-content\/uploads\/logga\/heddata-ab-logga.png","width":200,"height":64,"caption":"Heddata AB"},"image":{"@id":"https:\/\/www.heddata.se\/webbutik\/#\/schema\/logo\/image\/"}}]}},"_links":{"self":[{"href":"https:\/\/www.heddata.se\/webbutik\/wp-json\/wp\/v2\/product\/91903","targetHints":{"allow":["GET"]}}],"collection":[{"href":"https:\/\/www.heddata.se\/webbutik\/wp-json\/wp\/v2\/product"}],"about":[{"href":"https:\/\/www.heddata.se\/webbutik\/wp-json\/wp\/v2\/types\/product"}],"wp:featuredmedia":[{"embeddable":true,"href":"https:\/\/www.heddata.se\/webbutik\/wp-json\/wp\/v2\/media\/91908"}],"wp:attachment":[{"href":"https:\/\/www.heddata.se\/webbutik\/wp-json\/wp\/v2\/media?parent=91903"}],"wp:term":[{"taxonomy":"product_brand","embeddable":true,"href":"https:\/\/www.heddata.se\/webbutik\/wp-json\/wp\/v2\/product_brand?post=91903"},{"taxonomy":"product_cat","embeddable":true,"href":"https:\/\/www.heddata.se\/webbutik\/wp-json\/wp\/v2\/product_cat?post=91903"},{"taxonomy":"product_tag","embeddable":true,"href":"https:\/\/www.heddata.se\/webbutik\/wp-json\/wp\/v2\/product_tag?post=91903"}],"curies":[{"name":"wp","href":"https:\/\/api.w.org\/{rel}","templated":true}]}}