{"id":91839,"date":"2021-08-25T14:18:28","date_gmt":"2021-08-25T12:18:28","guid":{"rendered":"https:\/\/www.heddata.se\/webbutik\/?post_type=product&#038;p=91839"},"modified":"2026-05-08T18:41:58","modified_gmt":"2026-05-08T16:41:58","slug":"hdmi-omvandlare-hdmi-scart-hdmi-ingang-scart-hona-envags-1080p-1-2-gbps","status":"publish","type":"product","link":"https:\/\/www.heddata.se\/webbutik\/produkt\/hdmi-omvandlare-hdmi-scart-hdmi-ingang-scart-hona-envags-1080p-1-2-gbps\/","title":{"rendered":"HDMI Omvandlare HDMI-SCART HDMI\u2122 ing\u00e5ng SCART Hona Env\u00e4gs 1080p 1.2 Gbps"},"content":{"rendered":"<p>HDMI Omvandlare HDMI-SCART HDMI\u2122 ing\u00e5ng SCART Hona Env\u00e4gs 1080p 1.2 Gbps<\/p>\n<div class=\"description\">\n<div class=\"d-flex flex-column\">\n<div class=\"position-relative\">\n<div class=\"\">\n<p class=\"p-0 m-0\">Den h\u00e4r omvandlaren fr\u00e5n HDMI till Scart \u00e4r avsedd f\u00f6r anslutning av en enhet med HDMI-utg\u00e5ng till en TV med Scart-ing\u00e5ng. Det \u00e4r framf\u00f6r allt \u00e4ldre TV-apparater med bildr\u00f6r samt den f\u00f6rsta generationens platt-TV-apparater som har en Scart-ing\u00e5ng.<\/p>\n<\/div>\n<\/div>\n<\/div>\n<\/div>\n<h4 class=\"mt-3\"><strong class=\"d-block\">Egenskaper<\/strong><\/h4>\n<p class=\"m-0\">L\u00e4mplig f\u00f6r anslutning av enheter med HDMI-utg\u00e5ng till \u00e4ldre <a href=\"https:\/\/www.heddata.se\/webbutik\/tv-apparater\/\">TV-apparater<\/a><\/p>\n<p class=\"m-0\">Omvandlar en digital HDMI-signal till en analog Scart-videosignal<\/p>\n<p class=\"m-0\">Ing\u00e5ng: uppl\u00f6sningar upp till 1920 x 1080 (Full HD)<\/p>\n<p class=\"m-0\">Omkopplare f\u00f6r bildstandard (PAL\/NTSC)<\/p>\n<p class=\"m-0\">Synkroniserar video- och ljudsignalen s\u00e5 att f\u00f6rdr\u00f6jningar undviks s\u00e5 mycket som m\u00f6jligt<\/p>\n<p class=\"m-0\">Plug and Play: Inga drivrutiner eller installation kr\u00e4vs<\/p>\n<p class=\"m-0\">Drivs av ett externt DC-n\u00e4taggregat (medf\u00f6ljer)<\/p>\n<h4 id=\"specifications\">HDMI Omvandlare HDMI-SCART <a href=\"https:\/\/nedis.se\/sv-se\" target=\"_blank\" rel=\"noopener\">produktspecifikationer:<\/a><\/h4>\n<table class=\"table table-dashed-border\">\n<tbody>\n<tr>\n<th scope=\"row\">F\u00e4rg<\/th>\n<td>Svart<\/td>\n<\/tr>\n<tr>\n<th scope=\"row\">Material<\/th>\n<td>ABS<\/td>\n<\/tr>\n<tr>\n<th scope=\"row\">Data\u00f6verf\u00f6ringsriktning<\/th>\n<td>Env\u00e4gs<\/td>\n<\/tr>\n<tr>\n<th scope=\"row\">Maximal uppl\u00f6sning<\/th>\n<td>1080p<\/td>\n<\/tr>\n<tr>\n<th scope=\"row\">Uppl\u00f6sning som st\u00f6ds<\/th>\n<td>1080P@60Hz<br \/>\n720p@60Hz<\/td>\n<\/tr>\n<tr>\n<th scope=\"row\">Ing\u00e5ngsstr\u00f6m<\/th>\n<td>1.0 A<\/td>\n<\/tr>\n<tr>\n<th scope=\"row\">Typ av str\u00f6mk\u00e4lla<\/th>\n<td>Str\u00f6madapter<\/td>\n<\/tr>\n<tr>\n<th scope=\"row\">Insp\u00e4nning<\/th>\n<td>5 V DC<\/td>\n<\/tr>\n<tr>\n<th scope=\"row\">Str\u00f6madpterns kabell\u00e4ngd<\/th>\n<td>1.00 m<\/td>\n<\/tr>\n<tr>\n<th scope=\"row\">Bildf\u00f6rh\u00e5llande<\/th>\n<td>16:9<\/td>\n<\/tr>\n<tr>\n<th scope=\"row\">Resolution standard<\/th>\n<td>Full HD<\/td>\n<\/tr>\n<tr>\n<th scope=\"row\">N\u00e4tkontakt<\/th>\n<td>Euro \/ Typ C (CEE 7\/16)<\/td>\n<\/tr>\n<tr>\n<th scope=\"row\">H\u00f6jd<\/th>\n<td>25.0 mm<\/td>\n<\/tr>\n<tr>\n<th scope=\"row\">Effektf\u00f6rbrukning i drift<\/th>\n<td>5 W<\/td>\n<\/tr>\n<tr>\n<th scope=\"row\">Enhetstyp<\/th>\n<td>HDMI\u2122 Konverter<\/td>\n<\/tr>\n<tr>\n<th scope=\"row\">Kompatibel teknik<\/th>\n<td>Full HD<br \/>\nNTSC<br \/>\nPAL<br \/>\nHDCP<\/td>\n<\/tr>\n<tr>\n<th scope=\"row\">Kontrollmetod<\/th>\n<td>Automatisk<\/td>\n<\/tr>\n<tr>\n<th scope=\"row\">Anslutningsing\u00e5ng<\/th>\n<td>HDMI\u2122 ing\u00e5ng<\/td>\n<\/tr>\n<tr>\n<th scope=\"row\">Anslutningsutg\u00e5ng<\/th>\n<td>SCART Hona<\/td>\n<\/tr>\n<tr>\n<th scope=\"row\">Klock frekvens<\/th>\n<td>300 MHz<\/td>\n<\/tr>\n<tr>\n<th scope=\"row\">Str\u00f6mf\u00f6rbrukning i sparl\u00e4ge<\/th>\n<td>2 W<\/td>\n<\/tr>\n<tr>\n<th scope=\"row\">HDMI\u2122 video f\u00e4rg format<\/th>\n<td>24 bit<br \/>\nDeep Color 30 bit<br \/>\n36 bit<\/td>\n<\/tr>\n<tr>\n<th scope=\"row\">Enhetens str\u00f6minmatningsanslutning<\/th>\n<td>DC 5.5 x 7.0 mm<\/td>\n<\/tr>\n<tr>\n<th scope=\"row\">Djup<\/th>\n<td>88.5 mm<\/td>\n<\/tr>\n<tr>\n<th scope=\"row\">Bredd<\/th>\n<td>57.5 mm<\/td>\n<\/tr>\n<tr>\n<th scope=\"row\">Maximal bandbredd<\/th>\n<td>1.2 Gbps<\/td>\n<\/tr>\n<\/tbody>\n<\/table>\n","protected":false},"excerpt":{"rendered":"<p>HDMI Omvandlare HDMI-SCART HDMI\u2122 ing\u00e5ng SCART Hona Env\u00e4gs 1080p 1.2 Gbps<\/p>\n","protected":false},"featured_media":91842,"template":"","meta":[],"product_brand":[],"product_cat":[60,86],"product_tag":[],"class_list":{"0":"post-91839","1":"product","2":"type-product","3":"status-publish","4":"has-post-thumbnail","6":"product_cat-hemelektronik","7":"product_cat-tillbehor-tv","9":"first","10":"outofstock","11":"taxable","12":"shipping-taxable","13":"product-type-simple"},"yoast_head":"<!-- This site is optimized with the Yoast SEO Premium plugin v26.7 (Yoast SEO v26.7) - https:\/\/yoast.com\/wordpress\/plugins\/seo\/ -->\n<title>HDMI Omvandlare HDMI-SCART HDMI\u2122 ing\u00e5ng SCART Hona Env\u00e4gs<\/title>\n<meta name=\"description\" content=\"HDMI Omvandlare HDMI-SCART f\u00f6r anslutning av en enhet med HDMI-utg\u00e5ng till en TV med Scart-ing\u00e5ng framf\u00f6r allt \u00e4ldre TV-apparater\" \/>\n<meta name=\"robots\" content=\"index, follow, max-snippet:-1, max-image-preview:large, max-video-preview:-1\" \/>\n<link rel=\"canonical\" href=\"https:\/\/www.heddata.se\/webbutik\/produkt\/hdmi-omvandlare-hdmi-scart-hdmi-ingang-scart-hona-envags-1080p-1-2-gbps\/\" \/>\n<meta property=\"og:locale\" content=\"sv_SE\" \/>\n<meta property=\"og:type\" content=\"article\" \/>\n<meta property=\"og:title\" content=\"HDMI Omvandlare HDMI-SCART HDMI\u2122 ing\u00e5ng SCART Hona Env\u00e4gs 1080p 1.2 Gbps\" \/>\n<meta property=\"og:description\" content=\"HDMI Omvandlare HDMI-SCART f\u00f6r anslutning av en enhet med HDMI-utg\u00e5ng till en TV med Scart-ing\u00e5ng framf\u00f6r allt \u00e4ldre TV-apparater\" \/>\n<meta property=\"og:url\" content=\"https:\/\/www.heddata.se\/webbutik\/produkt\/hdmi-omvandlare-hdmi-scart-hdmi-ingang-scart-hona-envags-1080p-1-2-gbps\/\" \/>\n<meta property=\"og:site_name\" content=\"Datorer, Skrivare, F\u00e4rgpatroner, Mobiltelefoner\" \/>\n<meta property=\"article:modified_time\" content=\"2026-05-08T16:41:58+00:00\" \/>\n<meta property=\"og:image\" content=\"https:\/\/www.heddata.se\/webbutik\/wp-content\/uploads\/webbutik\/kategorier\/hemelektronik\/vcon3460bk.jpeg\" \/>\n\t<meta property=\"og:image:width\" content=\"1200\" \/>\n\t<meta property=\"og:image:height\" content=\"1200\" \/>\n\t<meta property=\"og:image:type\" content=\"image\/jpeg\" \/>\n<meta name=\"twitter:card\" content=\"summary_large_image\" \/>\n<meta name=\"twitter:label1\" content=\"Ber\u00e4knad l\u00e4stid\" \/>\n\t<meta name=\"twitter:data1\" content=\"1 minut\" \/>\n<script type=\"application\/ld+json\" class=\"yoast-schema-graph\">{\"@context\":\"https:\/\/schema.org\",\"@graph\":[{\"@type\":\"WebPage\",\"@id\":\"https:\/\/www.heddata.se\/webbutik\/produkt\/hdmi-omvandlare-hdmi-scart-hdmi-ingang-scart-hona-envags-1080p-1-2-gbps\/\",\"url\":\"https:\/\/www.heddata.se\/webbutik\/produkt\/hdmi-omvandlare-hdmi-scart-hdmi-ingang-scart-hona-envags-1080p-1-2-gbps\/\",\"name\":\"HDMI Omvandlare HDMI-SCART HDMI\u2122 ing\u00e5ng SCART Hona Env\u00e4gs\",\"isPartOf\":{\"@id\":\"https:\/\/www.heddata.se\/webbutik\/#website\"},\"primaryImageOfPage\":{\"@id\":\"https:\/\/www.heddata.se\/webbutik\/produkt\/hdmi-omvandlare-hdmi-scart-hdmi-ingang-scart-hona-envags-1080p-1-2-gbps\/#primaryimage\"},\"image\":{\"@id\":\"https:\/\/www.heddata.se\/webbutik\/produkt\/hdmi-omvandlare-hdmi-scart-hdmi-ingang-scart-hona-envags-1080p-1-2-gbps\/#primaryimage\"},\"thumbnailUrl\":\"https:\/\/www.heddata.se\/webbutik\/wp-content\/uploads\/webbutik\/kategorier\/hemelektronik\/vcon3460bk.jpeg\",\"datePublished\":\"2021-08-25T12:18:28+00:00\",\"dateModified\":\"2026-05-08T16:41:58+00:00\",\"description\":\"HDMI Omvandlare HDMI-SCART f\u00f6r anslutning av en enhet med HDMI-utg\u00e5ng till en TV med Scart-ing\u00e5ng framf\u00f6r allt \u00e4ldre TV-apparater\",\"breadcrumb\":{\"@id\":\"https:\/\/www.heddata.se\/webbutik\/produkt\/hdmi-omvandlare-hdmi-scart-hdmi-ingang-scart-hona-envags-1080p-1-2-gbps\/#breadcrumb\"},\"inLanguage\":\"sv-SE\",\"potentialAction\":[{\"@type\":\"ReadAction\",\"target\":[\"https:\/\/www.heddata.se\/webbutik\/produkt\/hdmi-omvandlare-hdmi-scart-hdmi-ingang-scart-hona-envags-1080p-1-2-gbps\/\"]}]},{\"@type\":\"ImageObject\",\"inLanguage\":\"sv-SE\",\"@id\":\"https:\/\/www.heddata.se\/webbutik\/produkt\/hdmi-omvandlare-hdmi-scart-hdmi-ingang-scart-hona-envags-1080p-1-2-gbps\/#primaryimage\",\"url\":\"https:\/\/www.heddata.se\/webbutik\/wp-content\/uploads\/webbutik\/kategorier\/hemelektronik\/vcon3460bk.jpeg\",\"contentUrl\":\"https:\/\/www.heddata.se\/webbutik\/wp-content\/uploads\/webbutik\/kategorier\/hemelektronik\/vcon3460bk.jpeg\",\"width\":1200,\"height\":1200,\"caption\":\"HDMI Omvandlare HDMI-SCART\"},{\"@type\":\"BreadcrumbList\",\"@id\":\"https:\/\/www.heddata.se\/webbutik\/produkt\/hdmi-omvandlare-hdmi-scart-hdmi-ingang-scart-hona-envags-1080p-1-2-gbps\/#breadcrumb\",\"itemListElement\":[{\"@type\":\"ListItem\",\"position\":1,\"name\":\"Hem\",\"item\":\"https:\/\/www.heddata.se\/webbutik\/\"},{\"@type\":\"ListItem\",\"position\":2,\"name\":\"Produkter\",\"item\":\"https:\/\/www.heddata.se\/webbutik\/shop\/\"},{\"@type\":\"ListItem\",\"position\":3,\"name\":\"HDMI Omvandlare HDMI-SCART HDMI\u2122 ing\u00e5ng SCART Hona Env\u00e4gs 1080p 1.2 Gbps\"}]},{\"@type\":\"WebSite\",\"@id\":\"https:\/\/www.heddata.se\/webbutik\/#website\",\"url\":\"https:\/\/www.heddata.se\/webbutik\/\",\"name\":\"Datorer, Skrivare, F\u00e4rgpatroner, Mobiltelefoner\",\"description\":\"Kablar\",\"publisher\":{\"@id\":\"https:\/\/www.heddata.se\/webbutik\/#organization\"},\"potentialAction\":[{\"@type\":\"SearchAction\",\"target\":{\"@type\":\"EntryPoint\",\"urlTemplate\":\"https:\/\/www.heddata.se\/webbutik\/?s={search_term_string}\"},\"query-input\":{\"@type\":\"PropertyValueSpecification\",\"valueRequired\":true,\"valueName\":\"search_term_string\"}}],\"inLanguage\":\"sv-SE\"},{\"@type\":\"Organization\",\"@id\":\"https:\/\/www.heddata.se\/webbutik\/#organization\",\"name\":\"Heddata AB\",\"url\":\"https:\/\/www.heddata.se\/webbutik\/\",\"logo\":{\"@type\":\"ImageObject\",\"inLanguage\":\"sv-SE\",\"@id\":\"https:\/\/www.heddata.se\/webbutik\/#\/schema\/logo\/image\/\",\"url\":\"https:\/\/www.heddata.se\/webbutik\/wp-content\/uploads\/logga\/heddata-ab-logga.png\",\"contentUrl\":\"https:\/\/www.heddata.se\/webbutik\/wp-content\/uploads\/logga\/heddata-ab-logga.png\",\"width\":200,\"height\":64,\"caption\":\"Heddata AB\"},\"image\":{\"@id\":\"https:\/\/www.heddata.se\/webbutik\/#\/schema\/logo\/image\/\"}}]}<\/script>\n<!-- \/ Yoast SEO Premium plugin. -->","yoast_head_json":{"title":"HDMI Omvandlare HDMI-SCART HDMI\u2122 ing\u00e5ng SCART Hona Env\u00e4gs","description":"HDMI Omvandlare HDMI-SCART f\u00f6r anslutning av en enhet med HDMI-utg\u00e5ng till en TV med Scart-ing\u00e5ng framf\u00f6r allt \u00e4ldre TV-apparater","robots":{"index":"index","follow":"follow","max-snippet":"max-snippet:-1","max-image-preview":"max-image-preview:large","max-video-preview":"max-video-preview:-1"},"canonical":"https:\/\/www.heddata.se\/webbutik\/produkt\/hdmi-omvandlare-hdmi-scart-hdmi-ingang-scart-hona-envags-1080p-1-2-gbps\/","og_locale":"sv_SE","og_type":"article","og_title":"HDMI Omvandlare HDMI-SCART HDMI\u2122 ing\u00e5ng SCART Hona Env\u00e4gs 1080p 1.2 Gbps","og_description":"HDMI Omvandlare HDMI-SCART f\u00f6r anslutning av en enhet med HDMI-utg\u00e5ng till en TV med Scart-ing\u00e5ng framf\u00f6r allt \u00e4ldre TV-apparater","og_url":"https:\/\/www.heddata.se\/webbutik\/produkt\/hdmi-omvandlare-hdmi-scart-hdmi-ingang-scart-hona-envags-1080p-1-2-gbps\/","og_site_name":"Datorer, Skrivare, F\u00e4rgpatroner, Mobiltelefoner","article_modified_time":"2026-05-08T16:41:58+00:00","og_image":[{"width":1200,"height":1200,"url":"https:\/\/www.heddata.se\/webbutik\/wp-content\/uploads\/webbutik\/kategorier\/hemelektronik\/vcon3460bk.jpeg","type":"image\/jpeg"}],"twitter_card":"summary_large_image","twitter_misc":{"Ber\u00e4knad l\u00e4stid":"1 minut"},"schema":{"@context":"https:\/\/schema.org","@graph":[{"@type":"WebPage","@id":"https:\/\/www.heddata.se\/webbutik\/produkt\/hdmi-omvandlare-hdmi-scart-hdmi-ingang-scart-hona-envags-1080p-1-2-gbps\/","url":"https:\/\/www.heddata.se\/webbutik\/produkt\/hdmi-omvandlare-hdmi-scart-hdmi-ingang-scart-hona-envags-1080p-1-2-gbps\/","name":"HDMI Omvandlare HDMI-SCART HDMI\u2122 ing\u00e5ng SCART Hona Env\u00e4gs","isPartOf":{"@id":"https:\/\/www.heddata.se\/webbutik\/#website"},"primaryImageOfPage":{"@id":"https:\/\/www.heddata.se\/webbutik\/produkt\/hdmi-omvandlare-hdmi-scart-hdmi-ingang-scart-hona-envags-1080p-1-2-gbps\/#primaryimage"},"image":{"@id":"https:\/\/www.heddata.se\/webbutik\/produkt\/hdmi-omvandlare-hdmi-scart-hdmi-ingang-scart-hona-envags-1080p-1-2-gbps\/#primaryimage"},"thumbnailUrl":"https:\/\/www.heddata.se\/webbutik\/wp-content\/uploads\/webbutik\/kategorier\/hemelektronik\/vcon3460bk.jpeg","datePublished":"2021-08-25T12:18:28+00:00","dateModified":"2026-05-08T16:41:58+00:00","description":"HDMI Omvandlare HDMI-SCART f\u00f6r anslutning av en enhet med HDMI-utg\u00e5ng till en TV med Scart-ing\u00e5ng framf\u00f6r allt \u00e4ldre TV-apparater","breadcrumb":{"@id":"https:\/\/www.heddata.se\/webbutik\/produkt\/hdmi-omvandlare-hdmi-scart-hdmi-ingang-scart-hona-envags-1080p-1-2-gbps\/#breadcrumb"},"inLanguage":"sv-SE","potentialAction":[{"@type":"ReadAction","target":["https:\/\/www.heddata.se\/webbutik\/produkt\/hdmi-omvandlare-hdmi-scart-hdmi-ingang-scart-hona-envags-1080p-1-2-gbps\/"]}]},{"@type":"ImageObject","inLanguage":"sv-SE","@id":"https:\/\/www.heddata.se\/webbutik\/produkt\/hdmi-omvandlare-hdmi-scart-hdmi-ingang-scart-hona-envags-1080p-1-2-gbps\/#primaryimage","url":"https:\/\/www.heddata.se\/webbutik\/wp-content\/uploads\/webbutik\/kategorier\/hemelektronik\/vcon3460bk.jpeg","contentUrl":"https:\/\/www.heddata.se\/webbutik\/wp-content\/uploads\/webbutik\/kategorier\/hemelektronik\/vcon3460bk.jpeg","width":1200,"height":1200,"caption":"HDMI Omvandlare HDMI-SCART"},{"@type":"BreadcrumbList","@id":"https:\/\/www.heddata.se\/webbutik\/produkt\/hdmi-omvandlare-hdmi-scart-hdmi-ingang-scart-hona-envags-1080p-1-2-gbps\/#breadcrumb","itemListElement":[{"@type":"ListItem","position":1,"name":"Hem","item":"https:\/\/www.heddata.se\/webbutik\/"},{"@type":"ListItem","position":2,"name":"Produkter","item":"https:\/\/www.heddata.se\/webbutik\/shop\/"},{"@type":"ListItem","position":3,"name":"HDMI Omvandlare HDMI-SCART HDMI\u2122 ing\u00e5ng SCART Hona Env\u00e4gs 1080p 1.2 Gbps"}]},{"@type":"WebSite","@id":"https:\/\/www.heddata.se\/webbutik\/#website","url":"https:\/\/www.heddata.se\/webbutik\/","name":"Datorer, Skrivare, F\u00e4rgpatroner, Mobiltelefoner","description":"Kablar","publisher":{"@id":"https:\/\/www.heddata.se\/webbutik\/#organization"},"potentialAction":[{"@type":"SearchAction","target":{"@type":"EntryPoint","urlTemplate":"https:\/\/www.heddata.se\/webbutik\/?s={search_term_string}"},"query-input":{"@type":"PropertyValueSpecification","valueRequired":true,"valueName":"search_term_string"}}],"inLanguage":"sv-SE"},{"@type":"Organization","@id":"https:\/\/www.heddata.se\/webbutik\/#organization","name":"Heddata AB","url":"https:\/\/www.heddata.se\/webbutik\/","logo":{"@type":"ImageObject","inLanguage":"sv-SE","@id":"https:\/\/www.heddata.se\/webbutik\/#\/schema\/logo\/image\/","url":"https:\/\/www.heddata.se\/webbutik\/wp-content\/uploads\/logga\/heddata-ab-logga.png","contentUrl":"https:\/\/www.heddata.se\/webbutik\/wp-content\/uploads\/logga\/heddata-ab-logga.png","width":200,"height":64,"caption":"Heddata AB"},"image":{"@id":"https:\/\/www.heddata.se\/webbutik\/#\/schema\/logo\/image\/"}}]}},"_links":{"self":[{"href":"https:\/\/www.heddata.se\/webbutik\/wp-json\/wp\/v2\/product\/91839","targetHints":{"allow":["GET"]}}],"collection":[{"href":"https:\/\/www.heddata.se\/webbutik\/wp-json\/wp\/v2\/product"}],"about":[{"href":"https:\/\/www.heddata.se\/webbutik\/wp-json\/wp\/v2\/types\/product"}],"wp:featuredmedia":[{"embeddable":true,"href":"https:\/\/www.heddata.se\/webbutik\/wp-json\/wp\/v2\/media\/91842"}],"wp:attachment":[{"href":"https:\/\/www.heddata.se\/webbutik\/wp-json\/wp\/v2\/media?parent=91839"}],"wp:term":[{"taxonomy":"product_brand","embeddable":true,"href":"https:\/\/www.heddata.se\/webbutik\/wp-json\/wp\/v2\/product_brand?post=91839"},{"taxonomy":"product_cat","embeddable":true,"href":"https:\/\/www.heddata.se\/webbutik\/wp-json\/wp\/v2\/product_cat?post=91839"},{"taxonomy":"product_tag","embeddable":true,"href":"https:\/\/www.heddata.se\/webbutik\/wp-json\/wp\/v2\/product_tag?post=91839"}],"curies":[{"name":"wp","href":"https:\/\/api.w.org\/{rel}","templated":true}]}}