{"id":91622,"date":"2021-06-21T16:18:20","date_gmt":"2021-06-21T14:18:20","guid":{"rendered":"https:\/\/www.heddata.se\/webbutik\/?post_type=product&#038;p=91622"},"modified":"2026-04-08T12:43:19","modified_gmt":"2026-04-08T10:43:19","slug":"router-for-mobilt-bredband-d-link-wifi-4g-hotspot-150-mbps-dwr-932","status":"publish","type":"product","link":"https:\/\/www.heddata.se\/webbutik\/produkt\/router-for-mobilt-bredband-d-link-wifi-4g-hotspot-150-mbps-dwr-932\/","title":{"rendered":"Router f\u00f6r mobilt bredband D-LINK WiFi 4G Hotspot 150 Mbps DWR-932"},"content":{"rendered":"<p>Router f\u00f6r mobilt bredband D-LINK WiFi 4G Hotspot 150 Mbps DWR-932<\/p>\n<p>Upp till 4 timmar batteridrift vid fulladdat batteri.<\/p>\n<p>Upp till 150Mbps i nedladdning.<\/p>\n<p>Upp till 50Mbps i uppladdning.<\/p>\n<h4>Router f\u00f6r <a href=\"https:\/\/www.heddata.se\/webbutik\/produkt\/tp-link-ac750-w-less-dual-band-4g-lte-router-archer-mr200-v4\/\">mobilt<\/a> bredband specifikation:<\/h4>\n<table class=\"data-table\">\n<tbody>\n<tr class=\"odd\">\n<td class=\"spec-name\">Min temperatur vid drift<\/td>\n<td class=\"spec-value\">0 \u00b0C<\/td>\n<\/tr>\n<tr class=\"even\">\n<td class=\"spec-name\">Gr\u00e4nssnitt<\/td>\n<td class=\"spec-value\">1 x micro-USB<\/td>\n<\/tr>\n<tr class=\"odd\">\n<td class=\"spec-name\">SAR-v\u00e4rde<\/td>\n<td class=\"spec-value\">1,411 W\/kg (kropp), 1,411 W\/kg (huvud), 1,411 W\/kg (lem)<\/td>\n<\/tr>\n<tr class=\"even\">\n<td class=\"spec-name\">H\u00f6jd<\/td>\n<td class=\"spec-value\">1.5 cm<\/td>\n<\/tr>\n<tr class=\"odd\">\n<td class=\"spec-name\">Luftfuktighet vid drift<\/td>\n<td class=\"spec-value\">10 &#8211; 90 % (icke-kondenserade)<\/td>\n<\/tr>\n<tr class=\"even\">\n<td class=\"spec-name\">Data\u00f6verf\u00f6ringshastighet<\/td>\n<td class=\"spec-value\">150 Mbps<\/td>\n<\/tr>\n<tr class=\"odd\">\n<td class=\"spec-name\">Kapacitet<\/td>\n<td class=\"spec-value\">2000 mAh &#8211; upp till 5 timmar<\/td>\n<\/tr>\n<tr class=\"even\">\n<td class=\"spec-name\">Max temperatur vid drift<\/td>\n<td class=\"spec-value\">40 \u00b0C<\/td>\n<\/tr>\n<tr class=\"odd\">\n<td class=\"spec-name\">Bredd<\/td>\n<td class=\"spec-value\">7.3 cm<\/td>\n<\/tr>\n<tr class=\"even\">\n<td class=\"spec-name\">Djup<\/td>\n<td class=\"spec-value\">7.3 cm<\/td>\n<\/tr>\n<tr class=\"odd\">\n<td class=\"spec-name\">Vikt<\/td>\n<td class=\"spec-value\">77 g<\/td>\n<\/tr>\n<tr class=\"even\">\n<td class=\"spec-name\">Operativsystem erfordras<\/td>\n<td class=\"spec-value\">Apple MacOS X 10.6 eller senare, Linux Kernel 2.6.x, Microsoft Windows XP SP3, Microsoft Windows Vista \/ 7 \/ 8<\/td>\n<\/tr>\n<tr class=\"odd\">\n<td class=\"spec-name\">Inbyggda enheter<\/td>\n<td class=\"spec-value\">Bildsk\u00e4rm<\/td>\n<\/tr>\n<tr class=\"even\">\n<td class=\"spec-name\">Funktioner<\/td>\n<td class=\"spec-value\">Brandv\u00e4ggsskydd, NAT-st\u00f6d, Wi-Fi Protected Setup (WPS), 2T2R MIMO-teknik<\/td>\n<\/tr>\n<tr class=\"odd\">\n<td class=\"spec-name\">Formfaktor<\/td>\n<td class=\"spec-value\">Extern<\/td>\n<\/tr>\n<tr class=\"even\">\n<td class=\"spec-name\">Mobiltelefonband<\/td>\n<td class=\"spec-value\">GSM 850\/900\/1800\/1900 \/ UMTS 2100<\/td>\n<\/tr>\n<tr class=\"odd\">\n<td class=\"spec-name\">Cellul\u00e4rt protokoll<\/td>\n<td class=\"spec-value\">GSM, GPRS, UMTS, EDGE, HSDPA, HSUPA, LTE<\/td>\n<\/tr>\n<tr class=\"even\">\n<td class=\"spec-name\">Datal\u00e4nkprotokoll<\/td>\n<td class=\"spec-value\">IEEE 802.11b, IEEE 802.11g, IEEE 802.11n<\/td>\n<\/tr>\n<tr class=\"odd\">\n<td class=\"spec-name\">Standarder som f\u00f6ljs<\/td>\n<td class=\"spec-value\">IEEE 802.11b, IEEE 802.11g, IEEE 802.11n, UPnP<\/td>\n<\/tr>\n<tr class=\"even\">\n<td class=\"spec-name\">Antenn<\/td>\n<td class=\"spec-value\">Inbyggd<\/td>\n<\/tr>\n<tr class=\"odd\">\n<td class=\"spec-name\">Batteri<\/td>\n<td class=\"spec-value\">Litiumjon<\/td>\n<\/tr>\n<tr class=\"even\">\n<td class=\"spec-name\">SIM-kort st\u00f6ds<\/td>\n<td class=\"spec-value\">Micro-SIM x 1<\/td>\n<\/tr>\n<tr class=\"odd\">\n<td class=\"spec-name\">Typ av enhet<\/td>\n<td class=\"spec-value\"><a href=\"https:\/\/eu.dlink.com\/se\/sv\" target=\"_blank\" rel=\"noopener\">Mobil<\/a> hotspot<\/td>\n<\/tr>\n<tr class=\"even\">\n<td class=\"spec-name\">Anslutningsteknik<\/td>\n<td class=\"spec-value\">Tr\u00e5dl\u00f6s<\/td>\n<\/tr>\n<tr class=\"odd\">\n<td class=\"spec-name\">Krypteringsalgoritm<\/td>\n<td class=\"spec-value\">WPA-PSK, WPA2-PSK<\/td>\n<\/tr>\n<\/tbody>\n<\/table>\n","protected":false},"excerpt":{"rendered":"<p>Router f\u00f6r mobilt bredband D-LINK WiFi 4G Hotspot 150 Mbps DWR-932<\/p>\n","protected":false},"featured_media":91624,"template":"","meta":[],"product_brand":[],"product_cat":[8975,70,8973,8974],"product_tag":[],"class_list":{"0":"post-91622","1":"product","2":"type-product","3":"status-publish","4":"has-post-thumbnail","6":"product_cat-4g","7":"product_cat-natverk","8":"product_cat-router","9":"product_cat-tradlos","11":"first","12":"outofstock","13":"taxable","14":"shipping-taxable","15":"purchasable","16":"product-type-simple"},"yoast_head":"<!-- This site is optimized with the Yoast SEO Premium plugin v26.7 (Yoast SEO v26.7) - https:\/\/yoast.com\/wordpress\/plugins\/seo\/ -->\n<title>Router f\u00f6r mobilt bredband D-LINK WiFi 4G Hotspot 150 Mbps DWR-932<\/title>\n<meta name=\"description\" content=\"Router f\u00f6r mobilt bredband D-LINK WiFi 4G Hotspot 150 Mbps DWR-932. Liten tr\u00e5dl\u00f6s router som \u00e4r l\u00e4tt att ta med n\u00e4r du beh\u00f6ver WiFi.\" \/>\n<meta name=\"robots\" content=\"index, follow, max-snippet:-1, max-image-preview:large, max-video-preview:-1\" \/>\n<link rel=\"canonical\" href=\"https:\/\/www.heddata.se\/webbutik\/produkt\/router-for-mobilt-bredband-d-link-wifi-4g-hotspot-150-mbps-dwr-932\/\" \/>\n<meta property=\"og:locale\" content=\"sv_SE\" \/>\n<meta property=\"og:type\" content=\"article\" \/>\n<meta property=\"og:title\" content=\"Router f\u00f6r mobilt bredband D-LINK WiFi 4G Hotspot 150 Mbps DWR-932\" \/>\n<meta property=\"og:description\" content=\"Router f\u00f6r mobilt bredband D-LINK WiFi 4G Hotspot 150 Mbps DWR-932. Liten tr\u00e5dl\u00f6s router som \u00e4r l\u00e4tt att ta med n\u00e4r du beh\u00f6ver WiFi.\" \/>\n<meta property=\"og:url\" content=\"https:\/\/www.heddata.se\/webbutik\/produkt\/router-for-mobilt-bredband-d-link-wifi-4g-hotspot-150-mbps-dwr-932\/\" \/>\n<meta property=\"og:site_name\" content=\"Datorer, Skrivare, F\u00e4rgpatroner, Mobiltelefoner\" \/>\n<meta property=\"article:modified_time\" content=\"2026-04-08T10:43:19+00:00\" \/>\n<meta property=\"og:image\" content=\"https:\/\/www.heddata.se\/webbutik\/wp-content\/uploads\/webbutik\/kategorier\/natvark\/dwr-932.jpeg\" \/>\n\t<meta property=\"og:image:width\" content=\"1095\" \/>\n\t<meta property=\"og:image:height\" content=\"1096\" \/>\n\t<meta property=\"og:image:type\" content=\"image\/jpeg\" \/>\n<meta name=\"twitter:card\" content=\"summary_large_image\" \/>\n<meta name=\"twitter:label1\" content=\"Ber\u00e4knad l\u00e4stid\" \/>\n\t<meta name=\"twitter:data1\" content=\"1 minut\" \/>\n<script type=\"application\/ld+json\" class=\"yoast-schema-graph\">{\"@context\":\"https:\/\/schema.org\",\"@graph\":[{\"@type\":\"WebPage\",\"@id\":\"https:\/\/www.heddata.se\/webbutik\/produkt\/router-for-mobilt-bredband-d-link-wifi-4g-hotspot-150-mbps-dwr-932\/\",\"url\":\"https:\/\/www.heddata.se\/webbutik\/produkt\/router-for-mobilt-bredband-d-link-wifi-4g-hotspot-150-mbps-dwr-932\/\",\"name\":\"Router f\u00f6r mobilt bredband D-LINK WiFi 4G Hotspot 150 Mbps DWR-932\",\"isPartOf\":{\"@id\":\"https:\/\/www.heddata.se\/webbutik\/#website\"},\"primaryImageOfPage\":{\"@id\":\"https:\/\/www.heddata.se\/webbutik\/produkt\/router-for-mobilt-bredband-d-link-wifi-4g-hotspot-150-mbps-dwr-932\/#primaryimage\"},\"image\":{\"@id\":\"https:\/\/www.heddata.se\/webbutik\/produkt\/router-for-mobilt-bredband-d-link-wifi-4g-hotspot-150-mbps-dwr-932\/#primaryimage\"},\"thumbnailUrl\":\"https:\/\/www.heddata.se\/webbutik\/wp-content\/uploads\/webbutik\/kategorier\/natvark\/dwr-932.jpeg\",\"datePublished\":\"2021-06-21T14:18:20+00:00\",\"dateModified\":\"2026-04-08T10:43:19+00:00\",\"description\":\"Router f\u00f6r mobilt bredband D-LINK WiFi 4G Hotspot 150 Mbps DWR-932. Liten tr\u00e5dl\u00f6s router som \u00e4r l\u00e4tt att ta med n\u00e4r du beh\u00f6ver WiFi.\",\"breadcrumb\":{\"@id\":\"https:\/\/www.heddata.se\/webbutik\/produkt\/router-for-mobilt-bredband-d-link-wifi-4g-hotspot-150-mbps-dwr-932\/#breadcrumb\"},\"inLanguage\":\"sv-SE\",\"potentialAction\":[{\"@type\":\"ReadAction\",\"target\":[\"https:\/\/www.heddata.se\/webbutik\/produkt\/router-for-mobilt-bredband-d-link-wifi-4g-hotspot-150-mbps-dwr-932\/\"]}]},{\"@type\":\"ImageObject\",\"inLanguage\":\"sv-SE\",\"@id\":\"https:\/\/www.heddata.se\/webbutik\/produkt\/router-for-mobilt-bredband-d-link-wifi-4g-hotspot-150-mbps-dwr-932\/#primaryimage\",\"url\":\"https:\/\/www.heddata.se\/webbutik\/wp-content\/uploads\/webbutik\/kategorier\/natvark\/dwr-932.jpeg\",\"contentUrl\":\"https:\/\/www.heddata.se\/webbutik\/wp-content\/uploads\/webbutik\/kategorier\/natvark\/dwr-932.jpeg\",\"width\":1095,\"height\":1096,\"caption\":\"Router f\u00f6r mobilt bredband\"},{\"@type\":\"BreadcrumbList\",\"@id\":\"https:\/\/www.heddata.se\/webbutik\/produkt\/router-for-mobilt-bredband-d-link-wifi-4g-hotspot-150-mbps-dwr-932\/#breadcrumb\",\"itemListElement\":[{\"@type\":\"ListItem\",\"position\":1,\"name\":\"Hem\",\"item\":\"https:\/\/www.heddata.se\/webbutik\/\"},{\"@type\":\"ListItem\",\"position\":2,\"name\":\"Produkter\",\"item\":\"https:\/\/www.heddata.se\/webbutik\/shop\/\"},{\"@type\":\"ListItem\",\"position\":3,\"name\":\"Router f\u00f6r mobilt bredband D-LINK WiFi 4G Hotspot 150 Mbps DWR-932\"}]},{\"@type\":\"WebSite\",\"@id\":\"https:\/\/www.heddata.se\/webbutik\/#website\",\"url\":\"https:\/\/www.heddata.se\/webbutik\/\",\"name\":\"Datorer, Skrivare, F\u00e4rgpatroner, Mobiltelefoner\",\"description\":\"Kablar\",\"publisher\":{\"@id\":\"https:\/\/www.heddata.se\/webbutik\/#organization\"},\"potentialAction\":[{\"@type\":\"SearchAction\",\"target\":{\"@type\":\"EntryPoint\",\"urlTemplate\":\"https:\/\/www.heddata.se\/webbutik\/?s={search_term_string}\"},\"query-input\":{\"@type\":\"PropertyValueSpecification\",\"valueRequired\":true,\"valueName\":\"search_term_string\"}}],\"inLanguage\":\"sv-SE\"},{\"@type\":\"Organization\",\"@id\":\"https:\/\/www.heddata.se\/webbutik\/#organization\",\"name\":\"Heddata AB\",\"url\":\"https:\/\/www.heddata.se\/webbutik\/\",\"logo\":{\"@type\":\"ImageObject\",\"inLanguage\":\"sv-SE\",\"@id\":\"https:\/\/www.heddata.se\/webbutik\/#\/schema\/logo\/image\/\",\"url\":\"https:\/\/www.heddata.se\/webbutik\/wp-content\/uploads\/logga\/heddata-ab-logga.png\",\"contentUrl\":\"https:\/\/www.heddata.se\/webbutik\/wp-content\/uploads\/logga\/heddata-ab-logga.png\",\"width\":200,\"height\":64,\"caption\":\"Heddata AB\"},\"image\":{\"@id\":\"https:\/\/www.heddata.se\/webbutik\/#\/schema\/logo\/image\/\"}}]}<\/script>\n<!-- \/ Yoast SEO Premium plugin. -->","yoast_head_json":{"title":"Router f\u00f6r mobilt bredband D-LINK WiFi 4G Hotspot 150 Mbps DWR-932","description":"Router f\u00f6r mobilt bredband D-LINK WiFi 4G Hotspot 150 Mbps DWR-932. Liten tr\u00e5dl\u00f6s router som \u00e4r l\u00e4tt att ta med n\u00e4r du beh\u00f6ver WiFi.","robots":{"index":"index","follow":"follow","max-snippet":"max-snippet:-1","max-image-preview":"max-image-preview:large","max-video-preview":"max-video-preview:-1"},"canonical":"https:\/\/www.heddata.se\/webbutik\/produkt\/router-for-mobilt-bredband-d-link-wifi-4g-hotspot-150-mbps-dwr-932\/","og_locale":"sv_SE","og_type":"article","og_title":"Router f\u00f6r mobilt bredband D-LINK WiFi 4G Hotspot 150 Mbps DWR-932","og_description":"Router f\u00f6r mobilt bredband D-LINK WiFi 4G Hotspot 150 Mbps DWR-932. Liten tr\u00e5dl\u00f6s router som \u00e4r l\u00e4tt att ta med n\u00e4r du beh\u00f6ver WiFi.","og_url":"https:\/\/www.heddata.se\/webbutik\/produkt\/router-for-mobilt-bredband-d-link-wifi-4g-hotspot-150-mbps-dwr-932\/","og_site_name":"Datorer, Skrivare, F\u00e4rgpatroner, Mobiltelefoner","article_modified_time":"2026-04-08T10:43:19+00:00","og_image":[{"width":1095,"height":1096,"url":"https:\/\/www.heddata.se\/webbutik\/wp-content\/uploads\/webbutik\/kategorier\/natvark\/dwr-932.jpeg","type":"image\/jpeg"}],"twitter_card":"summary_large_image","twitter_misc":{"Ber\u00e4knad l\u00e4stid":"1 minut"},"schema":{"@context":"https:\/\/schema.org","@graph":[{"@type":"WebPage","@id":"https:\/\/www.heddata.se\/webbutik\/produkt\/router-for-mobilt-bredband-d-link-wifi-4g-hotspot-150-mbps-dwr-932\/","url":"https:\/\/www.heddata.se\/webbutik\/produkt\/router-for-mobilt-bredband-d-link-wifi-4g-hotspot-150-mbps-dwr-932\/","name":"Router f\u00f6r mobilt bredband D-LINK WiFi 4G Hotspot 150 Mbps DWR-932","isPartOf":{"@id":"https:\/\/www.heddata.se\/webbutik\/#website"},"primaryImageOfPage":{"@id":"https:\/\/www.heddata.se\/webbutik\/produkt\/router-for-mobilt-bredband-d-link-wifi-4g-hotspot-150-mbps-dwr-932\/#primaryimage"},"image":{"@id":"https:\/\/www.heddata.se\/webbutik\/produkt\/router-for-mobilt-bredband-d-link-wifi-4g-hotspot-150-mbps-dwr-932\/#primaryimage"},"thumbnailUrl":"https:\/\/www.heddata.se\/webbutik\/wp-content\/uploads\/webbutik\/kategorier\/natvark\/dwr-932.jpeg","datePublished":"2021-06-21T14:18:20+00:00","dateModified":"2026-04-08T10:43:19+00:00","description":"Router f\u00f6r mobilt bredband D-LINK WiFi 4G Hotspot 150 Mbps DWR-932. Liten tr\u00e5dl\u00f6s router som \u00e4r l\u00e4tt att ta med n\u00e4r du beh\u00f6ver WiFi.","breadcrumb":{"@id":"https:\/\/www.heddata.se\/webbutik\/produkt\/router-for-mobilt-bredband-d-link-wifi-4g-hotspot-150-mbps-dwr-932\/#breadcrumb"},"inLanguage":"sv-SE","potentialAction":[{"@type":"ReadAction","target":["https:\/\/www.heddata.se\/webbutik\/produkt\/router-for-mobilt-bredband-d-link-wifi-4g-hotspot-150-mbps-dwr-932\/"]}]},{"@type":"ImageObject","inLanguage":"sv-SE","@id":"https:\/\/www.heddata.se\/webbutik\/produkt\/router-for-mobilt-bredband-d-link-wifi-4g-hotspot-150-mbps-dwr-932\/#primaryimage","url":"https:\/\/www.heddata.se\/webbutik\/wp-content\/uploads\/webbutik\/kategorier\/natvark\/dwr-932.jpeg","contentUrl":"https:\/\/www.heddata.se\/webbutik\/wp-content\/uploads\/webbutik\/kategorier\/natvark\/dwr-932.jpeg","width":1095,"height":1096,"caption":"Router f\u00f6r mobilt bredband"},{"@type":"BreadcrumbList","@id":"https:\/\/www.heddata.se\/webbutik\/produkt\/router-for-mobilt-bredband-d-link-wifi-4g-hotspot-150-mbps-dwr-932\/#breadcrumb","itemListElement":[{"@type":"ListItem","position":1,"name":"Hem","item":"https:\/\/www.heddata.se\/webbutik\/"},{"@type":"ListItem","position":2,"name":"Produkter","item":"https:\/\/www.heddata.se\/webbutik\/shop\/"},{"@type":"ListItem","position":3,"name":"Router f\u00f6r mobilt bredband D-LINK WiFi 4G Hotspot 150 Mbps DWR-932"}]},{"@type":"WebSite","@id":"https:\/\/www.heddata.se\/webbutik\/#website","url":"https:\/\/www.heddata.se\/webbutik\/","name":"Datorer, Skrivare, F\u00e4rgpatroner, Mobiltelefoner","description":"Kablar","publisher":{"@id":"https:\/\/www.heddata.se\/webbutik\/#organization"},"potentialAction":[{"@type":"SearchAction","target":{"@type":"EntryPoint","urlTemplate":"https:\/\/www.heddata.se\/webbutik\/?s={search_term_string}"},"query-input":{"@type":"PropertyValueSpecification","valueRequired":true,"valueName":"search_term_string"}}],"inLanguage":"sv-SE"},{"@type":"Organization","@id":"https:\/\/www.heddata.se\/webbutik\/#organization","name":"Heddata AB","url":"https:\/\/www.heddata.se\/webbutik\/","logo":{"@type":"ImageObject","inLanguage":"sv-SE","@id":"https:\/\/www.heddata.se\/webbutik\/#\/schema\/logo\/image\/","url":"https:\/\/www.heddata.se\/webbutik\/wp-content\/uploads\/logga\/heddata-ab-logga.png","contentUrl":"https:\/\/www.heddata.se\/webbutik\/wp-content\/uploads\/logga\/heddata-ab-logga.png","width":200,"height":64,"caption":"Heddata AB"},"image":{"@id":"https:\/\/www.heddata.se\/webbutik\/#\/schema\/logo\/image\/"}}]}},"_links":{"self":[{"href":"https:\/\/www.heddata.se\/webbutik\/wp-json\/wp\/v2\/product\/91622","targetHints":{"allow":["GET"]}}],"collection":[{"href":"https:\/\/www.heddata.se\/webbutik\/wp-json\/wp\/v2\/product"}],"about":[{"href":"https:\/\/www.heddata.se\/webbutik\/wp-json\/wp\/v2\/types\/product"}],"wp:featuredmedia":[{"embeddable":true,"href":"https:\/\/www.heddata.se\/webbutik\/wp-json\/wp\/v2\/media\/91624"}],"wp:attachment":[{"href":"https:\/\/www.heddata.se\/webbutik\/wp-json\/wp\/v2\/media?parent=91622"}],"wp:term":[{"taxonomy":"product_brand","embeddable":true,"href":"https:\/\/www.heddata.se\/webbutik\/wp-json\/wp\/v2\/product_brand?post=91622"},{"taxonomy":"product_cat","embeddable":true,"href":"https:\/\/www.heddata.se\/webbutik\/wp-json\/wp\/v2\/product_cat?post=91622"},{"taxonomy":"product_tag","embeddable":true,"href":"https:\/\/www.heddata.se\/webbutik\/wp-json\/wp\/v2\/product_tag?post=91622"}],"curies":[{"name":"wp","href":"https:\/\/api.w.org\/{rel}","templated":true}]}}