{"id":91265,"date":"2021-03-24T17:18:12","date_gmt":"2021-03-24T16:18:12","guid":{"rendered":"https:\/\/www.heddata.se\/webbutik\/?post_type=product&#038;p=91265"},"modified":"2026-04-29T18:09:20","modified_gmt":"2026-04-29T16:09:20","slug":"displayport-kabel-displayport-hane-displayport-hane-8k60hz-guldplaterad-3-00-m","status":"publish","type":"product","link":"https:\/\/www.heddata.se\/webbutik\/produkt\/displayport-kabel-displayport-hane-displayport-hane-8k60hz-guldplaterad-3-00-m\/","title":{"rendered":"Displayport-kabel DisplayPort Hane DisplayPort Hane 8K@60Hz Guldplaterad 3.00 m"},"content":{"rendered":"<p>Displayport-kabel DisplayPort Hane DisplayPort Hane 8K@60Hz Guldplaterad 3.00 m<\/p>\n<div class=\"description\">\n<div class=\"d-flex flex-column\">\n<div class=\"position-relative\">\n<div class=\"\">\n<p class=\"p-0 m-0\">Anslut en LCD- eller <a href=\"https:\/\/www.heddata.se\/webbutik\/skarmar\/\">LED-sk\u00e4rm<\/a> med en uppl\u00f6sning p\u00e5 upp till 8K till dator med Nedis\u00ae DisplayPort 1.4-kabel.<\/p>\n<\/div>\n<\/div>\n<\/div>\n<\/div>\n<div class=\"mt-3\"><strong class=\"d-block\">Egenskaper<\/strong><\/p>\n<p class=\"m-0\">DisplayPort 1.4-kompatibel &#8211; st\u00f6d f\u00f6r uppl\u00f6sningar upp till 8K<\/p>\n<p class=\"m-0\">Guldpl\u00e4terade kontakter f\u00f6r enast\u00e5ende bildkvalitet<\/p>\n<p class=\"m-0\">Full kopparkabel garanterar \u00f6verl\u00e4gsna \u00f6verf\u00f6ringsegenskaper<\/p>\n<p class=\"m-0\">Metallfl\u00e4tad sk\u00e4rmning minskar elektromagnetiska st\u00f6rningar<\/p>\n<p class=\"m-0\">H\u00e5llbara, gjutna kontakter som \u00e4r speciellt utformade f\u00f6r intensiv anv\u00e4ndning<\/p>\n<h3 id=\"specifications\"><a href=\"https:\/\/nedis.se\/\" target=\"_blank\" rel=\"noopener\">Produktspecifikationer<\/a><\/h3>\n<table class=\"table table-dashed-border\">\n<tbody>\n<tr>\n<th scope=\"row\">F\u00e4rg<\/th>\n<td>Antracit<br \/>\nGr\u00e5<\/td>\n<\/tr>\n<tr>\n<th scope=\"row\">F\u00f6rpackningstyp<\/th>\n<td>Kartong med f\u00f6nster<\/td>\n<\/tr>\n<tr>\n<th scope=\"row\">Anslutningsdesign &#8211; sida B<\/th>\n<td>Rak<\/td>\n<\/tr>\n<tr>\n<th scope=\"row\">Anslutningsdesign &#8211; sida A<\/th>\n<td>Rak<\/td>\n<\/tr>\n<tr>\n<th scope=\"row\">Kabelns utformning<\/th>\n<td>Rund<\/td>\n<\/tr>\n<tr>\n<th scope=\"row\">Kontaktspl\u00e4tering<\/th>\n<td>Guldplaterad<\/td>\n<\/tr>\n<tr>\n<th scope=\"row\">Kabelmantelns material<\/th>\n<td>PVC<\/td>\n<\/tr>\n<tr>\n<th scope=\"row\">AWG-v\u00e4rde<\/th>\n<td>26<\/td>\n<\/tr>\n<tr>\n<th scope=\"row\">Kabell\u00e4ngd<\/th>\n<td>3.00 m<\/td>\n<\/tr>\n<tr>\n<th scope=\"row\">Material<\/th>\n<td>PVC<\/td>\n<\/tr>\n<tr>\n<th scope=\"row\">Ledardiameter<\/th>\n<td>7 x 0.12 mm<\/td>\n<\/tr>\n<tr>\n<th scope=\"row\">Ledarmaterial<\/th>\n<td>F\u00f6rtent Koppar<\/td>\n<\/tr>\n<tr>\n<th scope=\"row\">Uppl\u00f6sning som st\u00f6ds<\/th>\n<td>1080P@60Hz<br \/>\n4K@60Hz<br \/>\n4K@30Hz<br \/>\n1080p@120Hz<br \/>\n8K@60Hz<br \/>\n4K@120Hz<\/td>\n<\/tr>\n<tr>\n<th scope=\"row\">Kontaktmaterial<\/th>\n<td>ABS<\/td>\n<\/tr>\n<tr>\n<th scope=\"row\">Kontakt A<\/th>\n<td>DisplayPort Hane<\/td>\n<\/tr>\n<tr>\n<th scope=\"row\">Kontakt B<\/th>\n<td>DisplayPort Hane<\/td>\n<\/tr>\n<tr>\n<th scope=\"row\">Kabeltyp<\/th>\n<td>DisplayPort<\/td>\n<\/tr>\n<tr>\n<th scope=\"row\">Pl\u00e4tering<\/th>\n<td>Guldplaterad<\/td>\n<\/tr>\n<tr>\n<th scope=\"row\">Maximal bandbredd<\/th>\n<td>32.4 Gbps<\/td>\n<\/tr>\n<tr>\n<th scope=\"row\">Version<\/th>\n<td>1.4<\/td>\n<\/tr>\n<tr>\n<th scope=\"row\">Maximal uppl\u00f6sning<\/th>\n<td>8K@60Hz<\/td>\n<\/tr>\n<tr>\n<th scope=\"row\">Kabelmantelstorlek<\/th>\n<td>8.5 mm<\/td>\n<\/tr>\n<tr>\n<th scope=\"row\">Bildf\u00f6rh\u00e5llande<\/th>\n<td>16:9<\/td>\n<\/tr>\n<tr>\n<th scope=\"row\">Resolution standard<\/th>\n<td>8K UHD<\/td>\n<\/tr>\n<\/tbody>\n<\/table>\n<\/div>\n","protected":false},"excerpt":{"rendered":"<p>Displayport-kabel DisplayPort Hane DisplayPort Hane 8K@60Hz Guldplaterad 3.00 m<\/p>\n","protected":false},"featured_media":91270,"template":"","meta":[],"product_brand":[],"product_cat":[76,8999,59],"product_tag":[],"class_list":{"0":"post-91265","1":"product","2":"type-product","3":"status-publish","4":"has-post-thumbnail","6":"product_cat-bild-kablar","7":"product_cat-displayportskablar","8":"product_cat-kablar","10":"first","11":"instock","12":"taxable","13":"shipping-taxable","14":"purchasable","15":"product-type-simple"},"yoast_head":"<!-- This site is optimized with the Yoast SEO Premium plugin v26.7 (Yoast SEO v26.7) - https:\/\/yoast.com\/wordpress\/plugins\/seo\/ -->\n<title>Displayport-kabel DisplayPort Hane DisplayPort Hane 8K@60Hz<\/title>\n<meta name=\"description\" content=\"Displayport-kabel DisplayPort Hane DisplayPort Hane 8K@60Hz Guldplaterad 3.00 m Kabel f\u00f6r anslutning mellan dator och sk\u00e4rm.\" \/>\n<meta name=\"robots\" content=\"index, follow, max-snippet:-1, max-image-preview:large, max-video-preview:-1\" \/>\n<link rel=\"canonical\" href=\"https:\/\/www.heddata.se\/webbutik\/produkt\/displayport-kabel-displayport-hane-displayport-hane-8k60hz-guldplaterad-3-00-m\/\" \/>\n<meta property=\"og:locale\" content=\"sv_SE\" \/>\n<meta property=\"og:type\" content=\"article\" \/>\n<meta property=\"og:title\" content=\"Displayport-kabel DisplayPort Hane DisplayPort Hane 8K@60Hz Guldplaterad 3.00 m\" \/>\n<meta property=\"og:description\" content=\"Displayport-kabel DisplayPort Hane DisplayPort Hane 8K@60Hz Guldplaterad 3.00 m Kabel f\u00f6r anslutning mellan dator och sk\u00e4rm.\" \/>\n<meta property=\"og:url\" content=\"https:\/\/www.heddata.se\/webbutik\/produkt\/displayport-kabel-displayport-hane-displayport-hane-8k60hz-guldplaterad-3-00-m\/\" \/>\n<meta property=\"og:site_name\" content=\"Datorer, Skrivare, F\u00e4rgpatroner, Mobiltelefoner\" \/>\n<meta property=\"article:modified_time\" content=\"2026-04-29T16:09:20+00:00\" \/>\n<meta property=\"og:image\" content=\"https:\/\/www.heddata.se\/webbutik\/wp-content\/uploads\/webbutik\/kategorier\/kablar-adaptrar\/ccbw37014at30.jpeg\" \/>\n\t<meta property=\"og:image:width\" content=\"1200\" \/>\n\t<meta property=\"og:image:height\" content=\"1200\" \/>\n\t<meta property=\"og:image:type\" content=\"image\/jpeg\" \/>\n<meta name=\"twitter:card\" content=\"summary_large_image\" \/>\n<meta name=\"twitter:label1\" content=\"Ber\u00e4knad l\u00e4stid\" \/>\n\t<meta name=\"twitter:data1\" content=\"1 minut\" \/>\n<script type=\"application\/ld+json\" class=\"yoast-schema-graph\">{\"@context\":\"https:\/\/schema.org\",\"@graph\":[{\"@type\":\"WebPage\",\"@id\":\"https:\/\/www.heddata.se\/webbutik\/produkt\/displayport-kabel-displayport-hane-displayport-hane-8k60hz-guldplaterad-3-00-m\/\",\"url\":\"https:\/\/www.heddata.se\/webbutik\/produkt\/displayport-kabel-displayport-hane-displayport-hane-8k60hz-guldplaterad-3-00-m\/\",\"name\":\"Displayport-kabel DisplayPort Hane DisplayPort Hane 8K@60Hz\",\"isPartOf\":{\"@id\":\"https:\/\/www.heddata.se\/webbutik\/#website\"},\"primaryImageOfPage\":{\"@id\":\"https:\/\/www.heddata.se\/webbutik\/produkt\/displayport-kabel-displayport-hane-displayport-hane-8k60hz-guldplaterad-3-00-m\/#primaryimage\"},\"image\":{\"@id\":\"https:\/\/www.heddata.se\/webbutik\/produkt\/displayport-kabel-displayport-hane-displayport-hane-8k60hz-guldplaterad-3-00-m\/#primaryimage\"},\"thumbnailUrl\":\"https:\/\/www.heddata.se\/webbutik\/wp-content\/uploads\/webbutik\/kategorier\/kablar-adaptrar\/ccbw37014at30.jpeg\",\"datePublished\":\"2021-03-24T16:18:12+00:00\",\"dateModified\":\"2026-04-29T16:09:20+00:00\",\"description\":\"Displayport-kabel DisplayPort Hane DisplayPort Hane 8K@60Hz Guldplaterad 3.00 m Kabel f\u00f6r anslutning mellan dator och sk\u00e4rm.\",\"breadcrumb\":{\"@id\":\"https:\/\/www.heddata.se\/webbutik\/produkt\/displayport-kabel-displayport-hane-displayport-hane-8k60hz-guldplaterad-3-00-m\/#breadcrumb\"},\"inLanguage\":\"sv-SE\",\"potentialAction\":[{\"@type\":\"ReadAction\",\"target\":[\"https:\/\/www.heddata.se\/webbutik\/produkt\/displayport-kabel-displayport-hane-displayport-hane-8k60hz-guldplaterad-3-00-m\/\"]}]},{\"@type\":\"ImageObject\",\"inLanguage\":\"sv-SE\",\"@id\":\"https:\/\/www.heddata.se\/webbutik\/produkt\/displayport-kabel-displayport-hane-displayport-hane-8k60hz-guldplaterad-3-00-m\/#primaryimage\",\"url\":\"https:\/\/www.heddata.se\/webbutik\/wp-content\/uploads\/webbutik\/kategorier\/kablar-adaptrar\/ccbw37014at30.jpeg\",\"contentUrl\":\"https:\/\/www.heddata.se\/webbutik\/wp-content\/uploads\/webbutik\/kategorier\/kablar-adaptrar\/ccbw37014at30.jpeg\",\"width\":1200,\"height\":1200,\"caption\":\"Displayport-kabel DisplayPort Hane\"},{\"@type\":\"BreadcrumbList\",\"@id\":\"https:\/\/www.heddata.se\/webbutik\/produkt\/displayport-kabel-displayport-hane-displayport-hane-8k60hz-guldplaterad-3-00-m\/#breadcrumb\",\"itemListElement\":[{\"@type\":\"ListItem\",\"position\":1,\"name\":\"Hem\",\"item\":\"https:\/\/www.heddata.se\/webbutik\/\"},{\"@type\":\"ListItem\",\"position\":2,\"name\":\"Produkter\",\"item\":\"https:\/\/www.heddata.se\/webbutik\/shop\/\"},{\"@type\":\"ListItem\",\"position\":3,\"name\":\"Displayport-kabel DisplayPort Hane DisplayPort Hane 8K@60Hz Guldplaterad 3.00 m\"}]},{\"@type\":\"WebSite\",\"@id\":\"https:\/\/www.heddata.se\/webbutik\/#website\",\"url\":\"https:\/\/www.heddata.se\/webbutik\/\",\"name\":\"Datorer, Skrivare, F\u00e4rgpatroner, Mobiltelefoner\",\"description\":\"Kablar\",\"publisher\":{\"@id\":\"https:\/\/www.heddata.se\/webbutik\/#organization\"},\"potentialAction\":[{\"@type\":\"SearchAction\",\"target\":{\"@type\":\"EntryPoint\",\"urlTemplate\":\"https:\/\/www.heddata.se\/webbutik\/?s={search_term_string}\"},\"query-input\":{\"@type\":\"PropertyValueSpecification\",\"valueRequired\":true,\"valueName\":\"search_term_string\"}}],\"inLanguage\":\"sv-SE\"},{\"@type\":\"Organization\",\"@id\":\"https:\/\/www.heddata.se\/webbutik\/#organization\",\"name\":\"Heddata AB\",\"url\":\"https:\/\/www.heddata.se\/webbutik\/\",\"logo\":{\"@type\":\"ImageObject\",\"inLanguage\":\"sv-SE\",\"@id\":\"https:\/\/www.heddata.se\/webbutik\/#\/schema\/logo\/image\/\",\"url\":\"https:\/\/www.heddata.se\/webbutik\/wp-content\/uploads\/logga\/heddata-ab-logga.png\",\"contentUrl\":\"https:\/\/www.heddata.se\/webbutik\/wp-content\/uploads\/logga\/heddata-ab-logga.png\",\"width\":200,\"height\":64,\"caption\":\"Heddata AB\"},\"image\":{\"@id\":\"https:\/\/www.heddata.se\/webbutik\/#\/schema\/logo\/image\/\"}}]}<\/script>\n<!-- \/ Yoast SEO Premium plugin. -->","yoast_head_json":{"title":"Displayport-kabel DisplayPort Hane DisplayPort Hane 8K@60Hz","description":"Displayport-kabel DisplayPort Hane DisplayPort Hane 8K@60Hz Guldplaterad 3.00 m Kabel f\u00f6r anslutning mellan dator och sk\u00e4rm.","robots":{"index":"index","follow":"follow","max-snippet":"max-snippet:-1","max-image-preview":"max-image-preview:large","max-video-preview":"max-video-preview:-1"},"canonical":"https:\/\/www.heddata.se\/webbutik\/produkt\/displayport-kabel-displayport-hane-displayport-hane-8k60hz-guldplaterad-3-00-m\/","og_locale":"sv_SE","og_type":"article","og_title":"Displayport-kabel DisplayPort Hane DisplayPort Hane 8K@60Hz Guldplaterad 3.00 m","og_description":"Displayport-kabel DisplayPort Hane DisplayPort Hane 8K@60Hz Guldplaterad 3.00 m Kabel f\u00f6r anslutning mellan dator och sk\u00e4rm.","og_url":"https:\/\/www.heddata.se\/webbutik\/produkt\/displayport-kabel-displayport-hane-displayport-hane-8k60hz-guldplaterad-3-00-m\/","og_site_name":"Datorer, Skrivare, F\u00e4rgpatroner, Mobiltelefoner","article_modified_time":"2026-04-29T16:09:20+00:00","og_image":[{"width":1200,"height":1200,"url":"https:\/\/www.heddata.se\/webbutik\/wp-content\/uploads\/webbutik\/kategorier\/kablar-adaptrar\/ccbw37014at30.jpeg","type":"image\/jpeg"}],"twitter_card":"summary_large_image","twitter_misc":{"Ber\u00e4knad l\u00e4stid":"1 minut"},"schema":{"@context":"https:\/\/schema.org","@graph":[{"@type":"WebPage","@id":"https:\/\/www.heddata.se\/webbutik\/produkt\/displayport-kabel-displayport-hane-displayport-hane-8k60hz-guldplaterad-3-00-m\/","url":"https:\/\/www.heddata.se\/webbutik\/produkt\/displayport-kabel-displayport-hane-displayport-hane-8k60hz-guldplaterad-3-00-m\/","name":"Displayport-kabel DisplayPort Hane DisplayPort Hane 8K@60Hz","isPartOf":{"@id":"https:\/\/www.heddata.se\/webbutik\/#website"},"primaryImageOfPage":{"@id":"https:\/\/www.heddata.se\/webbutik\/produkt\/displayport-kabel-displayport-hane-displayport-hane-8k60hz-guldplaterad-3-00-m\/#primaryimage"},"image":{"@id":"https:\/\/www.heddata.se\/webbutik\/produkt\/displayport-kabel-displayport-hane-displayport-hane-8k60hz-guldplaterad-3-00-m\/#primaryimage"},"thumbnailUrl":"https:\/\/www.heddata.se\/webbutik\/wp-content\/uploads\/webbutik\/kategorier\/kablar-adaptrar\/ccbw37014at30.jpeg","datePublished":"2021-03-24T16:18:12+00:00","dateModified":"2026-04-29T16:09:20+00:00","description":"Displayport-kabel DisplayPort Hane DisplayPort Hane 8K@60Hz Guldplaterad 3.00 m Kabel f\u00f6r anslutning mellan dator och sk\u00e4rm.","breadcrumb":{"@id":"https:\/\/www.heddata.se\/webbutik\/produkt\/displayport-kabel-displayport-hane-displayport-hane-8k60hz-guldplaterad-3-00-m\/#breadcrumb"},"inLanguage":"sv-SE","potentialAction":[{"@type":"ReadAction","target":["https:\/\/www.heddata.se\/webbutik\/produkt\/displayport-kabel-displayport-hane-displayport-hane-8k60hz-guldplaterad-3-00-m\/"]}]},{"@type":"ImageObject","inLanguage":"sv-SE","@id":"https:\/\/www.heddata.se\/webbutik\/produkt\/displayport-kabel-displayport-hane-displayport-hane-8k60hz-guldplaterad-3-00-m\/#primaryimage","url":"https:\/\/www.heddata.se\/webbutik\/wp-content\/uploads\/webbutik\/kategorier\/kablar-adaptrar\/ccbw37014at30.jpeg","contentUrl":"https:\/\/www.heddata.se\/webbutik\/wp-content\/uploads\/webbutik\/kategorier\/kablar-adaptrar\/ccbw37014at30.jpeg","width":1200,"height":1200,"caption":"Displayport-kabel DisplayPort Hane"},{"@type":"BreadcrumbList","@id":"https:\/\/www.heddata.se\/webbutik\/produkt\/displayport-kabel-displayport-hane-displayport-hane-8k60hz-guldplaterad-3-00-m\/#breadcrumb","itemListElement":[{"@type":"ListItem","position":1,"name":"Hem","item":"https:\/\/www.heddata.se\/webbutik\/"},{"@type":"ListItem","position":2,"name":"Produkter","item":"https:\/\/www.heddata.se\/webbutik\/shop\/"},{"@type":"ListItem","position":3,"name":"Displayport-kabel DisplayPort Hane DisplayPort Hane 8K@60Hz Guldplaterad 3.00 m"}]},{"@type":"WebSite","@id":"https:\/\/www.heddata.se\/webbutik\/#website","url":"https:\/\/www.heddata.se\/webbutik\/","name":"Datorer, Skrivare, F\u00e4rgpatroner, Mobiltelefoner","description":"Kablar","publisher":{"@id":"https:\/\/www.heddata.se\/webbutik\/#organization"},"potentialAction":[{"@type":"SearchAction","target":{"@type":"EntryPoint","urlTemplate":"https:\/\/www.heddata.se\/webbutik\/?s={search_term_string}"},"query-input":{"@type":"PropertyValueSpecification","valueRequired":true,"valueName":"search_term_string"}}],"inLanguage":"sv-SE"},{"@type":"Organization","@id":"https:\/\/www.heddata.se\/webbutik\/#organization","name":"Heddata AB","url":"https:\/\/www.heddata.se\/webbutik\/","logo":{"@type":"ImageObject","inLanguage":"sv-SE","@id":"https:\/\/www.heddata.se\/webbutik\/#\/schema\/logo\/image\/","url":"https:\/\/www.heddata.se\/webbutik\/wp-content\/uploads\/logga\/heddata-ab-logga.png","contentUrl":"https:\/\/www.heddata.se\/webbutik\/wp-content\/uploads\/logga\/heddata-ab-logga.png","width":200,"height":64,"caption":"Heddata AB"},"image":{"@id":"https:\/\/www.heddata.se\/webbutik\/#\/schema\/logo\/image\/"}}]}},"_links":{"self":[{"href":"https:\/\/www.heddata.se\/webbutik\/wp-json\/wp\/v2\/product\/91265","targetHints":{"allow":["GET"]}}],"collection":[{"href":"https:\/\/www.heddata.se\/webbutik\/wp-json\/wp\/v2\/product"}],"about":[{"href":"https:\/\/www.heddata.se\/webbutik\/wp-json\/wp\/v2\/types\/product"}],"wp:featuredmedia":[{"embeddable":true,"href":"https:\/\/www.heddata.se\/webbutik\/wp-json\/wp\/v2\/media\/91270"}],"wp:attachment":[{"href":"https:\/\/www.heddata.se\/webbutik\/wp-json\/wp\/v2\/media?parent=91265"}],"wp:term":[{"taxonomy":"product_brand","embeddable":true,"href":"https:\/\/www.heddata.se\/webbutik\/wp-json\/wp\/v2\/product_brand?post=91265"},{"taxonomy":"product_cat","embeddable":true,"href":"https:\/\/www.heddata.se\/webbutik\/wp-json\/wp\/v2\/product_cat?post=91265"},{"taxonomy":"product_tag","embeddable":true,"href":"https:\/\/www.heddata.se\/webbutik\/wp-json\/wp\/v2\/product_tag?post=91265"}],"curies":[{"name":"wp","href":"https:\/\/api.w.org\/{rel}","templated":true}]}}