{"id":91232,"date":"2021-03-11T17:18:10","date_gmt":"2021-03-11T16:18:10","guid":{"rendered":"https:\/\/www.heddata.se\/webbutik\/?post_type=product&#038;p=91232"},"modified":"2026-04-21T15:10:52","modified_gmt":"2026-04-21T13:10:52","slug":"logitech-c505e-hd-webcam-black-960-001372","status":"publish","type":"product","link":"https:\/\/www.heddata.se\/webbutik\/produkt\/logitech-c505e-hd-webcam-black-960-001372\/","title":{"rendered":"LOGITECH C505e HD Webcam Black 960-001372"},"content":{"rendered":"<p>LOGITECH C505e HD Webcam Black 960-001372<\/p>\n<h4><strong>En webbkamera med ut\u00f6kad r\u00e4ckvidd<\/strong><\/h4>\n<p>C505e \u00e4r en webbkamera med HD 720p-video och mikrofon med l\u00e5ng r\u00e4ckvidd som st\u00f6der tydliga, naturliga samtal p\u00e5 upp till 3 meters avst\u00e5nd. Plus en extra l\u00e5ng USB-A-sladd p\u00e5 2 meter som ger unika, m\u00e5ngsidiga monteringsalternativ.<\/p>\n<h4><strong>HD 720p-video med bredbild<\/strong><\/h4>\n<p>Uppgradera dig fr\u00e5n den b\u00e4rbara <a href=\"https:\/\/www.heddata.se\/webbutik\/datorer\/\">datorns<\/a> inbyggda optik med en webbkamera som ger klar, j\u00e4mn och f\u00e4rgstark videokvalitet med bredbildsuppl\u00f6sning p\u00e5 HD 720p\/30 fps, C505e ger 60 graders diagonal bildvinkel, fast fokus och automatisk ljuskorrigering som anpassar sig efter ljusf\u00f6rh\u00e5llandena i m\u00f6tesrummet.<\/p>\n<h4><strong>Tydligt, naturligt ljud<\/strong><\/h4>\n<p>Den enda mikrofonen \u00e4r riktningsoberoende och har brusreducerande teknik och \u00e4r utvecklad f\u00f6r att st\u00f6dja tydliga, naturliga samtal p\u00e5 upp till 3 meters avst\u00e5nd, till och med i livliga milj\u00f6er som \u00f6ppna kontorslandskap och klassrum.<\/p>\n<h4><strong>2 meter sladd ger fler konfigurationsalternativ<\/strong><\/h4>\n<p>C505e erbjuder flera m\u00e5ngsidiga monteringsalternativ med den extra l\u00e5nga USB-A-sladden p\u00e5 2 meter och universalkl\u00e4mman. Var traditionell och placera den tryggt och s\u00e4kert p\u00e5 en b\u00e4rbar dator eller en extern sk\u00e4rm. Eller t\u00e4nk kreativt och montera den p\u00e5 en hylla eller en del av inredningen p\u00e5 upp till 2 meters avst\u00e5nd fr\u00e5n datorn.<\/p>\n<table class=\"main_tech materialNo_4068383\">\n<tbody>\n<tr>\n<td class=\"click_path\" colspan=\"2\">Produkt:<\/td>\n<\/tr>\n<tr class=\"odd\">\n<td class=\"first\">Produktbeskrivning:<\/td>\n<td><a href=\"https:\/\/www.logitech.com\/sv-se\" target=\"_blank\" rel=\"noopener\">LOGITECH<\/a> C505e HD Webcam Black<\/td>\n<\/tr>\n<tr class=\"even\">\n<td class=\"first\">Beskrivning:<\/td>\n<td>Logitech C505e &#8211; Webbkamera &#8211; f\u00e4rg &#8211; 720p &#8211; fast lins &#8211; ljud &#8211; USB<\/td>\n<\/tr>\n<tr class=\"odd\">\n<td class=\"first\">EAN-kod:<\/td>\n<td>0097855163806<\/td>\n<\/tr>\n<tr class=\"even\">\n<td>Tillverkarens garantier:<\/td>\n<td>36 m\u00e5nader &#8211; Bring-In Warranty<\/td>\n<\/tr>\n<tr>\n<td class=\"click_path\" colspan=\"2\">\u00a0Allm\u00e4nt<\/td>\n<\/tr>\n<tr class=\"even\">\n<td class=\"first\">Typ av enhet:<\/td>\n<td>Webbkamera<\/td>\n<\/tr>\n<tr class=\"odd\">\n<td class=\"first\">St\u00f6d f\u00f6r ljud:<\/td>\n<td>Ja: inbyggd omniriktad mikrofon<\/td>\n<\/tr>\n<tr class=\"even\">\n<td class=\"first\">Anslutningsteknik:<\/td>\n<td>Tr\u00e5dad<\/td>\n<\/tr>\n<tr class=\"odd\">\n<td class=\"first\">Bredd:<\/td>\n<td>7.291 cm<\/td>\n<\/tr>\n<tr class=\"even\">\n<td class=\"first\">Djup:<\/td>\n<td>6.664 cm<\/td>\n<\/tr>\n<tr class=\"odd\">\n<td class=\"first\">H\u00f6jd:<\/td>\n<td>3.191 cm<\/td>\n<\/tr>\n<tr class=\"even\">\n<td class=\"first\">Vikt:<\/td>\n<td>75 g<\/td>\n<\/tr>\n<tr class=\"odd\">\n<td class=\"first\">Lokalisering:<\/td>\n<td>Mexiko<\/td>\n<\/tr>\n<tr>\n<td class=\"click_path\" colspan=\"2\">\u00a0Kamera<\/td>\n<\/tr>\n<tr class=\"even\">\n<td class=\"first\">Typ:<\/td>\n<td>F\u00e4rg<\/td>\n<\/tr>\n<tr class=\"odd\">\n<td class=\"first\">Videoformat:<\/td>\n<td>720p<\/td>\n<\/tr>\n<tr class=\"even\">\n<td class=\"first\">Uppl\u00f6sning vid digital videof\u00e5ngst:<\/td>\n<td>1280 x 720, 720p<\/td>\n<\/tr>\n<tr class=\"odd\">\n<td class=\"first\">Bildhastighet (max):<\/td>\n<td>30 frames per second<\/td>\n<\/tr>\n<tr class=\"even\">\n<td class=\"first\">Uppl\u00f6sning f\u00f6r stillbildstagning:<\/td>\n<td>1280 x 720<\/td>\n<\/tr>\n<tr class=\"odd\">\n<td class=\"first\">Egenskaper:<\/td>\n<td>RightLight 2-teknik, kompatibel med Skype for Business, kompatibel med Microsoft teams, kompatibel med Zoom, kompatibel med Google Voice, kompatibel med Meet, automatisk ljuskorrigering, 60 graders visningsvinkel<\/td>\n<\/tr>\n<tr>\n<td class=\"click_path\" colspan=\"2\">\u00a0Optisk konstruktion<\/td>\n<\/tr>\n<tr class=\"even\">\n<td class=\"first\">Typ:<\/td>\n<td>Fast lins<\/td>\n<\/tr>\n<tr>\n<td class=\"click_path\" colspan=\"2\">\u00a0Gr\u00e4nssnitt<\/td>\n<\/tr>\n<tr class=\"even\">\n<td class=\"first\">Datorgr\u00e4nssnitt:<\/td>\n<td>USB<\/td>\n<\/tr>\n<tr>\n<td class=\"click_path\" colspan=\"2\">\u00a0Expansion\/Anslutning<\/td>\n<\/tr>\n<tr class=\"even\">\n<td class=\"first\">Portar:<\/td>\n<td>USB<\/td>\n<\/tr>\n<tr>\n<td class=\"click_path\" colspan=\"2\">\u00a0Diverse<\/td>\n<\/tr>\n<tr class=\"even\">\n<td class=\"first\">Inkluderade tillbeh\u00f6r:<\/td>\n<td>Kl\u00e4mmontering<\/td>\n<\/tr>\n<tr class=\"odd\">\n<td class=\"first\">Medf\u00f6ljande kablar:<\/td>\n<td>1 x USB-kabel &#8211; integrerad &#8211; 2 m<\/td>\n<\/tr>\n<tr>\n<td class=\"click_path\" colspan=\"2\">\u00a0Tillverkarens garanti<\/td>\n<\/tr>\n<tr class=\"even\">\n<td class=\"first\">Service och support:<\/td>\n<td>Begr\u00e4nsad garanti &#8211; 2 \u00e5r<\/td>\n<\/tr>\n<\/tbody>\n<\/table>\n","protected":false},"excerpt":{"rendered":"<p>LOGITECH C505e HD Webcam Black 960-001372<\/p>\n","protected":false},"featured_media":91240,"template":"","meta":[],"product_brand":[],"product_cat":[65,8982],"product_tag":[],"class_list":{"0":"post-91232","1":"product","2":"type-product","3":"status-publish","4":"has-post-thumbnail","6":"product_cat-datorer-tillbehor","7":"product_cat-webbkamera","9":"first","10":"instock","11":"taxable","12":"shipping-taxable","13":"purchasable","14":"product-type-simple"},"yoast_head":"<!-- This site is optimized with the Yoast SEO Premium plugin v26.7 (Yoast SEO v26.7) - https:\/\/yoast.com\/wordpress\/plugins\/seo\/ -->\n<title>LOGITECH C505e HD Webcam Black 960-001372 webbkamera med HD<\/title>\n<meta name=\"description\" content=\"LOGITECH C505e HD Webcam Black 960-001372 webbkamera med HD 720p-video och mikrofon med l\u00e5ng r\u00e4ckvidd som st\u00f6der tydliga, naturliga samtal.\" \/>\n<meta name=\"robots\" content=\"index, follow, max-snippet:-1, max-image-preview:large, max-video-preview:-1\" \/>\n<link rel=\"canonical\" href=\"https:\/\/www.heddata.se\/webbutik\/produkt\/logitech-c505e-hd-webcam-black-960-001372\/\" \/>\n<meta property=\"og:locale\" content=\"sv_SE\" \/>\n<meta property=\"og:type\" content=\"article\" \/>\n<meta property=\"og:title\" content=\"LOGITECH C505e HD Webcam Black 960-001372\" \/>\n<meta property=\"og:description\" content=\"LOGITECH C505e HD Webcam Black 960-001372 webbkamera med HD 720p-video och mikrofon med l\u00e5ng r\u00e4ckvidd som st\u00f6der tydliga, naturliga samtal.\" \/>\n<meta property=\"og:url\" content=\"https:\/\/www.heddata.se\/webbutik\/produkt\/logitech-c505e-hd-webcam-black-960-001372\/\" \/>\n<meta property=\"og:site_name\" content=\"Datorer, Skrivare, F\u00e4rgpatroner, Mobiltelefoner\" \/>\n<meta property=\"article:modified_time\" content=\"2026-04-21T13:10:52+00:00\" \/>\n<meta property=\"og:image\" content=\"https:\/\/www.heddata.se\/webbutik\/wp-content\/uploads\/webbutik\/kategorier\/ovrigt-tillbehor\/960-001372.jpg\" \/>\n\t<meta property=\"og:image:width\" content=\"855\" \/>\n\t<meta property=\"og:image:height\" content=\"854\" \/>\n\t<meta property=\"og:image:type\" content=\"image\/jpeg\" \/>\n<meta name=\"twitter:card\" content=\"summary_large_image\" \/>\n<meta name=\"twitter:label1\" content=\"Ber\u00e4knad l\u00e4stid\" \/>\n\t<meta name=\"twitter:data1\" content=\"2 minuter\" \/>\n<script type=\"application\/ld+json\" class=\"yoast-schema-graph\">{\"@context\":\"https:\/\/schema.org\",\"@graph\":[{\"@type\":\"WebPage\",\"@id\":\"https:\/\/www.heddata.se\/webbutik\/produkt\/logitech-c505e-hd-webcam-black-960-001372\/\",\"url\":\"https:\/\/www.heddata.se\/webbutik\/produkt\/logitech-c505e-hd-webcam-black-960-001372\/\",\"name\":\"LOGITECH C505e HD Webcam Black 960-001372 webbkamera med HD\",\"isPartOf\":{\"@id\":\"https:\/\/www.heddata.se\/webbutik\/#website\"},\"primaryImageOfPage\":{\"@id\":\"https:\/\/www.heddata.se\/webbutik\/produkt\/logitech-c505e-hd-webcam-black-960-001372\/#primaryimage\"},\"image\":{\"@id\":\"https:\/\/www.heddata.se\/webbutik\/produkt\/logitech-c505e-hd-webcam-black-960-001372\/#primaryimage\"},\"thumbnailUrl\":\"https:\/\/www.heddata.se\/webbutik\/wp-content\/uploads\/webbutik\/kategorier\/ovrigt-tillbehor\/960-001372.jpg\",\"datePublished\":\"2021-03-11T16:18:10+00:00\",\"dateModified\":\"2026-04-21T13:10:52+00:00\",\"description\":\"LOGITECH C505e HD Webcam Black 960-001372 webbkamera med HD 720p-video och mikrofon med l\u00e5ng r\u00e4ckvidd som st\u00f6der tydliga, naturliga samtal.\",\"breadcrumb\":{\"@id\":\"https:\/\/www.heddata.se\/webbutik\/produkt\/logitech-c505e-hd-webcam-black-960-001372\/#breadcrumb\"},\"inLanguage\":\"sv-SE\",\"potentialAction\":[{\"@type\":\"ReadAction\",\"target\":[\"https:\/\/www.heddata.se\/webbutik\/produkt\/logitech-c505e-hd-webcam-black-960-001372\/\"]}]},{\"@type\":\"ImageObject\",\"inLanguage\":\"sv-SE\",\"@id\":\"https:\/\/www.heddata.se\/webbutik\/produkt\/logitech-c505e-hd-webcam-black-960-001372\/#primaryimage\",\"url\":\"https:\/\/www.heddata.se\/webbutik\/wp-content\/uploads\/webbutik\/kategorier\/ovrigt-tillbehor\/960-001372.jpg\",\"contentUrl\":\"https:\/\/www.heddata.se\/webbutik\/wp-content\/uploads\/webbutik\/kategorier\/ovrigt-tillbehor\/960-001372.jpg\",\"width\":855,\"height\":854,\"caption\":\"LOGITECH C505e HD Webcam\"},{\"@type\":\"BreadcrumbList\",\"@id\":\"https:\/\/www.heddata.se\/webbutik\/produkt\/logitech-c505e-hd-webcam-black-960-001372\/#breadcrumb\",\"itemListElement\":[{\"@type\":\"ListItem\",\"position\":1,\"name\":\"Hem\",\"item\":\"https:\/\/www.heddata.se\/webbutik\/\"},{\"@type\":\"ListItem\",\"position\":2,\"name\":\"Produkter\",\"item\":\"https:\/\/www.heddata.se\/webbutik\/shop\/\"},{\"@type\":\"ListItem\",\"position\":3,\"name\":\"LOGITECH C505e HD Webcam Black 960-001372\"}]},{\"@type\":\"WebSite\",\"@id\":\"https:\/\/www.heddata.se\/webbutik\/#website\",\"url\":\"https:\/\/www.heddata.se\/webbutik\/\",\"name\":\"Datorer, Skrivare, F\u00e4rgpatroner, Mobiltelefoner\",\"description\":\"Kablar\",\"publisher\":{\"@id\":\"https:\/\/www.heddata.se\/webbutik\/#organization\"},\"potentialAction\":[{\"@type\":\"SearchAction\",\"target\":{\"@type\":\"EntryPoint\",\"urlTemplate\":\"https:\/\/www.heddata.se\/webbutik\/?s={search_term_string}\"},\"query-input\":{\"@type\":\"PropertyValueSpecification\",\"valueRequired\":true,\"valueName\":\"search_term_string\"}}],\"inLanguage\":\"sv-SE\"},{\"@type\":\"Organization\",\"@id\":\"https:\/\/www.heddata.se\/webbutik\/#organization\",\"name\":\"Heddata AB\",\"url\":\"https:\/\/www.heddata.se\/webbutik\/\",\"logo\":{\"@type\":\"ImageObject\",\"inLanguage\":\"sv-SE\",\"@id\":\"https:\/\/www.heddata.se\/webbutik\/#\/schema\/logo\/image\/\",\"url\":\"https:\/\/www.heddata.se\/webbutik\/wp-content\/uploads\/logga\/heddata-ab-logga.png\",\"contentUrl\":\"https:\/\/www.heddata.se\/webbutik\/wp-content\/uploads\/logga\/heddata-ab-logga.png\",\"width\":200,\"height\":64,\"caption\":\"Heddata AB\"},\"image\":{\"@id\":\"https:\/\/www.heddata.se\/webbutik\/#\/schema\/logo\/image\/\"}}]}<\/script>\n<!-- \/ Yoast SEO Premium plugin. -->","yoast_head_json":{"title":"LOGITECH C505e HD Webcam Black 960-001372 webbkamera med HD","description":"LOGITECH C505e HD Webcam Black 960-001372 webbkamera med HD 720p-video och mikrofon med l\u00e5ng r\u00e4ckvidd som st\u00f6der tydliga, naturliga samtal.","robots":{"index":"index","follow":"follow","max-snippet":"max-snippet:-1","max-image-preview":"max-image-preview:large","max-video-preview":"max-video-preview:-1"},"canonical":"https:\/\/www.heddata.se\/webbutik\/produkt\/logitech-c505e-hd-webcam-black-960-001372\/","og_locale":"sv_SE","og_type":"article","og_title":"LOGITECH C505e HD Webcam Black 960-001372","og_description":"LOGITECH C505e HD Webcam Black 960-001372 webbkamera med HD 720p-video och mikrofon med l\u00e5ng r\u00e4ckvidd som st\u00f6der tydliga, naturliga samtal.","og_url":"https:\/\/www.heddata.se\/webbutik\/produkt\/logitech-c505e-hd-webcam-black-960-001372\/","og_site_name":"Datorer, Skrivare, F\u00e4rgpatroner, Mobiltelefoner","article_modified_time":"2026-04-21T13:10:52+00:00","og_image":[{"width":855,"height":854,"url":"https:\/\/www.heddata.se\/webbutik\/wp-content\/uploads\/webbutik\/kategorier\/ovrigt-tillbehor\/960-001372.jpg","type":"image\/jpeg"}],"twitter_card":"summary_large_image","twitter_misc":{"Ber\u00e4knad l\u00e4stid":"2 minuter"},"schema":{"@context":"https:\/\/schema.org","@graph":[{"@type":"WebPage","@id":"https:\/\/www.heddata.se\/webbutik\/produkt\/logitech-c505e-hd-webcam-black-960-001372\/","url":"https:\/\/www.heddata.se\/webbutik\/produkt\/logitech-c505e-hd-webcam-black-960-001372\/","name":"LOGITECH C505e HD Webcam Black 960-001372 webbkamera med HD","isPartOf":{"@id":"https:\/\/www.heddata.se\/webbutik\/#website"},"primaryImageOfPage":{"@id":"https:\/\/www.heddata.se\/webbutik\/produkt\/logitech-c505e-hd-webcam-black-960-001372\/#primaryimage"},"image":{"@id":"https:\/\/www.heddata.se\/webbutik\/produkt\/logitech-c505e-hd-webcam-black-960-001372\/#primaryimage"},"thumbnailUrl":"https:\/\/www.heddata.se\/webbutik\/wp-content\/uploads\/webbutik\/kategorier\/ovrigt-tillbehor\/960-001372.jpg","datePublished":"2021-03-11T16:18:10+00:00","dateModified":"2026-04-21T13:10:52+00:00","description":"LOGITECH C505e HD Webcam Black 960-001372 webbkamera med HD 720p-video och mikrofon med l\u00e5ng r\u00e4ckvidd som st\u00f6der tydliga, naturliga samtal.","breadcrumb":{"@id":"https:\/\/www.heddata.se\/webbutik\/produkt\/logitech-c505e-hd-webcam-black-960-001372\/#breadcrumb"},"inLanguage":"sv-SE","potentialAction":[{"@type":"ReadAction","target":["https:\/\/www.heddata.se\/webbutik\/produkt\/logitech-c505e-hd-webcam-black-960-001372\/"]}]},{"@type":"ImageObject","inLanguage":"sv-SE","@id":"https:\/\/www.heddata.se\/webbutik\/produkt\/logitech-c505e-hd-webcam-black-960-001372\/#primaryimage","url":"https:\/\/www.heddata.se\/webbutik\/wp-content\/uploads\/webbutik\/kategorier\/ovrigt-tillbehor\/960-001372.jpg","contentUrl":"https:\/\/www.heddata.se\/webbutik\/wp-content\/uploads\/webbutik\/kategorier\/ovrigt-tillbehor\/960-001372.jpg","width":855,"height":854,"caption":"LOGITECH C505e HD Webcam"},{"@type":"BreadcrumbList","@id":"https:\/\/www.heddata.se\/webbutik\/produkt\/logitech-c505e-hd-webcam-black-960-001372\/#breadcrumb","itemListElement":[{"@type":"ListItem","position":1,"name":"Hem","item":"https:\/\/www.heddata.se\/webbutik\/"},{"@type":"ListItem","position":2,"name":"Produkter","item":"https:\/\/www.heddata.se\/webbutik\/shop\/"},{"@type":"ListItem","position":3,"name":"LOGITECH C505e HD Webcam Black 960-001372"}]},{"@type":"WebSite","@id":"https:\/\/www.heddata.se\/webbutik\/#website","url":"https:\/\/www.heddata.se\/webbutik\/","name":"Datorer, Skrivare, F\u00e4rgpatroner, Mobiltelefoner","description":"Kablar","publisher":{"@id":"https:\/\/www.heddata.se\/webbutik\/#organization"},"potentialAction":[{"@type":"SearchAction","target":{"@type":"EntryPoint","urlTemplate":"https:\/\/www.heddata.se\/webbutik\/?s={search_term_string}"},"query-input":{"@type":"PropertyValueSpecification","valueRequired":true,"valueName":"search_term_string"}}],"inLanguage":"sv-SE"},{"@type":"Organization","@id":"https:\/\/www.heddata.se\/webbutik\/#organization","name":"Heddata AB","url":"https:\/\/www.heddata.se\/webbutik\/","logo":{"@type":"ImageObject","inLanguage":"sv-SE","@id":"https:\/\/www.heddata.se\/webbutik\/#\/schema\/logo\/image\/","url":"https:\/\/www.heddata.se\/webbutik\/wp-content\/uploads\/logga\/heddata-ab-logga.png","contentUrl":"https:\/\/www.heddata.se\/webbutik\/wp-content\/uploads\/logga\/heddata-ab-logga.png","width":200,"height":64,"caption":"Heddata AB"},"image":{"@id":"https:\/\/www.heddata.se\/webbutik\/#\/schema\/logo\/image\/"}}]}},"_links":{"self":[{"href":"https:\/\/www.heddata.se\/webbutik\/wp-json\/wp\/v2\/product\/91232","targetHints":{"allow":["GET"]}}],"collection":[{"href":"https:\/\/www.heddata.se\/webbutik\/wp-json\/wp\/v2\/product"}],"about":[{"href":"https:\/\/www.heddata.se\/webbutik\/wp-json\/wp\/v2\/types\/product"}],"wp:featuredmedia":[{"embeddable":true,"href":"https:\/\/www.heddata.se\/webbutik\/wp-json\/wp\/v2\/media\/91240"}],"wp:attachment":[{"href":"https:\/\/www.heddata.se\/webbutik\/wp-json\/wp\/v2\/media?parent=91232"}],"wp:term":[{"taxonomy":"product_brand","embeddable":true,"href":"https:\/\/www.heddata.se\/webbutik\/wp-json\/wp\/v2\/product_brand?post=91232"},{"taxonomy":"product_cat","embeddable":true,"href":"https:\/\/www.heddata.se\/webbutik\/wp-json\/wp\/v2\/product_cat?post=91232"},{"taxonomy":"product_tag","embeddable":true,"href":"https:\/\/www.heddata.se\/webbutik\/wp-json\/wp\/v2\/product_tag?post=91232"}],"curies":[{"name":"wp","href":"https:\/\/api.w.org\/{rel}","templated":true}]}}