{"id":91195,"date":"2021-03-03T11:18:04","date_gmt":"2021-03-03T10:18:04","guid":{"rendered":"https:\/\/www.heddata.se\/webbutik\/?post_type=product&#038;p=91195"},"modified":"2026-04-20T13:19:01","modified_gmt":"2026-04-20T11:19:01","slug":"canon-pixma-ts3350-farg-blackstralemultifunktionsskrivare-a4-skrivare-skanner-kopiator-wifi","status":"publish","type":"product","link":"https:\/\/www.heddata.se\/webbutik\/produkt\/canon-pixma-ts3350-farg-blackstralemultifunktionsskrivare-a4-skrivare-skanner-kopiator-wifi\/","title":{"rendered":"Canon PIXMA TS3350 F\u00e4rg bl\u00e4ckstr\u00e5lemultifunktionsskrivare A4 Skrivare, skanner, kopiator WiFi"},"content":{"rendered":"<p>Canon PIXMA TS3350 F\u00e4rg bl\u00e4ckstr\u00e5lemultifunktionsskrivare A4 Skrivare, skanner, kopiator WiFi<\/p>\n<p>Den h\u00e4r allt-i-ett-skrivaren \u00e4r prisv\u00e4rd, snygg och funktionell. Ett sj\u00e4lvklart verktyg f\u00f6r skarpa dokument och foton utan kanter p\u00e5 upp till 13 x 18 cm (5&#215;7&#8243;).<\/p>\n<h4 class=\"pl-h2 pl-push pl-push--mobile--smallest pl-push--tablet--smallest pl-push--desktop--smallest\">Canon PIXMA TS3350 F\u00e4rg \u00e4r kompakt och uppkopplad<\/h4>\n<p>Praktisk multifunktion och smidig tr\u00e5dl\u00f6s uppkoppling. Skriv ut, scanna och anslut till molnet med appen <a href=\"https:\/\/www.canon.se\/\" target=\"_blank\" rel=\"noopener\">Canon<\/a> PRINT eller skriv ut med AirPrint (iOS) och Mopria (Android).<\/p>\n<p>*Scanna till molnet \u00e4r endast tillg\u00e4ngligt om Canons originalbl\u00e4ck anv\u00e4nds.<\/p>\n<h4 class=\"pl-h2 pl-push pl-push--mobile--smallest pl-push--tablet--smallest pl-push--desktop--smallest\">Skriv ut mer<\/h4>\n<p>De praktiska FINE-patronerna finns i XL-storlek som tillval. K\u00f6p s\u00e5dana f\u00f6r att f\u00f6rl\u00e4nga tiden mellan bl\u00e4ckp\u00e5fyllningarna.<\/p>\n<h4 class=\"pl-h2 pl-push pl-push--mobile--smallest pl-push--tablet--smallest pl-push--desktop--smallest\">Enkel konfiguration<\/h4>\n<p>Det har aldrig varit enklare att komma ig\u00e5ng: tr\u00e5dl\u00f6s anslutning med en knapptryckning, intuitiv 1,5-tums svartvit LCD-sk\u00e4rm och \u00e4nnu enklare konfiguration.<\/p>\n<h2>Teknisk data<\/h2>\n<table class=\"table table-striped table-striped--dark technical-data__table mb-0\">\n<tbody>\n<tr>\n<th class=\"u-text-black\">Funktioner<\/th>\n<td>Skrivare, skannrar, kopiatorer<\/td>\n<\/tr>\n<tr>\n<th class=\"u-text-black\">Utskriftsuppl\u00f6sning<\/th>\n<td>4800 x 1200 dpi<\/td>\n<\/tr>\n<tr>\n<th class=\"u-text-black\">Utskriftshastighet svart<\/th>\n<td>7.7 S.\/min (ISO)<\/td>\n<\/tr>\n<tr>\n<th class=\"u-text-black\">Utskriftshastighet f\u00e4rg<\/th>\n<td>4 S.\/min (ISO)<\/td>\n<\/tr>\n<tr>\n<th class=\"u-text-black\">Pappersformat (max.)<\/th>\n<td>A4<\/td>\n<\/tr>\n<tr>\n<th class=\"u-text-black\">Antal inmatningsfack<\/th>\n<td>1<\/td>\n<\/tr>\n<tr>\n<th class=\"u-text-black\">Papperskapacitet<\/th>\n<td>60 Papper<\/td>\n<\/tr>\n<tr>\n<th class=\"u-text-black\">Papperskapacitet (Fack 1)<\/th>\n<td>60 Papper<\/td>\n<\/tr>\n<tr>\n<th class=\"u-text-black\">Skanningsuppl\u00f6sning<\/th>\n<td>600 x 1200 dpi<\/td>\n<\/tr>\n<tr>\n<th class=\"u-text-black\">Skanningsomr\u00e5de<\/th>\n<td>216 x 297 mm<\/td>\n<\/tr>\n<\/tbody>\n<\/table>\n<div class=\"collapse collapse--unstyled\" data-collapse-id=\"technical-data-md\" data-screen-from=\"screenMdMin\">\n<div class=\"collapse__content is-expanded\" data-collapse-id=\"technical-data-md\" aria-hidden=\"false\">\n<table class=\"table table-striped table-striped--dark technical-data__table mb-0\" style=\"height: 630px\" width=\"382\">\n<tbody>\n<tr>\n<th class=\"u-text-black\">Gr\u00e4nssnitt<\/th>\n<td>USB , WiFi 802.11 b\/g\/n<\/td>\n<\/tr>\n<tr>\n<th class=\"u-text-black\">Display<\/th>\n<td>3.8 cm mono-LCD<\/td>\n<\/tr>\n<tr>\n<th class=\"u-text-black\">Funktioner<\/th>\n<td>WiFi Ready , AirPrint , Randfritt tryck , SvartVit Display , Skriv\/skan-funktion f\u00f6r mobila enheter , Kamera-direkttryck (WLAN PictBridge)<\/td>\n<\/tr>\n<tr>\n<th class=\"u-text-black\">Passande f\u00f6rbukningsmaterial<\/th>\n<td><b>Standard bl\u00e4ck<\/b><br \/>\nPG-545 (svart)<br \/>\nCL-546 (f\u00e4rg)<br \/>\n<b>Valfria XL-bl\u00e4ckpatroner<\/b><br \/>\n<a href=\"https:\/\/www.heddata.se\/webbutik\/produkt\/canon-pg-545xl-original-blackpatron\/\">PG-545XL<\/a> (svart XL)<br \/>\n<a href=\"https:\/\/www.heddata.se\/webbutik\/produkt\/canon-cl-546xl-farg-original-blackpatron\/\">CL-546XL<\/a> (f\u00e4rg XL)<\/td>\n<\/tr>\n<tr>\n<th class=\"u-text-black\">Modell<\/th>\n<td>F\u00e4rg<\/td>\n<\/tr>\n<tr>\n<th class=\"u-text-black\">Bredd<\/th>\n<td>435 mm<\/td>\n<\/tr>\n<tr>\n<th class=\"u-text-black\">H\u00f6jd<\/th>\n<td>145 mm<\/td>\n<\/tr>\n<tr>\n<th class=\"u-text-black\">Djup<\/th>\n<td>369 mm<\/td>\n<\/tr>\n<tr>\n<th class=\"u-text-black\">M\u00e5tt<\/th>\n<td>(B x H x D) 435 x 145 x 369 mm<\/td>\n<\/tr>\n<tr>\n<th class=\"u-text-black\">F\u00e4rg<\/th>\n<td>Svart<\/td>\n<\/tr>\n<tr>\n<th class=\"u-text-black\">Utskriftsteknik<\/th>\n<td>Bl\u00e4ckstr\u00e5leskrivare<\/td>\n<\/tr>\n<tr>\n<th class=\"u-text-black\">CD\/DVD-utskrift<\/th>\n<td>Nej<\/td>\n<\/tr>\n<tr>\n<th class=\"u-text-black\">Utskrift fr\u00e5n minneskort<\/th>\n<td>Nej<\/td>\n<\/tr>\n<tr>\n<th class=\"u-text-black\">Duplexenhet<\/th>\n<td>Nej<\/td>\n<\/tr>\n<tr>\n<th class=\"u-text-black\">Kamerautskrift<\/th>\n<td>Ja<\/td>\n<\/tr>\n<tr>\n<th class=\"u-text-black\">LAN<\/th>\n<td>Nej<\/td>\n<\/tr>\n<tr>\n<th class=\"u-text-black\">Dokumentmatare<\/th>\n<td>Nej<\/td>\n<\/tr>\n<tr>\n<th class=\"u-text-black\">WLAN<\/th>\n<td>Ja<\/td>\n<\/tr>\n<tr>\n<th class=\"u-text-black\">Passar till<\/th>\n<td>Textdokument\/utskrift (f\u00e4rg) , Textdokument\/utskrift (svartvit) , Utskrift av h\u00f6g kvalitet<\/td>\n<\/tr>\n<tr>\n<th class=\"u-text-black\">Typ av produkt<\/th>\n<td>F\u00e4rg bl\u00e4ckstr\u00e5lemultifunktionsskrivare<\/td>\n<\/tr>\n<\/tbody>\n<\/table>\n<\/div>\n<\/div>\n","protected":false},"excerpt":{"rendered":"<p>Canon PIXMA TS3350 F\u00e4rg bl\u00e4ckstr\u00e5lemultifunktionsskrivare A4 Skrivare, skanner, kopiator WiFi<\/p>\n","protected":false},"featured_media":91198,"template":"","meta":[],"product_brand":[],"product_cat":[634,635,62],"product_tag":[],"class_list":{"0":"post-91195","1":"product","2":"type-product","3":"status-publish","4":"has-post-thumbnail","6":"product_cat-blackstraleskrivare","7":"product_cat-multifunktionsskrivare","8":"product_cat-skrivare","10":"first","11":"outofstock","12":"taxable","13":"shipping-taxable","14":"purchasable","15":"product-type-simple"},"yoast_head":"<!-- This site is optimized with the Yoast SEO Premium plugin v26.7 (Yoast SEO v26.7) - https:\/\/yoast.com\/wordpress\/plugins\/seo\/ -->\n<title>Canon PIXMA TS3350 F\u00e4rg bl\u00e4ckstr\u00e5lemultifunktionsskrivare A4 Skrivare<\/title>\n<meta name=\"description\" content=\"Canon PIXMA TS3350 F\u00e4rg bl\u00e4ckstr\u00e5lemultifunktionsskrivare A4 Skrivare, skanner, kopiator WiFi, prisv\u00e4rd, snygg och funktionell.\" \/>\n<meta name=\"robots\" content=\"index, follow, max-snippet:-1, max-image-preview:large, max-video-preview:-1\" \/>\n<link rel=\"canonical\" href=\"https:\/\/www.heddata.se\/webbutik\/produkt\/canon-pixma-ts3350-farg-blackstralemultifunktionsskrivare-a4-skrivare-skanner-kopiator-wifi\/\" \/>\n<meta property=\"og:locale\" content=\"sv_SE\" \/>\n<meta property=\"og:type\" content=\"article\" \/>\n<meta property=\"og:title\" content=\"Canon PIXMA TS3350 F\u00e4rg bl\u00e4ckstr\u00e5lemultifunktionsskrivare A4 Skrivare, skanner, kopiator WiFi\" \/>\n<meta property=\"og:description\" content=\"Canon PIXMA TS3350 F\u00e4rg bl\u00e4ckstr\u00e5lemultifunktionsskrivare A4 Skrivare, skanner, kopiator WiFi, prisv\u00e4rd, snygg och funktionell.\" \/>\n<meta property=\"og:url\" content=\"https:\/\/www.heddata.se\/webbutik\/produkt\/canon-pixma-ts3350-farg-blackstralemultifunktionsskrivare-a4-skrivare-skanner-kopiator-wifi\/\" \/>\n<meta property=\"og:site_name\" content=\"Datorer, Skrivare, F\u00e4rgpatroner, Mobiltelefoner\" \/>\n<meta property=\"article:modified_time\" content=\"2026-04-20T11:19:01+00:00\" \/>\n<meta property=\"og:image\" content=\"https:\/\/www.heddata.se\/webbutik\/wp-content\/uploads\/webbutik\/kategorier\/skrivare\/ts3350.jpg\" \/>\n\t<meta property=\"og:image:width\" content=\"600\" \/>\n\t<meta property=\"og:image:height\" content=\"600\" \/>\n\t<meta property=\"og:image:type\" content=\"image\/jpeg\" \/>\n<meta name=\"twitter:card\" content=\"summary_large_image\" \/>\n<meta name=\"twitter:label1\" content=\"Ber\u00e4knad l\u00e4stid\" \/>\n\t<meta name=\"twitter:data1\" content=\"2 minuter\" \/>\n<script type=\"application\/ld+json\" class=\"yoast-schema-graph\">{\"@context\":\"https:\/\/schema.org\",\"@graph\":[{\"@type\":\"WebPage\",\"@id\":\"https:\/\/www.heddata.se\/webbutik\/produkt\/canon-pixma-ts3350-farg-blackstralemultifunktionsskrivare-a4-skrivare-skanner-kopiator-wifi\/\",\"url\":\"https:\/\/www.heddata.se\/webbutik\/produkt\/canon-pixma-ts3350-farg-blackstralemultifunktionsskrivare-a4-skrivare-skanner-kopiator-wifi\/\",\"name\":\"Canon PIXMA TS3350 F\u00e4rg bl\u00e4ckstr\u00e5lemultifunktionsskrivare A4 Skrivare\",\"isPartOf\":{\"@id\":\"https:\/\/www.heddata.se\/webbutik\/#website\"},\"primaryImageOfPage\":{\"@id\":\"https:\/\/www.heddata.se\/webbutik\/produkt\/canon-pixma-ts3350-farg-blackstralemultifunktionsskrivare-a4-skrivare-skanner-kopiator-wifi\/#primaryimage\"},\"image\":{\"@id\":\"https:\/\/www.heddata.se\/webbutik\/produkt\/canon-pixma-ts3350-farg-blackstralemultifunktionsskrivare-a4-skrivare-skanner-kopiator-wifi\/#primaryimage\"},\"thumbnailUrl\":\"https:\/\/www.heddata.se\/webbutik\/wp-content\/uploads\/webbutik\/kategorier\/skrivare\/ts3350.jpg\",\"datePublished\":\"2021-03-03T10:18:04+00:00\",\"dateModified\":\"2026-04-20T11:19:01+00:00\",\"description\":\"Canon PIXMA TS3350 F\u00e4rg bl\u00e4ckstr\u00e5lemultifunktionsskrivare A4 Skrivare, skanner, kopiator WiFi, prisv\u00e4rd, snygg och funktionell.\",\"breadcrumb\":{\"@id\":\"https:\/\/www.heddata.se\/webbutik\/produkt\/canon-pixma-ts3350-farg-blackstralemultifunktionsskrivare-a4-skrivare-skanner-kopiator-wifi\/#breadcrumb\"},\"inLanguage\":\"sv-SE\",\"potentialAction\":[{\"@type\":\"ReadAction\",\"target\":[\"https:\/\/www.heddata.se\/webbutik\/produkt\/canon-pixma-ts3350-farg-blackstralemultifunktionsskrivare-a4-skrivare-skanner-kopiator-wifi\/\"]}]},{\"@type\":\"ImageObject\",\"inLanguage\":\"sv-SE\",\"@id\":\"https:\/\/www.heddata.se\/webbutik\/produkt\/canon-pixma-ts3350-farg-blackstralemultifunktionsskrivare-a4-skrivare-skanner-kopiator-wifi\/#primaryimage\",\"url\":\"https:\/\/www.heddata.se\/webbutik\/wp-content\/uploads\/webbutik\/kategorier\/skrivare\/ts3350.jpg\",\"contentUrl\":\"https:\/\/www.heddata.se\/webbutik\/wp-content\/uploads\/webbutik\/kategorier\/skrivare\/ts3350.jpg\",\"width\":600,\"height\":600,\"caption\":\"Canon PIXMA TS3350 F\u00e4rg\"},{\"@type\":\"BreadcrumbList\",\"@id\":\"https:\/\/www.heddata.se\/webbutik\/produkt\/canon-pixma-ts3350-farg-blackstralemultifunktionsskrivare-a4-skrivare-skanner-kopiator-wifi\/#breadcrumb\",\"itemListElement\":[{\"@type\":\"ListItem\",\"position\":1,\"name\":\"Hem\",\"item\":\"https:\/\/www.heddata.se\/webbutik\/\"},{\"@type\":\"ListItem\",\"position\":2,\"name\":\"Produkter\",\"item\":\"https:\/\/www.heddata.se\/webbutik\/shop\/\"},{\"@type\":\"ListItem\",\"position\":3,\"name\":\"Canon PIXMA TS3350 F\u00e4rg bl\u00e4ckstr\u00e5lemultifunktionsskrivare A4 Skrivare, skanner, kopiator WiFi\"}]},{\"@type\":\"WebSite\",\"@id\":\"https:\/\/www.heddata.se\/webbutik\/#website\",\"url\":\"https:\/\/www.heddata.se\/webbutik\/\",\"name\":\"Datorer, Skrivare, F\u00e4rgpatroner, Mobiltelefoner\",\"description\":\"Kablar\",\"publisher\":{\"@id\":\"https:\/\/www.heddata.se\/webbutik\/#organization\"},\"potentialAction\":[{\"@type\":\"SearchAction\",\"target\":{\"@type\":\"EntryPoint\",\"urlTemplate\":\"https:\/\/www.heddata.se\/webbutik\/?s={search_term_string}\"},\"query-input\":{\"@type\":\"PropertyValueSpecification\",\"valueRequired\":true,\"valueName\":\"search_term_string\"}}],\"inLanguage\":\"sv-SE\"},{\"@type\":\"Organization\",\"@id\":\"https:\/\/www.heddata.se\/webbutik\/#organization\",\"name\":\"Heddata AB\",\"url\":\"https:\/\/www.heddata.se\/webbutik\/\",\"logo\":{\"@type\":\"ImageObject\",\"inLanguage\":\"sv-SE\",\"@id\":\"https:\/\/www.heddata.se\/webbutik\/#\/schema\/logo\/image\/\",\"url\":\"https:\/\/www.heddata.se\/webbutik\/wp-content\/uploads\/logga\/heddata-ab-logga.png\",\"contentUrl\":\"https:\/\/www.heddata.se\/webbutik\/wp-content\/uploads\/logga\/heddata-ab-logga.png\",\"width\":200,\"height\":64,\"caption\":\"Heddata AB\"},\"image\":{\"@id\":\"https:\/\/www.heddata.se\/webbutik\/#\/schema\/logo\/image\/\"}}]}<\/script>\n<!-- \/ Yoast SEO Premium plugin. -->","yoast_head_json":{"title":"Canon PIXMA TS3350 F\u00e4rg bl\u00e4ckstr\u00e5lemultifunktionsskrivare A4 Skrivare","description":"Canon PIXMA TS3350 F\u00e4rg bl\u00e4ckstr\u00e5lemultifunktionsskrivare A4 Skrivare, skanner, kopiator WiFi, prisv\u00e4rd, snygg och funktionell.","robots":{"index":"index","follow":"follow","max-snippet":"max-snippet:-1","max-image-preview":"max-image-preview:large","max-video-preview":"max-video-preview:-1"},"canonical":"https:\/\/www.heddata.se\/webbutik\/produkt\/canon-pixma-ts3350-farg-blackstralemultifunktionsskrivare-a4-skrivare-skanner-kopiator-wifi\/","og_locale":"sv_SE","og_type":"article","og_title":"Canon PIXMA TS3350 F\u00e4rg bl\u00e4ckstr\u00e5lemultifunktionsskrivare A4 Skrivare, skanner, kopiator WiFi","og_description":"Canon PIXMA TS3350 F\u00e4rg bl\u00e4ckstr\u00e5lemultifunktionsskrivare A4 Skrivare, skanner, kopiator WiFi, prisv\u00e4rd, snygg och funktionell.","og_url":"https:\/\/www.heddata.se\/webbutik\/produkt\/canon-pixma-ts3350-farg-blackstralemultifunktionsskrivare-a4-skrivare-skanner-kopiator-wifi\/","og_site_name":"Datorer, Skrivare, F\u00e4rgpatroner, Mobiltelefoner","article_modified_time":"2026-04-20T11:19:01+00:00","og_image":[{"width":600,"height":600,"url":"https:\/\/www.heddata.se\/webbutik\/wp-content\/uploads\/webbutik\/kategorier\/skrivare\/ts3350.jpg","type":"image\/jpeg"}],"twitter_card":"summary_large_image","twitter_misc":{"Ber\u00e4knad l\u00e4stid":"2 minuter"},"schema":{"@context":"https:\/\/schema.org","@graph":[{"@type":"WebPage","@id":"https:\/\/www.heddata.se\/webbutik\/produkt\/canon-pixma-ts3350-farg-blackstralemultifunktionsskrivare-a4-skrivare-skanner-kopiator-wifi\/","url":"https:\/\/www.heddata.se\/webbutik\/produkt\/canon-pixma-ts3350-farg-blackstralemultifunktionsskrivare-a4-skrivare-skanner-kopiator-wifi\/","name":"Canon PIXMA TS3350 F\u00e4rg bl\u00e4ckstr\u00e5lemultifunktionsskrivare A4 Skrivare","isPartOf":{"@id":"https:\/\/www.heddata.se\/webbutik\/#website"},"primaryImageOfPage":{"@id":"https:\/\/www.heddata.se\/webbutik\/produkt\/canon-pixma-ts3350-farg-blackstralemultifunktionsskrivare-a4-skrivare-skanner-kopiator-wifi\/#primaryimage"},"image":{"@id":"https:\/\/www.heddata.se\/webbutik\/produkt\/canon-pixma-ts3350-farg-blackstralemultifunktionsskrivare-a4-skrivare-skanner-kopiator-wifi\/#primaryimage"},"thumbnailUrl":"https:\/\/www.heddata.se\/webbutik\/wp-content\/uploads\/webbutik\/kategorier\/skrivare\/ts3350.jpg","datePublished":"2021-03-03T10:18:04+00:00","dateModified":"2026-04-20T11:19:01+00:00","description":"Canon PIXMA TS3350 F\u00e4rg bl\u00e4ckstr\u00e5lemultifunktionsskrivare A4 Skrivare, skanner, kopiator WiFi, prisv\u00e4rd, snygg och funktionell.","breadcrumb":{"@id":"https:\/\/www.heddata.se\/webbutik\/produkt\/canon-pixma-ts3350-farg-blackstralemultifunktionsskrivare-a4-skrivare-skanner-kopiator-wifi\/#breadcrumb"},"inLanguage":"sv-SE","potentialAction":[{"@type":"ReadAction","target":["https:\/\/www.heddata.se\/webbutik\/produkt\/canon-pixma-ts3350-farg-blackstralemultifunktionsskrivare-a4-skrivare-skanner-kopiator-wifi\/"]}]},{"@type":"ImageObject","inLanguage":"sv-SE","@id":"https:\/\/www.heddata.se\/webbutik\/produkt\/canon-pixma-ts3350-farg-blackstralemultifunktionsskrivare-a4-skrivare-skanner-kopiator-wifi\/#primaryimage","url":"https:\/\/www.heddata.se\/webbutik\/wp-content\/uploads\/webbutik\/kategorier\/skrivare\/ts3350.jpg","contentUrl":"https:\/\/www.heddata.se\/webbutik\/wp-content\/uploads\/webbutik\/kategorier\/skrivare\/ts3350.jpg","width":600,"height":600,"caption":"Canon PIXMA TS3350 F\u00e4rg"},{"@type":"BreadcrumbList","@id":"https:\/\/www.heddata.se\/webbutik\/produkt\/canon-pixma-ts3350-farg-blackstralemultifunktionsskrivare-a4-skrivare-skanner-kopiator-wifi\/#breadcrumb","itemListElement":[{"@type":"ListItem","position":1,"name":"Hem","item":"https:\/\/www.heddata.se\/webbutik\/"},{"@type":"ListItem","position":2,"name":"Produkter","item":"https:\/\/www.heddata.se\/webbutik\/shop\/"},{"@type":"ListItem","position":3,"name":"Canon PIXMA TS3350 F\u00e4rg bl\u00e4ckstr\u00e5lemultifunktionsskrivare A4 Skrivare, skanner, kopiator WiFi"}]},{"@type":"WebSite","@id":"https:\/\/www.heddata.se\/webbutik\/#website","url":"https:\/\/www.heddata.se\/webbutik\/","name":"Datorer, Skrivare, F\u00e4rgpatroner, Mobiltelefoner","description":"Kablar","publisher":{"@id":"https:\/\/www.heddata.se\/webbutik\/#organization"},"potentialAction":[{"@type":"SearchAction","target":{"@type":"EntryPoint","urlTemplate":"https:\/\/www.heddata.se\/webbutik\/?s={search_term_string}"},"query-input":{"@type":"PropertyValueSpecification","valueRequired":true,"valueName":"search_term_string"}}],"inLanguage":"sv-SE"},{"@type":"Organization","@id":"https:\/\/www.heddata.se\/webbutik\/#organization","name":"Heddata AB","url":"https:\/\/www.heddata.se\/webbutik\/","logo":{"@type":"ImageObject","inLanguage":"sv-SE","@id":"https:\/\/www.heddata.se\/webbutik\/#\/schema\/logo\/image\/","url":"https:\/\/www.heddata.se\/webbutik\/wp-content\/uploads\/logga\/heddata-ab-logga.png","contentUrl":"https:\/\/www.heddata.se\/webbutik\/wp-content\/uploads\/logga\/heddata-ab-logga.png","width":200,"height":64,"caption":"Heddata AB"},"image":{"@id":"https:\/\/www.heddata.se\/webbutik\/#\/schema\/logo\/image\/"}}]}},"_links":{"self":[{"href":"https:\/\/www.heddata.se\/webbutik\/wp-json\/wp\/v2\/product\/91195","targetHints":{"allow":["GET"]}}],"collection":[{"href":"https:\/\/www.heddata.se\/webbutik\/wp-json\/wp\/v2\/product"}],"about":[{"href":"https:\/\/www.heddata.se\/webbutik\/wp-json\/wp\/v2\/types\/product"}],"wp:featuredmedia":[{"embeddable":true,"href":"https:\/\/www.heddata.se\/webbutik\/wp-json\/wp\/v2\/media\/91198"}],"wp:attachment":[{"href":"https:\/\/www.heddata.se\/webbutik\/wp-json\/wp\/v2\/media?parent=91195"}],"wp:term":[{"taxonomy":"product_brand","embeddable":true,"href":"https:\/\/www.heddata.se\/webbutik\/wp-json\/wp\/v2\/product_brand?post=91195"},{"taxonomy":"product_cat","embeddable":true,"href":"https:\/\/www.heddata.se\/webbutik\/wp-json\/wp\/v2\/product_cat?post=91195"},{"taxonomy":"product_tag","embeddable":true,"href":"https:\/\/www.heddata.se\/webbutik\/wp-json\/wp\/v2\/product_tag?post=91195"}],"curies":[{"name":"wp","href":"https:\/\/api.w.org\/{rel}","templated":true}]}}