{"id":91114,"date":"2021-02-15T15:18:04","date_gmt":"2021-02-15T14:18:04","guid":{"rendered":"https:\/\/www.heddata.se\/webbutik\/?post_type=product&#038;p=91114"},"modified":"2026-04-15T18:10:12","modified_gmt":"2026-04-15T16:10:12","slug":"limstift-pritt-original-22g","status":"publish","type":"product","link":"https:\/\/www.heddata.se\/webbutik\/produkt\/limstift-pritt-original-22g\/","title":{"rendered":"Limstift PRITT Original 22g"},"content":{"rendered":"<p>Limstift PRITT Original 22g<\/p>\n<p><b>Pritts originallimstift som du alltid kan lita p\u00e5.<\/b><\/p>\n<p>Originallimstiftet fr\u00e5n 1969. Limmar dubbla m\u00e4ngden papper j\u00e4mf\u00f6rt med fr\u00e4msta huvudkonkurrenten (1). Stark vidh\u00e4ftning \u00e4ven p\u00e5 andra pysselmaterial \u00e4n papper. Unik kombination av 90\u00a0% naturliga ingredienser med en <a href=\"https:\/\/www.henkel.se\/varumaerken-affaersenheter\/pritt-554882\" target=\"_blank\" rel=\"noopener\">formula<\/a> baserad p\u00e5 potatisst\u00e4rkelse och socker (2). Format: 22g. Det perfekta valet f\u00f6r limmning av <a href=\"https:\/\/www.heddata.se\/webbutik\/kontorstillbehor\/\">papper,<\/a> foton, kartong m.m.<\/p>\n<p>(1) analyserat av Fraunhofer IFAM Institute<\/p>\n<p>(2) inklusive vatten<\/p>\n<p>L\u00e5ng livstid tack vare den luftt\u00e4ta h\u00e4ttan<\/p>\n<p>Unik kombination av 90% naturliga ingredienser<\/p>\n<p>Syra &#8211; och l\u00f6sningsmedelsfritt samt urtv\u00e4ttbar vid 30 grader<\/p>\n<p>Vikt: 22 g<\/p>\n","protected":false},"excerpt":{"rendered":"<p>Limstift PRITT Original 22g<\/p>\n","protected":false},"featured_media":91140,"template":"","meta":[],"product_brand":[],"product_cat":[68],"product_tag":[],"class_list":{"0":"post-91114","1":"product","2":"type-product","3":"status-publish","4":"has-post-thumbnail","6":"product_cat-kontorstillbehor","8":"first","9":"instock","10":"taxable","11":"shipping-taxable","12":"purchasable","13":"product-type-simple"},"yoast_head":"<!-- This site is optimized with the Yoast SEO Premium plugin v26.7 (Yoast SEO v26.7) - https:\/\/yoast.com\/wordpress\/plugins\/seo\/ -->\n<title>Limstift PRITT Original 22g Limmar dubbla m\u00e4ngden papper<\/title>\n<meta name=\"description\" content=\"Limstift PRITT Original 22g. Limmar dubbla m\u00e4ngden papper j\u00e4mf\u00f6rt med fr\u00e4msta huvudkonkurrenten, stark vidh\u00e4ftning\" \/>\n<meta name=\"robots\" content=\"index, follow, max-snippet:-1, max-image-preview:large, max-video-preview:-1\" \/>\n<link rel=\"canonical\" href=\"https:\/\/www.heddata.se\/webbutik\/produkt\/limstift-pritt-original-22g\/\" \/>\n<meta property=\"og:locale\" content=\"sv_SE\" \/>\n<meta property=\"og:type\" content=\"article\" \/>\n<meta property=\"og:title\" content=\"Limstift PRITT Original 22g\" \/>\n<meta property=\"og:description\" content=\"Limstift PRITT Original 22g. Limmar dubbla m\u00e4ngden papper j\u00e4mf\u00f6rt med fr\u00e4msta huvudkonkurrenten, stark vidh\u00e4ftning\" \/>\n<meta property=\"og:url\" content=\"https:\/\/www.heddata.se\/webbutik\/produkt\/limstift-pritt-original-22g\/\" \/>\n<meta property=\"og:site_name\" content=\"Datorer, Skrivare, F\u00e4rgpatroner, Mobiltelefoner\" \/>\n<meta property=\"article:modified_time\" content=\"2026-04-15T16:10:12+00:00\" \/>\n<meta property=\"og:image\" content=\"https:\/\/www.heddata.se\/webbutik\/wp-content\/uploads\/webbutik\/kategorier\/kontorstillbehor\/limstift-pritt.jpg\" \/>\n\t<meta property=\"og:image:width\" content=\"1000\" \/>\n\t<meta property=\"og:image:height\" content=\"1000\" \/>\n\t<meta property=\"og:image:type\" content=\"image\/jpeg\" \/>\n<meta name=\"twitter:card\" content=\"summary_large_image\" \/>\n<script type=\"application\/ld+json\" class=\"yoast-schema-graph\">{\"@context\":\"https:\/\/schema.org\",\"@graph\":[{\"@type\":\"WebPage\",\"@id\":\"https:\/\/www.heddata.se\/webbutik\/produkt\/limstift-pritt-original-22g\/\",\"url\":\"https:\/\/www.heddata.se\/webbutik\/produkt\/limstift-pritt-original-22g\/\",\"name\":\"Limstift PRITT Original 22g Limmar dubbla m\u00e4ngden papper\",\"isPartOf\":{\"@id\":\"https:\/\/www.heddata.se\/webbutik\/#website\"},\"primaryImageOfPage\":{\"@id\":\"https:\/\/www.heddata.se\/webbutik\/produkt\/limstift-pritt-original-22g\/#primaryimage\"},\"image\":{\"@id\":\"https:\/\/www.heddata.se\/webbutik\/produkt\/limstift-pritt-original-22g\/#primaryimage\"},\"thumbnailUrl\":\"https:\/\/www.heddata.se\/webbutik\/wp-content\/uploads\/webbutik\/kategorier\/kontorstillbehor\/limstift-pritt.jpg\",\"datePublished\":\"2021-02-15T14:18:04+00:00\",\"dateModified\":\"2026-04-15T16:10:12+00:00\",\"description\":\"Limstift PRITT Original 22g. Limmar dubbla m\u00e4ngden papper j\u00e4mf\u00f6rt med fr\u00e4msta huvudkonkurrenten, stark vidh\u00e4ftning\",\"breadcrumb\":{\"@id\":\"https:\/\/www.heddata.se\/webbutik\/produkt\/limstift-pritt-original-22g\/#breadcrumb\"},\"inLanguage\":\"sv-SE\",\"potentialAction\":[{\"@type\":\"ReadAction\",\"target\":[\"https:\/\/www.heddata.se\/webbutik\/produkt\/limstift-pritt-original-22g\/\"]}]},{\"@type\":\"ImageObject\",\"inLanguage\":\"sv-SE\",\"@id\":\"https:\/\/www.heddata.se\/webbutik\/produkt\/limstift-pritt-original-22g\/#primaryimage\",\"url\":\"https:\/\/www.heddata.se\/webbutik\/wp-content\/uploads\/webbutik\/kategorier\/kontorstillbehor\/limstift-pritt.jpg\",\"contentUrl\":\"https:\/\/www.heddata.se\/webbutik\/wp-content\/uploads\/webbutik\/kategorier\/kontorstillbehor\/limstift-pritt.jpg\",\"width\":1000,\"height\":1000,\"caption\":\"Limstift PRITT Original 22g\"},{\"@type\":\"BreadcrumbList\",\"@id\":\"https:\/\/www.heddata.se\/webbutik\/produkt\/limstift-pritt-original-22g\/#breadcrumb\",\"itemListElement\":[{\"@type\":\"ListItem\",\"position\":1,\"name\":\"Hem\",\"item\":\"https:\/\/www.heddata.se\/webbutik\/\"},{\"@type\":\"ListItem\",\"position\":2,\"name\":\"Produkter\",\"item\":\"https:\/\/www.heddata.se\/webbutik\/shop\/\"},{\"@type\":\"ListItem\",\"position\":3,\"name\":\"Limstift PRITT Original 22g\"}]},{\"@type\":\"WebSite\",\"@id\":\"https:\/\/www.heddata.se\/webbutik\/#website\",\"url\":\"https:\/\/www.heddata.se\/webbutik\/\",\"name\":\"Datorer, Skrivare, F\u00e4rgpatroner, Mobiltelefoner\",\"description\":\"Kablar\",\"publisher\":{\"@id\":\"https:\/\/www.heddata.se\/webbutik\/#organization\"},\"potentialAction\":[{\"@type\":\"SearchAction\",\"target\":{\"@type\":\"EntryPoint\",\"urlTemplate\":\"https:\/\/www.heddata.se\/webbutik\/?s={search_term_string}\"},\"query-input\":{\"@type\":\"PropertyValueSpecification\",\"valueRequired\":true,\"valueName\":\"search_term_string\"}}],\"inLanguage\":\"sv-SE\"},{\"@type\":\"Organization\",\"@id\":\"https:\/\/www.heddata.se\/webbutik\/#organization\",\"name\":\"Heddata AB\",\"url\":\"https:\/\/www.heddata.se\/webbutik\/\",\"logo\":{\"@type\":\"ImageObject\",\"inLanguage\":\"sv-SE\",\"@id\":\"https:\/\/www.heddata.se\/webbutik\/#\/schema\/logo\/image\/\",\"url\":\"https:\/\/www.heddata.se\/webbutik\/wp-content\/uploads\/logga\/heddata-ab-logga.png\",\"contentUrl\":\"https:\/\/www.heddata.se\/webbutik\/wp-content\/uploads\/logga\/heddata-ab-logga.png\",\"width\":200,\"height\":64,\"caption\":\"Heddata AB\"},\"image\":{\"@id\":\"https:\/\/www.heddata.se\/webbutik\/#\/schema\/logo\/image\/\"}}]}<\/script>\n<!-- \/ Yoast SEO Premium plugin. -->","yoast_head_json":{"title":"Limstift PRITT Original 22g Limmar dubbla m\u00e4ngden papper","description":"Limstift PRITT Original 22g. Limmar dubbla m\u00e4ngden papper j\u00e4mf\u00f6rt med fr\u00e4msta huvudkonkurrenten, stark vidh\u00e4ftning","robots":{"index":"index","follow":"follow","max-snippet":"max-snippet:-1","max-image-preview":"max-image-preview:large","max-video-preview":"max-video-preview:-1"},"canonical":"https:\/\/www.heddata.se\/webbutik\/produkt\/limstift-pritt-original-22g\/","og_locale":"sv_SE","og_type":"article","og_title":"Limstift PRITT Original 22g","og_description":"Limstift PRITT Original 22g. Limmar dubbla m\u00e4ngden papper j\u00e4mf\u00f6rt med fr\u00e4msta huvudkonkurrenten, stark vidh\u00e4ftning","og_url":"https:\/\/www.heddata.se\/webbutik\/produkt\/limstift-pritt-original-22g\/","og_site_name":"Datorer, Skrivare, F\u00e4rgpatroner, Mobiltelefoner","article_modified_time":"2026-04-15T16:10:12+00:00","og_image":[{"width":1000,"height":1000,"url":"https:\/\/www.heddata.se\/webbutik\/wp-content\/uploads\/webbutik\/kategorier\/kontorstillbehor\/limstift-pritt.jpg","type":"image\/jpeg"}],"twitter_card":"summary_large_image","schema":{"@context":"https:\/\/schema.org","@graph":[{"@type":"WebPage","@id":"https:\/\/www.heddata.se\/webbutik\/produkt\/limstift-pritt-original-22g\/","url":"https:\/\/www.heddata.se\/webbutik\/produkt\/limstift-pritt-original-22g\/","name":"Limstift PRITT Original 22g Limmar dubbla m\u00e4ngden papper","isPartOf":{"@id":"https:\/\/www.heddata.se\/webbutik\/#website"},"primaryImageOfPage":{"@id":"https:\/\/www.heddata.se\/webbutik\/produkt\/limstift-pritt-original-22g\/#primaryimage"},"image":{"@id":"https:\/\/www.heddata.se\/webbutik\/produkt\/limstift-pritt-original-22g\/#primaryimage"},"thumbnailUrl":"https:\/\/www.heddata.se\/webbutik\/wp-content\/uploads\/webbutik\/kategorier\/kontorstillbehor\/limstift-pritt.jpg","datePublished":"2021-02-15T14:18:04+00:00","dateModified":"2026-04-15T16:10:12+00:00","description":"Limstift PRITT Original 22g. Limmar dubbla m\u00e4ngden papper j\u00e4mf\u00f6rt med fr\u00e4msta huvudkonkurrenten, stark vidh\u00e4ftning","breadcrumb":{"@id":"https:\/\/www.heddata.se\/webbutik\/produkt\/limstift-pritt-original-22g\/#breadcrumb"},"inLanguage":"sv-SE","potentialAction":[{"@type":"ReadAction","target":["https:\/\/www.heddata.se\/webbutik\/produkt\/limstift-pritt-original-22g\/"]}]},{"@type":"ImageObject","inLanguage":"sv-SE","@id":"https:\/\/www.heddata.se\/webbutik\/produkt\/limstift-pritt-original-22g\/#primaryimage","url":"https:\/\/www.heddata.se\/webbutik\/wp-content\/uploads\/webbutik\/kategorier\/kontorstillbehor\/limstift-pritt.jpg","contentUrl":"https:\/\/www.heddata.se\/webbutik\/wp-content\/uploads\/webbutik\/kategorier\/kontorstillbehor\/limstift-pritt.jpg","width":1000,"height":1000,"caption":"Limstift PRITT Original 22g"},{"@type":"BreadcrumbList","@id":"https:\/\/www.heddata.se\/webbutik\/produkt\/limstift-pritt-original-22g\/#breadcrumb","itemListElement":[{"@type":"ListItem","position":1,"name":"Hem","item":"https:\/\/www.heddata.se\/webbutik\/"},{"@type":"ListItem","position":2,"name":"Produkter","item":"https:\/\/www.heddata.se\/webbutik\/shop\/"},{"@type":"ListItem","position":3,"name":"Limstift PRITT Original 22g"}]},{"@type":"WebSite","@id":"https:\/\/www.heddata.se\/webbutik\/#website","url":"https:\/\/www.heddata.se\/webbutik\/","name":"Datorer, Skrivare, F\u00e4rgpatroner, Mobiltelefoner","description":"Kablar","publisher":{"@id":"https:\/\/www.heddata.se\/webbutik\/#organization"},"potentialAction":[{"@type":"SearchAction","target":{"@type":"EntryPoint","urlTemplate":"https:\/\/www.heddata.se\/webbutik\/?s={search_term_string}"},"query-input":{"@type":"PropertyValueSpecification","valueRequired":true,"valueName":"search_term_string"}}],"inLanguage":"sv-SE"},{"@type":"Organization","@id":"https:\/\/www.heddata.se\/webbutik\/#organization","name":"Heddata AB","url":"https:\/\/www.heddata.se\/webbutik\/","logo":{"@type":"ImageObject","inLanguage":"sv-SE","@id":"https:\/\/www.heddata.se\/webbutik\/#\/schema\/logo\/image\/","url":"https:\/\/www.heddata.se\/webbutik\/wp-content\/uploads\/logga\/heddata-ab-logga.png","contentUrl":"https:\/\/www.heddata.se\/webbutik\/wp-content\/uploads\/logga\/heddata-ab-logga.png","width":200,"height":64,"caption":"Heddata AB"},"image":{"@id":"https:\/\/www.heddata.se\/webbutik\/#\/schema\/logo\/image\/"}}]}},"_links":{"self":[{"href":"https:\/\/www.heddata.se\/webbutik\/wp-json\/wp\/v2\/product\/91114","targetHints":{"allow":["GET"]}}],"collection":[{"href":"https:\/\/www.heddata.se\/webbutik\/wp-json\/wp\/v2\/product"}],"about":[{"href":"https:\/\/www.heddata.se\/webbutik\/wp-json\/wp\/v2\/types\/product"}],"wp:featuredmedia":[{"embeddable":true,"href":"https:\/\/www.heddata.se\/webbutik\/wp-json\/wp\/v2\/media\/91140"}],"wp:attachment":[{"href":"https:\/\/www.heddata.se\/webbutik\/wp-json\/wp\/v2\/media?parent=91114"}],"wp:term":[{"taxonomy":"product_brand","embeddable":true,"href":"https:\/\/www.heddata.se\/webbutik\/wp-json\/wp\/v2\/product_brand?post=91114"},{"taxonomy":"product_cat","embeddable":true,"href":"https:\/\/www.heddata.se\/webbutik\/wp-json\/wp\/v2\/product_cat?post=91114"},{"taxonomy":"product_tag","embeddable":true,"href":"https:\/\/www.heddata.se\/webbutik\/wp-json\/wp\/v2\/product_tag?post=91114"}],"curies":[{"name":"wp","href":"https:\/\/api.w.org\/{rel}","templated":true}]}}