{"id":90736,"date":"2020-11-25T14:18:02","date_gmt":"2020-11-25T13:18:02","guid":{"rendered":"https:\/\/www.heddata.se\/webbutik\/?post_type=product&#038;p=90736"},"modified":"2026-04-09T11:16:14","modified_gmt":"2026-04-09T09:16:14","slug":"canon-pixma-mg2550s-blackstraleskrivare","status":"publish","type":"product","link":"https:\/\/www.heddata.se\/webbutik\/produkt\/canon-pixma-mg2550s-blackstraleskrivare\/","title":{"rendered":"Canon PIXMA MG2550S Bl\u00e4ckstr\u00e5leskrivare"},"content":{"rendered":"<p>Canon PIXMA MG2550S Bl\u00e4ckstr\u00e5leskrivare<\/p>\n<p>Canon PIXMA MG2550S &#8211; Multifunktionsskrivare &#8211; f\u00e4rg &#8211; bl\u00e4ckstr\u00e5le &#8211; 216 x 297 mm (original) &#8211; A4\/Legal (media) &#8211; upp till 8 ipm (bilder per minut) (utskrift) &#8211; 60 ark &#8211; USB 2.0<\/p>\n<p>Anv\u00e4ndarv\u00e4nlig, liten allt-i-ett-skrivare, -scanner och -kopiator i en elegant vit finish med kostnadseffektiva XL-kassetter som tillval och programvara f\u00f6r smart webbplatsutskrift.<\/p>\n<p>Den perfekta allt-i-ett-enheten f\u00f6r utskrift, scanning och kopiering. Fr\u00e5n stora textdokument till familjebilder \u2013 den kompakta Canon PIXMA MG2550S \u00e4r framtagen f\u00f6r kvalitet och enkel anv\u00e4ndning<span style=\"font-family: Verdana;font-size: small\">.<\/span><\/p>\n<p>Den perfekta allt-i-ett-enheten f\u00f6r hemmabruk. Skriv ut, scanna och kopiera dokument och foton i h\u00f6g hastighet utan kompromiss med kvaliteten. Canon PIXMA MG2550S &#8211; enkel anv\u00e4ndning, elegant, kompakt och med kraftfulla funktioner f\u00f6r alla hemanv\u00e4ndare.<\/p>\n<p><a href=\"https:\/\/www.canon.se\/\" target=\"_blank\" rel=\"noopener noreferrer\">Canon<\/a> PIXMA MG2550S ger verkligen v\u00e4rde f\u00f6r pengarna. Det \u00e4r en prisv\u00e4rd hemskrivare som levererar dokument och foton med \u00f6verl\u00e4gsen kvalitet. Kassettekniken FINE ger djup sv\u00e4rta, livfulla f\u00e4rger och enast\u00e5ende detaljrikedom.<\/p>\n<p>Om du som tillval anv\u00e4nder Canons XL-bl\u00e4ckkassetter med h\u00f6g kapacitet kan du spara s\u00e5 mycket som 30\u00a0% p\u00e5 kostnaden per sida j\u00e4mf\u00f6rt med standardkassetterna. Fler sidor per bl\u00e4ckkassett och l\u00e4ngre tid mellan byte.<\/p>\n<div class=\"spec-group\">\n<div class=\"spec-item\">\n<div class=\"row\">\n<div class=\"col-sm-4\">\n<h3 class=\"subheading\">Skrivaruppl\u00f6sning<\/h3>\n<\/div>\n<div class=\"col-sm-8\">\n<p>Upp till 4\u00a0800\u00b9 x 600\u00a0dpi<\/p>\n<p><span style=\"font-size: 20.16px;color: #333333\">Utskriftsteknik<\/span><\/p>\n<\/div>\n<\/div>\n<\/div>\n<div class=\"spec-item\">\n<div class=\"row\">\n<div class=\"col-sm-8\">\n<p>2 FINE-kassetter (svart och f\u00e4rg)<\/p>\n<p><span style=\"font-size: 20.16px;color: #333333\">Utskriftshastighet (svartvitt)<\/span><\/p>\n<\/div>\n<\/div>\n<\/div>\n<div class=\"spec-item\">\n<div class=\"row\">\n<div class=\"col-sm-8\">\n<p>Cirka 8\u00a0sid\/min\u00b9<\/p>\n<p><span style=\"font-size: 20.16px;color: #333333\">Utskriftshastighet (f\u00e4rg)<\/span><\/p>\n<\/div>\n<\/div>\n<\/div>\n<div class=\"spec-item\">\n<div class=\"row\">\n<div class=\"col-sm-8\">\n<p>Cirka 4\u00a0sid\/min\u00b9<\/p>\n<p><span style=\"font-size: 20.16px;color: #333333\">Kantfri utskrift<\/span><\/p>\n<\/div>\n<\/div>\n<\/div>\n<div class=\"spec-item\">\n<div class=\"row\">\n<div class=\"col-sm-8\">\n<p>Inte m\u00f6jligt<\/p>\n<p><span style=\"font-size: 20.16px;color: #333333\">Dubbelsidig utskrift<\/span><\/p>\n<\/div>\n<\/div>\n<\/div>\n<div class=\"spec-item\">\n<div class=\"row\">\n<div class=\"col-sm-8\">\n<p>Manuell inst\u00e4llning<\/p>\n<p><span style=\"font-size: 20.16px;color: #333333\">Direct Disc Printing<\/span><\/p>\n<\/div>\n<\/div>\n<\/div>\n<div class=\"spec-item\">\n<div class=\"row\">\n<div class=\"col-sm-8\">\n<p>Bl\u00e4ckpatroner:<\/p>\n<p><a href=\"https:\/\/www.heddata.se\/webbutik\/produkt\/canon-pg-545xl-original-blackpatron\/\">PG-545XL<\/a><\/p>\n<p><a href=\"https:\/\/www.heddata.se\/webbutik\/produkt\/canon-cl-546xl-farg-original-blackpatron\/\">CL-546XL<\/a><\/p>\n<p>&nbsp;<\/p>\n<\/div>\n<\/div>\n<\/div>\n<\/div>\n","protected":false},"excerpt":{"rendered":"<p>Canon PIXMA MG2550S Bl\u00e4ckstr\u00e5leskrivare<\/p>\n","protected":false},"featured_media":90783,"template":"","meta":[],"product_brand":[],"product_cat":[634,101,635,62],"product_tag":[],"class_list":{"0":"post-90736","1":"product","2":"type-product","3":"status-publish","4":"has-post-thumbnail","6":"product_cat-blackstraleskrivare","7":"product_cat-canon-skrivare","8":"product_cat-multifunktionsskrivare","9":"product_cat-skrivare","11":"first","12":"outofstock","13":"taxable","14":"shipping-taxable","15":"product-type-simple"},"yoast_head":"<!-- This site is optimized with the Yoast SEO Premium plugin v26.7 (Yoast SEO v26.7) - https:\/\/yoast.com\/wordpress\/plugins\/seo\/ -->\n<title>Canon PIXMA MG2550S Bl\u00e4ckstr\u00e5leskrivare, allti-ett-skrivare<\/title>\n<meta name=\"description\" content=\"Canon PIXMA MG2550S Bl\u00e4ckstr\u00e5leskrivare Anv\u00e4ndarv\u00e4nlig, liten allt-i-ett-skrivare, -scanner och -kopiator i en elegant finish\" \/>\n<meta name=\"robots\" content=\"index, follow, max-snippet:-1, max-image-preview:large, max-video-preview:-1\" \/>\n<link rel=\"canonical\" href=\"https:\/\/www.heddata.se\/webbutik\/produkt\/canon-pixma-mg2550s-blackstraleskrivare\/\" \/>\n<meta property=\"og:locale\" content=\"sv_SE\" \/>\n<meta property=\"og:type\" content=\"article\" \/>\n<meta property=\"og:title\" content=\"Canon PIXMA MG2550S Bl\u00e4ckstr\u00e5leskrivare\" \/>\n<meta property=\"og:description\" content=\"Canon PIXMA MG2550S Bl\u00e4ckstr\u00e5leskrivare Anv\u00e4ndarv\u00e4nlig, liten allt-i-ett-skrivare, -scanner och -kopiator i en elegant finish\" \/>\n<meta property=\"og:url\" content=\"https:\/\/www.heddata.se\/webbutik\/produkt\/canon-pixma-mg2550s-blackstraleskrivare\/\" \/>\n<meta property=\"og:site_name\" content=\"Datorer, Skrivare, F\u00e4rgpatroner, Mobiltelefoner\" \/>\n<meta property=\"article:modified_time\" content=\"2026-04-09T09:16:14+00:00\" \/>\n<meta property=\"og:image\" content=\"https:\/\/www.heddata.se\/webbutik\/wp-content\/uploads\/webbutik\/kategorier\/skrivare\/mg2550s.jpg\" \/>\n\t<meta property=\"og:image:width\" content=\"2208\" \/>\n\t<meta property=\"og:image:height\" content=\"2208\" \/>\n\t<meta property=\"og:image:type\" content=\"image\/jpeg\" \/>\n<meta name=\"twitter:card\" content=\"summary_large_image\" \/>\n<meta name=\"twitter:label1\" content=\"Ber\u00e4knad l\u00e4stid\" \/>\n\t<meta name=\"twitter:data1\" content=\"1 minut\" \/>\n<script type=\"application\/ld+json\" class=\"yoast-schema-graph\">{\"@context\":\"https:\/\/schema.org\",\"@graph\":[{\"@type\":\"WebPage\",\"@id\":\"https:\/\/www.heddata.se\/webbutik\/produkt\/canon-pixma-mg2550s-blackstraleskrivare\/\",\"url\":\"https:\/\/www.heddata.se\/webbutik\/produkt\/canon-pixma-mg2550s-blackstraleskrivare\/\",\"name\":\"Canon PIXMA MG2550S Bl\u00e4ckstr\u00e5leskrivare, allti-ett-skrivare\",\"isPartOf\":{\"@id\":\"https:\/\/www.heddata.se\/webbutik\/#website\"},\"primaryImageOfPage\":{\"@id\":\"https:\/\/www.heddata.se\/webbutik\/produkt\/canon-pixma-mg2550s-blackstraleskrivare\/#primaryimage\"},\"image\":{\"@id\":\"https:\/\/www.heddata.se\/webbutik\/produkt\/canon-pixma-mg2550s-blackstraleskrivare\/#primaryimage\"},\"thumbnailUrl\":\"https:\/\/www.heddata.se\/webbutik\/wp-content\/uploads\/webbutik\/kategorier\/skrivare\/mg2550s.jpg\",\"datePublished\":\"2020-11-25T13:18:02+00:00\",\"dateModified\":\"2026-04-09T09:16:14+00:00\",\"description\":\"Canon PIXMA MG2550S Bl\u00e4ckstr\u00e5leskrivare Anv\u00e4ndarv\u00e4nlig, liten allt-i-ett-skrivare, -scanner och -kopiator i en elegant finish\",\"breadcrumb\":{\"@id\":\"https:\/\/www.heddata.se\/webbutik\/produkt\/canon-pixma-mg2550s-blackstraleskrivare\/#breadcrumb\"},\"inLanguage\":\"sv-SE\",\"potentialAction\":[{\"@type\":\"ReadAction\",\"target\":[\"https:\/\/www.heddata.se\/webbutik\/produkt\/canon-pixma-mg2550s-blackstraleskrivare\/\"]}]},{\"@type\":\"ImageObject\",\"inLanguage\":\"sv-SE\",\"@id\":\"https:\/\/www.heddata.se\/webbutik\/produkt\/canon-pixma-mg2550s-blackstraleskrivare\/#primaryimage\",\"url\":\"https:\/\/www.heddata.se\/webbutik\/wp-content\/uploads\/webbutik\/kategorier\/skrivare\/mg2550s.jpg\",\"contentUrl\":\"https:\/\/www.heddata.se\/webbutik\/wp-content\/uploads\/webbutik\/kategorier\/skrivare\/mg2550s.jpg\",\"width\":2208,\"height\":2208,\"caption\":\"Canon PIXMA MG2550S Bl\u00e4ckstr\u00e5leskrivare\"},{\"@type\":\"BreadcrumbList\",\"@id\":\"https:\/\/www.heddata.se\/webbutik\/produkt\/canon-pixma-mg2550s-blackstraleskrivare\/#breadcrumb\",\"itemListElement\":[{\"@type\":\"ListItem\",\"position\":1,\"name\":\"Hem\",\"item\":\"https:\/\/www.heddata.se\/webbutik\/\"},{\"@type\":\"ListItem\",\"position\":2,\"name\":\"Produkter\",\"item\":\"https:\/\/www.heddata.se\/webbutik\/shop\/\"},{\"@type\":\"ListItem\",\"position\":3,\"name\":\"Canon PIXMA MG2550S Bl\u00e4ckstr\u00e5leskrivare\"}]},{\"@type\":\"WebSite\",\"@id\":\"https:\/\/www.heddata.se\/webbutik\/#website\",\"url\":\"https:\/\/www.heddata.se\/webbutik\/\",\"name\":\"Datorer, Skrivare, F\u00e4rgpatroner, Mobiltelefoner\",\"description\":\"Kablar\",\"publisher\":{\"@id\":\"https:\/\/www.heddata.se\/webbutik\/#organization\"},\"potentialAction\":[{\"@type\":\"SearchAction\",\"target\":{\"@type\":\"EntryPoint\",\"urlTemplate\":\"https:\/\/www.heddata.se\/webbutik\/?s={search_term_string}\"},\"query-input\":{\"@type\":\"PropertyValueSpecification\",\"valueRequired\":true,\"valueName\":\"search_term_string\"}}],\"inLanguage\":\"sv-SE\"},{\"@type\":\"Organization\",\"@id\":\"https:\/\/www.heddata.se\/webbutik\/#organization\",\"name\":\"Heddata AB\",\"url\":\"https:\/\/www.heddata.se\/webbutik\/\",\"logo\":{\"@type\":\"ImageObject\",\"inLanguage\":\"sv-SE\",\"@id\":\"https:\/\/www.heddata.se\/webbutik\/#\/schema\/logo\/image\/\",\"url\":\"https:\/\/www.heddata.se\/webbutik\/wp-content\/uploads\/logga\/heddata-ab-logga.png\",\"contentUrl\":\"https:\/\/www.heddata.se\/webbutik\/wp-content\/uploads\/logga\/heddata-ab-logga.png\",\"width\":200,\"height\":64,\"caption\":\"Heddata AB\"},\"image\":{\"@id\":\"https:\/\/www.heddata.se\/webbutik\/#\/schema\/logo\/image\/\"}}]}<\/script>\n<!-- \/ Yoast SEO Premium plugin. -->","yoast_head_json":{"title":"Canon PIXMA MG2550S Bl\u00e4ckstr\u00e5leskrivare, allti-ett-skrivare","description":"Canon PIXMA MG2550S Bl\u00e4ckstr\u00e5leskrivare Anv\u00e4ndarv\u00e4nlig, liten allt-i-ett-skrivare, -scanner och -kopiator i en elegant finish","robots":{"index":"index","follow":"follow","max-snippet":"max-snippet:-1","max-image-preview":"max-image-preview:large","max-video-preview":"max-video-preview:-1"},"canonical":"https:\/\/www.heddata.se\/webbutik\/produkt\/canon-pixma-mg2550s-blackstraleskrivare\/","og_locale":"sv_SE","og_type":"article","og_title":"Canon PIXMA MG2550S Bl\u00e4ckstr\u00e5leskrivare","og_description":"Canon PIXMA MG2550S Bl\u00e4ckstr\u00e5leskrivare Anv\u00e4ndarv\u00e4nlig, liten allt-i-ett-skrivare, -scanner och -kopiator i en elegant finish","og_url":"https:\/\/www.heddata.se\/webbutik\/produkt\/canon-pixma-mg2550s-blackstraleskrivare\/","og_site_name":"Datorer, Skrivare, F\u00e4rgpatroner, Mobiltelefoner","article_modified_time":"2026-04-09T09:16:14+00:00","og_image":[{"width":2208,"height":2208,"url":"https:\/\/www.heddata.se\/webbutik\/wp-content\/uploads\/webbutik\/kategorier\/skrivare\/mg2550s.jpg","type":"image\/jpeg"}],"twitter_card":"summary_large_image","twitter_misc":{"Ber\u00e4knad l\u00e4stid":"1 minut"},"schema":{"@context":"https:\/\/schema.org","@graph":[{"@type":"WebPage","@id":"https:\/\/www.heddata.se\/webbutik\/produkt\/canon-pixma-mg2550s-blackstraleskrivare\/","url":"https:\/\/www.heddata.se\/webbutik\/produkt\/canon-pixma-mg2550s-blackstraleskrivare\/","name":"Canon PIXMA MG2550S Bl\u00e4ckstr\u00e5leskrivare, allti-ett-skrivare","isPartOf":{"@id":"https:\/\/www.heddata.se\/webbutik\/#website"},"primaryImageOfPage":{"@id":"https:\/\/www.heddata.se\/webbutik\/produkt\/canon-pixma-mg2550s-blackstraleskrivare\/#primaryimage"},"image":{"@id":"https:\/\/www.heddata.se\/webbutik\/produkt\/canon-pixma-mg2550s-blackstraleskrivare\/#primaryimage"},"thumbnailUrl":"https:\/\/www.heddata.se\/webbutik\/wp-content\/uploads\/webbutik\/kategorier\/skrivare\/mg2550s.jpg","datePublished":"2020-11-25T13:18:02+00:00","dateModified":"2026-04-09T09:16:14+00:00","description":"Canon PIXMA MG2550S Bl\u00e4ckstr\u00e5leskrivare Anv\u00e4ndarv\u00e4nlig, liten allt-i-ett-skrivare, -scanner och -kopiator i en elegant finish","breadcrumb":{"@id":"https:\/\/www.heddata.se\/webbutik\/produkt\/canon-pixma-mg2550s-blackstraleskrivare\/#breadcrumb"},"inLanguage":"sv-SE","potentialAction":[{"@type":"ReadAction","target":["https:\/\/www.heddata.se\/webbutik\/produkt\/canon-pixma-mg2550s-blackstraleskrivare\/"]}]},{"@type":"ImageObject","inLanguage":"sv-SE","@id":"https:\/\/www.heddata.se\/webbutik\/produkt\/canon-pixma-mg2550s-blackstraleskrivare\/#primaryimage","url":"https:\/\/www.heddata.se\/webbutik\/wp-content\/uploads\/webbutik\/kategorier\/skrivare\/mg2550s.jpg","contentUrl":"https:\/\/www.heddata.se\/webbutik\/wp-content\/uploads\/webbutik\/kategorier\/skrivare\/mg2550s.jpg","width":2208,"height":2208,"caption":"Canon PIXMA MG2550S Bl\u00e4ckstr\u00e5leskrivare"},{"@type":"BreadcrumbList","@id":"https:\/\/www.heddata.se\/webbutik\/produkt\/canon-pixma-mg2550s-blackstraleskrivare\/#breadcrumb","itemListElement":[{"@type":"ListItem","position":1,"name":"Hem","item":"https:\/\/www.heddata.se\/webbutik\/"},{"@type":"ListItem","position":2,"name":"Produkter","item":"https:\/\/www.heddata.se\/webbutik\/shop\/"},{"@type":"ListItem","position":3,"name":"Canon PIXMA MG2550S Bl\u00e4ckstr\u00e5leskrivare"}]},{"@type":"WebSite","@id":"https:\/\/www.heddata.se\/webbutik\/#website","url":"https:\/\/www.heddata.se\/webbutik\/","name":"Datorer, Skrivare, F\u00e4rgpatroner, Mobiltelefoner","description":"Kablar","publisher":{"@id":"https:\/\/www.heddata.se\/webbutik\/#organization"},"potentialAction":[{"@type":"SearchAction","target":{"@type":"EntryPoint","urlTemplate":"https:\/\/www.heddata.se\/webbutik\/?s={search_term_string}"},"query-input":{"@type":"PropertyValueSpecification","valueRequired":true,"valueName":"search_term_string"}}],"inLanguage":"sv-SE"},{"@type":"Organization","@id":"https:\/\/www.heddata.se\/webbutik\/#organization","name":"Heddata AB","url":"https:\/\/www.heddata.se\/webbutik\/","logo":{"@type":"ImageObject","inLanguage":"sv-SE","@id":"https:\/\/www.heddata.se\/webbutik\/#\/schema\/logo\/image\/","url":"https:\/\/www.heddata.se\/webbutik\/wp-content\/uploads\/logga\/heddata-ab-logga.png","contentUrl":"https:\/\/www.heddata.se\/webbutik\/wp-content\/uploads\/logga\/heddata-ab-logga.png","width":200,"height":64,"caption":"Heddata AB"},"image":{"@id":"https:\/\/www.heddata.se\/webbutik\/#\/schema\/logo\/image\/"}}]}},"_links":{"self":[{"href":"https:\/\/www.heddata.se\/webbutik\/wp-json\/wp\/v2\/product\/90736","targetHints":{"allow":["GET"]}}],"collection":[{"href":"https:\/\/www.heddata.se\/webbutik\/wp-json\/wp\/v2\/product"}],"about":[{"href":"https:\/\/www.heddata.se\/webbutik\/wp-json\/wp\/v2\/types\/product"}],"wp:featuredmedia":[{"embeddable":true,"href":"https:\/\/www.heddata.se\/webbutik\/wp-json\/wp\/v2\/media\/90783"}],"wp:attachment":[{"href":"https:\/\/www.heddata.se\/webbutik\/wp-json\/wp\/v2\/media?parent=90736"}],"wp:term":[{"taxonomy":"product_brand","embeddable":true,"href":"https:\/\/www.heddata.se\/webbutik\/wp-json\/wp\/v2\/product_brand?post=90736"},{"taxonomy":"product_cat","embeddable":true,"href":"https:\/\/www.heddata.se\/webbutik\/wp-json\/wp\/v2\/product_cat?post=90736"},{"taxonomy":"product_tag","embeddable":true,"href":"https:\/\/www.heddata.se\/webbutik\/wp-json\/wp\/v2\/product_tag?post=90736"}],"curies":[{"name":"wp","href":"https:\/\/api.w.org\/{rel}","templated":true}]}}