{"id":90619,"date":"2020-11-05T12:18:10","date_gmt":"2020-11-05T11:18:10","guid":{"rendered":"https:\/\/www.heddata.se\/webbutik\/?post_type=product&#038;p=90619"},"modified":"2026-04-07T09:41:56","modified_gmt":"2026-04-07T07:41:56","slug":"champion-tv-led-55-eled-unb-4k-sm-wifi","status":"publish","type":"product","link":"https:\/\/www.heddata.se\/webbutik\/produkt\/champion-tv-led-55-eled-unb-4k-sm-wifi\/","title":{"rendered":"CHAMPION TV LED 55&#8243; Eled UNB 4K Sm\/Wifi"},"content":{"rendered":"<p>CHAMPION TV LED 55&#8243; Eled UNB 4K Sm\/Wifi<\/p>\n<p>Champion CHLED55EUND4K \u00e4r en m\u00e5ngsidig 55&#8243; Smart-TV som ger utm\u00e4rkt bild i fantastisk 4K-uppl\u00f6sning och med st\u00f6d f\u00f6r HDR f\u00f6r att ytterligare f\u00e5 fram alla detaljer i ljusa och m\u00f6rka omr\u00e5den. Med ett l\u00e4ttnavigerat gr\u00e4nssnitt tar du del av appar som Netflix, SVT Play, YouTube, Facebook och Twitter direkt i din TV som ansluts mot internet genom kabel eller ditt tr\u00e5dl\u00f6sa n\u00e4tverk.<\/p>\n<h4><strong>Utm\u00e4rkt bildteknik med 4K, HDR och Dolby Vision<\/strong><\/h4>\n<p>4K UHD-uppl\u00f6sningen ger dig fyra g\u00e5nger h\u00f6gre uppl\u00f6sning \u00e4n vanlig Full HD. Du kan se p\u00e5 material med en h\u00f6gre detaljniv\u00e5 och f\u00e5r \u00e4ven en f\u00f6ljsam visning vid snabbare r\u00f6relser. Med hj\u00e4lp av uppskalning till 4K f\u00f6rb\u00e4ttras bildmaterial som inte har samma uppl\u00f6sning fr\u00e5n b\u00f6rjan tack vare unik bildbehandlingsteknik f\u00f6r att mer motsvara dina f\u00f6rv\u00e4ntningar &#8211; s\u00e5 du \u00e4ven f\u00e5r bildmaterial upp till Full HD-uppl\u00f6sning att bli \u00e4nnu b\u00e4ttre.<\/p>\n<p>Med st\u00f6d f\u00f6r HDR (High Dynamic Range) f\u00e5r du ett bredare och mer dynamiskt omf\u00e5ng genom att kombinera olika exponeringar d\u00e4r du f\u00e5r b\u00e4ttre bildkvalitet med ut\u00f6kad realism i b\u00e5de f\u00e4rg och ljus och du kan ta del av mer detaljer i ljusa och m\u00f6rkare omr\u00e5den samtidigt i bilden.<\/p>\n<h4><strong>Ta del av smart underh\u00e5llning tr\u00e5dl\u00f6st eller med kabel<\/strong><\/h4>\n<p>V\u00e4lj mellan tr\u00e5dad eller tr\u00e5dl\u00f6s anslutning. Med tr\u00e5dl\u00f6s anslutning till ditt hemn\u00e4tverk beh\u00f6ver du inte dra l\u00e5nga kablar eller t\u00e4nka p\u00e5 vart du placerar din TV. Du f\u00e5r en egen webbl\u00e4sare men \u00e4ven st\u00f6d f\u00f6r streaming-tj\u00e4nster som Youtube och Netflix finns integrerade s\u00e5 du l\u00e4tt kan ta del av ett brett utbud av underh\u00e5llning direkt i din TV utan att ansluta externa enheter. Du kan \u00e4ven i olika l\u00e4gen kan anv\u00e4nda dig av ett bild-i-bildl\u00e4ge s\u00e5 du samtidigt kan se p\u00e5 <a href=\"https:\/\/www.heddata.se\/webbutik\/tv-apparater\/\">TV<\/a> i bakgrunden f\u00f6r s\u00f6ml\u00f6s multitasking.<\/p>\n<h4><strong>Inbyggd mediaspelare f\u00f6r inspelning och uppspelning egna filer<\/strong><\/h4>\n<p>Anv\u00e4nder du programkort i din <a href=\"https:\/\/www.champion.se\/\" target=\"_blank\" rel=\"noopener noreferrer\">TV<\/a> kan du ta del av PVR-funktionen f\u00f6r att schemal\u00e4gga och spela in material direkt p\u00e5 en extern h\u00e5rddisk eller USB-minne f\u00f6r att kunna ta del av n\u00e4r det passar dig. Anslut ett USB-minne och dela enkelt ditt inneh\u00e5ll fr\u00e5n din dator till din TV och tittar smidigt p\u00e5 bilder fr\u00e5n semestern eller spelar upp musik och film.<\/p>\n","protected":false},"excerpt":{"rendered":"<p>CHAMPION TV LED 55&#8243; Eled UNB 4K Sm\/Wifi<\/p>\n<p>&nbsp;<\/p>\n","protected":false},"featured_media":90623,"template":"","meta":[],"product_brand":[],"product_cat":[60,85],"product_tag":[],"class_list":{"0":"post-90619","1":"product","2":"type-product","3":"status-publish","4":"has-post-thumbnail","6":"product_cat-hemelektronik","7":"product_cat-tv-apparater","9":"first","10":"outofstock","11":"taxable","12":"shipping-taxable","13":"product-type-simple"},"yoast_head":"<!-- This site is optimized with the Yoast SEO Premium plugin v26.7 (Yoast SEO v26.7) - https:\/\/yoast.com\/wordpress\/plugins\/seo\/ -->\n<title>CHAMPION TV LED 55&quot; Eled UNB 4K Sm\/Wifi<\/title>\n<meta name=\"description\" content=\"CHAMPION TV LED 55&quot; Eled UNB 4K Sm\/Wifi\" \/>\n<meta name=\"robots\" content=\"index, follow, max-snippet:-1, max-image-preview:large, max-video-preview:-1\" \/>\n<link rel=\"canonical\" href=\"https:\/\/www.heddata.se\/webbutik\/produkt\/champion-tv-led-55-eled-unb-4k-sm-wifi\/\" \/>\n<meta property=\"og:locale\" content=\"sv_SE\" \/>\n<meta property=\"og:type\" content=\"article\" \/>\n<meta property=\"og:title\" content=\"CHAMPION TV LED 55&quot; Eled UNB 4K Sm\/Wifi\" \/>\n<meta property=\"og:description\" content=\"CHAMPION TV LED 55&quot; Eled UNB 4K Sm\/Wifi\" \/>\n<meta property=\"og:url\" content=\"https:\/\/www.heddata.se\/webbutik\/produkt\/champion-tv-led-55-eled-unb-4k-sm-wifi\/\" \/>\n<meta property=\"og:site_name\" content=\"Datorer, Skrivare, F\u00e4rgpatroner, Mobiltelefoner\" \/>\n<meta property=\"article:modified_time\" content=\"2026-04-07T07:41:56+00:00\" \/>\n<meta property=\"og:image\" content=\"https:\/\/www.heddata.se\/webbutik\/wp-content\/uploads\/webbutik\/kategorier\/tv\/chled55eunb4k.jpg\" \/>\n\t<meta property=\"og:image:width\" content=\"1024\" \/>\n\t<meta property=\"og:image:height\" content=\"1024\" \/>\n\t<meta property=\"og:image:type\" content=\"image\/jpeg\" \/>\n<meta name=\"twitter:card\" content=\"summary_large_image\" \/>\n<meta name=\"twitter:label1\" content=\"Ber\u00e4knad l\u00e4stid\" \/>\n\t<meta name=\"twitter:data1\" content=\"2 minuter\" \/>\n<script type=\"application\/ld+json\" class=\"yoast-schema-graph\">{\"@context\":\"https:\/\/schema.org\",\"@graph\":[{\"@type\":\"WebPage\",\"@id\":\"https:\/\/www.heddata.se\/webbutik\/produkt\/champion-tv-led-55-eled-unb-4k-sm-wifi\/\",\"url\":\"https:\/\/www.heddata.se\/webbutik\/produkt\/champion-tv-led-55-eled-unb-4k-sm-wifi\/\",\"name\":\"CHAMPION TV LED 55\\\" Eled UNB 4K Sm\/Wifi\",\"isPartOf\":{\"@id\":\"https:\/\/www.heddata.se\/webbutik\/#website\"},\"primaryImageOfPage\":{\"@id\":\"https:\/\/www.heddata.se\/webbutik\/produkt\/champion-tv-led-55-eled-unb-4k-sm-wifi\/#primaryimage\"},\"image\":{\"@id\":\"https:\/\/www.heddata.se\/webbutik\/produkt\/champion-tv-led-55-eled-unb-4k-sm-wifi\/#primaryimage\"},\"thumbnailUrl\":\"https:\/\/www.heddata.se\/webbutik\/wp-content\/uploads\/webbutik\/kategorier\/tv\/chled55eunb4k.jpg\",\"datePublished\":\"2020-11-05T11:18:10+00:00\",\"dateModified\":\"2026-04-07T07:41:56+00:00\",\"description\":\"CHAMPION TV LED 55\\\" Eled UNB 4K Sm\/Wifi\",\"breadcrumb\":{\"@id\":\"https:\/\/www.heddata.se\/webbutik\/produkt\/champion-tv-led-55-eled-unb-4k-sm-wifi\/#breadcrumb\"},\"inLanguage\":\"sv-SE\",\"potentialAction\":[{\"@type\":\"ReadAction\",\"target\":[\"https:\/\/www.heddata.se\/webbutik\/produkt\/champion-tv-led-55-eled-unb-4k-sm-wifi\/\"]}]},{\"@type\":\"ImageObject\",\"inLanguage\":\"sv-SE\",\"@id\":\"https:\/\/www.heddata.se\/webbutik\/produkt\/champion-tv-led-55-eled-unb-4k-sm-wifi\/#primaryimage\",\"url\":\"https:\/\/www.heddata.se\/webbutik\/wp-content\/uploads\/webbutik\/kategorier\/tv\/chled55eunb4k.jpg\",\"contentUrl\":\"https:\/\/www.heddata.se\/webbutik\/wp-content\/uploads\/webbutik\/kategorier\/tv\/chled55eunb4k.jpg\",\"width\":1024,\"height\":1024,\"caption\":\"CHAMPION TV LED 55\\\"\"},{\"@type\":\"BreadcrumbList\",\"@id\":\"https:\/\/www.heddata.se\/webbutik\/produkt\/champion-tv-led-55-eled-unb-4k-sm-wifi\/#breadcrumb\",\"itemListElement\":[{\"@type\":\"ListItem\",\"position\":1,\"name\":\"Hem\",\"item\":\"https:\/\/www.heddata.se\/webbutik\/\"},{\"@type\":\"ListItem\",\"position\":2,\"name\":\"Produkter\",\"item\":\"https:\/\/www.heddata.se\/webbutik\/shop\/\"},{\"@type\":\"ListItem\",\"position\":3,\"name\":\"CHAMPION TV LED 55&#8243; Eled UNB 4K Sm\/Wifi\"}]},{\"@type\":\"WebSite\",\"@id\":\"https:\/\/www.heddata.se\/webbutik\/#website\",\"url\":\"https:\/\/www.heddata.se\/webbutik\/\",\"name\":\"Datorer, Skrivare, F\u00e4rgpatroner, Mobiltelefoner\",\"description\":\"Kablar\",\"publisher\":{\"@id\":\"https:\/\/www.heddata.se\/webbutik\/#organization\"},\"potentialAction\":[{\"@type\":\"SearchAction\",\"target\":{\"@type\":\"EntryPoint\",\"urlTemplate\":\"https:\/\/www.heddata.se\/webbutik\/?s={search_term_string}\"},\"query-input\":{\"@type\":\"PropertyValueSpecification\",\"valueRequired\":true,\"valueName\":\"search_term_string\"}}],\"inLanguage\":\"sv-SE\"},{\"@type\":\"Organization\",\"@id\":\"https:\/\/www.heddata.se\/webbutik\/#organization\",\"name\":\"Heddata AB\",\"url\":\"https:\/\/www.heddata.se\/webbutik\/\",\"logo\":{\"@type\":\"ImageObject\",\"inLanguage\":\"sv-SE\",\"@id\":\"https:\/\/www.heddata.se\/webbutik\/#\/schema\/logo\/image\/\",\"url\":\"https:\/\/www.heddata.se\/webbutik\/wp-content\/uploads\/logga\/heddata-ab-logga.png\",\"contentUrl\":\"https:\/\/www.heddata.se\/webbutik\/wp-content\/uploads\/logga\/heddata-ab-logga.png\",\"width\":200,\"height\":64,\"caption\":\"Heddata AB\"},\"image\":{\"@id\":\"https:\/\/www.heddata.se\/webbutik\/#\/schema\/logo\/image\/\"}}]}<\/script>\n<!-- \/ Yoast SEO Premium plugin. -->","yoast_head_json":{"title":"CHAMPION TV LED 55\" Eled UNB 4K Sm\/Wifi","description":"CHAMPION TV LED 55\" Eled UNB 4K Sm\/Wifi","robots":{"index":"index","follow":"follow","max-snippet":"max-snippet:-1","max-image-preview":"max-image-preview:large","max-video-preview":"max-video-preview:-1"},"canonical":"https:\/\/www.heddata.se\/webbutik\/produkt\/champion-tv-led-55-eled-unb-4k-sm-wifi\/","og_locale":"sv_SE","og_type":"article","og_title":"CHAMPION TV LED 55\" Eled UNB 4K Sm\/Wifi","og_description":"CHAMPION TV LED 55\" Eled UNB 4K Sm\/Wifi","og_url":"https:\/\/www.heddata.se\/webbutik\/produkt\/champion-tv-led-55-eled-unb-4k-sm-wifi\/","og_site_name":"Datorer, Skrivare, F\u00e4rgpatroner, Mobiltelefoner","article_modified_time":"2026-04-07T07:41:56+00:00","og_image":[{"width":1024,"height":1024,"url":"https:\/\/www.heddata.se\/webbutik\/wp-content\/uploads\/webbutik\/kategorier\/tv\/chled55eunb4k.jpg","type":"image\/jpeg"}],"twitter_card":"summary_large_image","twitter_misc":{"Ber\u00e4knad l\u00e4stid":"2 minuter"},"schema":{"@context":"https:\/\/schema.org","@graph":[{"@type":"WebPage","@id":"https:\/\/www.heddata.se\/webbutik\/produkt\/champion-tv-led-55-eled-unb-4k-sm-wifi\/","url":"https:\/\/www.heddata.se\/webbutik\/produkt\/champion-tv-led-55-eled-unb-4k-sm-wifi\/","name":"CHAMPION TV LED 55\" Eled UNB 4K Sm\/Wifi","isPartOf":{"@id":"https:\/\/www.heddata.se\/webbutik\/#website"},"primaryImageOfPage":{"@id":"https:\/\/www.heddata.se\/webbutik\/produkt\/champion-tv-led-55-eled-unb-4k-sm-wifi\/#primaryimage"},"image":{"@id":"https:\/\/www.heddata.se\/webbutik\/produkt\/champion-tv-led-55-eled-unb-4k-sm-wifi\/#primaryimage"},"thumbnailUrl":"https:\/\/www.heddata.se\/webbutik\/wp-content\/uploads\/webbutik\/kategorier\/tv\/chled55eunb4k.jpg","datePublished":"2020-11-05T11:18:10+00:00","dateModified":"2026-04-07T07:41:56+00:00","description":"CHAMPION TV LED 55\" Eled UNB 4K Sm\/Wifi","breadcrumb":{"@id":"https:\/\/www.heddata.se\/webbutik\/produkt\/champion-tv-led-55-eled-unb-4k-sm-wifi\/#breadcrumb"},"inLanguage":"sv-SE","potentialAction":[{"@type":"ReadAction","target":["https:\/\/www.heddata.se\/webbutik\/produkt\/champion-tv-led-55-eled-unb-4k-sm-wifi\/"]}]},{"@type":"ImageObject","inLanguage":"sv-SE","@id":"https:\/\/www.heddata.se\/webbutik\/produkt\/champion-tv-led-55-eled-unb-4k-sm-wifi\/#primaryimage","url":"https:\/\/www.heddata.se\/webbutik\/wp-content\/uploads\/webbutik\/kategorier\/tv\/chled55eunb4k.jpg","contentUrl":"https:\/\/www.heddata.se\/webbutik\/wp-content\/uploads\/webbutik\/kategorier\/tv\/chled55eunb4k.jpg","width":1024,"height":1024,"caption":"CHAMPION TV LED 55\""},{"@type":"BreadcrumbList","@id":"https:\/\/www.heddata.se\/webbutik\/produkt\/champion-tv-led-55-eled-unb-4k-sm-wifi\/#breadcrumb","itemListElement":[{"@type":"ListItem","position":1,"name":"Hem","item":"https:\/\/www.heddata.se\/webbutik\/"},{"@type":"ListItem","position":2,"name":"Produkter","item":"https:\/\/www.heddata.se\/webbutik\/shop\/"},{"@type":"ListItem","position":3,"name":"CHAMPION TV LED 55&#8243; Eled UNB 4K Sm\/Wifi"}]},{"@type":"WebSite","@id":"https:\/\/www.heddata.se\/webbutik\/#website","url":"https:\/\/www.heddata.se\/webbutik\/","name":"Datorer, Skrivare, F\u00e4rgpatroner, Mobiltelefoner","description":"Kablar","publisher":{"@id":"https:\/\/www.heddata.se\/webbutik\/#organization"},"potentialAction":[{"@type":"SearchAction","target":{"@type":"EntryPoint","urlTemplate":"https:\/\/www.heddata.se\/webbutik\/?s={search_term_string}"},"query-input":{"@type":"PropertyValueSpecification","valueRequired":true,"valueName":"search_term_string"}}],"inLanguage":"sv-SE"},{"@type":"Organization","@id":"https:\/\/www.heddata.se\/webbutik\/#organization","name":"Heddata AB","url":"https:\/\/www.heddata.se\/webbutik\/","logo":{"@type":"ImageObject","inLanguage":"sv-SE","@id":"https:\/\/www.heddata.se\/webbutik\/#\/schema\/logo\/image\/","url":"https:\/\/www.heddata.se\/webbutik\/wp-content\/uploads\/logga\/heddata-ab-logga.png","contentUrl":"https:\/\/www.heddata.se\/webbutik\/wp-content\/uploads\/logga\/heddata-ab-logga.png","width":200,"height":64,"caption":"Heddata AB"},"image":{"@id":"https:\/\/www.heddata.se\/webbutik\/#\/schema\/logo\/image\/"}}]}},"_links":{"self":[{"href":"https:\/\/www.heddata.se\/webbutik\/wp-json\/wp\/v2\/product\/90619","targetHints":{"allow":["GET"]}}],"collection":[{"href":"https:\/\/www.heddata.se\/webbutik\/wp-json\/wp\/v2\/product"}],"about":[{"href":"https:\/\/www.heddata.se\/webbutik\/wp-json\/wp\/v2\/types\/product"}],"wp:featuredmedia":[{"embeddable":true,"href":"https:\/\/www.heddata.se\/webbutik\/wp-json\/wp\/v2\/media\/90623"}],"wp:attachment":[{"href":"https:\/\/www.heddata.se\/webbutik\/wp-json\/wp\/v2\/media?parent=90619"}],"wp:term":[{"taxonomy":"product_brand","embeddable":true,"href":"https:\/\/www.heddata.se\/webbutik\/wp-json\/wp\/v2\/product_brand?post=90619"},{"taxonomy":"product_cat","embeddable":true,"href":"https:\/\/www.heddata.se\/webbutik\/wp-json\/wp\/v2\/product_cat?post=90619"},{"taxonomy":"product_tag","embeddable":true,"href":"https:\/\/www.heddata.se\/webbutik\/wp-json\/wp\/v2\/product_tag?post=90619"}],"curies":[{"name":"wp","href":"https:\/\/api.w.org\/{rel}","templated":true}]}}