{"id":90391,"date":"2020-10-08T11:18:04","date_gmt":"2020-10-08T09:18:04","guid":{"rendered":"https:\/\/www.heddata.se\/webbutik\/?post_type=product&#038;p=90391"},"modified":"2026-04-03T18:10:10","modified_gmt":"2026-04-03T16:10:10","slug":"halslag-rapid-10-ark-black-magic","status":"publish","type":"product","link":"https:\/\/www.heddata.se\/webbutik\/produkt\/halslag-rapid-10-ark-black-magic\/","title":{"rendered":"H\u00e5lslag RAPID 10 ark Black Magic"},"content":{"rendered":"<p>H\u00e5lslag RAPID 10 ark Black Magic<\/p>\n<p><b>Rapid\u00ae h\u00e5lslagaren \u00e4r utformad f\u00f6r att stansa 10 ark p\u00e5 80\u00a0g\/m\u00b2 p\u00e5 ett effektivt s\u00e4tt och den \u00e4r l\u00e4mplig f\u00f6r anv\u00e4ndning i hemmet, i skolan och p\u00e5 kontoret.<\/b><\/p>\n<p><a href=\"https:\/\/office.rapid.com\/sv-se\/\" target=\"_blank\" rel=\"noopener noreferrer\">Rapid\u00ae<\/a> h\u00e5lslagare g\u00f6r att du kan organisera dina fakturor, r\u00e4kningar och viktiga dokument p\u00e5 ett prydligt s\u00e4tt. <a href=\"https:\/\/www.heddata.se\/webbutik\/kontorstillbehor\/\">H\u00e5lslagaren<\/a> har en st\u00e4llskena, vilket ger exakta stansningar f\u00f6r pappersformaten A6, A5, A4 och fler d\u00e4rtill. Den h\u00e4r h\u00e5lslagaren i metall g\u00f6r fyra h\u00e5l och kan anv\u00e4ndas l\u00e4nge.<\/p>\n<p>H\u00e5lslagaren \u00e4r kompatibel med A6-, A5- och A4-pappersformat<\/p>\n<p>Passar f\u00f6r hemmet, skolan eller kontoret<\/p>\n<p>Inkluderar st\u00e4llskena<\/p>\n<p>Material: Metall och etylenvinylacetat (EVA)<\/p>\n<p>H\u00e5lslagskapacitet: 10\u00a0ark<\/p>\n<p>Antal perforeringar: 4<\/p>\n<p>F\u00e4rg: Svart magi<\/p>\n<p>Vikt: 600 g<\/p>\n<p>M\u00e5tt: 70 x 150 x 100\u00a0mm<\/p>\n","protected":false},"excerpt":{"rendered":"<p>H\u00e5lslag RAPID 10 ark Black Magic<\/p>\n","protected":false},"featured_media":90395,"template":"","meta":[],"product_brand":[],"product_cat":[68],"product_tag":[],"class_list":{"0":"post-90391","1":"product","2":"type-product","3":"status-publish","4":"has-post-thumbnail","6":"product_cat-kontorstillbehor","8":"first","9":"instock","10":"taxable","11":"shipping-taxable","12":"purchasable","13":"product-type-simple"},"yoast_head":"<!-- This site is optimized with the Yoast SEO Premium plugin v26.7 (Yoast SEO v26.7) - https:\/\/yoast.com\/wordpress\/plugins\/seo\/ -->\n<title>H\u00e5lslag RAPID 10 ark Black Magic f\u00f6r 10 ark p\u00e5 80 g\/m<\/title>\n<meta name=\"description\" content=\"H\u00e5lslag RAPID 10 ark Black Magic h\u00e5lslagaren \u00e4r utformad f\u00f6r att stansa 10 ark p\u00e5 80\u00a0g\/m\u00b2 p\u00e5 ett effektivt s\u00e4tt och den \u00e4r l\u00e4mplig f\u00f6r hemmet\" \/>\n<meta name=\"robots\" content=\"index, follow, max-snippet:-1, max-image-preview:large, max-video-preview:-1\" \/>\n<link rel=\"canonical\" href=\"https:\/\/www.heddata.se\/webbutik\/produkt\/halslag-rapid-10-ark-black-magic\/\" \/>\n<meta property=\"og:locale\" content=\"sv_SE\" \/>\n<meta property=\"og:type\" content=\"article\" \/>\n<meta property=\"og:title\" content=\"H\u00e5lslag RAPID 10 ark Black Magic\" \/>\n<meta property=\"og:description\" content=\"H\u00e5lslag RAPID 10 ark Black Magic h\u00e5lslagaren \u00e4r utformad f\u00f6r att stansa 10 ark p\u00e5 80\u00a0g\/m\u00b2 p\u00e5 ett effektivt s\u00e4tt och den \u00e4r l\u00e4mplig f\u00f6r hemmet\" \/>\n<meta property=\"og:url\" content=\"https:\/\/www.heddata.se\/webbutik\/produkt\/halslag-rapid-10-ark-black-magic\/\" \/>\n<meta property=\"og:site_name\" content=\"Datorer, Skrivare, F\u00e4rgpatroner, Mobiltelefoner\" \/>\n<meta property=\"article:modified_time\" content=\"2026-04-03T16:10:10+00:00\" \/>\n<meta property=\"og:image\" content=\"https:\/\/www.heddata.se\/webbutik\/wp-content\/uploads\/webbutik\/kategorier\/kontorstillbehor\/halslag-rapid.jpg\" \/>\n\t<meta property=\"og:image:width\" content=\"640\" \/>\n\t<meta property=\"og:image:height\" content=\"640\" \/>\n\t<meta property=\"og:image:type\" content=\"image\/jpeg\" \/>\n<meta name=\"twitter:card\" content=\"summary_large_image\" \/>\n<meta name=\"twitter:label1\" content=\"Ber\u00e4knad l\u00e4stid\" \/>\n\t<meta name=\"twitter:data1\" content=\"1 minut\" \/>\n<script type=\"application\/ld+json\" class=\"yoast-schema-graph\">{\"@context\":\"https:\/\/schema.org\",\"@graph\":[{\"@type\":\"WebPage\",\"@id\":\"https:\/\/www.heddata.se\/webbutik\/produkt\/halslag-rapid-10-ark-black-magic\/\",\"url\":\"https:\/\/www.heddata.se\/webbutik\/produkt\/halslag-rapid-10-ark-black-magic\/\",\"name\":\"H\u00e5lslag RAPID 10 ark Black Magic f\u00f6r 10 ark p\u00e5 80 g\/m\",\"isPartOf\":{\"@id\":\"https:\/\/www.heddata.se\/webbutik\/#website\"},\"primaryImageOfPage\":{\"@id\":\"https:\/\/www.heddata.se\/webbutik\/produkt\/halslag-rapid-10-ark-black-magic\/#primaryimage\"},\"image\":{\"@id\":\"https:\/\/www.heddata.se\/webbutik\/produkt\/halslag-rapid-10-ark-black-magic\/#primaryimage\"},\"thumbnailUrl\":\"https:\/\/www.heddata.se\/webbutik\/wp-content\/uploads\/webbutik\/kategorier\/kontorstillbehor\/halslag-rapid.jpg\",\"datePublished\":\"2020-10-08T09:18:04+00:00\",\"dateModified\":\"2026-04-03T16:10:10+00:00\",\"description\":\"H\u00e5lslag RAPID 10 ark Black Magic h\u00e5lslagaren \u00e4r utformad f\u00f6r att stansa 10 ark p\u00e5 80\u00a0g\/m\u00b2 p\u00e5 ett effektivt s\u00e4tt och den \u00e4r l\u00e4mplig f\u00f6r hemmet\",\"breadcrumb\":{\"@id\":\"https:\/\/www.heddata.se\/webbutik\/produkt\/halslag-rapid-10-ark-black-magic\/#breadcrumb\"},\"inLanguage\":\"sv-SE\",\"potentialAction\":[{\"@type\":\"ReadAction\",\"target\":[\"https:\/\/www.heddata.se\/webbutik\/produkt\/halslag-rapid-10-ark-black-magic\/\"]}]},{\"@type\":\"ImageObject\",\"inLanguage\":\"sv-SE\",\"@id\":\"https:\/\/www.heddata.se\/webbutik\/produkt\/halslag-rapid-10-ark-black-magic\/#primaryimage\",\"url\":\"https:\/\/www.heddata.se\/webbutik\/wp-content\/uploads\/webbutik\/kategorier\/kontorstillbehor\/halslag-rapid.jpg\",\"contentUrl\":\"https:\/\/www.heddata.se\/webbutik\/wp-content\/uploads\/webbutik\/kategorier\/kontorstillbehor\/halslag-rapid.jpg\",\"width\":640,\"height\":640,\"caption\":\"H\u00e5lslag RAPID 10 ark\"},{\"@type\":\"BreadcrumbList\",\"@id\":\"https:\/\/www.heddata.se\/webbutik\/produkt\/halslag-rapid-10-ark-black-magic\/#breadcrumb\",\"itemListElement\":[{\"@type\":\"ListItem\",\"position\":1,\"name\":\"Hem\",\"item\":\"https:\/\/www.heddata.se\/webbutik\/\"},{\"@type\":\"ListItem\",\"position\":2,\"name\":\"Produkter\",\"item\":\"https:\/\/www.heddata.se\/webbutik\/shop\/\"},{\"@type\":\"ListItem\",\"position\":3,\"name\":\"H\u00e5lslag RAPID 10 ark Black Magic\"}]},{\"@type\":\"WebSite\",\"@id\":\"https:\/\/www.heddata.se\/webbutik\/#website\",\"url\":\"https:\/\/www.heddata.se\/webbutik\/\",\"name\":\"Datorer, Skrivare, F\u00e4rgpatroner, Mobiltelefoner\",\"description\":\"Kablar\",\"publisher\":{\"@id\":\"https:\/\/www.heddata.se\/webbutik\/#organization\"},\"potentialAction\":[{\"@type\":\"SearchAction\",\"target\":{\"@type\":\"EntryPoint\",\"urlTemplate\":\"https:\/\/www.heddata.se\/webbutik\/?s={search_term_string}\"},\"query-input\":{\"@type\":\"PropertyValueSpecification\",\"valueRequired\":true,\"valueName\":\"search_term_string\"}}],\"inLanguage\":\"sv-SE\"},{\"@type\":\"Organization\",\"@id\":\"https:\/\/www.heddata.se\/webbutik\/#organization\",\"name\":\"Heddata AB\",\"url\":\"https:\/\/www.heddata.se\/webbutik\/\",\"logo\":{\"@type\":\"ImageObject\",\"inLanguage\":\"sv-SE\",\"@id\":\"https:\/\/www.heddata.se\/webbutik\/#\/schema\/logo\/image\/\",\"url\":\"https:\/\/www.heddata.se\/webbutik\/wp-content\/uploads\/logga\/heddata-ab-logga.png\",\"contentUrl\":\"https:\/\/www.heddata.se\/webbutik\/wp-content\/uploads\/logga\/heddata-ab-logga.png\",\"width\":200,\"height\":64,\"caption\":\"Heddata AB\"},\"image\":{\"@id\":\"https:\/\/www.heddata.se\/webbutik\/#\/schema\/logo\/image\/\"}}]}<\/script>\n<!-- \/ Yoast SEO Premium plugin. -->","yoast_head_json":{"title":"H\u00e5lslag RAPID 10 ark Black Magic f\u00f6r 10 ark p\u00e5 80 g\/m","description":"H\u00e5lslag RAPID 10 ark Black Magic h\u00e5lslagaren \u00e4r utformad f\u00f6r att stansa 10 ark p\u00e5 80\u00a0g\/m\u00b2 p\u00e5 ett effektivt s\u00e4tt och den \u00e4r l\u00e4mplig f\u00f6r hemmet","robots":{"index":"index","follow":"follow","max-snippet":"max-snippet:-1","max-image-preview":"max-image-preview:large","max-video-preview":"max-video-preview:-1"},"canonical":"https:\/\/www.heddata.se\/webbutik\/produkt\/halslag-rapid-10-ark-black-magic\/","og_locale":"sv_SE","og_type":"article","og_title":"H\u00e5lslag RAPID 10 ark Black Magic","og_description":"H\u00e5lslag RAPID 10 ark Black Magic h\u00e5lslagaren \u00e4r utformad f\u00f6r att stansa 10 ark p\u00e5 80\u00a0g\/m\u00b2 p\u00e5 ett effektivt s\u00e4tt och den \u00e4r l\u00e4mplig f\u00f6r hemmet","og_url":"https:\/\/www.heddata.se\/webbutik\/produkt\/halslag-rapid-10-ark-black-magic\/","og_site_name":"Datorer, Skrivare, F\u00e4rgpatroner, Mobiltelefoner","article_modified_time":"2026-04-03T16:10:10+00:00","og_image":[{"width":640,"height":640,"url":"https:\/\/www.heddata.se\/webbutik\/wp-content\/uploads\/webbutik\/kategorier\/kontorstillbehor\/halslag-rapid.jpg","type":"image\/jpeg"}],"twitter_card":"summary_large_image","twitter_misc":{"Ber\u00e4knad l\u00e4stid":"1 minut"},"schema":{"@context":"https:\/\/schema.org","@graph":[{"@type":"WebPage","@id":"https:\/\/www.heddata.se\/webbutik\/produkt\/halslag-rapid-10-ark-black-magic\/","url":"https:\/\/www.heddata.se\/webbutik\/produkt\/halslag-rapid-10-ark-black-magic\/","name":"H\u00e5lslag RAPID 10 ark Black Magic f\u00f6r 10 ark p\u00e5 80 g\/m","isPartOf":{"@id":"https:\/\/www.heddata.se\/webbutik\/#website"},"primaryImageOfPage":{"@id":"https:\/\/www.heddata.se\/webbutik\/produkt\/halslag-rapid-10-ark-black-magic\/#primaryimage"},"image":{"@id":"https:\/\/www.heddata.se\/webbutik\/produkt\/halslag-rapid-10-ark-black-magic\/#primaryimage"},"thumbnailUrl":"https:\/\/www.heddata.se\/webbutik\/wp-content\/uploads\/webbutik\/kategorier\/kontorstillbehor\/halslag-rapid.jpg","datePublished":"2020-10-08T09:18:04+00:00","dateModified":"2026-04-03T16:10:10+00:00","description":"H\u00e5lslag RAPID 10 ark Black Magic h\u00e5lslagaren \u00e4r utformad f\u00f6r att stansa 10 ark p\u00e5 80\u00a0g\/m\u00b2 p\u00e5 ett effektivt s\u00e4tt och den \u00e4r l\u00e4mplig f\u00f6r hemmet","breadcrumb":{"@id":"https:\/\/www.heddata.se\/webbutik\/produkt\/halslag-rapid-10-ark-black-magic\/#breadcrumb"},"inLanguage":"sv-SE","potentialAction":[{"@type":"ReadAction","target":["https:\/\/www.heddata.se\/webbutik\/produkt\/halslag-rapid-10-ark-black-magic\/"]}]},{"@type":"ImageObject","inLanguage":"sv-SE","@id":"https:\/\/www.heddata.se\/webbutik\/produkt\/halslag-rapid-10-ark-black-magic\/#primaryimage","url":"https:\/\/www.heddata.se\/webbutik\/wp-content\/uploads\/webbutik\/kategorier\/kontorstillbehor\/halslag-rapid.jpg","contentUrl":"https:\/\/www.heddata.se\/webbutik\/wp-content\/uploads\/webbutik\/kategorier\/kontorstillbehor\/halslag-rapid.jpg","width":640,"height":640,"caption":"H\u00e5lslag RAPID 10 ark"},{"@type":"BreadcrumbList","@id":"https:\/\/www.heddata.se\/webbutik\/produkt\/halslag-rapid-10-ark-black-magic\/#breadcrumb","itemListElement":[{"@type":"ListItem","position":1,"name":"Hem","item":"https:\/\/www.heddata.se\/webbutik\/"},{"@type":"ListItem","position":2,"name":"Produkter","item":"https:\/\/www.heddata.se\/webbutik\/shop\/"},{"@type":"ListItem","position":3,"name":"H\u00e5lslag RAPID 10 ark Black Magic"}]},{"@type":"WebSite","@id":"https:\/\/www.heddata.se\/webbutik\/#website","url":"https:\/\/www.heddata.se\/webbutik\/","name":"Datorer, Skrivare, F\u00e4rgpatroner, Mobiltelefoner","description":"Kablar","publisher":{"@id":"https:\/\/www.heddata.se\/webbutik\/#organization"},"potentialAction":[{"@type":"SearchAction","target":{"@type":"EntryPoint","urlTemplate":"https:\/\/www.heddata.se\/webbutik\/?s={search_term_string}"},"query-input":{"@type":"PropertyValueSpecification","valueRequired":true,"valueName":"search_term_string"}}],"inLanguage":"sv-SE"},{"@type":"Organization","@id":"https:\/\/www.heddata.se\/webbutik\/#organization","name":"Heddata AB","url":"https:\/\/www.heddata.se\/webbutik\/","logo":{"@type":"ImageObject","inLanguage":"sv-SE","@id":"https:\/\/www.heddata.se\/webbutik\/#\/schema\/logo\/image\/","url":"https:\/\/www.heddata.se\/webbutik\/wp-content\/uploads\/logga\/heddata-ab-logga.png","contentUrl":"https:\/\/www.heddata.se\/webbutik\/wp-content\/uploads\/logga\/heddata-ab-logga.png","width":200,"height":64,"caption":"Heddata AB"},"image":{"@id":"https:\/\/www.heddata.se\/webbutik\/#\/schema\/logo\/image\/"}}]}},"_links":{"self":[{"href":"https:\/\/www.heddata.se\/webbutik\/wp-json\/wp\/v2\/product\/90391","targetHints":{"allow":["GET"]}}],"collection":[{"href":"https:\/\/www.heddata.se\/webbutik\/wp-json\/wp\/v2\/product"}],"about":[{"href":"https:\/\/www.heddata.se\/webbutik\/wp-json\/wp\/v2\/types\/product"}],"wp:featuredmedia":[{"embeddable":true,"href":"https:\/\/www.heddata.se\/webbutik\/wp-json\/wp\/v2\/media\/90395"}],"wp:attachment":[{"href":"https:\/\/www.heddata.se\/webbutik\/wp-json\/wp\/v2\/media?parent=90391"}],"wp:term":[{"taxonomy":"product_brand","embeddable":true,"href":"https:\/\/www.heddata.se\/webbutik\/wp-json\/wp\/v2\/product_brand?post=90391"},{"taxonomy":"product_cat","embeddable":true,"href":"https:\/\/www.heddata.se\/webbutik\/wp-json\/wp\/v2\/product_cat?post=90391"},{"taxonomy":"product_tag","embeddable":true,"href":"https:\/\/www.heddata.se\/webbutik\/wp-json\/wp\/v2\/product_tag?post=90391"}],"curies":[{"name":"wp","href":"https:\/\/api.w.org\/{rel}","templated":true}]}}