{"id":89600,"date":"2020-05-12T14:18:22","date_gmt":"2020-05-12T12:18:22","guid":{"rendered":"https:\/\/www.heddata.se\/webbutik\/?post_type=product&#038;p=89600"},"modified":"2026-04-09T11:11:29","modified_gmt":"2026-04-09T09:11:29","slug":"a4-professional-glossy-laser-150g","status":"publish","type":"product","link":"https:\/\/www.heddata.se\/webbutik\/produkt\/a4-professional-glossy-laser-150g\/","title":{"rendered":"A4 Professional Glossy Laser 150g"},"content":{"rendered":"<p>A4 Professional Glossy Laser 150g 150 st<\/p>\n<p>HP professionellt gl\u00e4ttat laserpapper ger imponerande broschyrer, flygblad och marknadsmaterial. Detta papper \u00e4r idealiskt n\u00e4r du vill skapa gl\u00e4ttade utskrifter som sticker ut fr\u00e5n m\u00e4ngden utan att l\u00e4mna kontoret. Du kan lita p\u00e5 att HP ger \u00f6verl\u00e4gsen, stabil prestanda.<\/p>\n<p>Detta robusta kritvita 150 g\/m\u00b2-papper ger dina utskrifter en professionell k\u00e4nsla. G\u00f6r ett omedelbart intryck med hj\u00e4lp av den extremt lena ytan och de rika, livfulla f\u00e4rgerna \u2013 man l\u00e4gger m\u00e4rke till det s\u00e5 fort man r\u00f6r vid det.<\/p>\n<p><a href=\"https:\/\/www8.hp.com\/se\/sv\/home.html\" target=\"_blank\" rel=\"noopener noreferrer\">HP<\/a> professionellt gl\u00e4ttat laserpapper har en len, gl\u00e4ttad finish som ger dina dokument rika f\u00e4rger och ett h\u00f6gkvalitativt utseende. F\u00e5 garanterat optimala prestanda med HP Color LaserJet-skrivare. Kompatibelt med de flesta andra laserskrivare och kopiatorer.<\/p>\n<p><a href=\"https:\/\/www.heddata.se\/webbutik\/skrivare-blackstrale-monolaser\/blackstraleskrivare\/\">Skriv<\/a> ut professionella aff\u00e4rsdokument inklusive brochyrer, flygblad och marknadsmaterial utan att beh\u00f6va l\u00e4mna kontoret. Det h\u00e4r tjocka, tunga papperet ger tydlig text och skarpa, levande f\u00e4rgbilder<\/p>\n","protected":false},"excerpt":{"rendered":"<p>A4 Professional Glossy Laser 150g<\/p>\n","protected":false},"featured_media":89667,"template":"","meta":[],"product_brand":[],"product_cat":[68],"product_tag":[],"class_list":{"0":"post-89600","1":"product","2":"type-product","3":"status-publish","4":"has-post-thumbnail","6":"product_cat-kontorstillbehor","8":"first","9":"instock","10":"taxable","11":"shipping-taxable","12":"purchasable","13":"product-type-simple"},"yoast_head":"<!-- This site is optimized with the Yoast SEO Premium plugin v26.7 (Yoast SEO v26.7) - https:\/\/yoast.com\/wordpress\/plugins\/seo\/ -->\n<title>A4 Professional Glossy Laser 150g professionellt gl\u00e4ttat laserpapper<\/title>\n<meta name=\"description\" content=\"A4 Professional Glossy Laser 150g professionellt gl\u00e4ttat laserpapper ger imponerande broschyrer, flygblad och marknadsmaterial.\" \/>\n<meta name=\"robots\" content=\"index, follow, max-snippet:-1, max-image-preview:large, max-video-preview:-1\" \/>\n<link rel=\"canonical\" href=\"https:\/\/www.heddata.se\/webbutik\/produkt\/a4-professional-glossy-laser-150g\/\" \/>\n<meta property=\"og:locale\" content=\"sv_SE\" \/>\n<meta property=\"og:type\" content=\"article\" \/>\n<meta property=\"og:title\" content=\"A4 Professional Glossy Laser 150g\" \/>\n<meta property=\"og:description\" content=\"A4 Professional Glossy Laser 150g professionellt gl\u00e4ttat laserpapper ger imponerande broschyrer, flygblad och marknadsmaterial.\" \/>\n<meta property=\"og:url\" content=\"https:\/\/www.heddata.se\/webbutik\/produkt\/a4-professional-glossy-laser-150g\/\" \/>\n<meta property=\"og:site_name\" content=\"Datorer, Skrivare, F\u00e4rgpatroner, Mobiltelefoner\" \/>\n<meta property=\"article:modified_time\" content=\"2026-04-09T09:11:29+00:00\" \/>\n<meta property=\"og:image\" content=\"https:\/\/www.heddata.se\/webbutik\/wp-content\/uploads\/webbutik\/kategorier\/kontorstillbehor\/cg965a.jpg\" \/>\n\t<meta property=\"og:image:width\" content=\"625\" \/>\n\t<meta property=\"og:image:height\" content=\"625\" \/>\n\t<meta property=\"og:image:type\" content=\"image\/jpeg\" \/>\n<meta name=\"twitter:card\" content=\"summary_large_image\" \/>\n<meta name=\"twitter:label1\" content=\"Ber\u00e4knad l\u00e4stid\" \/>\n\t<meta name=\"twitter:data1\" content=\"1 minut\" \/>\n<script type=\"application\/ld+json\" class=\"yoast-schema-graph\">{\"@context\":\"https:\/\/schema.org\",\"@graph\":[{\"@type\":\"WebPage\",\"@id\":\"https:\/\/www.heddata.se\/webbutik\/produkt\/a4-professional-glossy-laser-150g\/\",\"url\":\"https:\/\/www.heddata.se\/webbutik\/produkt\/a4-professional-glossy-laser-150g\/\",\"name\":\"A4 Professional Glossy Laser 150g professionellt gl\u00e4ttat laserpapper\",\"isPartOf\":{\"@id\":\"https:\/\/www.heddata.se\/webbutik\/#website\"},\"primaryImageOfPage\":{\"@id\":\"https:\/\/www.heddata.se\/webbutik\/produkt\/a4-professional-glossy-laser-150g\/#primaryimage\"},\"image\":{\"@id\":\"https:\/\/www.heddata.se\/webbutik\/produkt\/a4-professional-glossy-laser-150g\/#primaryimage\"},\"thumbnailUrl\":\"https:\/\/www.heddata.se\/webbutik\/wp-content\/uploads\/webbutik\/kategorier\/kontorstillbehor\/cg965a.jpg\",\"datePublished\":\"2020-05-12T12:18:22+00:00\",\"dateModified\":\"2026-04-09T09:11:29+00:00\",\"description\":\"A4 Professional Glossy Laser 150g professionellt gl\u00e4ttat laserpapper ger imponerande broschyrer, flygblad och marknadsmaterial.\",\"breadcrumb\":{\"@id\":\"https:\/\/www.heddata.se\/webbutik\/produkt\/a4-professional-glossy-laser-150g\/#breadcrumb\"},\"inLanguage\":\"sv-SE\",\"potentialAction\":[{\"@type\":\"ReadAction\",\"target\":[\"https:\/\/www.heddata.se\/webbutik\/produkt\/a4-professional-glossy-laser-150g\/\"]}]},{\"@type\":\"ImageObject\",\"inLanguage\":\"sv-SE\",\"@id\":\"https:\/\/www.heddata.se\/webbutik\/produkt\/a4-professional-glossy-laser-150g\/#primaryimage\",\"url\":\"https:\/\/www.heddata.se\/webbutik\/wp-content\/uploads\/webbutik\/kategorier\/kontorstillbehor\/cg965a.jpg\",\"contentUrl\":\"https:\/\/www.heddata.se\/webbutik\/wp-content\/uploads\/webbutik\/kategorier\/kontorstillbehor\/cg965a.jpg\",\"width\":625,\"height\":625,\"caption\":\"A4 Professional Glossy Laser\"},{\"@type\":\"BreadcrumbList\",\"@id\":\"https:\/\/www.heddata.se\/webbutik\/produkt\/a4-professional-glossy-laser-150g\/#breadcrumb\",\"itemListElement\":[{\"@type\":\"ListItem\",\"position\":1,\"name\":\"Hem\",\"item\":\"https:\/\/www.heddata.se\/webbutik\/\"},{\"@type\":\"ListItem\",\"position\":2,\"name\":\"Produkter\",\"item\":\"https:\/\/www.heddata.se\/webbutik\/shop\/\"},{\"@type\":\"ListItem\",\"position\":3,\"name\":\"A4 Professional Glossy Laser 150g\"}]},{\"@type\":\"WebSite\",\"@id\":\"https:\/\/www.heddata.se\/webbutik\/#website\",\"url\":\"https:\/\/www.heddata.se\/webbutik\/\",\"name\":\"Datorer, Skrivare, F\u00e4rgpatroner, Mobiltelefoner\",\"description\":\"Kablar\",\"publisher\":{\"@id\":\"https:\/\/www.heddata.se\/webbutik\/#organization\"},\"potentialAction\":[{\"@type\":\"SearchAction\",\"target\":{\"@type\":\"EntryPoint\",\"urlTemplate\":\"https:\/\/www.heddata.se\/webbutik\/?s={search_term_string}\"},\"query-input\":{\"@type\":\"PropertyValueSpecification\",\"valueRequired\":true,\"valueName\":\"search_term_string\"}}],\"inLanguage\":\"sv-SE\"},{\"@type\":\"Organization\",\"@id\":\"https:\/\/www.heddata.se\/webbutik\/#organization\",\"name\":\"Heddata AB\",\"url\":\"https:\/\/www.heddata.se\/webbutik\/\",\"logo\":{\"@type\":\"ImageObject\",\"inLanguage\":\"sv-SE\",\"@id\":\"https:\/\/www.heddata.se\/webbutik\/#\/schema\/logo\/image\/\",\"url\":\"https:\/\/www.heddata.se\/webbutik\/wp-content\/uploads\/logga\/heddata-ab-logga.png\",\"contentUrl\":\"https:\/\/www.heddata.se\/webbutik\/wp-content\/uploads\/logga\/heddata-ab-logga.png\",\"width\":200,\"height\":64,\"caption\":\"Heddata AB\"},\"image\":{\"@id\":\"https:\/\/www.heddata.se\/webbutik\/#\/schema\/logo\/image\/\"}}]}<\/script>\n<!-- \/ Yoast SEO Premium plugin. -->","yoast_head_json":{"title":"A4 Professional Glossy Laser 150g professionellt gl\u00e4ttat laserpapper","description":"A4 Professional Glossy Laser 150g professionellt gl\u00e4ttat laserpapper ger imponerande broschyrer, flygblad och marknadsmaterial.","robots":{"index":"index","follow":"follow","max-snippet":"max-snippet:-1","max-image-preview":"max-image-preview:large","max-video-preview":"max-video-preview:-1"},"canonical":"https:\/\/www.heddata.se\/webbutik\/produkt\/a4-professional-glossy-laser-150g\/","og_locale":"sv_SE","og_type":"article","og_title":"A4 Professional Glossy Laser 150g","og_description":"A4 Professional Glossy Laser 150g professionellt gl\u00e4ttat laserpapper ger imponerande broschyrer, flygblad och marknadsmaterial.","og_url":"https:\/\/www.heddata.se\/webbutik\/produkt\/a4-professional-glossy-laser-150g\/","og_site_name":"Datorer, Skrivare, F\u00e4rgpatroner, Mobiltelefoner","article_modified_time":"2026-04-09T09:11:29+00:00","og_image":[{"width":625,"height":625,"url":"https:\/\/www.heddata.se\/webbutik\/wp-content\/uploads\/webbutik\/kategorier\/kontorstillbehor\/cg965a.jpg","type":"image\/jpeg"}],"twitter_card":"summary_large_image","twitter_misc":{"Ber\u00e4knad l\u00e4stid":"1 minut"},"schema":{"@context":"https:\/\/schema.org","@graph":[{"@type":"WebPage","@id":"https:\/\/www.heddata.se\/webbutik\/produkt\/a4-professional-glossy-laser-150g\/","url":"https:\/\/www.heddata.se\/webbutik\/produkt\/a4-professional-glossy-laser-150g\/","name":"A4 Professional Glossy Laser 150g professionellt gl\u00e4ttat laserpapper","isPartOf":{"@id":"https:\/\/www.heddata.se\/webbutik\/#website"},"primaryImageOfPage":{"@id":"https:\/\/www.heddata.se\/webbutik\/produkt\/a4-professional-glossy-laser-150g\/#primaryimage"},"image":{"@id":"https:\/\/www.heddata.se\/webbutik\/produkt\/a4-professional-glossy-laser-150g\/#primaryimage"},"thumbnailUrl":"https:\/\/www.heddata.se\/webbutik\/wp-content\/uploads\/webbutik\/kategorier\/kontorstillbehor\/cg965a.jpg","datePublished":"2020-05-12T12:18:22+00:00","dateModified":"2026-04-09T09:11:29+00:00","description":"A4 Professional Glossy Laser 150g professionellt gl\u00e4ttat laserpapper ger imponerande broschyrer, flygblad och marknadsmaterial.","breadcrumb":{"@id":"https:\/\/www.heddata.se\/webbutik\/produkt\/a4-professional-glossy-laser-150g\/#breadcrumb"},"inLanguage":"sv-SE","potentialAction":[{"@type":"ReadAction","target":["https:\/\/www.heddata.se\/webbutik\/produkt\/a4-professional-glossy-laser-150g\/"]}]},{"@type":"ImageObject","inLanguage":"sv-SE","@id":"https:\/\/www.heddata.se\/webbutik\/produkt\/a4-professional-glossy-laser-150g\/#primaryimage","url":"https:\/\/www.heddata.se\/webbutik\/wp-content\/uploads\/webbutik\/kategorier\/kontorstillbehor\/cg965a.jpg","contentUrl":"https:\/\/www.heddata.se\/webbutik\/wp-content\/uploads\/webbutik\/kategorier\/kontorstillbehor\/cg965a.jpg","width":625,"height":625,"caption":"A4 Professional Glossy Laser"},{"@type":"BreadcrumbList","@id":"https:\/\/www.heddata.se\/webbutik\/produkt\/a4-professional-glossy-laser-150g\/#breadcrumb","itemListElement":[{"@type":"ListItem","position":1,"name":"Hem","item":"https:\/\/www.heddata.se\/webbutik\/"},{"@type":"ListItem","position":2,"name":"Produkter","item":"https:\/\/www.heddata.se\/webbutik\/shop\/"},{"@type":"ListItem","position":3,"name":"A4 Professional Glossy Laser 150g"}]},{"@type":"WebSite","@id":"https:\/\/www.heddata.se\/webbutik\/#website","url":"https:\/\/www.heddata.se\/webbutik\/","name":"Datorer, Skrivare, F\u00e4rgpatroner, Mobiltelefoner","description":"Kablar","publisher":{"@id":"https:\/\/www.heddata.se\/webbutik\/#organization"},"potentialAction":[{"@type":"SearchAction","target":{"@type":"EntryPoint","urlTemplate":"https:\/\/www.heddata.se\/webbutik\/?s={search_term_string}"},"query-input":{"@type":"PropertyValueSpecification","valueRequired":true,"valueName":"search_term_string"}}],"inLanguage":"sv-SE"},{"@type":"Organization","@id":"https:\/\/www.heddata.se\/webbutik\/#organization","name":"Heddata AB","url":"https:\/\/www.heddata.se\/webbutik\/","logo":{"@type":"ImageObject","inLanguage":"sv-SE","@id":"https:\/\/www.heddata.se\/webbutik\/#\/schema\/logo\/image\/","url":"https:\/\/www.heddata.se\/webbutik\/wp-content\/uploads\/logga\/heddata-ab-logga.png","contentUrl":"https:\/\/www.heddata.se\/webbutik\/wp-content\/uploads\/logga\/heddata-ab-logga.png","width":200,"height":64,"caption":"Heddata AB"},"image":{"@id":"https:\/\/www.heddata.se\/webbutik\/#\/schema\/logo\/image\/"}}]}},"_links":{"self":[{"href":"https:\/\/www.heddata.se\/webbutik\/wp-json\/wp\/v2\/product\/89600","targetHints":{"allow":["GET"]}}],"collection":[{"href":"https:\/\/www.heddata.se\/webbutik\/wp-json\/wp\/v2\/product"}],"about":[{"href":"https:\/\/www.heddata.se\/webbutik\/wp-json\/wp\/v2\/types\/product"}],"wp:featuredmedia":[{"embeddable":true,"href":"https:\/\/www.heddata.se\/webbutik\/wp-json\/wp\/v2\/media\/89667"}],"wp:attachment":[{"href":"https:\/\/www.heddata.se\/webbutik\/wp-json\/wp\/v2\/media?parent=89600"}],"wp:term":[{"taxonomy":"product_brand","embeddable":true,"href":"https:\/\/www.heddata.se\/webbutik\/wp-json\/wp\/v2\/product_brand?post=89600"},{"taxonomy":"product_cat","embeddable":true,"href":"https:\/\/www.heddata.se\/webbutik\/wp-json\/wp\/v2\/product_cat?post=89600"},{"taxonomy":"product_tag","embeddable":true,"href":"https:\/\/www.heddata.se\/webbutik\/wp-json\/wp\/v2\/product_tag?post=89600"}],"curies":[{"name":"wp","href":"https:\/\/api.w.org\/{rel}","templated":true}]}}