{"id":7303,"date":"2019-11-20T09:07:50","date_gmt":"2019-11-20T08:07:50","guid":{"rendered":"https:\/\/www.heddata.se\/webbutik\/?post_type=product&#038;p=7303"},"modified":"2026-04-06T18:10:11","modified_gmt":"2026-04-06T16:10:11","slug":"skarmfaste-for-skrivbord","status":"publish","type":"product","link":"https:\/\/www.heddata.se\/webbutik\/produkt\/skarmfaste-for-skrivbord\/","title":{"rendered":"Sk\u00e4rmf\u00e4ste f\u00f6r skrivbord | Arm f\u00f6r en sk\u00e4rm | Fullst\u00e4ndigt justerbar | &#8211; MMNTSI100BK"},"content":{"rendered":"<p class=\"readmore\" style=\"box-sizing: inherit; margin: 0px 0px 12px; max-height: none; color: #444444; font-family: Roboto, sans-serif; font-size: 16px; font-style: normal; font-variant-ligatures: normal; font-variant-caps: normal; font-weight: 300; letter-spacing: normal; orphans: 2; text-align: start; text-indent: 0px; text-transform: none; white-space: normal; widows: 2; word-spacing: 0px; -webkit-text-stroke-width: 0px; background-color: #ffffff; text-decoration-style: initial; text-decoration-color: initial;\" data-read-more-label=\"l\u00e4s mer &gt;&gt;\" data-read-less-label=\"Visa mindre\">Sk\u00e4rmf\u00e4ste f\u00f6r skrivbord fr\u00e5n <a href=\"https:\/\/webshop.nedis.se\/sv-se\/\" target=\"_blank\" rel=\"noopener noreferrer\">Nedis<\/a>. F\u00e4st din <a href=\"https:\/\/www.heddata.se\/webbutik\/datorer-tillbehor\/datorer\/\" target=\"_blank\" rel=\"noopener noreferrer\">dators<\/a> sk\u00e4rm p\u00e5 f\u00e4stet och rotera, vrid eller luta den tills den \u00e4r perfekt vinklad. Den levereras med alla n\u00f6dv\u00e4ndiga tillbeh\u00f6r f\u00f6r att g\u00f6ra monteringen snabb och enkel.<\/p>\n","protected":false},"excerpt":{"rendered":"<p>Sk\u00e4rmf\u00e4ste f\u00f6r skrivbord<\/p>\n","protected":false},"featured_media":8439,"template":"","meta":[],"product_brand":[],"product_cat":[65,3366],"product_tag":[],"class_list":{"0":"post-7303","1":"product","2":"type-product","3":"status-publish","4":"has-post-thumbnail","6":"product_cat-datorer-tillbehor","7":"product_cat-ovrigt-datortillbehor","9":"first","10":"instock","11":"taxable","12":"shipping-taxable","13":"purchasable","14":"product-type-simple"},"yoast_head":"<!-- This site is optimized with the Yoast SEO Premium plugin v26.7 (Yoast SEO v26.7) - https:\/\/yoast.com\/wordpress\/plugins\/seo\/ -->\n<title>Sk\u00e4rmf\u00e4ste f\u00f6r skrivbord | Arm f\u00f6r en sk\u00e4rm | Fullst\u00e4ndigt justerbar<\/title>\n<meta name=\"description\" content=\"Sk\u00e4rmf\u00e4ste f\u00f6r skrivbord. F\u00e4st din dators sk\u00e4rm p\u00e5 f\u00e4stet och rotera, vrid eller luta den tills den \u00e4r perfekt vinklad. Enkel montering\" \/>\n<meta name=\"robots\" content=\"index, follow, max-snippet:-1, max-image-preview:large, max-video-preview:-1\" \/>\n<link rel=\"canonical\" href=\"https:\/\/www.heddata.se\/webbutik\/produkt\/skarmfaste-for-skrivbord\/\" \/>\n<meta property=\"og:locale\" content=\"sv_SE\" \/>\n<meta property=\"og:type\" content=\"article\" \/>\n<meta property=\"og:title\" content=\"Sk\u00e4rmf\u00e4ste f\u00f6r skrivbord | Arm f\u00f6r en sk\u00e4rm | Fullst\u00e4ndigt justerbar | - MMNTSI100BK\" \/>\n<meta property=\"og:description\" content=\"Sk\u00e4rmf\u00e4ste f\u00f6r skrivbord. F\u00e4st din dators sk\u00e4rm p\u00e5 f\u00e4stet och rotera, vrid eller luta den tills den \u00e4r perfekt vinklad. Enkel montering\" \/>\n<meta property=\"og:url\" content=\"https:\/\/www.heddata.se\/webbutik\/produkt\/skarmfaste-for-skrivbord\/\" \/>\n<meta property=\"og:site_name\" content=\"Datorer, Skrivare, F\u00e4rgpatroner, Mobiltelefoner\" \/>\n<meta property=\"article:modified_time\" content=\"2026-04-06T16:10:11+00:00\" \/>\n<meta property=\"og:image\" content=\"https:\/\/www.heddata.se\/webbutik\/wp-content\/uploads\/webbutik\/kategorier\/Datorer\/Skarmfaste-for-skrivbord-arm-for-en-skarm-MMNTSI100BK.jpg\" \/>\n\t<meta property=\"og:image:width\" content=\"1200\" \/>\n\t<meta property=\"og:image:height\" content=\"1200\" \/>\n\t<meta property=\"og:image:type\" content=\"image\/jpeg\" \/>\n<meta name=\"twitter:card\" content=\"summary_large_image\" \/>\n<script type=\"application\/ld+json\" class=\"yoast-schema-graph\">{\"@context\":\"https:\/\/schema.org\",\"@graph\":[{\"@type\":\"WebPage\",\"@id\":\"https:\/\/www.heddata.se\/webbutik\/produkt\/skarmfaste-for-skrivbord\/\",\"url\":\"https:\/\/www.heddata.se\/webbutik\/produkt\/skarmfaste-for-skrivbord\/\",\"name\":\"Sk\u00e4rmf\u00e4ste f\u00f6r skrivbord | Arm f\u00f6r en sk\u00e4rm | Fullst\u00e4ndigt justerbar\",\"isPartOf\":{\"@id\":\"https:\/\/www.heddata.se\/webbutik\/#website\"},\"primaryImageOfPage\":{\"@id\":\"https:\/\/www.heddata.se\/webbutik\/produkt\/skarmfaste-for-skrivbord\/#primaryimage\"},\"image\":{\"@id\":\"https:\/\/www.heddata.se\/webbutik\/produkt\/skarmfaste-for-skrivbord\/#primaryimage\"},\"thumbnailUrl\":\"https:\/\/www.heddata.se\/webbutik\/wp-content\/uploads\/webbutik\/kategorier\/Datorer\/Skarmfaste-for-skrivbord-arm-for-en-skarm-MMNTSI100BK.jpg\",\"datePublished\":\"2019-11-20T08:07:50+00:00\",\"dateModified\":\"2026-04-06T16:10:11+00:00\",\"description\":\"Sk\u00e4rmf\u00e4ste f\u00f6r skrivbord. F\u00e4st din dators sk\u00e4rm p\u00e5 f\u00e4stet och rotera, vrid eller luta den tills den \u00e4r perfekt vinklad. Enkel montering\",\"breadcrumb\":{\"@id\":\"https:\/\/www.heddata.se\/webbutik\/produkt\/skarmfaste-for-skrivbord\/#breadcrumb\"},\"inLanguage\":\"sv-SE\",\"potentialAction\":[{\"@type\":\"ReadAction\",\"target\":[\"https:\/\/www.heddata.se\/webbutik\/produkt\/skarmfaste-for-skrivbord\/\"]}]},{\"@type\":\"ImageObject\",\"inLanguage\":\"sv-SE\",\"@id\":\"https:\/\/www.heddata.se\/webbutik\/produkt\/skarmfaste-for-skrivbord\/#primaryimage\",\"url\":\"https:\/\/www.heddata.se\/webbutik\/wp-content\/uploads\/webbutik\/kategorier\/Datorer\/Skarmfaste-for-skrivbord-arm-for-en-skarm-MMNTSI100BK.jpg\",\"contentUrl\":\"https:\/\/www.heddata.se\/webbutik\/wp-content\/uploads\/webbutik\/kategorier\/Datorer\/Skarmfaste-for-skrivbord-arm-for-en-skarm-MMNTSI100BK.jpg\",\"width\":1200,\"height\":1200,\"caption\":\"Sk\u00e4rmf\u00e4ste f\u00f6r skrivbord | Arm f\u00f6r en sk\u00e4rm | Fullst\u00e4ndigt justerbar | - MMNTSI100BK\"},{\"@type\":\"BreadcrumbList\",\"@id\":\"https:\/\/www.heddata.se\/webbutik\/produkt\/skarmfaste-for-skrivbord\/#breadcrumb\",\"itemListElement\":[{\"@type\":\"ListItem\",\"position\":1,\"name\":\"Hem\",\"item\":\"https:\/\/www.heddata.se\/webbutik\/\"},{\"@type\":\"ListItem\",\"position\":2,\"name\":\"Produkter\",\"item\":\"https:\/\/www.heddata.se\/webbutik\/shop\/\"},{\"@type\":\"ListItem\",\"position\":3,\"name\":\"Sk\u00e4rmf\u00e4ste f\u00f6r skrivbord | Arm f\u00f6r en sk\u00e4rm | Fullst\u00e4ndigt justerbar | &#8211; MMNTSI100BK\"}]},{\"@type\":\"WebSite\",\"@id\":\"https:\/\/www.heddata.se\/webbutik\/#website\",\"url\":\"https:\/\/www.heddata.se\/webbutik\/\",\"name\":\"Datorer, Skrivare, F\u00e4rgpatroner, Mobiltelefoner\",\"description\":\"Kablar\",\"publisher\":{\"@id\":\"https:\/\/www.heddata.se\/webbutik\/#organization\"},\"potentialAction\":[{\"@type\":\"SearchAction\",\"target\":{\"@type\":\"EntryPoint\",\"urlTemplate\":\"https:\/\/www.heddata.se\/webbutik\/?s={search_term_string}\"},\"query-input\":{\"@type\":\"PropertyValueSpecification\",\"valueRequired\":true,\"valueName\":\"search_term_string\"}}],\"inLanguage\":\"sv-SE\"},{\"@type\":\"Organization\",\"@id\":\"https:\/\/www.heddata.se\/webbutik\/#organization\",\"name\":\"Heddata AB\",\"url\":\"https:\/\/www.heddata.se\/webbutik\/\",\"logo\":{\"@type\":\"ImageObject\",\"inLanguage\":\"sv-SE\",\"@id\":\"https:\/\/www.heddata.se\/webbutik\/#\/schema\/logo\/image\/\",\"url\":\"https:\/\/www.heddata.se\/webbutik\/wp-content\/uploads\/logga\/heddata-ab-logga.png\",\"contentUrl\":\"https:\/\/www.heddata.se\/webbutik\/wp-content\/uploads\/logga\/heddata-ab-logga.png\",\"width\":200,\"height\":64,\"caption\":\"Heddata AB\"},\"image\":{\"@id\":\"https:\/\/www.heddata.se\/webbutik\/#\/schema\/logo\/image\/\"}}]}<\/script>\n<!-- \/ Yoast SEO Premium plugin. -->","yoast_head_json":{"title":"Sk\u00e4rmf\u00e4ste f\u00f6r skrivbord | Arm f\u00f6r en sk\u00e4rm | Fullst\u00e4ndigt justerbar","description":"Sk\u00e4rmf\u00e4ste f\u00f6r skrivbord. F\u00e4st din dators sk\u00e4rm p\u00e5 f\u00e4stet och rotera, vrid eller luta den tills den \u00e4r perfekt vinklad. Enkel montering","robots":{"index":"index","follow":"follow","max-snippet":"max-snippet:-1","max-image-preview":"max-image-preview:large","max-video-preview":"max-video-preview:-1"},"canonical":"https:\/\/www.heddata.se\/webbutik\/produkt\/skarmfaste-for-skrivbord\/","og_locale":"sv_SE","og_type":"article","og_title":"Sk\u00e4rmf\u00e4ste f\u00f6r skrivbord | Arm f\u00f6r en sk\u00e4rm | Fullst\u00e4ndigt justerbar | - MMNTSI100BK","og_description":"Sk\u00e4rmf\u00e4ste f\u00f6r skrivbord. F\u00e4st din dators sk\u00e4rm p\u00e5 f\u00e4stet och rotera, vrid eller luta den tills den \u00e4r perfekt vinklad. Enkel montering","og_url":"https:\/\/www.heddata.se\/webbutik\/produkt\/skarmfaste-for-skrivbord\/","og_site_name":"Datorer, Skrivare, F\u00e4rgpatroner, Mobiltelefoner","article_modified_time":"2026-04-06T16:10:11+00:00","og_image":[{"width":1200,"height":1200,"url":"https:\/\/www.heddata.se\/webbutik\/wp-content\/uploads\/webbutik\/kategorier\/Datorer\/Skarmfaste-for-skrivbord-arm-for-en-skarm-MMNTSI100BK.jpg","type":"image\/jpeg"}],"twitter_card":"summary_large_image","schema":{"@context":"https:\/\/schema.org","@graph":[{"@type":"WebPage","@id":"https:\/\/www.heddata.se\/webbutik\/produkt\/skarmfaste-for-skrivbord\/","url":"https:\/\/www.heddata.se\/webbutik\/produkt\/skarmfaste-for-skrivbord\/","name":"Sk\u00e4rmf\u00e4ste f\u00f6r skrivbord | Arm f\u00f6r en sk\u00e4rm | Fullst\u00e4ndigt justerbar","isPartOf":{"@id":"https:\/\/www.heddata.se\/webbutik\/#website"},"primaryImageOfPage":{"@id":"https:\/\/www.heddata.se\/webbutik\/produkt\/skarmfaste-for-skrivbord\/#primaryimage"},"image":{"@id":"https:\/\/www.heddata.se\/webbutik\/produkt\/skarmfaste-for-skrivbord\/#primaryimage"},"thumbnailUrl":"https:\/\/www.heddata.se\/webbutik\/wp-content\/uploads\/webbutik\/kategorier\/Datorer\/Skarmfaste-for-skrivbord-arm-for-en-skarm-MMNTSI100BK.jpg","datePublished":"2019-11-20T08:07:50+00:00","dateModified":"2026-04-06T16:10:11+00:00","description":"Sk\u00e4rmf\u00e4ste f\u00f6r skrivbord. F\u00e4st din dators sk\u00e4rm p\u00e5 f\u00e4stet och rotera, vrid eller luta den tills den \u00e4r perfekt vinklad. Enkel montering","breadcrumb":{"@id":"https:\/\/www.heddata.se\/webbutik\/produkt\/skarmfaste-for-skrivbord\/#breadcrumb"},"inLanguage":"sv-SE","potentialAction":[{"@type":"ReadAction","target":["https:\/\/www.heddata.se\/webbutik\/produkt\/skarmfaste-for-skrivbord\/"]}]},{"@type":"ImageObject","inLanguage":"sv-SE","@id":"https:\/\/www.heddata.se\/webbutik\/produkt\/skarmfaste-for-skrivbord\/#primaryimage","url":"https:\/\/www.heddata.se\/webbutik\/wp-content\/uploads\/webbutik\/kategorier\/Datorer\/Skarmfaste-for-skrivbord-arm-for-en-skarm-MMNTSI100BK.jpg","contentUrl":"https:\/\/www.heddata.se\/webbutik\/wp-content\/uploads\/webbutik\/kategorier\/Datorer\/Skarmfaste-for-skrivbord-arm-for-en-skarm-MMNTSI100BK.jpg","width":1200,"height":1200,"caption":"Sk\u00e4rmf\u00e4ste f\u00f6r skrivbord | Arm f\u00f6r en sk\u00e4rm | Fullst\u00e4ndigt justerbar | - MMNTSI100BK"},{"@type":"BreadcrumbList","@id":"https:\/\/www.heddata.se\/webbutik\/produkt\/skarmfaste-for-skrivbord\/#breadcrumb","itemListElement":[{"@type":"ListItem","position":1,"name":"Hem","item":"https:\/\/www.heddata.se\/webbutik\/"},{"@type":"ListItem","position":2,"name":"Produkter","item":"https:\/\/www.heddata.se\/webbutik\/shop\/"},{"@type":"ListItem","position":3,"name":"Sk\u00e4rmf\u00e4ste f\u00f6r skrivbord | Arm f\u00f6r en sk\u00e4rm | Fullst\u00e4ndigt justerbar | &#8211; MMNTSI100BK"}]},{"@type":"WebSite","@id":"https:\/\/www.heddata.se\/webbutik\/#website","url":"https:\/\/www.heddata.se\/webbutik\/","name":"Datorer, Skrivare, F\u00e4rgpatroner, Mobiltelefoner","description":"Kablar","publisher":{"@id":"https:\/\/www.heddata.se\/webbutik\/#organization"},"potentialAction":[{"@type":"SearchAction","target":{"@type":"EntryPoint","urlTemplate":"https:\/\/www.heddata.se\/webbutik\/?s={search_term_string}"},"query-input":{"@type":"PropertyValueSpecification","valueRequired":true,"valueName":"search_term_string"}}],"inLanguage":"sv-SE"},{"@type":"Organization","@id":"https:\/\/www.heddata.se\/webbutik\/#organization","name":"Heddata AB","url":"https:\/\/www.heddata.se\/webbutik\/","logo":{"@type":"ImageObject","inLanguage":"sv-SE","@id":"https:\/\/www.heddata.se\/webbutik\/#\/schema\/logo\/image\/","url":"https:\/\/www.heddata.se\/webbutik\/wp-content\/uploads\/logga\/heddata-ab-logga.png","contentUrl":"https:\/\/www.heddata.se\/webbutik\/wp-content\/uploads\/logga\/heddata-ab-logga.png","width":200,"height":64,"caption":"Heddata AB"},"image":{"@id":"https:\/\/www.heddata.se\/webbutik\/#\/schema\/logo\/image\/"}}]}},"_links":{"self":[{"href":"https:\/\/www.heddata.se\/webbutik\/wp-json\/wp\/v2\/product\/7303","targetHints":{"allow":["GET"]}}],"collection":[{"href":"https:\/\/www.heddata.se\/webbutik\/wp-json\/wp\/v2\/product"}],"about":[{"href":"https:\/\/www.heddata.se\/webbutik\/wp-json\/wp\/v2\/types\/product"}],"wp:featuredmedia":[{"embeddable":true,"href":"https:\/\/www.heddata.se\/webbutik\/wp-json\/wp\/v2\/media\/8439"}],"wp:attachment":[{"href":"https:\/\/www.heddata.se\/webbutik\/wp-json\/wp\/v2\/media?parent=7303"}],"wp:term":[{"taxonomy":"product_brand","embeddable":true,"href":"https:\/\/www.heddata.se\/webbutik\/wp-json\/wp\/v2\/product_brand?post=7303"},{"taxonomy":"product_cat","embeddable":true,"href":"https:\/\/www.heddata.se\/webbutik\/wp-json\/wp\/v2\/product_cat?post=7303"},{"taxonomy":"product_tag","embeddable":true,"href":"https:\/\/www.heddata.se\/webbutik\/wp-json\/wp\/v2\/product_tag?post=7303"}],"curies":[{"name":"wp","href":"https:\/\/api.w.org\/{rel}","templated":true}]}}