{"id":72513,"date":"2020-03-11T13:18:26","date_gmt":"2020-03-11T12:18:26","guid":{"rendered":"https:\/\/www.heddata.se\/webbutik\/?post_type=product&#038;p=72513"},"modified":"2026-04-28T18:32:14","modified_gmt":"2026-04-28T16:32:14","slug":"samsung-ssd-860-pro-256gb-mz-76p256b-eu","status":"publish","type":"product","link":"https:\/\/www.heddata.se\/webbutik\/produkt\/samsung-ssd-860-pro-256gb-mz-76p256b-eu\/","title":{"rendered":"Samsung SSD 860 PRO 256GB &#8211; MZ-76P256B\/EU"},"content":{"rendered":"<div class=\"flix-p3-title flix-d-h3\">Samsung SSD 860 PRO 256GB &#8211; MZ-76P256B\/EU har f\u00f6rb\u00e4ttrad prestanda<\/div>\n<div class=\"flix-p3-desc flix-d-p\">Hastigheterna \u00e4r stabilare \u00e4ven vid l\u00e5ngvarig arbetsbelastning och multi-tasking. 860 PRO arbetar med sekventiella skrivhastigheter upp till 530 MB\/s* med den b\u00e4sta kombinationen av den senaste V-NAND och en f\u00f6rfinad styrenhet som ger sekventiella l\u00e4shastigheter p\u00e5 upp till 560 MB\/s.**<\/div>\n<div>\n<h4>Samsung SSD 860 PRO 256GB\u00a0 Robust uth\u00e5llighet<\/h4>\n<p>Vid tunga arbetsbelastningar \u00e4r uth\u00e5lligheten allt. Lagra s\u00e4kert och spela upp 4K-videor och 3D-data via de senaste programvarorna med upp till 8x h\u00f6gre TBW* \u00e4n den tidigare 850 PRO. +Den senaste V-NAND-tekniken ger dig branschledande uth\u00e5llighet uppbackad av en 5-\u00e5rsgaranti eller upp till 4 800 TBW-garanti.<\/p>\n<h4>Samsung <a href=\"https:\/\/www.heddata.se\/webbutik\/produkt-kategori\/lagring\/ssd-disk\/#\">SSD<\/a> 860 PRO 256GB Smart kompatibilitet<\/h4>\n<p>Dra nytta av snabbare och mer l\u00e4ttflytande kommunikation med v\u00e4rdsystemet. Den f\u00f6rfinade ECC-algoritmen och en ny MJX-controller ger h\u00f6gre hastigheter och de f\u00f6rb\u00e4ttrade k\u00f6egenskaperna f\u00f6rb\u00e4ttrar Linux-kompatibiliteten. V\u00e5r avancerade teknik g\u00f6r 860 PRO mer kompatibel med ditt datorsystem.<\/p>\n<p><i>*Skrivna terabyte *Garanterad TBW f\u00f6r 860 PRO: 300 TBW f\u00f6r 256 GB-modellen, 600 TBW f\u00f6r 512 GB-modellen, 1 200 TBW f\u00f6r 1 TB-modellen, 2 400 TBW f\u00f6r 2 TB-modellen och 4 800 TBW f\u00f6r 4 TB-modellen. *5-\u00e5r eller TBW, beroende p\u00e5 vilket kommer f\u00f6rst. F\u00f6r mer information om garantin, se bifogat garantibevis i f\u00f6rpackningen.<\/i><\/p>\n<\/div>\n<div><\/div>\n<div>Samsung har programvaror f\u00f6r att f\u00f6renkla din administration av Samsungs SSD h\u00e5rddiskar som Samsung Magican, Samsung Data Migration f\u00f6r att klona din gamla disk till ny disk, Firmware allt hittar du p\u00e5 Samsungs sida h\u00e4r <a href=\"https:\/\/www.samsung.com\/semiconductor\/minisite\/ssd\/download\/tools\/\" target=\"_blank\" rel=\"noopener noreferrer\">https:\/\/www.samsung.com\/semiconductor\/minisite\/ssd\/download\/tools\/<\/a><\/div>\n<p><b>Specifikationer:<br \/>\nSamsung SSD 860 PRO 256GB &#8211; MZ-76P256B\/EU<br \/>\n<\/b><\/p>\n<table border=\"0\" cellspacing=\"0\" cellpadding=\"0\">\n<tbody>\n<tr>\n<td>SSD-diskens formfaktor<\/td>\n<td>2.5&#8243;<\/td>\n<\/tr>\n<tr>\n<td>Solid-state drive kapacitet<\/td>\n<td>256 GB<\/td>\n<\/tr>\n<tr>\n<td>Gr\u00e4nssnitt<\/td>\n<td>Serial ATA III<\/td>\n<\/tr>\n<tr>\n<td>Minnestyp<\/td>\n<td>3D MLC<\/td>\n<\/tr>\n<tr>\n<td>Komponent f\u00f6r<\/td>\n<td>PC \/ b\u00e4rbar dator<\/td>\n<\/tr>\n<tr>\n<td>L\u00e4shastighet<\/td>\n<td>560 MB\/s<\/td>\n<\/tr>\n<tr>\n<td>Skrivhastighet<\/td>\n<td>530 MB\/s<\/td>\n<\/tr>\n<tr>\n<td>Typ av NAND-flashminne<\/td>\n<td>MLC (Multi Level Cell)<\/td>\n<\/tr>\n<tr>\n<td>Kryptering\/s\u00e4kerhet<\/td>\n<td>256-bit AES<\/td>\n<\/tr>\n<tr>\n<td>Data\u00f6verf\u00f6ringshastighet<\/td>\n<td>6 Gbit\/s<\/td>\n<\/tr>\n<tr>\n<td>Kontrolltyp<\/td>\n<td>Samsung MJX<\/td>\n<\/tr>\n<tr>\n<td>St\u00f6d f\u00f6r DevSlp (device sleep)<\/td>\n<td>Ja<\/td>\n<\/tr>\n<tr>\n<td>St\u00f6d f\u00f6r S.M.A.R.T.<\/td>\n<td>Ja<\/td>\n<\/tr>\n<tr>\n<td>TRIM-st\u00f6d<\/td>\n<td>Ja<\/td>\n<\/tr>\n<tr>\n<td>Medeltid mellan fel (MTBF)<\/td>\n<td>2000000 h<\/td>\n<\/tr>\n<tr>\n<td>Str\u00f6mf\u00f6rbrukning (l\u00e4sning)<\/td>\n<td>2 W<\/td>\n<\/tr>\n<tr>\n<td>Str\u00f6mf\u00f6rbrukning (skrivning)<\/td>\n<td>2 W<\/td>\n<\/tr>\n<tr>\n<td>Str\u00f6mf\u00f6rbrukning (max)<\/td>\n<td>4.5 W<\/td>\n<\/tr>\n<tr>\n<td>Temperatur vid drift<\/td>\n<td>0 &#8211; 70 \u00b0 C<\/td>\n<\/tr>\n<tr>\n<td>Temperaturintervall (f\u00f6rvaring)<\/td>\n<td>-45 &#8211; 85 \u00b0 C<\/td>\n<\/tr>\n<tr>\n<td>Intervall f\u00f6r relativ operativ luftfuktighet<\/td>\n<td>5 &#8211; 95 %<\/td>\n<\/tr>\n<tr>\n<td>Fuktighet (f\u00f6rvaring)<\/td>\n<td>5 &#8211; 95 %<\/td>\n<\/tr>\n<tr>\n<td>Icke-drift vibrationer<\/td>\n<td>20 G<\/td>\n<\/tr>\n<tr>\n<td>St\u00f6tar vid drift<\/td>\n<td>1500 G<\/td>\n<\/tr>\n<tr>\n<td>St\u00f6tar i avst\u00e4ngt l\u00e4ge<\/td>\n<td>1500 G<\/td>\n<\/tr>\n<tr>\n<td>Bredd<\/td>\n<td>100 mm<\/td>\n<\/tr>\n<tr>\n<td>Djup<\/td>\n<td>6.8 mm<\/td>\n<\/tr>\n<tr>\n<td>H\u00f6jd<\/td>\n<td>69.85 mm<\/td>\n<\/tr>\n<tr>\n<td>F\u00f6rpackningstyp<\/td>\n<td>L\u00e5da<\/td>\n<\/tr>\n<tr>\n<td>Produktens f\u00e4rg<\/td>\n<td>Svart<\/td>\n<\/tr>\n<\/tbody>\n<\/table>\n","protected":false},"excerpt":{"rendered":"<h3>Samsung 860 PRO<br \/>\nEn SSD att lita p\u00e5<\/h3>\n<p>Samsung SSD 860 PRO SSD 256GB &#8211; MZ-76P256B\/EU \u00e4r en av f\u00e5 branschledande med tillf\u00f6rlitlighet. Samsungs 860 PRO SSD den drivs med den senaste V-NAND-tekniken och en robust algoritmbaserad styrenhet och hanterar smidigt tung arbetsbelastning fr\u00e5n avancerade datorer, arbetsstationer och NAS:ar (Network Attached Systems) vilket samverkar till l\u00e5ngvarig tillf\u00f6rlitlighet f\u00f6r dataspelare, IT-proffs och kreat\u00f6rer. Kort sagt Samsung SSD 860 PRO 256GB \u00e4r en av marknadens b\u00e4ttre diskar<\/p>\n<p>&nbsp;<\/p>\n","protected":false},"featured_media":72975,"template":"","meta":[],"product_brand":[],"product_cat":[64,110],"product_tag":[],"class_list":{"0":"post-72513","1":"product","2":"type-product","3":"status-publish","4":"has-post-thumbnail","6":"product_cat-lagring","7":"product_cat-ssd-disk","9":"first","10":"outofstock","11":"taxable","12":"shipping-taxable","13":"product-type-simple"},"yoast_head":"<!-- This site is optimized with the Yoast SEO Premium plugin v26.7 (Yoast SEO v26.7) - https:\/\/yoast.com\/wordpress\/plugins\/seo\/ -->\n<title>Samsung SSD 860 PRO SSD 256GB - MZ-76P256B\/EU<\/title>\n<meta name=\"description\" content=\"Samsung SSD 860 PRO SSD 256GB - MZ-76P256B\/EU \u00e4r en av f\u00e5 branschledande tillf\u00f6rlitlighet med Samsungs 860 PRO SSD. Med senaste V-NAND-tekniken\" \/>\n<meta name=\"robots\" content=\"index, follow, max-snippet:-1, max-image-preview:large, max-video-preview:-1\" \/>\n<link rel=\"canonical\" href=\"https:\/\/www.heddata.se\/webbutik\/produkt\/samsung-ssd-860-pro-256gb-mz-76p256b-eu\/\" \/>\n<meta property=\"og:locale\" content=\"sv_SE\" \/>\n<meta property=\"og:type\" content=\"article\" \/>\n<meta property=\"og:title\" content=\"Samsung SSD 860 PRO 256GB - MZ-76P256B\/EU\" \/>\n<meta property=\"og:description\" content=\"Samsung SSD 860 PRO SSD 256GB - MZ-76P256B\/EU \u00e4r en av f\u00e5 branschledande tillf\u00f6rlitlighet med Samsungs 860 PRO SSD. Med senaste V-NAND-tekniken\" \/>\n<meta property=\"og:url\" content=\"https:\/\/www.heddata.se\/webbutik\/produkt\/samsung-ssd-860-pro-256gb-mz-76p256b-eu\/\" \/>\n<meta property=\"og:site_name\" content=\"Datorer, Skrivare, F\u00e4rgpatroner, Mobiltelefoner\" \/>\n<meta property=\"article:modified_time\" content=\"2026-04-28T16:32:14+00:00\" \/>\n<meta property=\"og:image\" content=\"https:\/\/www.heddata.se\/webbutik\/wp-content\/uploads\/webbutik\/kategorier\/lagring\/4300759.png\" \/>\n\t<meta property=\"og:image:width\" content=\"600\" \/>\n\t<meta property=\"og:image:height\" content=\"600\" \/>\n\t<meta property=\"og:image:type\" content=\"image\/png\" \/>\n<meta name=\"twitter:card\" content=\"summary_large_image\" \/>\n<meta name=\"twitter:label1\" content=\"Ber\u00e4knad l\u00e4stid\" \/>\n\t<meta name=\"twitter:data1\" content=\"2 minuter\" \/>\n<script type=\"application\/ld+json\" class=\"yoast-schema-graph\">{\"@context\":\"https:\/\/schema.org\",\"@graph\":[{\"@type\":\"WebPage\",\"@id\":\"https:\/\/www.heddata.se\/webbutik\/produkt\/samsung-ssd-860-pro-256gb-mz-76p256b-eu\/\",\"url\":\"https:\/\/www.heddata.se\/webbutik\/produkt\/samsung-ssd-860-pro-256gb-mz-76p256b-eu\/\",\"name\":\"Samsung SSD 860 PRO SSD 256GB - MZ-76P256B\/EU\",\"isPartOf\":{\"@id\":\"https:\/\/www.heddata.se\/webbutik\/#website\"},\"primaryImageOfPage\":{\"@id\":\"https:\/\/www.heddata.se\/webbutik\/produkt\/samsung-ssd-860-pro-256gb-mz-76p256b-eu\/#primaryimage\"},\"image\":{\"@id\":\"https:\/\/www.heddata.se\/webbutik\/produkt\/samsung-ssd-860-pro-256gb-mz-76p256b-eu\/#primaryimage\"},\"thumbnailUrl\":\"https:\/\/www.heddata.se\/webbutik\/wp-content\/uploads\/webbutik\/kategorier\/lagring\/4300759.png\",\"datePublished\":\"2020-03-11T12:18:26+00:00\",\"dateModified\":\"2026-04-28T16:32:14+00:00\",\"description\":\"Samsung SSD 860 PRO SSD 256GB - MZ-76P256B\/EU \u00e4r en av f\u00e5 branschledande tillf\u00f6rlitlighet med Samsungs 860 PRO SSD. Med senaste V-NAND-tekniken\",\"breadcrumb\":{\"@id\":\"https:\/\/www.heddata.se\/webbutik\/produkt\/samsung-ssd-860-pro-256gb-mz-76p256b-eu\/#breadcrumb\"},\"inLanguage\":\"sv-SE\",\"potentialAction\":[{\"@type\":\"ReadAction\",\"target\":[\"https:\/\/www.heddata.se\/webbutik\/produkt\/samsung-ssd-860-pro-256gb-mz-76p256b-eu\/\"]}]},{\"@type\":\"ImageObject\",\"inLanguage\":\"sv-SE\",\"@id\":\"https:\/\/www.heddata.se\/webbutik\/produkt\/samsung-ssd-860-pro-256gb-mz-76p256b-eu\/#primaryimage\",\"url\":\"https:\/\/www.heddata.se\/webbutik\/wp-content\/uploads\/webbutik\/kategorier\/lagring\/4300759.png\",\"contentUrl\":\"https:\/\/www.heddata.se\/webbutik\/wp-content\/uploads\/webbutik\/kategorier\/lagring\/4300759.png\",\"width\":600,\"height\":600,\"caption\":\"Samsung 960 PRO SSD\"},{\"@type\":\"BreadcrumbList\",\"@id\":\"https:\/\/www.heddata.se\/webbutik\/produkt\/samsung-ssd-860-pro-256gb-mz-76p256b-eu\/#breadcrumb\",\"itemListElement\":[{\"@type\":\"ListItem\",\"position\":1,\"name\":\"Hem\",\"item\":\"https:\/\/www.heddata.se\/webbutik\/\"},{\"@type\":\"ListItem\",\"position\":2,\"name\":\"Produkter\",\"item\":\"https:\/\/www.heddata.se\/webbutik\/shop\/\"},{\"@type\":\"ListItem\",\"position\":3,\"name\":\"Samsung SSD 860 PRO 256GB &#8211; MZ-76P256B\/EU\"}]},{\"@type\":\"WebSite\",\"@id\":\"https:\/\/www.heddata.se\/webbutik\/#website\",\"url\":\"https:\/\/www.heddata.se\/webbutik\/\",\"name\":\"Datorer, Skrivare, F\u00e4rgpatroner, Mobiltelefoner\",\"description\":\"Kablar\",\"publisher\":{\"@id\":\"https:\/\/www.heddata.se\/webbutik\/#organization\"},\"potentialAction\":[{\"@type\":\"SearchAction\",\"target\":{\"@type\":\"EntryPoint\",\"urlTemplate\":\"https:\/\/www.heddata.se\/webbutik\/?s={search_term_string}\"},\"query-input\":{\"@type\":\"PropertyValueSpecification\",\"valueRequired\":true,\"valueName\":\"search_term_string\"}}],\"inLanguage\":\"sv-SE\"},{\"@type\":\"Organization\",\"@id\":\"https:\/\/www.heddata.se\/webbutik\/#organization\",\"name\":\"Heddata AB\",\"url\":\"https:\/\/www.heddata.se\/webbutik\/\",\"logo\":{\"@type\":\"ImageObject\",\"inLanguage\":\"sv-SE\",\"@id\":\"https:\/\/www.heddata.se\/webbutik\/#\/schema\/logo\/image\/\",\"url\":\"https:\/\/www.heddata.se\/webbutik\/wp-content\/uploads\/logga\/heddata-ab-logga.png\",\"contentUrl\":\"https:\/\/www.heddata.se\/webbutik\/wp-content\/uploads\/logga\/heddata-ab-logga.png\",\"width\":200,\"height\":64,\"caption\":\"Heddata AB\"},\"image\":{\"@id\":\"https:\/\/www.heddata.se\/webbutik\/#\/schema\/logo\/image\/\"}}]}<\/script>\n<!-- \/ Yoast SEO Premium plugin. -->","yoast_head_json":{"title":"Samsung SSD 860 PRO SSD 256GB - MZ-76P256B\/EU","description":"Samsung SSD 860 PRO SSD 256GB - MZ-76P256B\/EU \u00e4r en av f\u00e5 branschledande tillf\u00f6rlitlighet med Samsungs 860 PRO SSD. Med senaste V-NAND-tekniken","robots":{"index":"index","follow":"follow","max-snippet":"max-snippet:-1","max-image-preview":"max-image-preview:large","max-video-preview":"max-video-preview:-1"},"canonical":"https:\/\/www.heddata.se\/webbutik\/produkt\/samsung-ssd-860-pro-256gb-mz-76p256b-eu\/","og_locale":"sv_SE","og_type":"article","og_title":"Samsung SSD 860 PRO 256GB - MZ-76P256B\/EU","og_description":"Samsung SSD 860 PRO SSD 256GB - MZ-76P256B\/EU \u00e4r en av f\u00e5 branschledande tillf\u00f6rlitlighet med Samsungs 860 PRO SSD. Med senaste V-NAND-tekniken","og_url":"https:\/\/www.heddata.se\/webbutik\/produkt\/samsung-ssd-860-pro-256gb-mz-76p256b-eu\/","og_site_name":"Datorer, Skrivare, F\u00e4rgpatroner, Mobiltelefoner","article_modified_time":"2026-04-28T16:32:14+00:00","og_image":[{"width":600,"height":600,"url":"https:\/\/www.heddata.se\/webbutik\/wp-content\/uploads\/webbutik\/kategorier\/lagring\/4300759.png","type":"image\/png"}],"twitter_card":"summary_large_image","twitter_misc":{"Ber\u00e4knad l\u00e4stid":"2 minuter"},"schema":{"@context":"https:\/\/schema.org","@graph":[{"@type":"WebPage","@id":"https:\/\/www.heddata.se\/webbutik\/produkt\/samsung-ssd-860-pro-256gb-mz-76p256b-eu\/","url":"https:\/\/www.heddata.se\/webbutik\/produkt\/samsung-ssd-860-pro-256gb-mz-76p256b-eu\/","name":"Samsung SSD 860 PRO SSD 256GB - MZ-76P256B\/EU","isPartOf":{"@id":"https:\/\/www.heddata.se\/webbutik\/#website"},"primaryImageOfPage":{"@id":"https:\/\/www.heddata.se\/webbutik\/produkt\/samsung-ssd-860-pro-256gb-mz-76p256b-eu\/#primaryimage"},"image":{"@id":"https:\/\/www.heddata.se\/webbutik\/produkt\/samsung-ssd-860-pro-256gb-mz-76p256b-eu\/#primaryimage"},"thumbnailUrl":"https:\/\/www.heddata.se\/webbutik\/wp-content\/uploads\/webbutik\/kategorier\/lagring\/4300759.png","datePublished":"2020-03-11T12:18:26+00:00","dateModified":"2026-04-28T16:32:14+00:00","description":"Samsung SSD 860 PRO SSD 256GB - MZ-76P256B\/EU \u00e4r en av f\u00e5 branschledande tillf\u00f6rlitlighet med Samsungs 860 PRO SSD. Med senaste V-NAND-tekniken","breadcrumb":{"@id":"https:\/\/www.heddata.se\/webbutik\/produkt\/samsung-ssd-860-pro-256gb-mz-76p256b-eu\/#breadcrumb"},"inLanguage":"sv-SE","potentialAction":[{"@type":"ReadAction","target":["https:\/\/www.heddata.se\/webbutik\/produkt\/samsung-ssd-860-pro-256gb-mz-76p256b-eu\/"]}]},{"@type":"ImageObject","inLanguage":"sv-SE","@id":"https:\/\/www.heddata.se\/webbutik\/produkt\/samsung-ssd-860-pro-256gb-mz-76p256b-eu\/#primaryimage","url":"https:\/\/www.heddata.se\/webbutik\/wp-content\/uploads\/webbutik\/kategorier\/lagring\/4300759.png","contentUrl":"https:\/\/www.heddata.se\/webbutik\/wp-content\/uploads\/webbutik\/kategorier\/lagring\/4300759.png","width":600,"height":600,"caption":"Samsung 960 PRO SSD"},{"@type":"BreadcrumbList","@id":"https:\/\/www.heddata.se\/webbutik\/produkt\/samsung-ssd-860-pro-256gb-mz-76p256b-eu\/#breadcrumb","itemListElement":[{"@type":"ListItem","position":1,"name":"Hem","item":"https:\/\/www.heddata.se\/webbutik\/"},{"@type":"ListItem","position":2,"name":"Produkter","item":"https:\/\/www.heddata.se\/webbutik\/shop\/"},{"@type":"ListItem","position":3,"name":"Samsung SSD 860 PRO 256GB &#8211; MZ-76P256B\/EU"}]},{"@type":"WebSite","@id":"https:\/\/www.heddata.se\/webbutik\/#website","url":"https:\/\/www.heddata.se\/webbutik\/","name":"Datorer, Skrivare, F\u00e4rgpatroner, Mobiltelefoner","description":"Kablar","publisher":{"@id":"https:\/\/www.heddata.se\/webbutik\/#organization"},"potentialAction":[{"@type":"SearchAction","target":{"@type":"EntryPoint","urlTemplate":"https:\/\/www.heddata.se\/webbutik\/?s={search_term_string}"},"query-input":{"@type":"PropertyValueSpecification","valueRequired":true,"valueName":"search_term_string"}}],"inLanguage":"sv-SE"},{"@type":"Organization","@id":"https:\/\/www.heddata.se\/webbutik\/#organization","name":"Heddata AB","url":"https:\/\/www.heddata.se\/webbutik\/","logo":{"@type":"ImageObject","inLanguage":"sv-SE","@id":"https:\/\/www.heddata.se\/webbutik\/#\/schema\/logo\/image\/","url":"https:\/\/www.heddata.se\/webbutik\/wp-content\/uploads\/logga\/heddata-ab-logga.png","contentUrl":"https:\/\/www.heddata.se\/webbutik\/wp-content\/uploads\/logga\/heddata-ab-logga.png","width":200,"height":64,"caption":"Heddata AB"},"image":{"@id":"https:\/\/www.heddata.se\/webbutik\/#\/schema\/logo\/image\/"}}]}},"_links":{"self":[{"href":"https:\/\/www.heddata.se\/webbutik\/wp-json\/wp\/v2\/product\/72513","targetHints":{"allow":["GET"]}}],"collection":[{"href":"https:\/\/www.heddata.se\/webbutik\/wp-json\/wp\/v2\/product"}],"about":[{"href":"https:\/\/www.heddata.se\/webbutik\/wp-json\/wp\/v2\/types\/product"}],"wp:featuredmedia":[{"embeddable":true,"href":"https:\/\/www.heddata.se\/webbutik\/wp-json\/wp\/v2\/media\/72975"}],"wp:attachment":[{"href":"https:\/\/www.heddata.se\/webbutik\/wp-json\/wp\/v2\/media?parent=72513"}],"wp:term":[{"taxonomy":"product_brand","embeddable":true,"href":"https:\/\/www.heddata.se\/webbutik\/wp-json\/wp\/v2\/product_brand?post=72513"},{"taxonomy":"product_cat","embeddable":true,"href":"https:\/\/www.heddata.se\/webbutik\/wp-json\/wp\/v2\/product_cat?post=72513"},{"taxonomy":"product_tag","embeddable":true,"href":"https:\/\/www.heddata.se\/webbutik\/wp-json\/wp\/v2\/product_tag?post=72513"}],"curies":[{"name":"wp","href":"https:\/\/api.w.org\/{rel}","templated":true}]}}