{"id":7244,"date":"2019-11-20T09:07:41","date_gmt":"2019-11-20T08:07:41","guid":{"rendered":"https:\/\/www.heddata.se\/webbutik\/?post_type=product&#038;p=7244"},"modified":"2026-04-03T18:30:45","modified_gmt":"2026-04-03T16:30:45","slug":"tradlosa-horlurar-bluetooth-rod","status":"publish","type":"product","link":"https:\/\/www.heddata.se\/webbutik\/produkt\/tradlosa-horlurar-bluetooth-rod\/","title":{"rendered":"Tr\u00e5dl\u00f6sa h\u00f6rlurar R\u00f6d | Bluetooth\u00ae | On-ear | Vikbar &#8211; HPBT1100RD"},"content":{"rendered":"<p>Tr\u00e5dl\u00f6sa h\u00f6rlurar Bluetooth R\u00f6d. H\u00e4nge dig \u00e5t dina favoritl\u00e5tar med de h\u00e4r Bluetooth-<a href=\"https:\/\/www.heddata.se\/webbutik\/telefontillbehor-powerbank-laddare-kabel\/horlurar-headset\/\">h\u00f6rlurarna<\/a> som speglar din personliga stil.<br \/>\nDe h\u00e4r <a href=\"https:\/\/nedis.se\/sv-se\" target=\"_blank\" rel=\"noopener noreferrer\">Nedis<\/a>\u00ae <a href=\"https:\/\/www.heddata.se\/webbutik\/telefontillbehor-powerbank-laddare-kabel\/horlurar-headset\/horlurar-headset-med-bluetooth\/\">Bluetooth-h\u00f6rlurarna<\/a> \u00e4r l\u00e4tta och helt tr\u00e5dl\u00f6sa, s\u00e5 att du kan r\u00f6ra dig helt obehindrat. De har \u00e4ven klar ljud\u00e5tergivning med djup bas och en bekv\u00e4m, l\u00e4tt design f\u00f6r en garanterat unik musikupplevelse.<\/p>\n","protected":false},"excerpt":{"rendered":"<p>Tr\u00e5dl\u00f6sa h\u00f6rlurar med Bluetooth<\/p>\n","protected":false},"featured_media":8657,"template":"","meta":[],"product_brand":[],"product_cat":[128,119],"product_tag":[],"class_list":{"0":"post-7244","1":"product","2":"type-product","3":"status-publish","4":"has-post-thumbnail","6":"product_cat-headset-horlurar-med-bluetooth","7":"product_cat-horlurar-headset","9":"first","10":"outofstock","11":"taxable","12":"shipping-taxable","13":"product-type-simple"},"yoast_head":"<!-- This site is optimized with the Yoast SEO Premium plugin v26.7 (Yoast SEO v26.7) - https:\/\/yoast.com\/wordpress\/plugins\/seo\/ -->\n<title>Tr\u00e5dl\u00f6sa h\u00f6rlurar R\u00f6d | Bluetooth\u00ae | On-ear | Vikbar - HPBT1100RD<\/title>\n<meta name=\"description\" content=\"Tr\u00e5dl\u00f6sa h\u00f6rlurar Bluetooth R\u00f6d. H\u00e4nge dig \u00e5t dina favoritl\u00e5tar med de h\u00e4r Bluetooth-h\u00f6rlurarna som speglar din personliga stil.\" \/>\n<meta name=\"robots\" content=\"index, follow, max-snippet:-1, max-image-preview:large, max-video-preview:-1\" \/>\n<link rel=\"canonical\" href=\"https:\/\/www.heddata.se\/webbutik\/produkt\/tradlosa-horlurar-bluetooth-rod\/\" \/>\n<meta property=\"og:locale\" content=\"sv_SE\" \/>\n<meta property=\"og:type\" content=\"article\" \/>\n<meta property=\"og:title\" content=\"Tr\u00e5dl\u00f6sa h\u00f6rlurar R\u00f6d | Bluetooth\u00ae | On-ear | Vikbar - HPBT1100RD\" \/>\n<meta property=\"og:description\" content=\"Tr\u00e5dl\u00f6sa h\u00f6rlurar Bluetooth R\u00f6d. H\u00e4nge dig \u00e5t dina favoritl\u00e5tar med de h\u00e4r Bluetooth-h\u00f6rlurarna som speglar din personliga stil.\" \/>\n<meta property=\"og:url\" content=\"https:\/\/www.heddata.se\/webbutik\/produkt\/tradlosa-horlurar-bluetooth-rod\/\" \/>\n<meta property=\"og:site_name\" content=\"Datorer, Skrivare, F\u00e4rgpatroner, Mobiltelefoner\" \/>\n<meta property=\"article:modified_time\" content=\"2026-04-03T16:30:45+00:00\" \/>\n<meta property=\"og:image\" content=\"https:\/\/www.heddata.se\/webbutik\/wp-content\/uploads\/webbutik\/kategorier\/horlurar\/Tradlosa-horlurar-Rod-Bluetooth-On-ear-Vikbar-HPBT1100RD.jpg\" \/>\n\t<meta property=\"og:image:width\" content=\"1200\" \/>\n\t<meta property=\"og:image:height\" content=\"1200\" \/>\n\t<meta property=\"og:image:type\" content=\"image\/jpeg\" \/>\n<meta name=\"twitter:card\" content=\"summary_large_image\" \/>\n<script type=\"application\/ld+json\" class=\"yoast-schema-graph\">{\"@context\":\"https:\/\/schema.org\",\"@graph\":[{\"@type\":\"WebPage\",\"@id\":\"https:\/\/www.heddata.se\/webbutik\/produkt\/tradlosa-horlurar-bluetooth-rod\/\",\"url\":\"https:\/\/www.heddata.se\/webbutik\/produkt\/tradlosa-horlurar-bluetooth-rod\/\",\"name\":\"Tr\u00e5dl\u00f6sa h\u00f6rlurar R\u00f6d | Bluetooth\u00ae | On-ear | Vikbar - HPBT1100RD\",\"isPartOf\":{\"@id\":\"https:\/\/www.heddata.se\/webbutik\/#website\"},\"primaryImageOfPage\":{\"@id\":\"https:\/\/www.heddata.se\/webbutik\/produkt\/tradlosa-horlurar-bluetooth-rod\/#primaryimage\"},\"image\":{\"@id\":\"https:\/\/www.heddata.se\/webbutik\/produkt\/tradlosa-horlurar-bluetooth-rod\/#primaryimage\"},\"thumbnailUrl\":\"https:\/\/www.heddata.se\/webbutik\/wp-content\/uploads\/webbutik\/kategorier\/horlurar\/Tradlosa-horlurar-Rod-Bluetooth-On-ear-Vikbar-HPBT1100RD.jpg\",\"datePublished\":\"2019-11-20T08:07:41+00:00\",\"dateModified\":\"2026-04-03T16:30:45+00:00\",\"description\":\"Tr\u00e5dl\u00f6sa h\u00f6rlurar Bluetooth R\u00f6d. H\u00e4nge dig \u00e5t dina favoritl\u00e5tar med de h\u00e4r Bluetooth-h\u00f6rlurarna som speglar din personliga stil.\",\"breadcrumb\":{\"@id\":\"https:\/\/www.heddata.se\/webbutik\/produkt\/tradlosa-horlurar-bluetooth-rod\/#breadcrumb\"},\"inLanguage\":\"sv-SE\",\"potentialAction\":[{\"@type\":\"ReadAction\",\"target\":[\"https:\/\/www.heddata.se\/webbutik\/produkt\/tradlosa-horlurar-bluetooth-rod\/\"]}]},{\"@type\":\"ImageObject\",\"inLanguage\":\"sv-SE\",\"@id\":\"https:\/\/www.heddata.se\/webbutik\/produkt\/tradlosa-horlurar-bluetooth-rod\/#primaryimage\",\"url\":\"https:\/\/www.heddata.se\/webbutik\/wp-content\/uploads\/webbutik\/kategorier\/horlurar\/Tradlosa-horlurar-Rod-Bluetooth-On-ear-Vikbar-HPBT1100RD.jpg\",\"contentUrl\":\"https:\/\/www.heddata.se\/webbutik\/wp-content\/uploads\/webbutik\/kategorier\/horlurar\/Tradlosa-horlurar-Rod-Bluetooth-On-ear-Vikbar-HPBT1100RD.jpg\",\"width\":1200,\"height\":1200,\"caption\":\"Tr\u00e5dl\u00f6sa h\u00f6rlurar R\u00f6d | Bluetooth\u00ae | On-ear | Vikbar - HPBT1100RD\"},{\"@type\":\"BreadcrumbList\",\"@id\":\"https:\/\/www.heddata.se\/webbutik\/produkt\/tradlosa-horlurar-bluetooth-rod\/#breadcrumb\",\"itemListElement\":[{\"@type\":\"ListItem\",\"position\":1,\"name\":\"Hem\",\"item\":\"https:\/\/www.heddata.se\/webbutik\/\"},{\"@type\":\"ListItem\",\"position\":2,\"name\":\"Produkter\",\"item\":\"https:\/\/www.heddata.se\/webbutik\/shop\/\"},{\"@type\":\"ListItem\",\"position\":3,\"name\":\"Tr\u00e5dl\u00f6sa h\u00f6rlurar R\u00f6d | Bluetooth\u00ae | On-ear | Vikbar &#8211; HPBT1100RD\"}]},{\"@type\":\"WebSite\",\"@id\":\"https:\/\/www.heddata.se\/webbutik\/#website\",\"url\":\"https:\/\/www.heddata.se\/webbutik\/\",\"name\":\"Datorer, Skrivare, F\u00e4rgpatroner, Mobiltelefoner\",\"description\":\"Kablar\",\"publisher\":{\"@id\":\"https:\/\/www.heddata.se\/webbutik\/#organization\"},\"potentialAction\":[{\"@type\":\"SearchAction\",\"target\":{\"@type\":\"EntryPoint\",\"urlTemplate\":\"https:\/\/www.heddata.se\/webbutik\/?s={search_term_string}\"},\"query-input\":{\"@type\":\"PropertyValueSpecification\",\"valueRequired\":true,\"valueName\":\"search_term_string\"}}],\"inLanguage\":\"sv-SE\"},{\"@type\":\"Organization\",\"@id\":\"https:\/\/www.heddata.se\/webbutik\/#organization\",\"name\":\"Heddata AB\",\"url\":\"https:\/\/www.heddata.se\/webbutik\/\",\"logo\":{\"@type\":\"ImageObject\",\"inLanguage\":\"sv-SE\",\"@id\":\"https:\/\/www.heddata.se\/webbutik\/#\/schema\/logo\/image\/\",\"url\":\"https:\/\/www.heddata.se\/webbutik\/wp-content\/uploads\/logga\/heddata-ab-logga.png\",\"contentUrl\":\"https:\/\/www.heddata.se\/webbutik\/wp-content\/uploads\/logga\/heddata-ab-logga.png\",\"width\":200,\"height\":64,\"caption\":\"Heddata AB\"},\"image\":{\"@id\":\"https:\/\/www.heddata.se\/webbutik\/#\/schema\/logo\/image\/\"}}]}<\/script>\n<!-- \/ Yoast SEO Premium plugin. -->","yoast_head_json":{"title":"Tr\u00e5dl\u00f6sa h\u00f6rlurar R\u00f6d | Bluetooth\u00ae | On-ear | Vikbar - HPBT1100RD","description":"Tr\u00e5dl\u00f6sa h\u00f6rlurar Bluetooth R\u00f6d. H\u00e4nge dig \u00e5t dina favoritl\u00e5tar med de h\u00e4r Bluetooth-h\u00f6rlurarna som speglar din personliga stil.","robots":{"index":"index","follow":"follow","max-snippet":"max-snippet:-1","max-image-preview":"max-image-preview:large","max-video-preview":"max-video-preview:-1"},"canonical":"https:\/\/www.heddata.se\/webbutik\/produkt\/tradlosa-horlurar-bluetooth-rod\/","og_locale":"sv_SE","og_type":"article","og_title":"Tr\u00e5dl\u00f6sa h\u00f6rlurar R\u00f6d | Bluetooth\u00ae | On-ear | Vikbar - HPBT1100RD","og_description":"Tr\u00e5dl\u00f6sa h\u00f6rlurar Bluetooth R\u00f6d. H\u00e4nge dig \u00e5t dina favoritl\u00e5tar med de h\u00e4r Bluetooth-h\u00f6rlurarna som speglar din personliga stil.","og_url":"https:\/\/www.heddata.se\/webbutik\/produkt\/tradlosa-horlurar-bluetooth-rod\/","og_site_name":"Datorer, Skrivare, F\u00e4rgpatroner, Mobiltelefoner","article_modified_time":"2026-04-03T16:30:45+00:00","og_image":[{"width":1200,"height":1200,"url":"https:\/\/www.heddata.se\/webbutik\/wp-content\/uploads\/webbutik\/kategorier\/horlurar\/Tradlosa-horlurar-Rod-Bluetooth-On-ear-Vikbar-HPBT1100RD.jpg","type":"image\/jpeg"}],"twitter_card":"summary_large_image","schema":{"@context":"https:\/\/schema.org","@graph":[{"@type":"WebPage","@id":"https:\/\/www.heddata.se\/webbutik\/produkt\/tradlosa-horlurar-bluetooth-rod\/","url":"https:\/\/www.heddata.se\/webbutik\/produkt\/tradlosa-horlurar-bluetooth-rod\/","name":"Tr\u00e5dl\u00f6sa h\u00f6rlurar R\u00f6d | Bluetooth\u00ae | On-ear | Vikbar - HPBT1100RD","isPartOf":{"@id":"https:\/\/www.heddata.se\/webbutik\/#website"},"primaryImageOfPage":{"@id":"https:\/\/www.heddata.se\/webbutik\/produkt\/tradlosa-horlurar-bluetooth-rod\/#primaryimage"},"image":{"@id":"https:\/\/www.heddata.se\/webbutik\/produkt\/tradlosa-horlurar-bluetooth-rod\/#primaryimage"},"thumbnailUrl":"https:\/\/www.heddata.se\/webbutik\/wp-content\/uploads\/webbutik\/kategorier\/horlurar\/Tradlosa-horlurar-Rod-Bluetooth-On-ear-Vikbar-HPBT1100RD.jpg","datePublished":"2019-11-20T08:07:41+00:00","dateModified":"2026-04-03T16:30:45+00:00","description":"Tr\u00e5dl\u00f6sa h\u00f6rlurar Bluetooth R\u00f6d. H\u00e4nge dig \u00e5t dina favoritl\u00e5tar med de h\u00e4r Bluetooth-h\u00f6rlurarna som speglar din personliga stil.","breadcrumb":{"@id":"https:\/\/www.heddata.se\/webbutik\/produkt\/tradlosa-horlurar-bluetooth-rod\/#breadcrumb"},"inLanguage":"sv-SE","potentialAction":[{"@type":"ReadAction","target":["https:\/\/www.heddata.se\/webbutik\/produkt\/tradlosa-horlurar-bluetooth-rod\/"]}]},{"@type":"ImageObject","inLanguage":"sv-SE","@id":"https:\/\/www.heddata.se\/webbutik\/produkt\/tradlosa-horlurar-bluetooth-rod\/#primaryimage","url":"https:\/\/www.heddata.se\/webbutik\/wp-content\/uploads\/webbutik\/kategorier\/horlurar\/Tradlosa-horlurar-Rod-Bluetooth-On-ear-Vikbar-HPBT1100RD.jpg","contentUrl":"https:\/\/www.heddata.se\/webbutik\/wp-content\/uploads\/webbutik\/kategorier\/horlurar\/Tradlosa-horlurar-Rod-Bluetooth-On-ear-Vikbar-HPBT1100RD.jpg","width":1200,"height":1200,"caption":"Tr\u00e5dl\u00f6sa h\u00f6rlurar R\u00f6d | Bluetooth\u00ae | On-ear | Vikbar - HPBT1100RD"},{"@type":"BreadcrumbList","@id":"https:\/\/www.heddata.se\/webbutik\/produkt\/tradlosa-horlurar-bluetooth-rod\/#breadcrumb","itemListElement":[{"@type":"ListItem","position":1,"name":"Hem","item":"https:\/\/www.heddata.se\/webbutik\/"},{"@type":"ListItem","position":2,"name":"Produkter","item":"https:\/\/www.heddata.se\/webbutik\/shop\/"},{"@type":"ListItem","position":3,"name":"Tr\u00e5dl\u00f6sa h\u00f6rlurar R\u00f6d | Bluetooth\u00ae | On-ear | Vikbar &#8211; HPBT1100RD"}]},{"@type":"WebSite","@id":"https:\/\/www.heddata.se\/webbutik\/#website","url":"https:\/\/www.heddata.se\/webbutik\/","name":"Datorer, Skrivare, F\u00e4rgpatroner, Mobiltelefoner","description":"Kablar","publisher":{"@id":"https:\/\/www.heddata.se\/webbutik\/#organization"},"potentialAction":[{"@type":"SearchAction","target":{"@type":"EntryPoint","urlTemplate":"https:\/\/www.heddata.se\/webbutik\/?s={search_term_string}"},"query-input":{"@type":"PropertyValueSpecification","valueRequired":true,"valueName":"search_term_string"}}],"inLanguage":"sv-SE"},{"@type":"Organization","@id":"https:\/\/www.heddata.se\/webbutik\/#organization","name":"Heddata AB","url":"https:\/\/www.heddata.se\/webbutik\/","logo":{"@type":"ImageObject","inLanguage":"sv-SE","@id":"https:\/\/www.heddata.se\/webbutik\/#\/schema\/logo\/image\/","url":"https:\/\/www.heddata.se\/webbutik\/wp-content\/uploads\/logga\/heddata-ab-logga.png","contentUrl":"https:\/\/www.heddata.se\/webbutik\/wp-content\/uploads\/logga\/heddata-ab-logga.png","width":200,"height":64,"caption":"Heddata AB"},"image":{"@id":"https:\/\/www.heddata.se\/webbutik\/#\/schema\/logo\/image\/"}}]}},"_links":{"self":[{"href":"https:\/\/www.heddata.se\/webbutik\/wp-json\/wp\/v2\/product\/7244","targetHints":{"allow":["GET"]}}],"collection":[{"href":"https:\/\/www.heddata.se\/webbutik\/wp-json\/wp\/v2\/product"}],"about":[{"href":"https:\/\/www.heddata.se\/webbutik\/wp-json\/wp\/v2\/types\/product"}],"wp:featuredmedia":[{"embeddable":true,"href":"https:\/\/www.heddata.se\/webbutik\/wp-json\/wp\/v2\/media\/8657"}],"wp:attachment":[{"href":"https:\/\/www.heddata.se\/webbutik\/wp-json\/wp\/v2\/media?parent=7244"}],"wp:term":[{"taxonomy":"product_brand","embeddable":true,"href":"https:\/\/www.heddata.se\/webbutik\/wp-json\/wp\/v2\/product_brand?post=7244"},{"taxonomy":"product_cat","embeddable":true,"href":"https:\/\/www.heddata.se\/webbutik\/wp-json\/wp\/v2\/product_cat?post=7244"},{"taxonomy":"product_tag","embeddable":true,"href":"https:\/\/www.heddata.se\/webbutik\/wp-json\/wp\/v2\/product_tag?post=7244"}],"curies":[{"name":"wp","href":"https:\/\/api.w.org\/{rel}","templated":true}]}}