{"id":5107,"date":"2019-11-08T16:10:11","date_gmt":"2019-11-08T15:10:11","guid":{"rendered":"https:\/\/www.heddata.se\/webbutik\/?post_type=product&#038;p=5107"},"modified":"2026-04-07T11:28:03","modified_gmt":"2026-04-07T09:28:03","slug":"sagem-smartbox-dtiw77","status":"publish","type":"product","link":"https:\/\/www.heddata.se\/webbutik\/produkt\/sagem-smartbox-dtiw77\/","title":{"rendered":"Sagem Smartbox DTIW77 Boxer"},"content":{"rendered":"<p>Sagem Smartbox DTIW77 \u00e4r en digitalbox fr\u00e5n <a href=\"https:\/\/www.boxer.se\/\" target=\"_blank\" rel=\"noopener noreferrer\">Boxer<\/a> i full HD som tar emot markburna signaler. Dessutom har boxern Wi-Fi med dubbla band f\u00f6r tillg\u00e5ng till internettj\u00e4nster och funktioner.<\/p>\n<p><strong>Andra egenskaper<\/strong><br \/>\n&#8211; MPEG-2 och MPEG-4-s\u00e4ndningar i b\u00e5de SD-format och HD1<br \/>\n&#8211; HDMI x1<br \/>\n&#8211; USB 2.0 x1<br \/>\n&#8211; Digital Optisk-anslutning x1<br \/>\n&#8211; 1 x IR-f\u00f6rl\u00e4ngare<br \/>\n&#8211; 1 x 3,5 mm-kontakt<br \/>\n&#8211; 12 V och 5 V<br \/>\n&#8211; Favoritlista, Barns\u00e4kert l\u00e5s, 7-dagars programguide-funktioner (EPG)<\/p>\n<p><strong>F\u00f6rpackningen inneh\u00e5ller<\/strong><br \/>\n&#8211; Str\u00f6mk\u00e4lla<br \/>\n&#8211; Fj\u00e4rrkontroll<br \/>\n&#8211; 1 x batteri (AAA)<br \/>\n&#8211; HDMI-kabel<br \/>\n&#8211; Ethernet-kabel<br \/>\n&#8211; Installationsguide<br \/>\n&#8211; Regleringsbroschyr<\/p>\n","protected":false},"excerpt":{"rendered":"<p>Sagem Smartbox DTIW77<\/p>\n","protected":false},"featured_media":6847,"template":"","meta":[],"product_brand":[],"product_cat":[86],"product_tag":[],"class_list":{"0":"post-5107","1":"product","2":"type-product","3":"status-publish","4":"has-post-thumbnail","6":"product_cat-tillbehor-tv","8":"first","9":"outofstock","10":"taxable","11":"shipping-taxable","12":"product-type-simple"},"yoast_head":"<!-- This site is optimized with the Yoast SEO Premium plugin v26.7 (Yoast SEO v26.7) - https:\/\/yoast.com\/wordpress\/plugins\/seo\/ -->\n<title>Sagem Smartbox DTIW77 Digitalbox fr\u00e5n Boxer i Full HD<\/title>\n<meta name=\"description\" content=\"Sagem Smartbox DTIW77 \u00e4r en digitalbox i full HD som tar emot markburna signaler. Dessutom har boxern Wi-Fi med dubbla band.\" \/>\n<meta name=\"robots\" content=\"index, follow, max-snippet:-1, max-image-preview:large, max-video-preview:-1\" \/>\n<link rel=\"canonical\" href=\"https:\/\/www.heddata.se\/webbutik\/produkt\/sagem-smartbox-dtiw77\/\" \/>\n<meta property=\"og:locale\" content=\"sv_SE\" \/>\n<meta property=\"og:type\" content=\"article\" \/>\n<meta property=\"og:title\" content=\"Sagem Smartbox DTIW77 Boxer\" \/>\n<meta property=\"og:description\" content=\"Sagem Smartbox DTIW77 \u00e4r en digitalbox i full HD som tar emot markburna signaler. Dessutom har boxern Wi-Fi med dubbla band.\" \/>\n<meta property=\"og:url\" content=\"https:\/\/www.heddata.se\/webbutik\/produkt\/sagem-smartbox-dtiw77\/\" \/>\n<meta property=\"og:site_name\" content=\"Datorer, Skrivare, F\u00e4rgpatroner, Mobiltelefoner\" \/>\n<meta property=\"article:modified_time\" content=\"2026-04-07T09:28:03+00:00\" \/>\n<meta property=\"og:image\" content=\"https:\/\/www.heddata.se\/webbutik\/wp-content\/uploads\/webbutik\/kategorier\/TV\/Sagem-Smartbox-DTIW77-boxer.jpg\" \/>\n\t<meta property=\"og:image:width\" content=\"280\" \/>\n\t<meta property=\"og:image:height\" content=\"280\" \/>\n\t<meta property=\"og:image:type\" content=\"image\/jpeg\" \/>\n<meta name=\"twitter:card\" content=\"summary_large_image\" \/>\n<meta name=\"twitter:label1\" content=\"Ber\u00e4knad l\u00e4stid\" \/>\n\t<meta name=\"twitter:data1\" content=\"1 minut\" \/>\n<script type=\"application\/ld+json\" class=\"yoast-schema-graph\">{\"@context\":\"https:\/\/schema.org\",\"@graph\":[{\"@type\":\"WebPage\",\"@id\":\"https:\/\/www.heddata.se\/webbutik\/produkt\/sagem-smartbox-dtiw77\/\",\"url\":\"https:\/\/www.heddata.se\/webbutik\/produkt\/sagem-smartbox-dtiw77\/\",\"name\":\"Sagem Smartbox DTIW77 Digitalbox fr\u00e5n Boxer i Full HD\",\"isPartOf\":{\"@id\":\"https:\/\/www.heddata.se\/webbutik\/#website\"},\"primaryImageOfPage\":{\"@id\":\"https:\/\/www.heddata.se\/webbutik\/produkt\/sagem-smartbox-dtiw77\/#primaryimage\"},\"image\":{\"@id\":\"https:\/\/www.heddata.se\/webbutik\/produkt\/sagem-smartbox-dtiw77\/#primaryimage\"},\"thumbnailUrl\":\"https:\/\/www.heddata.se\/webbutik\/wp-content\/uploads\/webbutik\/kategorier\/TV\/Sagem-Smartbox-DTIW77-boxer.jpg\",\"datePublished\":\"2019-11-08T15:10:11+00:00\",\"dateModified\":\"2026-04-07T09:28:03+00:00\",\"description\":\"Sagem Smartbox DTIW77 \u00e4r en digitalbox i full HD som tar emot markburna signaler. Dessutom har boxern Wi-Fi med dubbla band.\",\"breadcrumb\":{\"@id\":\"https:\/\/www.heddata.se\/webbutik\/produkt\/sagem-smartbox-dtiw77\/#breadcrumb\"},\"inLanguage\":\"sv-SE\",\"potentialAction\":[{\"@type\":\"ReadAction\",\"target\":[\"https:\/\/www.heddata.se\/webbutik\/produkt\/sagem-smartbox-dtiw77\/\"]}]},{\"@type\":\"ImageObject\",\"inLanguage\":\"sv-SE\",\"@id\":\"https:\/\/www.heddata.se\/webbutik\/produkt\/sagem-smartbox-dtiw77\/#primaryimage\",\"url\":\"https:\/\/www.heddata.se\/webbutik\/wp-content\/uploads\/webbutik\/kategorier\/TV\/Sagem-Smartbox-DTIW77-boxer.jpg\",\"contentUrl\":\"https:\/\/www.heddata.se\/webbutik\/wp-content\/uploads\/webbutik\/kategorier\/TV\/Sagem-Smartbox-DTIW77-boxer.jpg\",\"width\":280,\"height\":280,\"caption\":\"Sagem Smartbox DTIW77 Boxer\"},{\"@type\":\"BreadcrumbList\",\"@id\":\"https:\/\/www.heddata.se\/webbutik\/produkt\/sagem-smartbox-dtiw77\/#breadcrumb\",\"itemListElement\":[{\"@type\":\"ListItem\",\"position\":1,\"name\":\"Hem\",\"item\":\"https:\/\/www.heddata.se\/webbutik\/\"},{\"@type\":\"ListItem\",\"position\":2,\"name\":\"Produkter\",\"item\":\"https:\/\/www.heddata.se\/webbutik\/shop\/\"},{\"@type\":\"ListItem\",\"position\":3,\"name\":\"Sagem Smartbox DTIW77 Boxer\"}]},{\"@type\":\"WebSite\",\"@id\":\"https:\/\/www.heddata.se\/webbutik\/#website\",\"url\":\"https:\/\/www.heddata.se\/webbutik\/\",\"name\":\"Datorer, Skrivare, F\u00e4rgpatroner, Mobiltelefoner\",\"description\":\"Kablar\",\"publisher\":{\"@id\":\"https:\/\/www.heddata.se\/webbutik\/#organization\"},\"potentialAction\":[{\"@type\":\"SearchAction\",\"target\":{\"@type\":\"EntryPoint\",\"urlTemplate\":\"https:\/\/www.heddata.se\/webbutik\/?s={search_term_string}\"},\"query-input\":{\"@type\":\"PropertyValueSpecification\",\"valueRequired\":true,\"valueName\":\"search_term_string\"}}],\"inLanguage\":\"sv-SE\"},{\"@type\":\"Organization\",\"@id\":\"https:\/\/www.heddata.se\/webbutik\/#organization\",\"name\":\"Heddata AB\",\"url\":\"https:\/\/www.heddata.se\/webbutik\/\",\"logo\":{\"@type\":\"ImageObject\",\"inLanguage\":\"sv-SE\",\"@id\":\"https:\/\/www.heddata.se\/webbutik\/#\/schema\/logo\/image\/\",\"url\":\"https:\/\/www.heddata.se\/webbutik\/wp-content\/uploads\/logga\/heddata-ab-logga.png\",\"contentUrl\":\"https:\/\/www.heddata.se\/webbutik\/wp-content\/uploads\/logga\/heddata-ab-logga.png\",\"width\":200,\"height\":64,\"caption\":\"Heddata AB\"},\"image\":{\"@id\":\"https:\/\/www.heddata.se\/webbutik\/#\/schema\/logo\/image\/\"}}]}<\/script>\n<!-- \/ Yoast SEO Premium plugin. -->","yoast_head_json":{"title":"Sagem Smartbox DTIW77 Digitalbox fr\u00e5n Boxer i Full HD","description":"Sagem Smartbox DTIW77 \u00e4r en digitalbox i full HD som tar emot markburna signaler. Dessutom har boxern Wi-Fi med dubbla band.","robots":{"index":"index","follow":"follow","max-snippet":"max-snippet:-1","max-image-preview":"max-image-preview:large","max-video-preview":"max-video-preview:-1"},"canonical":"https:\/\/www.heddata.se\/webbutik\/produkt\/sagem-smartbox-dtiw77\/","og_locale":"sv_SE","og_type":"article","og_title":"Sagem Smartbox DTIW77 Boxer","og_description":"Sagem Smartbox DTIW77 \u00e4r en digitalbox i full HD som tar emot markburna signaler. Dessutom har boxern Wi-Fi med dubbla band.","og_url":"https:\/\/www.heddata.se\/webbutik\/produkt\/sagem-smartbox-dtiw77\/","og_site_name":"Datorer, Skrivare, F\u00e4rgpatroner, Mobiltelefoner","article_modified_time":"2026-04-07T09:28:03+00:00","og_image":[{"width":280,"height":280,"url":"https:\/\/www.heddata.se\/webbutik\/wp-content\/uploads\/webbutik\/kategorier\/TV\/Sagem-Smartbox-DTIW77-boxer.jpg","type":"image\/jpeg"}],"twitter_card":"summary_large_image","twitter_misc":{"Ber\u00e4knad l\u00e4stid":"1 minut"},"schema":{"@context":"https:\/\/schema.org","@graph":[{"@type":"WebPage","@id":"https:\/\/www.heddata.se\/webbutik\/produkt\/sagem-smartbox-dtiw77\/","url":"https:\/\/www.heddata.se\/webbutik\/produkt\/sagem-smartbox-dtiw77\/","name":"Sagem Smartbox DTIW77 Digitalbox fr\u00e5n Boxer i Full HD","isPartOf":{"@id":"https:\/\/www.heddata.se\/webbutik\/#website"},"primaryImageOfPage":{"@id":"https:\/\/www.heddata.se\/webbutik\/produkt\/sagem-smartbox-dtiw77\/#primaryimage"},"image":{"@id":"https:\/\/www.heddata.se\/webbutik\/produkt\/sagem-smartbox-dtiw77\/#primaryimage"},"thumbnailUrl":"https:\/\/www.heddata.se\/webbutik\/wp-content\/uploads\/webbutik\/kategorier\/TV\/Sagem-Smartbox-DTIW77-boxer.jpg","datePublished":"2019-11-08T15:10:11+00:00","dateModified":"2026-04-07T09:28:03+00:00","description":"Sagem Smartbox DTIW77 \u00e4r en digitalbox i full HD som tar emot markburna signaler. Dessutom har boxern Wi-Fi med dubbla band.","breadcrumb":{"@id":"https:\/\/www.heddata.se\/webbutik\/produkt\/sagem-smartbox-dtiw77\/#breadcrumb"},"inLanguage":"sv-SE","potentialAction":[{"@type":"ReadAction","target":["https:\/\/www.heddata.se\/webbutik\/produkt\/sagem-smartbox-dtiw77\/"]}]},{"@type":"ImageObject","inLanguage":"sv-SE","@id":"https:\/\/www.heddata.se\/webbutik\/produkt\/sagem-smartbox-dtiw77\/#primaryimage","url":"https:\/\/www.heddata.se\/webbutik\/wp-content\/uploads\/webbutik\/kategorier\/TV\/Sagem-Smartbox-DTIW77-boxer.jpg","contentUrl":"https:\/\/www.heddata.se\/webbutik\/wp-content\/uploads\/webbutik\/kategorier\/TV\/Sagem-Smartbox-DTIW77-boxer.jpg","width":280,"height":280,"caption":"Sagem Smartbox DTIW77 Boxer"},{"@type":"BreadcrumbList","@id":"https:\/\/www.heddata.se\/webbutik\/produkt\/sagem-smartbox-dtiw77\/#breadcrumb","itemListElement":[{"@type":"ListItem","position":1,"name":"Hem","item":"https:\/\/www.heddata.se\/webbutik\/"},{"@type":"ListItem","position":2,"name":"Produkter","item":"https:\/\/www.heddata.se\/webbutik\/shop\/"},{"@type":"ListItem","position":3,"name":"Sagem Smartbox DTIW77 Boxer"}]},{"@type":"WebSite","@id":"https:\/\/www.heddata.se\/webbutik\/#website","url":"https:\/\/www.heddata.se\/webbutik\/","name":"Datorer, Skrivare, F\u00e4rgpatroner, Mobiltelefoner","description":"Kablar","publisher":{"@id":"https:\/\/www.heddata.se\/webbutik\/#organization"},"potentialAction":[{"@type":"SearchAction","target":{"@type":"EntryPoint","urlTemplate":"https:\/\/www.heddata.se\/webbutik\/?s={search_term_string}"},"query-input":{"@type":"PropertyValueSpecification","valueRequired":true,"valueName":"search_term_string"}}],"inLanguage":"sv-SE"},{"@type":"Organization","@id":"https:\/\/www.heddata.se\/webbutik\/#organization","name":"Heddata AB","url":"https:\/\/www.heddata.se\/webbutik\/","logo":{"@type":"ImageObject","inLanguage":"sv-SE","@id":"https:\/\/www.heddata.se\/webbutik\/#\/schema\/logo\/image\/","url":"https:\/\/www.heddata.se\/webbutik\/wp-content\/uploads\/logga\/heddata-ab-logga.png","contentUrl":"https:\/\/www.heddata.se\/webbutik\/wp-content\/uploads\/logga\/heddata-ab-logga.png","width":200,"height":64,"caption":"Heddata AB"},"image":{"@id":"https:\/\/www.heddata.se\/webbutik\/#\/schema\/logo\/image\/"}}]}},"_links":{"self":[{"href":"https:\/\/www.heddata.se\/webbutik\/wp-json\/wp\/v2\/product\/5107","targetHints":{"allow":["GET"]}}],"collection":[{"href":"https:\/\/www.heddata.se\/webbutik\/wp-json\/wp\/v2\/product"}],"about":[{"href":"https:\/\/www.heddata.se\/webbutik\/wp-json\/wp\/v2\/types\/product"}],"wp:featuredmedia":[{"embeddable":true,"href":"https:\/\/www.heddata.se\/webbutik\/wp-json\/wp\/v2\/media\/6847"}],"wp:attachment":[{"href":"https:\/\/www.heddata.se\/webbutik\/wp-json\/wp\/v2\/media?parent=5107"}],"wp:term":[{"taxonomy":"product_brand","embeddable":true,"href":"https:\/\/www.heddata.se\/webbutik\/wp-json\/wp\/v2\/product_brand?post=5107"},{"taxonomy":"product_cat","embeddable":true,"href":"https:\/\/www.heddata.se\/webbutik\/wp-json\/wp\/v2\/product_cat?post=5107"},{"taxonomy":"product_tag","embeddable":true,"href":"https:\/\/www.heddata.se\/webbutik\/wp-json\/wp\/v2\/product_tag?post=5107"}],"curies":[{"name":"wp","href":"https:\/\/api.w.org\/{rel}","templated":true}]}}