{"id":5101,"date":"2019-11-08T16:10:11","date_gmt":"2019-11-08T15:10:11","guid":{"rendered":"https:\/\/www.heddata.se\/webbutik\/?post_type=product&#038;p=5101"},"modified":"2026-05-01T18:17:07","modified_gmt":"2026-05-01T16:17:07","slug":"google-chromecast-video-nordic","status":"publish","type":"product","link":"https:\/\/www.heddata.se\/webbutik\/produkt\/google-chromecast-video-nordic\/","title":{"rendered":"Google Chromecast Video Nordics (Gen. 3)"},"content":{"rendered":"<p>Google Chromecast Video Nordics (Gen. 3). Streama fr\u00e5n b\u00e5de Apple och Android med denna Chromecast. Anv\u00e4nd hundratals appar f\u00f6r iPhone eller Android f\u00f6r att spela upp direkt fr\u00e5n <a href=\"https:\/\/www.heddata.se\/webbutik\/telefon-surfplattor\/mobiltelefoner\/\">mobilen<\/a>. Dessutom kan du spegla din laptopsk\u00e4rm p\u00e5 <a href=\"https:\/\/www.heddata.se\/webbutik\/hemelektronik\/tv\/tv-apparater\/\">TV:n<\/a> f\u00f6r att surfa eller visa mediafiler p\u00e5 en stor sk\u00e4rm. Du kan \u00e4ven styra din tv fr\u00e5n <a href=\"https:\/\/www.heddata.se\/webbutik\/telefon-surfplattor\/surfplattor\/\">surfplattan<\/a> om du vill anv\u00e4nda dig utav en st\u00f6rre sk\u00e4rm. Det \u00e4nda du beh\u00f6ver g\u00f6ra \u00e4r att trycka p\u00e5 Cast-knappen i en kompatibel app.<\/p>\n<p>Om du har google-home hemma kan du anv\u00e4nda din r\u00f6st f\u00f6r att streama fr\u00e5n kompatibla appar, spola tillbaka, pausa och mycket annat med Google Chromecast Video Nordics och Google Home.<\/p>\n","protected":false},"excerpt":{"rendered":"<p>Google Chromecast Video Nordics (Gen. 3)<\/p>\n","protected":false},"featured_media":6913,"template":"","meta":[],"product_brand":[],"product_cat":[8855,8854,69,86],"product_tag":[],"class_list":{"0":"post-5101","1":"product","2":"type-product","3":"status-publish","4":"has-post-thumbnail","6":"product_cat-chromecast","7":"product_cat-mediaspelare","8":"product_cat-telefontillbehor","9":"product_cat-tillbehor-tv","11":"first","12":"outofstock","13":"taxable","14":"shipping-taxable","15":"product-type-simple"},"yoast_head":"<!-- This site is optimized with the Yoast SEO Premium plugin v26.7 (Yoast SEO v26.7) - https:\/\/yoast.com\/wordpress\/plugins\/seo\/ -->\n<title>Google Chromecast Video Nordics (Gen. 3) streama fr\u00e5n mobilen<\/title>\n<meta name=\"description\" content=\"Google Chromecast Video Nordics (Gen. 3). Streama fr\u00e5n mobilen med denna Chromecast. Anv\u00e4nd hundratals appar f\u00f6r iPhone eller Android direkt fr\u00e5n mobilen\" \/>\n<meta name=\"robots\" content=\"index, follow, max-snippet:-1, max-image-preview:large, max-video-preview:-1\" \/>\n<link rel=\"canonical\" href=\"https:\/\/www.heddata.se\/webbutik\/produkt\/google-chromecast-video-nordic\/\" \/>\n<meta property=\"og:locale\" content=\"sv_SE\" \/>\n<meta property=\"og:type\" content=\"article\" \/>\n<meta property=\"og:title\" content=\"Google Chromecast Video Nordics (Gen. 3)\" \/>\n<meta property=\"og:description\" content=\"Google Chromecast Video Nordics (Gen. 3). Streama fr\u00e5n mobilen med denna Chromecast. Anv\u00e4nd hundratals appar f\u00f6r iPhone eller Android direkt fr\u00e5n mobilen\" \/>\n<meta property=\"og:url\" content=\"https:\/\/www.heddata.se\/webbutik\/produkt\/google-chromecast-video-nordic\/\" \/>\n<meta property=\"og:site_name\" content=\"Datorer, Skrivare, F\u00e4rgpatroner, Mobiltelefoner\" \/>\n<meta property=\"article:modified_time\" content=\"2026-05-01T16:17:07+00:00\" \/>\n<meta property=\"og:image\" content=\"https:\/\/www.heddata.se\/webbutik\/wp-content\/uploads\/webbutik\/kategorier\/TV\/Google-Chromecast-Video-Nordics-Gen-3.jpeg\" \/>\n\t<meta property=\"og:image:width\" content=\"800\" \/>\n\t<meta property=\"og:image:height\" content=\"600\" \/>\n\t<meta property=\"og:image:type\" content=\"image\/jpeg\" \/>\n<meta name=\"twitter:card\" content=\"summary_large_image\" \/>\n<meta name=\"twitter:label1\" content=\"Ber\u00e4knad l\u00e4stid\" \/>\n\t<meta name=\"twitter:data1\" content=\"1 minut\" \/>\n<script type=\"application\/ld+json\" class=\"yoast-schema-graph\">{\"@context\":\"https:\/\/schema.org\",\"@graph\":[{\"@type\":\"WebPage\",\"@id\":\"https:\/\/www.heddata.se\/webbutik\/produkt\/google-chromecast-video-nordic\/\",\"url\":\"https:\/\/www.heddata.se\/webbutik\/produkt\/google-chromecast-video-nordic\/\",\"name\":\"Google Chromecast Video Nordics (Gen. 3) streama fr\u00e5n mobilen\",\"isPartOf\":{\"@id\":\"https:\/\/www.heddata.se\/webbutik\/#website\"},\"primaryImageOfPage\":{\"@id\":\"https:\/\/www.heddata.se\/webbutik\/produkt\/google-chromecast-video-nordic\/#primaryimage\"},\"image\":{\"@id\":\"https:\/\/www.heddata.se\/webbutik\/produkt\/google-chromecast-video-nordic\/#primaryimage\"},\"thumbnailUrl\":\"https:\/\/www.heddata.se\/webbutik\/wp-content\/uploads\/webbutik\/kategorier\/TV\/Google-Chromecast-Video-Nordics-Gen-3.jpeg\",\"datePublished\":\"2019-11-08T15:10:11+00:00\",\"dateModified\":\"2026-05-01T16:17:07+00:00\",\"description\":\"Google Chromecast Video Nordics (Gen. 3). Streama fr\u00e5n mobilen med denna Chromecast. Anv\u00e4nd hundratals appar f\u00f6r iPhone eller Android direkt fr\u00e5n mobilen\",\"breadcrumb\":{\"@id\":\"https:\/\/www.heddata.se\/webbutik\/produkt\/google-chromecast-video-nordic\/#breadcrumb\"},\"inLanguage\":\"sv-SE\",\"potentialAction\":[{\"@type\":\"ReadAction\",\"target\":[\"https:\/\/www.heddata.se\/webbutik\/produkt\/google-chromecast-video-nordic\/\"]}]},{\"@type\":\"ImageObject\",\"inLanguage\":\"sv-SE\",\"@id\":\"https:\/\/www.heddata.se\/webbutik\/produkt\/google-chromecast-video-nordic\/#primaryimage\",\"url\":\"https:\/\/www.heddata.se\/webbutik\/wp-content\/uploads\/webbutik\/kategorier\/TV\/Google-Chromecast-Video-Nordics-Gen-3.jpeg\",\"contentUrl\":\"https:\/\/www.heddata.se\/webbutik\/wp-content\/uploads\/webbutik\/kategorier\/TV\/Google-Chromecast-Video-Nordics-Gen-3.jpeg\",\"width\":800,\"height\":600,\"caption\":\"Google Chromecast Video Nordics (Gen. 3)\"},{\"@type\":\"BreadcrumbList\",\"@id\":\"https:\/\/www.heddata.se\/webbutik\/produkt\/google-chromecast-video-nordic\/#breadcrumb\",\"itemListElement\":[{\"@type\":\"ListItem\",\"position\":1,\"name\":\"Hem\",\"item\":\"https:\/\/www.heddata.se\/webbutik\/\"},{\"@type\":\"ListItem\",\"position\":2,\"name\":\"Produkter\",\"item\":\"https:\/\/www.heddata.se\/webbutik\/shop\/\"},{\"@type\":\"ListItem\",\"position\":3,\"name\":\"Google Chromecast Video Nordics (Gen. 3)\"}]},{\"@type\":\"WebSite\",\"@id\":\"https:\/\/www.heddata.se\/webbutik\/#website\",\"url\":\"https:\/\/www.heddata.se\/webbutik\/\",\"name\":\"Datorer, Skrivare, F\u00e4rgpatroner, Mobiltelefoner\",\"description\":\"Kablar\",\"publisher\":{\"@id\":\"https:\/\/www.heddata.se\/webbutik\/#organization\"},\"potentialAction\":[{\"@type\":\"SearchAction\",\"target\":{\"@type\":\"EntryPoint\",\"urlTemplate\":\"https:\/\/www.heddata.se\/webbutik\/?s={search_term_string}\"},\"query-input\":{\"@type\":\"PropertyValueSpecification\",\"valueRequired\":true,\"valueName\":\"search_term_string\"}}],\"inLanguage\":\"sv-SE\"},{\"@type\":\"Organization\",\"@id\":\"https:\/\/www.heddata.se\/webbutik\/#organization\",\"name\":\"Heddata AB\",\"url\":\"https:\/\/www.heddata.se\/webbutik\/\",\"logo\":{\"@type\":\"ImageObject\",\"inLanguage\":\"sv-SE\",\"@id\":\"https:\/\/www.heddata.se\/webbutik\/#\/schema\/logo\/image\/\",\"url\":\"https:\/\/www.heddata.se\/webbutik\/wp-content\/uploads\/logga\/heddata-ab-logga.png\",\"contentUrl\":\"https:\/\/www.heddata.se\/webbutik\/wp-content\/uploads\/logga\/heddata-ab-logga.png\",\"width\":200,\"height\":64,\"caption\":\"Heddata AB\"},\"image\":{\"@id\":\"https:\/\/www.heddata.se\/webbutik\/#\/schema\/logo\/image\/\"}}]}<\/script>\n<!-- \/ Yoast SEO Premium plugin. -->","yoast_head_json":{"title":"Google Chromecast Video Nordics (Gen. 3) streama fr\u00e5n mobilen","description":"Google Chromecast Video Nordics (Gen. 3). Streama fr\u00e5n mobilen med denna Chromecast. Anv\u00e4nd hundratals appar f\u00f6r iPhone eller Android direkt fr\u00e5n mobilen","robots":{"index":"index","follow":"follow","max-snippet":"max-snippet:-1","max-image-preview":"max-image-preview:large","max-video-preview":"max-video-preview:-1"},"canonical":"https:\/\/www.heddata.se\/webbutik\/produkt\/google-chromecast-video-nordic\/","og_locale":"sv_SE","og_type":"article","og_title":"Google Chromecast Video Nordics (Gen. 3)","og_description":"Google Chromecast Video Nordics (Gen. 3). Streama fr\u00e5n mobilen med denna Chromecast. Anv\u00e4nd hundratals appar f\u00f6r iPhone eller Android direkt fr\u00e5n mobilen","og_url":"https:\/\/www.heddata.se\/webbutik\/produkt\/google-chromecast-video-nordic\/","og_site_name":"Datorer, Skrivare, F\u00e4rgpatroner, Mobiltelefoner","article_modified_time":"2026-05-01T16:17:07+00:00","og_image":[{"width":800,"height":600,"url":"https:\/\/www.heddata.se\/webbutik\/wp-content\/uploads\/webbutik\/kategorier\/TV\/Google-Chromecast-Video-Nordics-Gen-3.jpeg","type":"image\/jpeg"}],"twitter_card":"summary_large_image","twitter_misc":{"Ber\u00e4knad l\u00e4stid":"1 minut"},"schema":{"@context":"https:\/\/schema.org","@graph":[{"@type":"WebPage","@id":"https:\/\/www.heddata.se\/webbutik\/produkt\/google-chromecast-video-nordic\/","url":"https:\/\/www.heddata.se\/webbutik\/produkt\/google-chromecast-video-nordic\/","name":"Google Chromecast Video Nordics (Gen. 3) streama fr\u00e5n mobilen","isPartOf":{"@id":"https:\/\/www.heddata.se\/webbutik\/#website"},"primaryImageOfPage":{"@id":"https:\/\/www.heddata.se\/webbutik\/produkt\/google-chromecast-video-nordic\/#primaryimage"},"image":{"@id":"https:\/\/www.heddata.se\/webbutik\/produkt\/google-chromecast-video-nordic\/#primaryimage"},"thumbnailUrl":"https:\/\/www.heddata.se\/webbutik\/wp-content\/uploads\/webbutik\/kategorier\/TV\/Google-Chromecast-Video-Nordics-Gen-3.jpeg","datePublished":"2019-11-08T15:10:11+00:00","dateModified":"2026-05-01T16:17:07+00:00","description":"Google Chromecast Video Nordics (Gen. 3). Streama fr\u00e5n mobilen med denna Chromecast. Anv\u00e4nd hundratals appar f\u00f6r iPhone eller Android direkt fr\u00e5n mobilen","breadcrumb":{"@id":"https:\/\/www.heddata.se\/webbutik\/produkt\/google-chromecast-video-nordic\/#breadcrumb"},"inLanguage":"sv-SE","potentialAction":[{"@type":"ReadAction","target":["https:\/\/www.heddata.se\/webbutik\/produkt\/google-chromecast-video-nordic\/"]}]},{"@type":"ImageObject","inLanguage":"sv-SE","@id":"https:\/\/www.heddata.se\/webbutik\/produkt\/google-chromecast-video-nordic\/#primaryimage","url":"https:\/\/www.heddata.se\/webbutik\/wp-content\/uploads\/webbutik\/kategorier\/TV\/Google-Chromecast-Video-Nordics-Gen-3.jpeg","contentUrl":"https:\/\/www.heddata.se\/webbutik\/wp-content\/uploads\/webbutik\/kategorier\/TV\/Google-Chromecast-Video-Nordics-Gen-3.jpeg","width":800,"height":600,"caption":"Google Chromecast Video Nordics (Gen. 3)"},{"@type":"BreadcrumbList","@id":"https:\/\/www.heddata.se\/webbutik\/produkt\/google-chromecast-video-nordic\/#breadcrumb","itemListElement":[{"@type":"ListItem","position":1,"name":"Hem","item":"https:\/\/www.heddata.se\/webbutik\/"},{"@type":"ListItem","position":2,"name":"Produkter","item":"https:\/\/www.heddata.se\/webbutik\/shop\/"},{"@type":"ListItem","position":3,"name":"Google Chromecast Video Nordics (Gen. 3)"}]},{"@type":"WebSite","@id":"https:\/\/www.heddata.se\/webbutik\/#website","url":"https:\/\/www.heddata.se\/webbutik\/","name":"Datorer, Skrivare, F\u00e4rgpatroner, Mobiltelefoner","description":"Kablar","publisher":{"@id":"https:\/\/www.heddata.se\/webbutik\/#organization"},"potentialAction":[{"@type":"SearchAction","target":{"@type":"EntryPoint","urlTemplate":"https:\/\/www.heddata.se\/webbutik\/?s={search_term_string}"},"query-input":{"@type":"PropertyValueSpecification","valueRequired":true,"valueName":"search_term_string"}}],"inLanguage":"sv-SE"},{"@type":"Organization","@id":"https:\/\/www.heddata.se\/webbutik\/#organization","name":"Heddata AB","url":"https:\/\/www.heddata.se\/webbutik\/","logo":{"@type":"ImageObject","inLanguage":"sv-SE","@id":"https:\/\/www.heddata.se\/webbutik\/#\/schema\/logo\/image\/","url":"https:\/\/www.heddata.se\/webbutik\/wp-content\/uploads\/logga\/heddata-ab-logga.png","contentUrl":"https:\/\/www.heddata.se\/webbutik\/wp-content\/uploads\/logga\/heddata-ab-logga.png","width":200,"height":64,"caption":"Heddata AB"},"image":{"@id":"https:\/\/www.heddata.se\/webbutik\/#\/schema\/logo\/image\/"}}]}},"_links":{"self":[{"href":"https:\/\/www.heddata.se\/webbutik\/wp-json\/wp\/v2\/product\/5101","targetHints":{"allow":["GET"]}}],"collection":[{"href":"https:\/\/www.heddata.se\/webbutik\/wp-json\/wp\/v2\/product"}],"about":[{"href":"https:\/\/www.heddata.se\/webbutik\/wp-json\/wp\/v2\/types\/product"}],"wp:featuredmedia":[{"embeddable":true,"href":"https:\/\/www.heddata.se\/webbutik\/wp-json\/wp\/v2\/media\/6913"}],"wp:attachment":[{"href":"https:\/\/www.heddata.se\/webbutik\/wp-json\/wp\/v2\/media?parent=5101"}],"wp:term":[{"taxonomy":"product_brand","embeddable":true,"href":"https:\/\/www.heddata.se\/webbutik\/wp-json\/wp\/v2\/product_brand?post=5101"},{"taxonomy":"product_cat","embeddable":true,"href":"https:\/\/www.heddata.se\/webbutik\/wp-json\/wp\/v2\/product_cat?post=5101"},{"taxonomy":"product_tag","embeddable":true,"href":"https:\/\/www.heddata.se\/webbutik\/wp-json\/wp\/v2\/product_tag?post=5101"}],"curies":[{"name":"wp","href":"https:\/\/api.w.org\/{rel}","templated":true}]}}