{"id":37225,"date":"2020-01-30T10:44:39","date_gmt":"2020-01-30T09:44:39","guid":{"rendered":"https:\/\/www.heddata.se\/webbutik\/?post_type=product&#038;p=37225"},"modified":"2026-04-23T18:43:47","modified_gmt":"2026-04-23T16:43:47","slug":"lightningkabel-1m-svart-synk-och-laddningskabel-for-apple","status":"publish","type":"product","link":"https:\/\/www.heddata.se\/webbutik\/produkt\/lightningkabel-1m-svart-synk-och-laddningskabel-for-apple\/","title":{"rendered":"Lightningkabel 1m Svart | Synk- och laddningskabel f\u00f6r Apple"},"content":{"rendered":"<p>Lightningkabel 1m svart. Denna synk- och laddningskabel \u00e4r l\u00e4mplig f\u00f6r att synkronisera din Apple-enhet med en USB. Anslut till din v\u00e4ggladdare, billaddare eller <a href=\"https:\/\/www.heddata.se\/webbutik\/datorer\/\">dator<\/a>. Fungerar f\u00f6r b\u00e5de synkronisering samt laddning.<\/p>\n<p>Tillverkare: <a href=\"https:\/\/nedis.se\/sv-se\" target=\"_blank\" rel=\"noopener noreferrer\">Nedis<\/a><\/p>\n","protected":false},"excerpt":{"rendered":"<p>Lightningkabel 1m svart<\/p>\n","protected":false},"featured_media":2035,"template":"","meta":[],"product_brand":[],"product_cat":[59,122,118,69,72],"product_tag":[],"class_list":{"0":"post-37225","1":"product","2":"type-product","3":"status-publish","4":"has-post-thumbnail","6":"product_cat-kablar","7":"product_cat-kablar-telefonladdare","8":"product_cat-telefonladdare","9":"product_cat-telefontillbehor","10":"product_cat-usb-kablar","12":"first","13":"outofstock","14":"taxable","15":"shipping-taxable","16":"product-type-simple"},"yoast_head":"<!-- This site is optimized with the Yoast SEO Premium plugin v26.7 (Yoast SEO v26.7) - https:\/\/yoast.com\/wordpress\/plugins\/seo\/ -->\n<title>Lightningkabel 1m Svart | Synk- och laddningskabel f\u00f6r Apple<\/title>\n<meta name=\"description\" content=\"Lightningkabel 1m svart. Denna synk- och laddningskabel \u00e4r l\u00e4mplig f\u00f6r att synkronisera din Apple-enhet med en USB. Anslut t.ex. till din v\u00e4ggladdare\" \/>\n<meta name=\"robots\" content=\"index, follow, max-snippet:-1, max-image-preview:large, max-video-preview:-1\" \/>\n<link rel=\"canonical\" href=\"https:\/\/www.heddata.se\/webbutik\/produkt\/lightningkabel-1m-svart-synk-och-laddningskabel-for-apple\/\" \/>\n<meta property=\"og:locale\" content=\"sv_SE\" \/>\n<meta property=\"og:type\" content=\"article\" \/>\n<meta property=\"og:title\" content=\"Lightningkabel 1m Svart | Synk- och laddningskabel f\u00f6r Apple\" \/>\n<meta property=\"og:description\" content=\"Lightningkabel 1m svart. Denna synk- och laddningskabel \u00e4r l\u00e4mplig f\u00f6r att synkronisera din Apple-enhet med en USB. Anslut t.ex. till din v\u00e4ggladdare\" \/>\n<meta property=\"og:url\" content=\"https:\/\/www.heddata.se\/webbutik\/produkt\/lightningkabel-1m-svart-synk-och-laddningskabel-for-apple\/\" \/>\n<meta property=\"og:site_name\" content=\"Datorer, Skrivare, F\u00e4rgpatroner, Mobiltelefoner\" \/>\n<meta property=\"article:modified_time\" content=\"2026-04-23T16:43:47+00:00\" \/>\n<meta property=\"og:image\" content=\"https:\/\/www.heddata.se\/webbutik\/wp-content\/uploads\/VLMP39300B1.00-scaled.jpg\" \/>\n\t<meta property=\"og:image:width\" content=\"2560\" \/>\n\t<meta property=\"og:image:height\" content=\"1533\" \/>\n\t<meta property=\"og:image:type\" content=\"image\/jpeg\" \/>\n<meta name=\"twitter:card\" content=\"summary_large_image\" \/>\n<script type=\"application\/ld+json\" class=\"yoast-schema-graph\">{\"@context\":\"https:\/\/schema.org\",\"@graph\":[{\"@type\":\"WebPage\",\"@id\":\"https:\/\/www.heddata.se\/webbutik\/produkt\/lightningkabel-1m-svart-synk-och-laddningskabel-for-apple\/\",\"url\":\"https:\/\/www.heddata.se\/webbutik\/produkt\/lightningkabel-1m-svart-synk-och-laddningskabel-for-apple\/\",\"name\":\"Lightningkabel 1m Svart | Synk- och laddningskabel f\u00f6r Apple\",\"isPartOf\":{\"@id\":\"https:\/\/www.heddata.se\/webbutik\/#website\"},\"primaryImageOfPage\":{\"@id\":\"https:\/\/www.heddata.se\/webbutik\/produkt\/lightningkabel-1m-svart-synk-och-laddningskabel-for-apple\/#primaryimage\"},\"image\":{\"@id\":\"https:\/\/www.heddata.se\/webbutik\/produkt\/lightningkabel-1m-svart-synk-och-laddningskabel-for-apple\/#primaryimage\"},\"thumbnailUrl\":\"https:\/\/www.heddata.se\/webbutik\/wp-content\/uploads\/VLMP39300B1.00-scaled.jpg\",\"datePublished\":\"2020-01-30T09:44:39+00:00\",\"dateModified\":\"2026-04-23T16:43:47+00:00\",\"description\":\"Lightningkabel 1m svart. Denna synk- och laddningskabel \u00e4r l\u00e4mplig f\u00f6r att synkronisera din Apple-enhet med en USB. Anslut t.ex. till din v\u00e4ggladdare\",\"breadcrumb\":{\"@id\":\"https:\/\/www.heddata.se\/webbutik\/produkt\/lightningkabel-1m-svart-synk-och-laddningskabel-for-apple\/#breadcrumb\"},\"inLanguage\":\"sv-SE\",\"potentialAction\":[{\"@type\":\"ReadAction\",\"target\":[\"https:\/\/www.heddata.se\/webbutik\/produkt\/lightningkabel-1m-svart-synk-och-laddningskabel-for-apple\/\"]}]},{\"@type\":\"ImageObject\",\"inLanguage\":\"sv-SE\",\"@id\":\"https:\/\/www.heddata.se\/webbutik\/produkt\/lightningkabel-1m-svart-synk-och-laddningskabel-for-apple\/#primaryimage\",\"url\":\"https:\/\/www.heddata.se\/webbutik\/wp-content\/uploads\/VLMP39300B1.00-scaled.jpg\",\"contentUrl\":\"https:\/\/www.heddata.se\/webbutik\/wp-content\/uploads\/VLMP39300B1.00-scaled.jpg\",\"width\":2560,\"height\":1533,\"caption\":\"Lightningkabel 1m Svart | Synk- och laddningskabel f\u00f6r Apple\"},{\"@type\":\"BreadcrumbList\",\"@id\":\"https:\/\/www.heddata.se\/webbutik\/produkt\/lightningkabel-1m-svart-synk-och-laddningskabel-for-apple\/#breadcrumb\",\"itemListElement\":[{\"@type\":\"ListItem\",\"position\":1,\"name\":\"Hem\",\"item\":\"https:\/\/www.heddata.se\/webbutik\/\"},{\"@type\":\"ListItem\",\"position\":2,\"name\":\"Produkter\",\"item\":\"https:\/\/www.heddata.se\/webbutik\/shop\/\"},{\"@type\":\"ListItem\",\"position\":3,\"name\":\"Lightningkabel 1m Svart | Synk- och laddningskabel f\u00f6r Apple\"}]},{\"@type\":\"WebSite\",\"@id\":\"https:\/\/www.heddata.se\/webbutik\/#website\",\"url\":\"https:\/\/www.heddata.se\/webbutik\/\",\"name\":\"Datorer, Skrivare, F\u00e4rgpatroner, Mobiltelefoner\",\"description\":\"Kablar\",\"publisher\":{\"@id\":\"https:\/\/www.heddata.se\/webbutik\/#organization\"},\"potentialAction\":[{\"@type\":\"SearchAction\",\"target\":{\"@type\":\"EntryPoint\",\"urlTemplate\":\"https:\/\/www.heddata.se\/webbutik\/?s={search_term_string}\"},\"query-input\":{\"@type\":\"PropertyValueSpecification\",\"valueRequired\":true,\"valueName\":\"search_term_string\"}}],\"inLanguage\":\"sv-SE\"},{\"@type\":\"Organization\",\"@id\":\"https:\/\/www.heddata.se\/webbutik\/#organization\",\"name\":\"Heddata AB\",\"url\":\"https:\/\/www.heddata.se\/webbutik\/\",\"logo\":{\"@type\":\"ImageObject\",\"inLanguage\":\"sv-SE\",\"@id\":\"https:\/\/www.heddata.se\/webbutik\/#\/schema\/logo\/image\/\",\"url\":\"https:\/\/www.heddata.se\/webbutik\/wp-content\/uploads\/logga\/heddata-ab-logga.png\",\"contentUrl\":\"https:\/\/www.heddata.se\/webbutik\/wp-content\/uploads\/logga\/heddata-ab-logga.png\",\"width\":200,\"height\":64,\"caption\":\"Heddata AB\"},\"image\":{\"@id\":\"https:\/\/www.heddata.se\/webbutik\/#\/schema\/logo\/image\/\"}}]}<\/script>\n<!-- \/ Yoast SEO Premium plugin. -->","yoast_head_json":{"title":"Lightningkabel 1m Svart | Synk- och laddningskabel f\u00f6r Apple","description":"Lightningkabel 1m svart. Denna synk- och laddningskabel \u00e4r l\u00e4mplig f\u00f6r att synkronisera din Apple-enhet med en USB. Anslut t.ex. till din v\u00e4ggladdare","robots":{"index":"index","follow":"follow","max-snippet":"max-snippet:-1","max-image-preview":"max-image-preview:large","max-video-preview":"max-video-preview:-1"},"canonical":"https:\/\/www.heddata.se\/webbutik\/produkt\/lightningkabel-1m-svart-synk-och-laddningskabel-for-apple\/","og_locale":"sv_SE","og_type":"article","og_title":"Lightningkabel 1m Svart | Synk- och laddningskabel f\u00f6r Apple","og_description":"Lightningkabel 1m svart. Denna synk- och laddningskabel \u00e4r l\u00e4mplig f\u00f6r att synkronisera din Apple-enhet med en USB. Anslut t.ex. till din v\u00e4ggladdare","og_url":"https:\/\/www.heddata.se\/webbutik\/produkt\/lightningkabel-1m-svart-synk-och-laddningskabel-for-apple\/","og_site_name":"Datorer, Skrivare, F\u00e4rgpatroner, Mobiltelefoner","article_modified_time":"2026-04-23T16:43:47+00:00","og_image":[{"width":2560,"height":1533,"url":"https:\/\/www.heddata.se\/webbutik\/wp-content\/uploads\/VLMP39300B1.00-scaled.jpg","type":"image\/jpeg"}],"twitter_card":"summary_large_image","schema":{"@context":"https:\/\/schema.org","@graph":[{"@type":"WebPage","@id":"https:\/\/www.heddata.se\/webbutik\/produkt\/lightningkabel-1m-svart-synk-och-laddningskabel-for-apple\/","url":"https:\/\/www.heddata.se\/webbutik\/produkt\/lightningkabel-1m-svart-synk-och-laddningskabel-for-apple\/","name":"Lightningkabel 1m Svart | Synk- och laddningskabel f\u00f6r Apple","isPartOf":{"@id":"https:\/\/www.heddata.se\/webbutik\/#website"},"primaryImageOfPage":{"@id":"https:\/\/www.heddata.se\/webbutik\/produkt\/lightningkabel-1m-svart-synk-och-laddningskabel-for-apple\/#primaryimage"},"image":{"@id":"https:\/\/www.heddata.se\/webbutik\/produkt\/lightningkabel-1m-svart-synk-och-laddningskabel-for-apple\/#primaryimage"},"thumbnailUrl":"https:\/\/www.heddata.se\/webbutik\/wp-content\/uploads\/VLMP39300B1.00-scaled.jpg","datePublished":"2020-01-30T09:44:39+00:00","dateModified":"2026-04-23T16:43:47+00:00","description":"Lightningkabel 1m svart. Denna synk- och laddningskabel \u00e4r l\u00e4mplig f\u00f6r att synkronisera din Apple-enhet med en USB. Anslut t.ex. till din v\u00e4ggladdare","breadcrumb":{"@id":"https:\/\/www.heddata.se\/webbutik\/produkt\/lightningkabel-1m-svart-synk-och-laddningskabel-for-apple\/#breadcrumb"},"inLanguage":"sv-SE","potentialAction":[{"@type":"ReadAction","target":["https:\/\/www.heddata.se\/webbutik\/produkt\/lightningkabel-1m-svart-synk-och-laddningskabel-for-apple\/"]}]},{"@type":"ImageObject","inLanguage":"sv-SE","@id":"https:\/\/www.heddata.se\/webbutik\/produkt\/lightningkabel-1m-svart-synk-och-laddningskabel-for-apple\/#primaryimage","url":"https:\/\/www.heddata.se\/webbutik\/wp-content\/uploads\/VLMP39300B1.00-scaled.jpg","contentUrl":"https:\/\/www.heddata.se\/webbutik\/wp-content\/uploads\/VLMP39300B1.00-scaled.jpg","width":2560,"height":1533,"caption":"Lightningkabel 1m Svart | Synk- och laddningskabel f\u00f6r Apple"},{"@type":"BreadcrumbList","@id":"https:\/\/www.heddata.se\/webbutik\/produkt\/lightningkabel-1m-svart-synk-och-laddningskabel-for-apple\/#breadcrumb","itemListElement":[{"@type":"ListItem","position":1,"name":"Hem","item":"https:\/\/www.heddata.se\/webbutik\/"},{"@type":"ListItem","position":2,"name":"Produkter","item":"https:\/\/www.heddata.se\/webbutik\/shop\/"},{"@type":"ListItem","position":3,"name":"Lightningkabel 1m Svart | Synk- och laddningskabel f\u00f6r Apple"}]},{"@type":"WebSite","@id":"https:\/\/www.heddata.se\/webbutik\/#website","url":"https:\/\/www.heddata.se\/webbutik\/","name":"Datorer, Skrivare, F\u00e4rgpatroner, Mobiltelefoner","description":"Kablar","publisher":{"@id":"https:\/\/www.heddata.se\/webbutik\/#organization"},"potentialAction":[{"@type":"SearchAction","target":{"@type":"EntryPoint","urlTemplate":"https:\/\/www.heddata.se\/webbutik\/?s={search_term_string}"},"query-input":{"@type":"PropertyValueSpecification","valueRequired":true,"valueName":"search_term_string"}}],"inLanguage":"sv-SE"},{"@type":"Organization","@id":"https:\/\/www.heddata.se\/webbutik\/#organization","name":"Heddata AB","url":"https:\/\/www.heddata.se\/webbutik\/","logo":{"@type":"ImageObject","inLanguage":"sv-SE","@id":"https:\/\/www.heddata.se\/webbutik\/#\/schema\/logo\/image\/","url":"https:\/\/www.heddata.se\/webbutik\/wp-content\/uploads\/logga\/heddata-ab-logga.png","contentUrl":"https:\/\/www.heddata.se\/webbutik\/wp-content\/uploads\/logga\/heddata-ab-logga.png","width":200,"height":64,"caption":"Heddata AB"},"image":{"@id":"https:\/\/www.heddata.se\/webbutik\/#\/schema\/logo\/image\/"}}]}},"_links":{"self":[{"href":"https:\/\/www.heddata.se\/webbutik\/wp-json\/wp\/v2\/product\/37225","targetHints":{"allow":["GET"]}}],"collection":[{"href":"https:\/\/www.heddata.se\/webbutik\/wp-json\/wp\/v2\/product"}],"about":[{"href":"https:\/\/www.heddata.se\/webbutik\/wp-json\/wp\/v2\/types\/product"}],"wp:featuredmedia":[{"embeddable":true,"href":"https:\/\/www.heddata.se\/webbutik\/wp-json\/wp\/v2\/media\/2035"}],"wp:attachment":[{"href":"https:\/\/www.heddata.se\/webbutik\/wp-json\/wp\/v2\/media?parent=37225"}],"wp:term":[{"taxonomy":"product_brand","embeddable":true,"href":"https:\/\/www.heddata.se\/webbutik\/wp-json\/wp\/v2\/product_brand?post=37225"},{"taxonomy":"product_cat","embeddable":true,"href":"https:\/\/www.heddata.se\/webbutik\/wp-json\/wp\/v2\/product_cat?post=37225"},{"taxonomy":"product_tag","embeddable":true,"href":"https:\/\/www.heddata.se\/webbutik\/wp-json\/wp\/v2\/product_tag?post=37225"}],"curies":[{"name":"wp","href":"https:\/\/api.w.org\/{rel}","templated":true}]}}