{"id":2589,"date":"2019-10-07T08:17:36","date_gmt":"2019-10-07T06:17:36","guid":{"rendered":"https:\/\/www.heddata.se\/webbutik\/produkt\/hp-122a-gul-original-laserjet-tonerkassett-q3962a-for-co\/"},"modified":"2026-04-03T18:32:25","modified_gmt":"2026-04-03T16:32:25","slug":"hp-122a-gul-laserjet-toner-original","status":"publish","type":"product","link":"https:\/\/www.heddata.se\/webbutik\/produkt\/hp-122a-gul-laserjet-toner-original\/","title":{"rendered":"HP 122A Gul Original LaserJet tonerkassett ( Q3962A )"},"content":{"rendered":"<p>HP 122A GUL Original LaserJet <a href=\"https:\/\/www.heddata.se\/webbutik\/blackpatroner-toners\/\" target=\"_blank\" rel=\"noopener noreferrer\">tonerkassett<\/a>.<br \/>\nS\u00f6ker du efter f\u00e4rg av professionell kvalitet, varje g\u00e5ng du skriver ut? Att k\u00f6pa Original toner till din HP-skrivare \u00e4r det b\u00e4sta du kan g\u00f6ra. Den ser till att din <a href=\"https:\/\/www.heddata.se\/webbutik\/skrivare-blackstrale-monolaser\/\" target=\"_blank\" rel=\"noopener noreferrer\">skrivare<\/a> h\u00e5ller sig i fint skick och att du f\u00e5r oslagbara utskrifter. HPs egna tonerkassetter inneh\u00e5ller kritiska utskriftskomponenter s\u00e5som HPs kemiska framtagna toner. Men denna toner f\u00e5r du miljontals olika livfulla f\u00e4rger och skarp text. Denna toner \u00e4r enkel att b\u00e5de s\u00e4tta i och avl\u00e4gsna fr\u00e5n skrivaren.<\/p>\n<p>Att v\u00e4lja HP gynnar inte bara dig och dina utskrifter, utan \u00e4ven milj\u00f6n. De samlar in sina begagnade produkter f\u00f6r \u00e5tervinning och \u00e5terf\u00f6rs\u00e4ljning i 74 l\u00e4nder v\u00e4rlden \u00f6ver. En stor procent av deras f\u00f6rbrukningsvaror \u00e4r tillverkade av \u00e5tervunnet inneh\u00e5ll. De har \u00e4ven anv\u00e4nt \u00f6ver en halv miljon kilo havsbundet plast f\u00f6r att skapa deras Original HP bl\u00e4ckpatroner. L\u00e4s mer om detta <a href=\"https:\/\/www8.hp.com\/us\/en\/hp-information\/environment\/product-recycling.html?jumpid=in_r138_us\/en\/corp\/sustainable_impact\/pillar-cross-section\/planet\">H\u00c4R<\/a><\/p>\n<p>F\u00e4rg: GUL<br \/>\nUtskriftsteknik: Laser<br \/>\nMedf\u00f6ljer: Tonerkassett, \u00e5tervinningsguide<br \/>\nSidkapacitet: Upp till 5 000<br \/>\nIdentifikationsnummer: 122A<\/p>\n<p>\u00d6vriga f\u00e4rger: <a href=\"https:\/\/www.heddata.se\/webbutik\/produkt\/hp-122a-svart-original-toner-laserjet\/\" target=\"_blank\" rel=\"noopener noreferrer\">122A SVART<\/a><\/p>\n<p>Kompatibel med: HP Color LaserJet 2550L, HP Color LaserJet2550Ln, HP Color LaserJet 2550n, HP Color LaserJet 2820, HP Color LaserJet 2830, HP Color LaserJet 2840<\/p>\n","protected":false},"excerpt":{"rendered":"<p>HP 122A GUL Original LaserJet tonerkassett. S\u00f6ker du efter f\u00e4rg av professionell kvalitet, varje g\u00e5ng du skriver ut? Att k\u00f6pa Original toner till din HP-skrivare \u00e4r det b\u00e4sta du kan g\u00f6ra. Den ser till att din skrivare h\u00e5ller sig i fint skick och att du f\u00e5r oslagbara utskrifter. HPs egna tonerkassetter inneh\u00e5ller kritiska utskriftskomponenter s\u00e5som [&#8230;]\n","protected":false},"featured_media":2932,"template":"","meta":[],"product_brand":[],"product_cat":[61,96,89],"product_tag":[432,434,435,436,437,433],"class_list":{"0":"post-2589","1":"product","2":"type-product","3":"status-publish","4":"has-post-thumbnail","6":"product_cat-blackpatroner-toners","7":"product_cat-hp-toner","8":"product_cat-toner","9":"product_tag-hp-color-laserjet-2550l","10":"product_tag-hp-color-laserjet-2550n","11":"product_tag-hp-color-laserjet-2820","12":"product_tag-hp-color-laserjet-2830","13":"product_tag-hp-color-laserjet-2840","14":"product_tag-hp-color-laserjet2550ln","16":"first","17":"outofstock","18":"taxable","19":"shipping-taxable","20":"product-type-simple"},"yoast_head":"<!-- This site is optimized with the Yoast SEO Premium plugin v26.7 (Yoast SEO v26.7) - https:\/\/yoast.com\/wordpress\/plugins\/seo\/ -->\n<title>HP 122A Gul Original LaserJet tonerkassett ( Q3962A )<\/title>\n<meta name=\"description\" content=\"HP 122A Gul Original LaserJet tonerkassett ( Q3962A ). Att v\u00e4lja HP Original toner gynnar inte bara dig och dina utskrifter, utan \u00e4ven milj\u00f6n\" \/>\n<meta name=\"robots\" content=\"index, follow, max-snippet:-1, max-image-preview:large, max-video-preview:-1\" \/>\n<link rel=\"canonical\" href=\"https:\/\/www.heddata.se\/webbutik\/produkt\/hp-122a-gul-laserjet-toner-original\/\" \/>\n<meta property=\"og:locale\" content=\"sv_SE\" \/>\n<meta property=\"og:type\" content=\"article\" \/>\n<meta property=\"og:title\" content=\"HP 122A Gul Original LaserJet tonerkassett ( Q3962A )\" \/>\n<meta property=\"og:description\" content=\"HP 122A Gul Original LaserJet tonerkassett ( Q3962A ). Att v\u00e4lja HP Original toner gynnar inte bara dig och dina utskrifter, utan \u00e4ven milj\u00f6n\" \/>\n<meta property=\"og:url\" content=\"https:\/\/www.heddata.se\/webbutik\/produkt\/hp-122a-gul-laserjet-toner-original\/\" \/>\n<meta property=\"og:site_name\" content=\"Datorer, Skrivare, F\u00e4rgpatroner, Mobiltelefoner\" \/>\n<meta property=\"article:modified_time\" content=\"2026-04-03T16:32:25+00:00\" \/>\n<meta property=\"og:image\" content=\"https:\/\/www.heddata.se\/webbutik\/wp-content\/uploads\/webbutik\/kategorier\/Bl\u00e4ckpatroner-toners\/HP-122a-gul-original-laserjet-toner.jpg\" \/>\n\t<meta property=\"og:image:width\" content=\"1750\" \/>\n\t<meta property=\"og:image:height\" content=\"1285\" \/>\n\t<meta property=\"og:image:type\" content=\"image\/jpeg\" \/>\n<meta name=\"twitter:card\" content=\"summary_large_image\" \/>\n<meta name=\"twitter:label1\" content=\"Ber\u00e4knad l\u00e4stid\" \/>\n\t<meta name=\"twitter:data1\" content=\"1 minut\" \/>\n<script type=\"application\/ld+json\" class=\"yoast-schema-graph\">{\"@context\":\"https:\/\/schema.org\",\"@graph\":[{\"@type\":\"WebPage\",\"@id\":\"https:\/\/www.heddata.se\/webbutik\/produkt\/hp-122a-gul-laserjet-toner-original\/\",\"url\":\"https:\/\/www.heddata.se\/webbutik\/produkt\/hp-122a-gul-laserjet-toner-original\/\",\"name\":\"HP 122A Gul Original LaserJet tonerkassett ( Q3962A )\",\"isPartOf\":{\"@id\":\"https:\/\/www.heddata.se\/webbutik\/#website\"},\"primaryImageOfPage\":{\"@id\":\"https:\/\/www.heddata.se\/webbutik\/produkt\/hp-122a-gul-laserjet-toner-original\/#primaryimage\"},\"image\":{\"@id\":\"https:\/\/www.heddata.se\/webbutik\/produkt\/hp-122a-gul-laserjet-toner-original\/#primaryimage\"},\"thumbnailUrl\":\"https:\/\/www.heddata.se\/webbutik\/wp-content\/uploads\/webbutik\/kategorier\/Bl\u00e4ckpatroner-toners\/HP-122a-gul-original-laserjet-toner.jpg\",\"datePublished\":\"2019-10-07T06:17:36+00:00\",\"dateModified\":\"2026-04-03T16:32:25+00:00\",\"description\":\"HP 122A Gul Original LaserJet tonerkassett ( Q3962A ). Att v\u00e4lja HP Original toner gynnar inte bara dig och dina utskrifter, utan \u00e4ven milj\u00f6n\",\"breadcrumb\":{\"@id\":\"https:\/\/www.heddata.se\/webbutik\/produkt\/hp-122a-gul-laserjet-toner-original\/#breadcrumb\"},\"inLanguage\":\"sv-SE\",\"potentialAction\":[{\"@type\":\"ReadAction\",\"target\":[\"https:\/\/www.heddata.se\/webbutik\/produkt\/hp-122a-gul-laserjet-toner-original\/\"]}]},{\"@type\":\"ImageObject\",\"inLanguage\":\"sv-SE\",\"@id\":\"https:\/\/www.heddata.se\/webbutik\/produkt\/hp-122a-gul-laserjet-toner-original\/#primaryimage\",\"url\":\"https:\/\/www.heddata.se\/webbutik\/wp-content\/uploads\/webbutik\/kategorier\/Bl\u00e4ckpatroner-toners\/HP-122a-gul-original-laserjet-toner.jpg\",\"contentUrl\":\"https:\/\/www.heddata.se\/webbutik\/wp-content\/uploads\/webbutik\/kategorier\/Bl\u00e4ckpatroner-toners\/HP-122a-gul-original-laserjet-toner.jpg\",\"width\":1750,\"height\":1285,\"caption\":\"HP 122A Gul Original LaserJet tonerkassett ( Q3962A )\"},{\"@type\":\"BreadcrumbList\",\"@id\":\"https:\/\/www.heddata.se\/webbutik\/produkt\/hp-122a-gul-laserjet-toner-original\/#breadcrumb\",\"itemListElement\":[{\"@type\":\"ListItem\",\"position\":1,\"name\":\"Hem\",\"item\":\"https:\/\/www.heddata.se\/webbutik\/\"},{\"@type\":\"ListItem\",\"position\":2,\"name\":\"Produkter\",\"item\":\"https:\/\/www.heddata.se\/webbutik\/shop\/\"},{\"@type\":\"ListItem\",\"position\":3,\"name\":\"HP 122A Gul Original LaserJet tonerkassett ( Q3962A )\"}]},{\"@type\":\"WebSite\",\"@id\":\"https:\/\/www.heddata.se\/webbutik\/#website\",\"url\":\"https:\/\/www.heddata.se\/webbutik\/\",\"name\":\"Datorer, Skrivare, F\u00e4rgpatroner, Mobiltelefoner\",\"description\":\"Kablar\",\"publisher\":{\"@id\":\"https:\/\/www.heddata.se\/webbutik\/#organization\"},\"potentialAction\":[{\"@type\":\"SearchAction\",\"target\":{\"@type\":\"EntryPoint\",\"urlTemplate\":\"https:\/\/www.heddata.se\/webbutik\/?s={search_term_string}\"},\"query-input\":{\"@type\":\"PropertyValueSpecification\",\"valueRequired\":true,\"valueName\":\"search_term_string\"}}],\"inLanguage\":\"sv-SE\"},{\"@type\":\"Organization\",\"@id\":\"https:\/\/www.heddata.se\/webbutik\/#organization\",\"name\":\"Heddata AB\",\"url\":\"https:\/\/www.heddata.se\/webbutik\/\",\"logo\":{\"@type\":\"ImageObject\",\"inLanguage\":\"sv-SE\",\"@id\":\"https:\/\/www.heddata.se\/webbutik\/#\/schema\/logo\/image\/\",\"url\":\"https:\/\/www.heddata.se\/webbutik\/wp-content\/uploads\/logga\/heddata-ab-logga.png\",\"contentUrl\":\"https:\/\/www.heddata.se\/webbutik\/wp-content\/uploads\/logga\/heddata-ab-logga.png\",\"width\":200,\"height\":64,\"caption\":\"Heddata AB\"},\"image\":{\"@id\":\"https:\/\/www.heddata.se\/webbutik\/#\/schema\/logo\/image\/\"}}]}<\/script>\n<!-- \/ Yoast SEO Premium plugin. -->","yoast_head_json":{"title":"HP 122A Gul Original LaserJet tonerkassett ( Q3962A )","description":"HP 122A Gul Original LaserJet tonerkassett ( Q3962A ). Att v\u00e4lja HP Original toner gynnar inte bara dig och dina utskrifter, utan \u00e4ven milj\u00f6n","robots":{"index":"index","follow":"follow","max-snippet":"max-snippet:-1","max-image-preview":"max-image-preview:large","max-video-preview":"max-video-preview:-1"},"canonical":"https:\/\/www.heddata.se\/webbutik\/produkt\/hp-122a-gul-laserjet-toner-original\/","og_locale":"sv_SE","og_type":"article","og_title":"HP 122A Gul Original LaserJet tonerkassett ( Q3962A )","og_description":"HP 122A Gul Original LaserJet tonerkassett ( Q3962A ). Att v\u00e4lja HP Original toner gynnar inte bara dig och dina utskrifter, utan \u00e4ven milj\u00f6n","og_url":"https:\/\/www.heddata.se\/webbutik\/produkt\/hp-122a-gul-laserjet-toner-original\/","og_site_name":"Datorer, Skrivare, F\u00e4rgpatroner, Mobiltelefoner","article_modified_time":"2026-04-03T16:32:25+00:00","og_image":[{"width":1750,"height":1285,"url":"https:\/\/www.heddata.se\/webbutik\/wp-content\/uploads\/webbutik\/kategorier\/Bl\u00e4ckpatroner-toners\/HP-122a-gul-original-laserjet-toner.jpg","type":"image\/jpeg"}],"twitter_card":"summary_large_image","twitter_misc":{"Ber\u00e4knad l\u00e4stid":"1 minut"},"schema":{"@context":"https:\/\/schema.org","@graph":[{"@type":"WebPage","@id":"https:\/\/www.heddata.se\/webbutik\/produkt\/hp-122a-gul-laserjet-toner-original\/","url":"https:\/\/www.heddata.se\/webbutik\/produkt\/hp-122a-gul-laserjet-toner-original\/","name":"HP 122A Gul Original LaserJet tonerkassett ( Q3962A )","isPartOf":{"@id":"https:\/\/www.heddata.se\/webbutik\/#website"},"primaryImageOfPage":{"@id":"https:\/\/www.heddata.se\/webbutik\/produkt\/hp-122a-gul-laserjet-toner-original\/#primaryimage"},"image":{"@id":"https:\/\/www.heddata.se\/webbutik\/produkt\/hp-122a-gul-laserjet-toner-original\/#primaryimage"},"thumbnailUrl":"https:\/\/www.heddata.se\/webbutik\/wp-content\/uploads\/webbutik\/kategorier\/Bl\u00e4ckpatroner-toners\/HP-122a-gul-original-laserjet-toner.jpg","datePublished":"2019-10-07T06:17:36+00:00","dateModified":"2026-04-03T16:32:25+00:00","description":"HP 122A Gul Original LaserJet tonerkassett ( Q3962A ). Att v\u00e4lja HP Original toner gynnar inte bara dig och dina utskrifter, utan \u00e4ven milj\u00f6n","breadcrumb":{"@id":"https:\/\/www.heddata.se\/webbutik\/produkt\/hp-122a-gul-laserjet-toner-original\/#breadcrumb"},"inLanguage":"sv-SE","potentialAction":[{"@type":"ReadAction","target":["https:\/\/www.heddata.se\/webbutik\/produkt\/hp-122a-gul-laserjet-toner-original\/"]}]},{"@type":"ImageObject","inLanguage":"sv-SE","@id":"https:\/\/www.heddata.se\/webbutik\/produkt\/hp-122a-gul-laserjet-toner-original\/#primaryimage","url":"https:\/\/www.heddata.se\/webbutik\/wp-content\/uploads\/webbutik\/kategorier\/Bl\u00e4ckpatroner-toners\/HP-122a-gul-original-laserjet-toner.jpg","contentUrl":"https:\/\/www.heddata.se\/webbutik\/wp-content\/uploads\/webbutik\/kategorier\/Bl\u00e4ckpatroner-toners\/HP-122a-gul-original-laserjet-toner.jpg","width":1750,"height":1285,"caption":"HP 122A Gul Original LaserJet tonerkassett ( Q3962A )"},{"@type":"BreadcrumbList","@id":"https:\/\/www.heddata.se\/webbutik\/produkt\/hp-122a-gul-laserjet-toner-original\/#breadcrumb","itemListElement":[{"@type":"ListItem","position":1,"name":"Hem","item":"https:\/\/www.heddata.se\/webbutik\/"},{"@type":"ListItem","position":2,"name":"Produkter","item":"https:\/\/www.heddata.se\/webbutik\/shop\/"},{"@type":"ListItem","position":3,"name":"HP 122A Gul Original LaserJet tonerkassett ( Q3962A )"}]},{"@type":"WebSite","@id":"https:\/\/www.heddata.se\/webbutik\/#website","url":"https:\/\/www.heddata.se\/webbutik\/","name":"Datorer, Skrivare, F\u00e4rgpatroner, Mobiltelefoner","description":"Kablar","publisher":{"@id":"https:\/\/www.heddata.se\/webbutik\/#organization"},"potentialAction":[{"@type":"SearchAction","target":{"@type":"EntryPoint","urlTemplate":"https:\/\/www.heddata.se\/webbutik\/?s={search_term_string}"},"query-input":{"@type":"PropertyValueSpecification","valueRequired":true,"valueName":"search_term_string"}}],"inLanguage":"sv-SE"},{"@type":"Organization","@id":"https:\/\/www.heddata.se\/webbutik\/#organization","name":"Heddata AB","url":"https:\/\/www.heddata.se\/webbutik\/","logo":{"@type":"ImageObject","inLanguage":"sv-SE","@id":"https:\/\/www.heddata.se\/webbutik\/#\/schema\/logo\/image\/","url":"https:\/\/www.heddata.se\/webbutik\/wp-content\/uploads\/logga\/heddata-ab-logga.png","contentUrl":"https:\/\/www.heddata.se\/webbutik\/wp-content\/uploads\/logga\/heddata-ab-logga.png","width":200,"height":64,"caption":"Heddata AB"},"image":{"@id":"https:\/\/www.heddata.se\/webbutik\/#\/schema\/logo\/image\/"}}]}},"_links":{"self":[{"href":"https:\/\/www.heddata.se\/webbutik\/wp-json\/wp\/v2\/product\/2589","targetHints":{"allow":["GET"]}}],"collection":[{"href":"https:\/\/www.heddata.se\/webbutik\/wp-json\/wp\/v2\/product"}],"about":[{"href":"https:\/\/www.heddata.se\/webbutik\/wp-json\/wp\/v2\/types\/product"}],"wp:featuredmedia":[{"embeddable":true,"href":"https:\/\/www.heddata.se\/webbutik\/wp-json\/wp\/v2\/media\/2932"}],"wp:attachment":[{"href":"https:\/\/www.heddata.se\/webbutik\/wp-json\/wp\/v2\/media?parent=2589"}],"wp:term":[{"taxonomy":"product_brand","embeddable":true,"href":"https:\/\/www.heddata.se\/webbutik\/wp-json\/wp\/v2\/product_brand?post=2589"},{"taxonomy":"product_cat","embeddable":true,"href":"https:\/\/www.heddata.se\/webbutik\/wp-json\/wp\/v2\/product_cat?post=2589"},{"taxonomy":"product_tag","embeddable":true,"href":"https:\/\/www.heddata.se\/webbutik\/wp-json\/wp\/v2\/product_tag?post=2589"}],"curies":[{"name":"wp","href":"https:\/\/api.w.org\/{rel}","templated":true}]}}