{"id":25492,"date":"2020-01-15T12:58:18","date_gmt":"2020-01-15T11:58:18","guid":{"rendered":"https:\/\/www.heddata.se\/webbutik\/?post_type=product&#038;p=25492"},"modified":"2026-05-15T18:40:40","modified_gmt":"2026-05-15T16:40:40","slug":"samsung-galaxy-a40-sm-a405-64gb-dual","status":"publish","type":"product","link":"https:\/\/www.heddata.se\/webbutik\/produkt\/samsung-galaxy-a40-sm-a405-64gb-dual\/","title":{"rendered":"Samsung Galaxy A40 SM-A405 64GB Dual"},"content":{"rendered":"<p>Samsung Galaxy A40 svart \u00e4r en bra telefon i smidigt format med snygg design. En f\u00f6rstklassig <a href=\"https:\/\/www.heddata.se\/webbutik\/telefon-surfplattor\/mobiltelefoner\/\">mobil<\/a> med bra sk\u00e4rm och dubbla kameror som tar fantastiska bilder oavsett ljus. Galaxy A40 \u00e4r en prisv\u00e4rd smartphone fr\u00e5n Samsungs hyllade A-serie.<\/p>\n<p>Galaxy A40 hj\u00e4lper dig att bli en \u00e4nnu b\u00e4ttre fotograf. Kamerans inbyggda intelligens kan k\u00e4nna igen dina motiv och v\u00e4lja fotoinst\u00e4llningar som framh\u00e4ver det b\u00e4sta i bilden. Det finns 19 olika l\u00e4gen \u2013 allt ifr\u00e5n portr\u00e4tt till matbilder.<\/p>\n<p>&nbsp;<\/p>\n<div class=\"templateRow operativsystem templatetype-string\"><span class=\"templateItemTitle\">Operativsystem <\/span><span class=\"templateItemData\">Android<\/span><\/div>\n<div class=\"templateAlternateRow processor templatetype-string\"><span class=\"templateItemTitle\">Processor <\/span><span class=\"templateItemData\">Octa-core (2&#215;1.77 GHz Cortex-A73 &amp; 6&#215;1.59 GHz Cortex-A53)<\/span><\/div>\n<div class=\"templateRow camera templatetype-string\"><span class=\"templateItemTitle\">Huvudkamera (MP)<\/span><span class=\"templateItemData\">16<\/span><\/div>\n<div class=\"templateAlternateRow frontcamera templatetype-string\"><span class=\"templateItemTitle\">Frontkamera (MP)<\/span><span class=\"templateItemData\">25<\/span><\/div>\n<div class=\"templateRow screen templatetype-string\"><span class=\"templateItemTitle\">Sk\u00e4rmstorlek (tum)<\/span><span class=\"templateItemData\">5.9<\/span><\/div>\n<div class=\"templateAlternateRow screenresolution templatetype-string\"><span class=\"templateItemTitle\">Sk\u00e4rmuppl\u00f6sning (pixlar)<\/span><span class=\"templateItemData\">1080 x 2340<\/span><\/div>\n<div class=\"templateRow memory templatetype-string\"><span class=\"templateItemTitle\">Internminne (GB)<\/span><span class=\"templateItemData\">64<\/span><\/div>\n<div class=\"templateAlternateRow sdcardslot templatetype-string\"><span class=\"templateItemTitle\">Minneskortsl\u00e4sare <\/span><span class=\"templateItemData\">Ja<\/span><\/div>\n<div class=\"templateRow chargingadapter templatetype-string\"><span class=\"templateItemTitle\">Typ av minneskort <\/span><span class=\"templateItemData\">MicroSD<\/span><\/div>\n<div class=\"templateAlternateRow memorycardmax templatetype-string\"><span class=\"templateItemTitle\">Max externt minne (GB)<\/span><span class=\"templateItemData\">512<\/span><\/div>\n<div class=\"templateRow dataanslutning templatetype-string\"><span class=\"templateItemTitle\">Dataanslutning <\/span><span class=\"templateItemData\">USB-C<\/span><\/div>\n<div class=\"templateAlternateRow net templatetype-string\"><span class=\"templateItemTitle\">N\u00e4t<\/span><span class=\"templateItemData\">4G\/3G\/2G<\/span><\/div>\n<div>\n<div class=\"templateRow simcardtype templatetype-string\"><span class=\"templateItemTitle\">Typ av SIM-kort <\/span><span class=\"templateItemData\">Nano<\/span><\/div>\n<div class=\"templateAlternateRow dimension templatetype-string\"><span class=\"templateItemTitle\">H\u00f6jd x Bredd x Djup (mm)<\/span><span class=\"templateItemData\">144.4 x 69.2 x 7.9<\/span><\/div>\n<div class=\"templateRow weight templatetype-string\"><span class=\"templateItemTitle\">Vikt (gram)<\/span><span class=\"templateItemData\">140<\/span><\/div>\n<div class=\"templateAlternateRow shockproof templatetype-string\"><span class=\"templateItemTitle\">St\u00f6tt\u00e5lig<\/span><\/div>\n<div class=\"templateRow waterproof templatetype-string\"><span class=\"templateItemTitle\">Vattent\u00e5lig<\/span><\/div>\n<div class=\"templateAlternateRow tillverkare templatetype-string\"><span class=\"templateItemTitle\">Tillverkare <\/span><span class=\"templateItemData\">Samsung<\/span><\/div>\n<div class=\"templateRow Qi templatetype-string\"><span class=\"templateItemTitle\">Tr\u00e5dl\u00f6s laddning (Qi) <\/span><span class=\"templateItemData\">Nej<\/span><\/div>\n<div class=\"templateAlternateRow compatible-with templatetype-string\"><span class=\"templateItemTitle\">Modellserie <\/span><span class=\"templateItemData\">Samsung Galaxy A40<\/span><\/div>\n<div class=\"templateRow produktspec templatetype-string\"><span class=\"templateItemTitle\">Produktspec <\/span><span class=\"templateItemData\">EU-modell<\/span><\/div>\n<div class=\"templateAlternateRow region templatetype-string\"><span class=\"templateItemTitle\">Region <\/span><span class=\"templateItemData\">Regionsfri<\/span><\/div>\n<div class=\"templateRow operator templatetype-string\"><span class=\"templateItemTitle\">Operat\u00f6r <\/span><span class=\"templateItemData\">Fabriksol\u00e5st<\/span><\/div>\n<\/div>\n","protected":false},"excerpt":{"rendered":"<p>Samsung Galaxy A40 \u00e4r en bra telefon i smidigt format med snygg design.<\/p>\n","protected":false},"featured_media":25531,"template":"","meta":[],"product_brand":[],"product_cat":[106,6009,103,63],"product_tag":[6007,214,6008],"class_list":{"0":"post-25492","1":"product","2":"type-product","3":"status-publish","4":"has-post-thumbnail","6":"product_cat-mobiltelefoner","7":"product_cat-mobiltelefoner-touch","8":"product_cat-telefoner","9":"product_cat-telefoner-surfplattor","10":"product_tag-mobiltelefon-touch","11":"product_tag-samsung","12":"product_tag-samsung-mobiltelefon","14":"first","15":"outofstock","16":"taxable","17":"shipping-taxable","18":"product-type-simple"},"yoast_head":"<!-- This site is optimized with the Yoast SEO Premium plugin v26.7 (Yoast SEO v26.7) - https:\/\/yoast.com\/wordpress\/plugins\/seo\/ -->\n<title>Samsung Galaxy A40 svart, SM-A405, dual-sim, 64 GB<\/title>\n<meta name=\"description\" content=\"Samsung Galaxy A40 \u00e4r en bra telefon i smidigt format med snygg design. En f\u00f6rstklassig mobil med bra sk\u00e4rm och dubbla kameror.\" \/>\n<meta name=\"robots\" content=\"index, follow, max-snippet:-1, max-image-preview:large, max-video-preview:-1\" \/>\n<link rel=\"canonical\" href=\"https:\/\/www.heddata.se\/webbutik\/produkt\/samsung-galaxy-a40-sm-a405-64gb-dual\/\" \/>\n<meta property=\"og:locale\" content=\"sv_SE\" \/>\n<meta property=\"og:type\" content=\"article\" \/>\n<meta property=\"og:title\" content=\"Samsung Galaxy A40 SM-A405 64GB Dual\" \/>\n<meta property=\"og:description\" content=\"Samsung Galaxy A40 \u00e4r en bra telefon i smidigt format med snygg design. En f\u00f6rstklassig mobil med bra sk\u00e4rm och dubbla kameror.\" \/>\n<meta property=\"og:url\" content=\"https:\/\/www.heddata.se\/webbutik\/produkt\/samsung-galaxy-a40-sm-a405-64gb-dual\/\" \/>\n<meta property=\"og:site_name\" content=\"Datorer, Skrivare, F\u00e4rgpatroner, Mobiltelefoner\" \/>\n<meta property=\"article:modified_time\" content=\"2026-05-15T16:40:40+00:00\" \/>\n<meta property=\"og:image\" content=\"https:\/\/www.heddata.se\/webbutik\/wp-content\/uploads\/Galaxy-A40-SM-A405-Black-Klar.jpg\" \/>\n\t<meta property=\"og:image:width\" content=\"800\" \/>\n\t<meta property=\"og:image:height\" content=\"600\" \/>\n\t<meta property=\"og:image:type\" content=\"image\/jpeg\" \/>\n<meta name=\"twitter:card\" content=\"summary_large_image\" \/>\n<meta name=\"twitter:label1\" content=\"Ber\u00e4knad l\u00e4stid\" \/>\n\t<meta name=\"twitter:data1\" content=\"1 minut\" \/>\n<script type=\"application\/ld+json\" class=\"yoast-schema-graph\">{\"@context\":\"https:\/\/schema.org\",\"@graph\":[{\"@type\":\"WebPage\",\"@id\":\"https:\/\/www.heddata.se\/webbutik\/produkt\/samsung-galaxy-a40-sm-a405-64gb-dual\/\",\"url\":\"https:\/\/www.heddata.se\/webbutik\/produkt\/samsung-galaxy-a40-sm-a405-64gb-dual\/\",\"name\":\"Samsung Galaxy A40 svart, SM-A405, dual-sim, 64 GB\",\"isPartOf\":{\"@id\":\"https:\/\/www.heddata.se\/webbutik\/#website\"},\"primaryImageOfPage\":{\"@id\":\"https:\/\/www.heddata.se\/webbutik\/produkt\/samsung-galaxy-a40-sm-a405-64gb-dual\/#primaryimage\"},\"image\":{\"@id\":\"https:\/\/www.heddata.se\/webbutik\/produkt\/samsung-galaxy-a40-sm-a405-64gb-dual\/#primaryimage\"},\"thumbnailUrl\":\"https:\/\/www.heddata.se\/webbutik\/wp-content\/uploads\/Galaxy-A40-SM-A405-Black-Klar.jpg\",\"datePublished\":\"2020-01-15T11:58:18+00:00\",\"dateModified\":\"2026-05-15T16:40:40+00:00\",\"description\":\"Samsung Galaxy A40 \u00e4r en bra telefon i smidigt format med snygg design. En f\u00f6rstklassig mobil med bra sk\u00e4rm och dubbla kameror.\",\"breadcrumb\":{\"@id\":\"https:\/\/www.heddata.se\/webbutik\/produkt\/samsung-galaxy-a40-sm-a405-64gb-dual\/#breadcrumb\"},\"inLanguage\":\"sv-SE\",\"potentialAction\":[{\"@type\":\"ReadAction\",\"target\":[\"https:\/\/www.heddata.se\/webbutik\/produkt\/samsung-galaxy-a40-sm-a405-64gb-dual\/\"]}]},{\"@type\":\"ImageObject\",\"inLanguage\":\"sv-SE\",\"@id\":\"https:\/\/www.heddata.se\/webbutik\/produkt\/samsung-galaxy-a40-sm-a405-64gb-dual\/#primaryimage\",\"url\":\"https:\/\/www.heddata.se\/webbutik\/wp-content\/uploads\/Galaxy-A40-SM-A405-Black-Klar.jpg\",\"contentUrl\":\"https:\/\/www.heddata.se\/webbutik\/wp-content\/uploads\/Galaxy-A40-SM-A405-Black-Klar.jpg\",\"width\":800,\"height\":600,\"caption\":\"Samsung Galaxy A40\"},{\"@type\":\"BreadcrumbList\",\"@id\":\"https:\/\/www.heddata.se\/webbutik\/produkt\/samsung-galaxy-a40-sm-a405-64gb-dual\/#breadcrumb\",\"itemListElement\":[{\"@type\":\"ListItem\",\"position\":1,\"name\":\"Hem\",\"item\":\"https:\/\/www.heddata.se\/webbutik\/\"},{\"@type\":\"ListItem\",\"position\":2,\"name\":\"Produkter\",\"item\":\"https:\/\/www.heddata.se\/webbutik\/shop\/\"},{\"@type\":\"ListItem\",\"position\":3,\"name\":\"Samsung Galaxy A40 SM-A405 64GB Dual\"}]},{\"@type\":\"WebSite\",\"@id\":\"https:\/\/www.heddata.se\/webbutik\/#website\",\"url\":\"https:\/\/www.heddata.se\/webbutik\/\",\"name\":\"Datorer, Skrivare, F\u00e4rgpatroner, Mobiltelefoner\",\"description\":\"Kablar\",\"publisher\":{\"@id\":\"https:\/\/www.heddata.se\/webbutik\/#organization\"},\"potentialAction\":[{\"@type\":\"SearchAction\",\"target\":{\"@type\":\"EntryPoint\",\"urlTemplate\":\"https:\/\/www.heddata.se\/webbutik\/?s={search_term_string}\"},\"query-input\":{\"@type\":\"PropertyValueSpecification\",\"valueRequired\":true,\"valueName\":\"search_term_string\"}}],\"inLanguage\":\"sv-SE\"},{\"@type\":\"Organization\",\"@id\":\"https:\/\/www.heddata.se\/webbutik\/#organization\",\"name\":\"Heddata AB\",\"url\":\"https:\/\/www.heddata.se\/webbutik\/\",\"logo\":{\"@type\":\"ImageObject\",\"inLanguage\":\"sv-SE\",\"@id\":\"https:\/\/www.heddata.se\/webbutik\/#\/schema\/logo\/image\/\",\"url\":\"https:\/\/www.heddata.se\/webbutik\/wp-content\/uploads\/logga\/heddata-ab-logga.png\",\"contentUrl\":\"https:\/\/www.heddata.se\/webbutik\/wp-content\/uploads\/logga\/heddata-ab-logga.png\",\"width\":200,\"height\":64,\"caption\":\"Heddata AB\"},\"image\":{\"@id\":\"https:\/\/www.heddata.se\/webbutik\/#\/schema\/logo\/image\/\"}}]}<\/script>\n<!-- \/ Yoast SEO Premium plugin. -->","yoast_head_json":{"title":"Samsung Galaxy A40 svart, SM-A405, dual-sim, 64 GB","description":"Samsung Galaxy A40 \u00e4r en bra telefon i smidigt format med snygg design. En f\u00f6rstklassig mobil med bra sk\u00e4rm och dubbla kameror.","robots":{"index":"index","follow":"follow","max-snippet":"max-snippet:-1","max-image-preview":"max-image-preview:large","max-video-preview":"max-video-preview:-1"},"canonical":"https:\/\/www.heddata.se\/webbutik\/produkt\/samsung-galaxy-a40-sm-a405-64gb-dual\/","og_locale":"sv_SE","og_type":"article","og_title":"Samsung Galaxy A40 SM-A405 64GB Dual","og_description":"Samsung Galaxy A40 \u00e4r en bra telefon i smidigt format med snygg design. En f\u00f6rstklassig mobil med bra sk\u00e4rm och dubbla kameror.","og_url":"https:\/\/www.heddata.se\/webbutik\/produkt\/samsung-galaxy-a40-sm-a405-64gb-dual\/","og_site_name":"Datorer, Skrivare, F\u00e4rgpatroner, Mobiltelefoner","article_modified_time":"2026-05-15T16:40:40+00:00","og_image":[{"width":800,"height":600,"url":"https:\/\/www.heddata.se\/webbutik\/wp-content\/uploads\/Galaxy-A40-SM-A405-Black-Klar.jpg","type":"image\/jpeg"}],"twitter_card":"summary_large_image","twitter_misc":{"Ber\u00e4knad l\u00e4stid":"1 minut"},"schema":{"@context":"https:\/\/schema.org","@graph":[{"@type":"WebPage","@id":"https:\/\/www.heddata.se\/webbutik\/produkt\/samsung-galaxy-a40-sm-a405-64gb-dual\/","url":"https:\/\/www.heddata.se\/webbutik\/produkt\/samsung-galaxy-a40-sm-a405-64gb-dual\/","name":"Samsung Galaxy A40 svart, SM-A405, dual-sim, 64 GB","isPartOf":{"@id":"https:\/\/www.heddata.se\/webbutik\/#website"},"primaryImageOfPage":{"@id":"https:\/\/www.heddata.se\/webbutik\/produkt\/samsung-galaxy-a40-sm-a405-64gb-dual\/#primaryimage"},"image":{"@id":"https:\/\/www.heddata.se\/webbutik\/produkt\/samsung-galaxy-a40-sm-a405-64gb-dual\/#primaryimage"},"thumbnailUrl":"https:\/\/www.heddata.se\/webbutik\/wp-content\/uploads\/Galaxy-A40-SM-A405-Black-Klar.jpg","datePublished":"2020-01-15T11:58:18+00:00","dateModified":"2026-05-15T16:40:40+00:00","description":"Samsung Galaxy A40 \u00e4r en bra telefon i smidigt format med snygg design. En f\u00f6rstklassig mobil med bra sk\u00e4rm och dubbla kameror.","breadcrumb":{"@id":"https:\/\/www.heddata.se\/webbutik\/produkt\/samsung-galaxy-a40-sm-a405-64gb-dual\/#breadcrumb"},"inLanguage":"sv-SE","potentialAction":[{"@type":"ReadAction","target":["https:\/\/www.heddata.se\/webbutik\/produkt\/samsung-galaxy-a40-sm-a405-64gb-dual\/"]}]},{"@type":"ImageObject","inLanguage":"sv-SE","@id":"https:\/\/www.heddata.se\/webbutik\/produkt\/samsung-galaxy-a40-sm-a405-64gb-dual\/#primaryimage","url":"https:\/\/www.heddata.se\/webbutik\/wp-content\/uploads\/Galaxy-A40-SM-A405-Black-Klar.jpg","contentUrl":"https:\/\/www.heddata.se\/webbutik\/wp-content\/uploads\/Galaxy-A40-SM-A405-Black-Klar.jpg","width":800,"height":600,"caption":"Samsung Galaxy A40"},{"@type":"BreadcrumbList","@id":"https:\/\/www.heddata.se\/webbutik\/produkt\/samsung-galaxy-a40-sm-a405-64gb-dual\/#breadcrumb","itemListElement":[{"@type":"ListItem","position":1,"name":"Hem","item":"https:\/\/www.heddata.se\/webbutik\/"},{"@type":"ListItem","position":2,"name":"Produkter","item":"https:\/\/www.heddata.se\/webbutik\/shop\/"},{"@type":"ListItem","position":3,"name":"Samsung Galaxy A40 SM-A405 64GB Dual"}]},{"@type":"WebSite","@id":"https:\/\/www.heddata.se\/webbutik\/#website","url":"https:\/\/www.heddata.se\/webbutik\/","name":"Datorer, Skrivare, F\u00e4rgpatroner, Mobiltelefoner","description":"Kablar","publisher":{"@id":"https:\/\/www.heddata.se\/webbutik\/#organization"},"potentialAction":[{"@type":"SearchAction","target":{"@type":"EntryPoint","urlTemplate":"https:\/\/www.heddata.se\/webbutik\/?s={search_term_string}"},"query-input":{"@type":"PropertyValueSpecification","valueRequired":true,"valueName":"search_term_string"}}],"inLanguage":"sv-SE"},{"@type":"Organization","@id":"https:\/\/www.heddata.se\/webbutik\/#organization","name":"Heddata AB","url":"https:\/\/www.heddata.se\/webbutik\/","logo":{"@type":"ImageObject","inLanguage":"sv-SE","@id":"https:\/\/www.heddata.se\/webbutik\/#\/schema\/logo\/image\/","url":"https:\/\/www.heddata.se\/webbutik\/wp-content\/uploads\/logga\/heddata-ab-logga.png","contentUrl":"https:\/\/www.heddata.se\/webbutik\/wp-content\/uploads\/logga\/heddata-ab-logga.png","width":200,"height":64,"caption":"Heddata AB"},"image":{"@id":"https:\/\/www.heddata.se\/webbutik\/#\/schema\/logo\/image\/"}}]}},"_links":{"self":[{"href":"https:\/\/www.heddata.se\/webbutik\/wp-json\/wp\/v2\/product\/25492","targetHints":{"allow":["GET"]}}],"collection":[{"href":"https:\/\/www.heddata.se\/webbutik\/wp-json\/wp\/v2\/product"}],"about":[{"href":"https:\/\/www.heddata.se\/webbutik\/wp-json\/wp\/v2\/types\/product"}],"wp:featuredmedia":[{"embeddable":true,"href":"https:\/\/www.heddata.se\/webbutik\/wp-json\/wp\/v2\/media\/25531"}],"wp:attachment":[{"href":"https:\/\/www.heddata.se\/webbutik\/wp-json\/wp\/v2\/media?parent=25492"}],"wp:term":[{"taxonomy":"product_brand","embeddable":true,"href":"https:\/\/www.heddata.se\/webbutik\/wp-json\/wp\/v2\/product_brand?post=25492"},{"taxonomy":"product_cat","embeddable":true,"href":"https:\/\/www.heddata.se\/webbutik\/wp-json\/wp\/v2\/product_cat?post=25492"},{"taxonomy":"product_tag","embeddable":true,"href":"https:\/\/www.heddata.se\/webbutik\/wp-json\/wp\/v2\/product_tag?post=25492"}],"curies":[{"name":"wp","href":"https:\/\/api.w.org\/{rel}","templated":true}]}}