{"id":2503,"date":"2019-10-07T08:17:27","date_gmt":"2019-10-07T06:17:27","guid":{"rendered":"https:\/\/www.heddata.se\/webbutik\/produkt\/canon-svart-blackpatron-pg-37\/"},"modified":"2023-12-06T14:51:23","modified_gmt":"2023-12-06T13:51:23","slug":"canon-pg-37-svart","status":"publish","type":"product","link":"https:\/\/www.heddata.se\/webbutik\/produkt\/canon-pg-37-svart\/","title":{"rendered":"Canon PG-37 Svart Bl\u00e4ckpatron Original"},"content":{"rendered":"<p>Canon PG-37 Svart <a href=\"https:\/\/www.heddata.se\/webbutik\/blackpatroner-toners\/blackpatroner\/\">Bl\u00e4ckpatron<\/a>. Med detta \u00e4kta bl\u00e4ck fr\u00e5n <a href=\"https:\/\/www.canon.se\" target=\"_blank\" rel=\"noopener noreferrer\">Canon<\/a> kan du k\u00e4nna dig s\u00e4ker p\u00e5 att din Canon-skrivare ger dig b\u00e4sta m\u00f6jliga resultat. Den svarta patronen inneh\u00e5ller 11 ml med h\u00f6g avkastning ger dig fler utskrifter \u00e4n standardekvivalenten. Detta pigment anv\u00e4nds f\u00f6r att skriva ut dokument med v\u00e4ldigt skarp text och en stor livsl\u00e4ngd. Du kan i lugn och ro lita p\u00e5 att din skrivare inte tar n\u00e5gon skada av denna patron d\u00e5 den \u00e4r framtagen och testad av tillverkaren f\u00f6r att arbeta tillsammans med din Canon.skrivare.<\/p>\n<p>F\u00e4rg: Svart<br \/>\nIdentifikationsnummer PG-37<br \/>\nTillverkare: Canon<br \/>\nTyp: Original<br \/>\nBl\u00e4ck m\u00e4ngd: 11 ml<br \/>\nUtskriftsteknik: <a href=\"https:\/\/www.heddata.se\/webbutik\/skrivare-blackstrale-monolaser\/blackstraleskrivare\/\">Bl\u00e4ckstr\u00e5le<\/a><\/p>\n<p>Denna bl\u00e4ckpatron \u00e4r garanterat kompatibel med dessa skrivare:<\/p>\n<ul class=\"floated-list clearfix\">\n<li class=\"floated-list--three-col-item\"><span>PIXMA MP210,<\/span><\/li>\n<li class=\"floated-list--three-col-item\"><i class=\"icon-dot list-dot\"><\/i><span>PIXMA MP190,<\/span><\/li>\n<li class=\"floated-list--three-col-item\"><i class=\"icon-dot list-dot\"><\/i><span>PIXMA iP1900,<\/span><\/li>\n<li class=\"floated-list--three-col-item\"><i class=\"icon-dot list-dot\"><\/i><span>PIXMA MP470,<\/span><\/li>\n<li class=\"floated-list--three-col-item\"><i class=\"icon-dot list-dot\"><\/i><span>PIXMA MP220,<\/span><\/li>\n<li class=\"floated-list--three-col-item\"><i class=\"icon-dot list-dot\"><\/i><span>PIXMA MP140,<\/span><\/li>\n<li class=\"floated-list--three-col-item\"><i class=\"icon-dot list-dot\"><\/i><span>PIXMA iP2500,<\/span><\/li>\n<li class=\"floated-list--three-col-item\"><i class=\"icon-dot list-dot\"><\/i><span>PIXMA iP2600,<\/span><\/li>\n<li class=\"floated-list--three-col-item\"><i class=\"icon-dot list-dot\"><\/i><span>PIXMA iP1800<\/span><\/li>\n<\/ul>\n","protected":false},"excerpt":{"rendered":"<p>Canon PG-37 Svart Bl\u00e4ckpatron Original<\/p>\n","protected":false},"featured_media":4954,"template":"","meta":[],"product_brand":[],"product_cat":[87,61,93],"product_tag":[876,870,874,875,873,869,868,872,871],"class_list":{"0":"post-2503","1":"product","2":"type-product","3":"status-publish","4":"has-post-thumbnail","6":"product_cat-blackpatroner","7":"product_cat-blackpatroner-toners","8":"product_cat-canon","9":"product_tag-pixma-ip1800","10":"product_tag-pixma-ip1900","11":"product_tag-pixma-ip2500","12":"product_tag-pixma-ip2600","13":"product_tag-pixma-mp140","14":"product_tag-pixma-mp190","15":"product_tag-pixma-mp210","16":"product_tag-pixma-mp220","17":"product_tag-pixma-mp470","19":"first","20":"instock","21":"taxable","22":"shipping-taxable","23":"purchasable","24":"product-type-simple"},"yoast_head":"<!-- This site is optimized with the Yoast SEO Premium plugin v26.7 (Yoast SEO v26.7) - https:\/\/yoast.com\/wordpress\/plugins\/seo\/ -->\n<title>Canon PG-37 Svart Original Bl\u00e4ckpatron. Med \u00e4kta bl\u00e4ck fr\u00e5n Canon<\/title>\n<meta name=\"description\" content=\"Canon PG-37 Svart Original Bl\u00e4ckpatron. Med detta \u00e4kta bl\u00e4ck fr\u00e5n Canon kan du k\u00e4nna dig s\u00e4ker p\u00e5 att din Canon-skrivare ger dig b\u00e4sta m\u00f6jliga resultat.\" \/>\n<meta name=\"robots\" content=\"index, follow, max-snippet:-1, max-image-preview:large, max-video-preview:-1\" \/>\n<link rel=\"canonical\" href=\"https:\/\/www.heddata.se\/webbutik\/produkt\/canon-pg-37-svart\/\" \/>\n<meta property=\"og:locale\" content=\"sv_SE\" \/>\n<meta property=\"og:type\" content=\"article\" \/>\n<meta property=\"og:title\" content=\"Canon PG-37 Svart Bl\u00e4ckpatron Original\" \/>\n<meta property=\"og:description\" content=\"Canon PG-37 Svart Original Bl\u00e4ckpatron. Med detta \u00e4kta bl\u00e4ck fr\u00e5n Canon kan du k\u00e4nna dig s\u00e4ker p\u00e5 att din Canon-skrivare ger dig b\u00e4sta m\u00f6jliga resultat.\" \/>\n<meta property=\"og:url\" content=\"https:\/\/www.heddata.se\/webbutik\/produkt\/canon-pg-37-svart\/\" \/>\n<meta property=\"og:site_name\" content=\"Datorer, Skrivare, F\u00e4rgpatroner, Mobiltelefoner\" \/>\n<meta property=\"article:modified_time\" content=\"2023-12-06T13:51:23+00:00\" \/>\n<meta property=\"og:image\" content=\"https:\/\/www.heddata.se\/webbutik\/wp-content\/uploads\/webbutik\/kategorier\/Blackpatroner-toners\/canon-pg-37-svart-original-blackpatron.jpg\" \/>\n\t<meta property=\"og:image:width\" content=\"600\" \/>\n\t<meta property=\"og:image:height\" content=\"600\" \/>\n\t<meta property=\"og:image:type\" content=\"image\/jpeg\" \/>\n<meta name=\"twitter:card\" content=\"summary_large_image\" \/>\n<meta name=\"twitter:label1\" content=\"Ber\u00e4knad l\u00e4stid\" \/>\n\t<meta name=\"twitter:data1\" content=\"1 minut\" \/>\n<script type=\"application\/ld+json\" class=\"yoast-schema-graph\">{\"@context\":\"https:\/\/schema.org\",\"@graph\":[{\"@type\":\"WebPage\",\"@id\":\"https:\/\/www.heddata.se\/webbutik\/produkt\/canon-pg-37-svart\/\",\"url\":\"https:\/\/www.heddata.se\/webbutik\/produkt\/canon-pg-37-svart\/\",\"name\":\"Canon PG-37 Svart Original Bl\u00e4ckpatron. Med \u00e4kta bl\u00e4ck fr\u00e5n Canon\",\"isPartOf\":{\"@id\":\"https:\/\/www.heddata.se\/webbutik\/#website\"},\"primaryImageOfPage\":{\"@id\":\"https:\/\/www.heddata.se\/webbutik\/produkt\/canon-pg-37-svart\/#primaryimage\"},\"image\":{\"@id\":\"https:\/\/www.heddata.se\/webbutik\/produkt\/canon-pg-37-svart\/#primaryimage\"},\"thumbnailUrl\":\"https:\/\/www.heddata.se\/webbutik\/wp-content\/uploads\/webbutik\/kategorier\/Blackpatroner-toners\/canon-pg-37-svart-original-blackpatron.jpg\",\"datePublished\":\"2019-10-07T06:17:27+00:00\",\"dateModified\":\"2023-12-06T13:51:23+00:00\",\"description\":\"Canon PG-37 Svart Original Bl\u00e4ckpatron. Med detta \u00e4kta bl\u00e4ck fr\u00e5n Canon kan du k\u00e4nna dig s\u00e4ker p\u00e5 att din Canon-skrivare ger dig b\u00e4sta m\u00f6jliga resultat.\",\"breadcrumb\":{\"@id\":\"https:\/\/www.heddata.se\/webbutik\/produkt\/canon-pg-37-svart\/#breadcrumb\"},\"inLanguage\":\"sv-SE\",\"potentialAction\":[{\"@type\":\"ReadAction\",\"target\":[\"https:\/\/www.heddata.se\/webbutik\/produkt\/canon-pg-37-svart\/\"]}]},{\"@type\":\"ImageObject\",\"inLanguage\":\"sv-SE\",\"@id\":\"https:\/\/www.heddata.se\/webbutik\/produkt\/canon-pg-37-svart\/#primaryimage\",\"url\":\"https:\/\/www.heddata.se\/webbutik\/wp-content\/uploads\/webbutik\/kategorier\/Blackpatroner-toners\/canon-pg-37-svart-original-blackpatron.jpg\",\"contentUrl\":\"https:\/\/www.heddata.se\/webbutik\/wp-content\/uploads\/webbutik\/kategorier\/Blackpatroner-toners\/canon-pg-37-svart-original-blackpatron.jpg\",\"width\":600,\"height\":600,\"caption\":\"Canon PG-37 Svart Bl\u00e4ckpatron Canon PG-37 Svart Bl\u00e4ckpatron OriginalOriginal\"},{\"@type\":\"BreadcrumbList\",\"@id\":\"https:\/\/www.heddata.se\/webbutik\/produkt\/canon-pg-37-svart\/#breadcrumb\",\"itemListElement\":[{\"@type\":\"ListItem\",\"position\":1,\"name\":\"Hem\",\"item\":\"https:\/\/www.heddata.se\/webbutik\/\"},{\"@type\":\"ListItem\",\"position\":2,\"name\":\"Produkter\",\"item\":\"https:\/\/www.heddata.se\/webbutik\/shop\/\"},{\"@type\":\"ListItem\",\"position\":3,\"name\":\"Canon PG-37 Svart Bl\u00e4ckpatron Original\"}]},{\"@type\":\"WebSite\",\"@id\":\"https:\/\/www.heddata.se\/webbutik\/#website\",\"url\":\"https:\/\/www.heddata.se\/webbutik\/\",\"name\":\"Datorer, Skrivare, F\u00e4rgpatroner, Mobiltelefoner\",\"description\":\"Kablar\",\"publisher\":{\"@id\":\"https:\/\/www.heddata.se\/webbutik\/#organization\"},\"potentialAction\":[{\"@type\":\"SearchAction\",\"target\":{\"@type\":\"EntryPoint\",\"urlTemplate\":\"https:\/\/www.heddata.se\/webbutik\/?s={search_term_string}\"},\"query-input\":{\"@type\":\"PropertyValueSpecification\",\"valueRequired\":true,\"valueName\":\"search_term_string\"}}],\"inLanguage\":\"sv-SE\"},{\"@type\":\"Organization\",\"@id\":\"https:\/\/www.heddata.se\/webbutik\/#organization\",\"name\":\"Heddata AB\",\"url\":\"https:\/\/www.heddata.se\/webbutik\/\",\"logo\":{\"@type\":\"ImageObject\",\"inLanguage\":\"sv-SE\",\"@id\":\"https:\/\/www.heddata.se\/webbutik\/#\/schema\/logo\/image\/\",\"url\":\"https:\/\/www.heddata.se\/webbutik\/wp-content\/uploads\/logga\/heddata-ab-logga.png\",\"contentUrl\":\"https:\/\/www.heddata.se\/webbutik\/wp-content\/uploads\/logga\/heddata-ab-logga.png\",\"width\":200,\"height\":64,\"caption\":\"Heddata AB\"},\"image\":{\"@id\":\"https:\/\/www.heddata.se\/webbutik\/#\/schema\/logo\/image\/\"}}]}<\/script>\n<!-- \/ Yoast SEO Premium plugin. -->","yoast_head_json":{"title":"Canon PG-37 Svart Original Bl\u00e4ckpatron. Med \u00e4kta bl\u00e4ck fr\u00e5n Canon","description":"Canon PG-37 Svart Original Bl\u00e4ckpatron. Med detta \u00e4kta bl\u00e4ck fr\u00e5n Canon kan du k\u00e4nna dig s\u00e4ker p\u00e5 att din Canon-skrivare ger dig b\u00e4sta m\u00f6jliga resultat.","robots":{"index":"index","follow":"follow","max-snippet":"max-snippet:-1","max-image-preview":"max-image-preview:large","max-video-preview":"max-video-preview:-1"},"canonical":"https:\/\/www.heddata.se\/webbutik\/produkt\/canon-pg-37-svart\/","og_locale":"sv_SE","og_type":"article","og_title":"Canon PG-37 Svart Bl\u00e4ckpatron Original","og_description":"Canon PG-37 Svart Original Bl\u00e4ckpatron. Med detta \u00e4kta bl\u00e4ck fr\u00e5n Canon kan du k\u00e4nna dig s\u00e4ker p\u00e5 att din Canon-skrivare ger dig b\u00e4sta m\u00f6jliga resultat.","og_url":"https:\/\/www.heddata.se\/webbutik\/produkt\/canon-pg-37-svart\/","og_site_name":"Datorer, Skrivare, F\u00e4rgpatroner, Mobiltelefoner","article_modified_time":"2023-12-06T13:51:23+00:00","og_image":[{"width":600,"height":600,"url":"https:\/\/www.heddata.se\/webbutik\/wp-content\/uploads\/webbutik\/kategorier\/Blackpatroner-toners\/canon-pg-37-svart-original-blackpatron.jpg","type":"image\/jpeg"}],"twitter_card":"summary_large_image","twitter_misc":{"Ber\u00e4knad l\u00e4stid":"1 minut"},"schema":{"@context":"https:\/\/schema.org","@graph":[{"@type":"WebPage","@id":"https:\/\/www.heddata.se\/webbutik\/produkt\/canon-pg-37-svart\/","url":"https:\/\/www.heddata.se\/webbutik\/produkt\/canon-pg-37-svart\/","name":"Canon PG-37 Svart Original Bl\u00e4ckpatron. Med \u00e4kta bl\u00e4ck fr\u00e5n Canon","isPartOf":{"@id":"https:\/\/www.heddata.se\/webbutik\/#website"},"primaryImageOfPage":{"@id":"https:\/\/www.heddata.se\/webbutik\/produkt\/canon-pg-37-svart\/#primaryimage"},"image":{"@id":"https:\/\/www.heddata.se\/webbutik\/produkt\/canon-pg-37-svart\/#primaryimage"},"thumbnailUrl":"https:\/\/www.heddata.se\/webbutik\/wp-content\/uploads\/webbutik\/kategorier\/Blackpatroner-toners\/canon-pg-37-svart-original-blackpatron.jpg","datePublished":"2019-10-07T06:17:27+00:00","dateModified":"2023-12-06T13:51:23+00:00","description":"Canon PG-37 Svart Original Bl\u00e4ckpatron. Med detta \u00e4kta bl\u00e4ck fr\u00e5n Canon kan du k\u00e4nna dig s\u00e4ker p\u00e5 att din Canon-skrivare ger dig b\u00e4sta m\u00f6jliga resultat.","breadcrumb":{"@id":"https:\/\/www.heddata.se\/webbutik\/produkt\/canon-pg-37-svart\/#breadcrumb"},"inLanguage":"sv-SE","potentialAction":[{"@type":"ReadAction","target":["https:\/\/www.heddata.se\/webbutik\/produkt\/canon-pg-37-svart\/"]}]},{"@type":"ImageObject","inLanguage":"sv-SE","@id":"https:\/\/www.heddata.se\/webbutik\/produkt\/canon-pg-37-svart\/#primaryimage","url":"https:\/\/www.heddata.se\/webbutik\/wp-content\/uploads\/webbutik\/kategorier\/Blackpatroner-toners\/canon-pg-37-svart-original-blackpatron.jpg","contentUrl":"https:\/\/www.heddata.se\/webbutik\/wp-content\/uploads\/webbutik\/kategorier\/Blackpatroner-toners\/canon-pg-37-svart-original-blackpatron.jpg","width":600,"height":600,"caption":"Canon PG-37 Svart Bl\u00e4ckpatron Canon PG-37 Svart Bl\u00e4ckpatron OriginalOriginal"},{"@type":"BreadcrumbList","@id":"https:\/\/www.heddata.se\/webbutik\/produkt\/canon-pg-37-svart\/#breadcrumb","itemListElement":[{"@type":"ListItem","position":1,"name":"Hem","item":"https:\/\/www.heddata.se\/webbutik\/"},{"@type":"ListItem","position":2,"name":"Produkter","item":"https:\/\/www.heddata.se\/webbutik\/shop\/"},{"@type":"ListItem","position":3,"name":"Canon PG-37 Svart Bl\u00e4ckpatron Original"}]},{"@type":"WebSite","@id":"https:\/\/www.heddata.se\/webbutik\/#website","url":"https:\/\/www.heddata.se\/webbutik\/","name":"Datorer, Skrivare, F\u00e4rgpatroner, Mobiltelefoner","description":"Kablar","publisher":{"@id":"https:\/\/www.heddata.se\/webbutik\/#organization"},"potentialAction":[{"@type":"SearchAction","target":{"@type":"EntryPoint","urlTemplate":"https:\/\/www.heddata.se\/webbutik\/?s={search_term_string}"},"query-input":{"@type":"PropertyValueSpecification","valueRequired":true,"valueName":"search_term_string"}}],"inLanguage":"sv-SE"},{"@type":"Organization","@id":"https:\/\/www.heddata.se\/webbutik\/#organization","name":"Heddata AB","url":"https:\/\/www.heddata.se\/webbutik\/","logo":{"@type":"ImageObject","inLanguage":"sv-SE","@id":"https:\/\/www.heddata.se\/webbutik\/#\/schema\/logo\/image\/","url":"https:\/\/www.heddata.se\/webbutik\/wp-content\/uploads\/logga\/heddata-ab-logga.png","contentUrl":"https:\/\/www.heddata.se\/webbutik\/wp-content\/uploads\/logga\/heddata-ab-logga.png","width":200,"height":64,"caption":"Heddata AB"},"image":{"@id":"https:\/\/www.heddata.se\/webbutik\/#\/schema\/logo\/image\/"}}]}},"_links":{"self":[{"href":"https:\/\/www.heddata.se\/webbutik\/wp-json\/wp\/v2\/product\/2503","targetHints":{"allow":["GET"]}}],"collection":[{"href":"https:\/\/www.heddata.se\/webbutik\/wp-json\/wp\/v2\/product"}],"about":[{"href":"https:\/\/www.heddata.se\/webbutik\/wp-json\/wp\/v2\/types\/product"}],"wp:featuredmedia":[{"embeddable":true,"href":"https:\/\/www.heddata.se\/webbutik\/wp-json\/wp\/v2\/media\/4954"}],"wp:attachment":[{"href":"https:\/\/www.heddata.se\/webbutik\/wp-json\/wp\/v2\/media?parent=2503"}],"wp:term":[{"taxonomy":"product_brand","embeddable":true,"href":"https:\/\/www.heddata.se\/webbutik\/wp-json\/wp\/v2\/product_brand?post=2503"},{"taxonomy":"product_cat","embeddable":true,"href":"https:\/\/www.heddata.se\/webbutik\/wp-json\/wp\/v2\/product_cat?post=2503"},{"taxonomy":"product_tag","embeddable":true,"href":"https:\/\/www.heddata.se\/webbutik\/wp-json\/wp\/v2\/product_tag?post=2503"}],"curies":[{"name":"wp","href":"https:\/\/api.w.org\/{rel}","templated":true}]}}