{"id":2496,"date":"2019-10-07T08:17:25","date_gmt":"2019-10-07T06:17:25","guid":{"rendered":"https:\/\/www.heddata.se\/webbutik\/produkt\/hp-ink-no-336-black-5ml\/"},"modified":"2026-05-04T18:09:14","modified_gmt":"2026-05-04T16:09:14","slug":"hp-336-svart-original","status":"publish","type":"product","link":"https:\/\/www.heddata.se\/webbutik\/produkt\/hp-336-svart-original\/","title":{"rendered":"HP 336 Svart Original Bl\u00e4ckpatron"},"content":{"rendered":"<p>HP 336 Svart Original <a href=\"https:\/\/www.heddata.se\/webbutik\/blackpatroner-toners\/blackpatroner\/\">Bl\u00e4ckpatron<\/a>. Denna patron anv\u00e4nds f\u00f6r utskrifter med HP:s Bl\u00e4ckstr\u00e5leskrivare. Genom att v\u00e4lja deras eget bl\u00e4ck kan du f\u00f6rs\u00e4kra dig om att dina utskrifter h\u00e5ller m\u00e5ttet. Det kladdar inte och flyter inte ut p\u00e5 papperet.<br \/>\nHP 336 ger en utskriftskvalitet likt laser med djup sv\u00e4rta och har ett st\u00f6rre motst\u00e5nd mot kladd n\u00e4r du anv\u00e4nder \u00f6verstrykningspennor.<\/p>\n<p>HP samlar in, \u00e5tervinner och \u00e5ters\u00e4ljer sina produkter i just nu(2019) 74 l\u00e4nder runt om i v\u00e4rlden. <a href=\"https:\/\/www8.hp.com\/us\/en\/hp-information\/environment\/product-recycling.html?jumpid=in_r138_us\/en\/corp\/sustainable_impact\/pillar-cross-section\/planet\">L\u00e4s mer om detta H\u00c4R.<\/a><\/p>\n<p>F\u00e4rg: Svart<br \/>\nM\u00e4ngd bl\u00e4ck: 5ml<br \/>\nUtskriftsteknik: <a href=\"https:\/\/www.heddata.se\/webbutik\/skrivare-blackstrale-monolaser\/blackstraleskrivare\/\">Bl\u00e4ckstr\u00e5skrivare<\/a><br \/>\nIdentifikationsnummer: 336<\/p>\n<p>Kompatibel med: HP Deskjet 5440, HP Deskjet 5440v, HP Deskjet 5440xi, HP Officejet 6313, HP Photosmart 2575, HP Photosmart 2575a, HP Photosmart 2575v, HP Photosmart 2575xi, HP Photosmart 2710, HP Photosmart 2710xi, HP Photosmart 2713, HP Photosmart C3170, HP Photosmart C3180<\/p>\n","protected":false},"excerpt":{"rendered":"<p>HP 336 Svart Original Bl\u00e4ckpatron<\/p>\n","protected":false},"featured_media":4783,"template":"","meta":[],"product_brand":[],"product_cat":[87,61,91],"product_tag":[720,721,722,687,688,723,724,725,726,727,728,729,690],"class_list":{"0":"post-2496","1":"product","2":"type-product","3":"status-publish","4":"has-post-thumbnail","6":"product_cat-blackpatroner","7":"product_cat-blackpatroner-toners","8":"product_cat-hp-blackpatroner","9":"product_tag-hp-deskjet-5440","10":"product_tag-hp-deskjet-5440v","11":"product_tag-hp-deskjet-5440xi","12":"product_tag-hp-officejet-6313","13":"product_tag-hp-photosmart-2575","14":"product_tag-hp-photosmart-2575a","15":"product_tag-hp-photosmart-2575v","16":"product_tag-hp-photosmart-2575xi","17":"product_tag-hp-photosmart-2710","18":"product_tag-hp-photosmart-2710xi","19":"product_tag-hp-photosmart-2713","20":"product_tag-hp-photosmart-c3170","21":"product_tag-hp-photosmart-c3180","23":"first","24":"instock","25":"taxable","26":"shipping-taxable","27":"purchasable","28":"product-type-simple"},"yoast_head":"<!-- This site is optimized with the Yoast SEO Premium plugin v26.7 (Yoast SEO v26.7) - https:\/\/yoast.com\/wordpress\/plugins\/seo\/ -->\n<title>HP 336 Svart Original Bl\u00e4ckpatron med bl\u00e4ck av h\u00f6g kvalitet<\/title>\n<meta name=\"description\" content=\"HP 336 Svart Original Bl\u00e4ckpatron. Genom att v\u00e4lja deras eget bl\u00e4ck kan du f\u00f6rs\u00e4kra dig om att dina utskrifter h\u00e5ller m\u00e5ttet\" \/>\n<meta name=\"robots\" content=\"index, follow, max-snippet:-1, max-image-preview:large, max-video-preview:-1\" \/>\n<link rel=\"canonical\" href=\"https:\/\/www.heddata.se\/webbutik\/produkt\/hp-336-svart-original\/\" \/>\n<meta property=\"og:locale\" content=\"sv_SE\" \/>\n<meta property=\"og:type\" content=\"article\" \/>\n<meta property=\"og:title\" content=\"HP 336 Svart Original Bl\u00e4ckpatron\" \/>\n<meta property=\"og:description\" content=\"HP 336 Svart Original Bl\u00e4ckpatron. Genom att v\u00e4lja deras eget bl\u00e4ck kan du f\u00f6rs\u00e4kra dig om att dina utskrifter h\u00e5ller m\u00e5ttet\" \/>\n<meta property=\"og:url\" content=\"https:\/\/www.heddata.se\/webbutik\/produkt\/hp-336-svart-original\/\" \/>\n<meta property=\"og:site_name\" content=\"Datorer, Skrivare, F\u00e4rgpatroner, Mobiltelefoner\" \/>\n<meta property=\"article:modified_time\" content=\"2026-05-04T16:09:14+00:00\" \/>\n<meta property=\"og:image\" content=\"https:\/\/www.heddata.se\/webbutik\/wp-content\/uploads\/webbutik\/kategorier\/Blackpatroner-toners\/hp-336-svart-original-blackpatron.jpg\" \/>\n\t<meta property=\"og:image:width\" content=\"1750\" \/>\n\t<meta property=\"og:image:height\" content=\"1285\" \/>\n\t<meta property=\"og:image:type\" content=\"image\/jpeg\" \/>\n<meta name=\"twitter:card\" content=\"summary_large_image\" \/>\n<meta name=\"twitter:label1\" content=\"Ber\u00e4knad l\u00e4stid\" \/>\n\t<meta name=\"twitter:data1\" content=\"1 minut\" \/>\n<script type=\"application\/ld+json\" class=\"yoast-schema-graph\">{\"@context\":\"https:\/\/schema.org\",\"@graph\":[{\"@type\":\"WebPage\",\"@id\":\"https:\/\/www.heddata.se\/webbutik\/produkt\/hp-336-svart-original\/\",\"url\":\"https:\/\/www.heddata.se\/webbutik\/produkt\/hp-336-svart-original\/\",\"name\":\"HP 336 Svart Original Bl\u00e4ckpatron med bl\u00e4ck av h\u00f6g kvalitet\",\"isPartOf\":{\"@id\":\"https:\/\/www.heddata.se\/webbutik\/#website\"},\"primaryImageOfPage\":{\"@id\":\"https:\/\/www.heddata.se\/webbutik\/produkt\/hp-336-svart-original\/#primaryimage\"},\"image\":{\"@id\":\"https:\/\/www.heddata.se\/webbutik\/produkt\/hp-336-svart-original\/#primaryimage\"},\"thumbnailUrl\":\"https:\/\/www.heddata.se\/webbutik\/wp-content\/uploads\/webbutik\/kategorier\/Blackpatroner-toners\/hp-336-svart-original-blackpatron.jpg\",\"datePublished\":\"2019-10-07T06:17:25+00:00\",\"dateModified\":\"2026-05-04T16:09:14+00:00\",\"description\":\"HP 336 Svart Original Bl\u00e4ckpatron. Genom att v\u00e4lja deras eget bl\u00e4ck kan du f\u00f6rs\u00e4kra dig om att dina utskrifter h\u00e5ller m\u00e5ttet\",\"breadcrumb\":{\"@id\":\"https:\/\/www.heddata.se\/webbutik\/produkt\/hp-336-svart-original\/#breadcrumb\"},\"inLanguage\":\"sv-SE\",\"potentialAction\":[{\"@type\":\"ReadAction\",\"target\":[\"https:\/\/www.heddata.se\/webbutik\/produkt\/hp-336-svart-original\/\"]}]},{\"@type\":\"ImageObject\",\"inLanguage\":\"sv-SE\",\"@id\":\"https:\/\/www.heddata.se\/webbutik\/produkt\/hp-336-svart-original\/#primaryimage\",\"url\":\"https:\/\/www.heddata.se\/webbutik\/wp-content\/uploads\/webbutik\/kategorier\/Blackpatroner-toners\/hp-336-svart-original-blackpatron.jpg\",\"contentUrl\":\"https:\/\/www.heddata.se\/webbutik\/wp-content\/uploads\/webbutik\/kategorier\/Blackpatroner-toners\/hp-336-svart-original-blackpatron.jpg\",\"width\":1750,\"height\":1285,\"caption\":\"HP 336 Svart Original Bl\u00e4ckpatron\"},{\"@type\":\"BreadcrumbList\",\"@id\":\"https:\/\/www.heddata.se\/webbutik\/produkt\/hp-336-svart-original\/#breadcrumb\",\"itemListElement\":[{\"@type\":\"ListItem\",\"position\":1,\"name\":\"Hem\",\"item\":\"https:\/\/www.heddata.se\/webbutik\/\"},{\"@type\":\"ListItem\",\"position\":2,\"name\":\"Produkter\",\"item\":\"https:\/\/www.heddata.se\/webbutik\/shop\/\"},{\"@type\":\"ListItem\",\"position\":3,\"name\":\"HP 336 Svart Original Bl\u00e4ckpatron\"}]},{\"@type\":\"WebSite\",\"@id\":\"https:\/\/www.heddata.se\/webbutik\/#website\",\"url\":\"https:\/\/www.heddata.se\/webbutik\/\",\"name\":\"Datorer, Skrivare, F\u00e4rgpatroner, Mobiltelefoner\",\"description\":\"Kablar\",\"publisher\":{\"@id\":\"https:\/\/www.heddata.se\/webbutik\/#organization\"},\"potentialAction\":[{\"@type\":\"SearchAction\",\"target\":{\"@type\":\"EntryPoint\",\"urlTemplate\":\"https:\/\/www.heddata.se\/webbutik\/?s={search_term_string}\"},\"query-input\":{\"@type\":\"PropertyValueSpecification\",\"valueRequired\":true,\"valueName\":\"search_term_string\"}}],\"inLanguage\":\"sv-SE\"},{\"@type\":\"Organization\",\"@id\":\"https:\/\/www.heddata.se\/webbutik\/#organization\",\"name\":\"Heddata AB\",\"url\":\"https:\/\/www.heddata.se\/webbutik\/\",\"logo\":{\"@type\":\"ImageObject\",\"inLanguage\":\"sv-SE\",\"@id\":\"https:\/\/www.heddata.se\/webbutik\/#\/schema\/logo\/image\/\",\"url\":\"https:\/\/www.heddata.se\/webbutik\/wp-content\/uploads\/logga\/heddata-ab-logga.png\",\"contentUrl\":\"https:\/\/www.heddata.se\/webbutik\/wp-content\/uploads\/logga\/heddata-ab-logga.png\",\"width\":200,\"height\":64,\"caption\":\"Heddata AB\"},\"image\":{\"@id\":\"https:\/\/www.heddata.se\/webbutik\/#\/schema\/logo\/image\/\"}}]}<\/script>\n<!-- \/ Yoast SEO Premium plugin. -->","yoast_head_json":{"title":"HP 336 Svart Original Bl\u00e4ckpatron med bl\u00e4ck av h\u00f6g kvalitet","description":"HP 336 Svart Original Bl\u00e4ckpatron. Genom att v\u00e4lja deras eget bl\u00e4ck kan du f\u00f6rs\u00e4kra dig om att dina utskrifter h\u00e5ller m\u00e5ttet","robots":{"index":"index","follow":"follow","max-snippet":"max-snippet:-1","max-image-preview":"max-image-preview:large","max-video-preview":"max-video-preview:-1"},"canonical":"https:\/\/www.heddata.se\/webbutik\/produkt\/hp-336-svart-original\/","og_locale":"sv_SE","og_type":"article","og_title":"HP 336 Svart Original Bl\u00e4ckpatron","og_description":"HP 336 Svart Original Bl\u00e4ckpatron. Genom att v\u00e4lja deras eget bl\u00e4ck kan du f\u00f6rs\u00e4kra dig om att dina utskrifter h\u00e5ller m\u00e5ttet","og_url":"https:\/\/www.heddata.se\/webbutik\/produkt\/hp-336-svart-original\/","og_site_name":"Datorer, Skrivare, F\u00e4rgpatroner, Mobiltelefoner","article_modified_time":"2026-05-04T16:09:14+00:00","og_image":[{"width":1750,"height":1285,"url":"https:\/\/www.heddata.se\/webbutik\/wp-content\/uploads\/webbutik\/kategorier\/Blackpatroner-toners\/hp-336-svart-original-blackpatron.jpg","type":"image\/jpeg"}],"twitter_card":"summary_large_image","twitter_misc":{"Ber\u00e4knad l\u00e4stid":"1 minut"},"schema":{"@context":"https:\/\/schema.org","@graph":[{"@type":"WebPage","@id":"https:\/\/www.heddata.se\/webbutik\/produkt\/hp-336-svart-original\/","url":"https:\/\/www.heddata.se\/webbutik\/produkt\/hp-336-svart-original\/","name":"HP 336 Svart Original Bl\u00e4ckpatron med bl\u00e4ck av h\u00f6g kvalitet","isPartOf":{"@id":"https:\/\/www.heddata.se\/webbutik\/#website"},"primaryImageOfPage":{"@id":"https:\/\/www.heddata.se\/webbutik\/produkt\/hp-336-svart-original\/#primaryimage"},"image":{"@id":"https:\/\/www.heddata.se\/webbutik\/produkt\/hp-336-svart-original\/#primaryimage"},"thumbnailUrl":"https:\/\/www.heddata.se\/webbutik\/wp-content\/uploads\/webbutik\/kategorier\/Blackpatroner-toners\/hp-336-svart-original-blackpatron.jpg","datePublished":"2019-10-07T06:17:25+00:00","dateModified":"2026-05-04T16:09:14+00:00","description":"HP 336 Svart Original Bl\u00e4ckpatron. Genom att v\u00e4lja deras eget bl\u00e4ck kan du f\u00f6rs\u00e4kra dig om att dina utskrifter h\u00e5ller m\u00e5ttet","breadcrumb":{"@id":"https:\/\/www.heddata.se\/webbutik\/produkt\/hp-336-svart-original\/#breadcrumb"},"inLanguage":"sv-SE","potentialAction":[{"@type":"ReadAction","target":["https:\/\/www.heddata.se\/webbutik\/produkt\/hp-336-svart-original\/"]}]},{"@type":"ImageObject","inLanguage":"sv-SE","@id":"https:\/\/www.heddata.se\/webbutik\/produkt\/hp-336-svart-original\/#primaryimage","url":"https:\/\/www.heddata.se\/webbutik\/wp-content\/uploads\/webbutik\/kategorier\/Blackpatroner-toners\/hp-336-svart-original-blackpatron.jpg","contentUrl":"https:\/\/www.heddata.se\/webbutik\/wp-content\/uploads\/webbutik\/kategorier\/Blackpatroner-toners\/hp-336-svart-original-blackpatron.jpg","width":1750,"height":1285,"caption":"HP 336 Svart Original Bl\u00e4ckpatron"},{"@type":"BreadcrumbList","@id":"https:\/\/www.heddata.se\/webbutik\/produkt\/hp-336-svart-original\/#breadcrumb","itemListElement":[{"@type":"ListItem","position":1,"name":"Hem","item":"https:\/\/www.heddata.se\/webbutik\/"},{"@type":"ListItem","position":2,"name":"Produkter","item":"https:\/\/www.heddata.se\/webbutik\/shop\/"},{"@type":"ListItem","position":3,"name":"HP 336 Svart Original Bl\u00e4ckpatron"}]},{"@type":"WebSite","@id":"https:\/\/www.heddata.se\/webbutik\/#website","url":"https:\/\/www.heddata.se\/webbutik\/","name":"Datorer, Skrivare, F\u00e4rgpatroner, Mobiltelefoner","description":"Kablar","publisher":{"@id":"https:\/\/www.heddata.se\/webbutik\/#organization"},"potentialAction":[{"@type":"SearchAction","target":{"@type":"EntryPoint","urlTemplate":"https:\/\/www.heddata.se\/webbutik\/?s={search_term_string}"},"query-input":{"@type":"PropertyValueSpecification","valueRequired":true,"valueName":"search_term_string"}}],"inLanguage":"sv-SE"},{"@type":"Organization","@id":"https:\/\/www.heddata.se\/webbutik\/#organization","name":"Heddata AB","url":"https:\/\/www.heddata.se\/webbutik\/","logo":{"@type":"ImageObject","inLanguage":"sv-SE","@id":"https:\/\/www.heddata.se\/webbutik\/#\/schema\/logo\/image\/","url":"https:\/\/www.heddata.se\/webbutik\/wp-content\/uploads\/logga\/heddata-ab-logga.png","contentUrl":"https:\/\/www.heddata.se\/webbutik\/wp-content\/uploads\/logga\/heddata-ab-logga.png","width":200,"height":64,"caption":"Heddata AB"},"image":{"@id":"https:\/\/www.heddata.se\/webbutik\/#\/schema\/logo\/image\/"}}]}},"_links":{"self":[{"href":"https:\/\/www.heddata.se\/webbutik\/wp-json\/wp\/v2\/product\/2496","targetHints":{"allow":["GET"]}}],"collection":[{"href":"https:\/\/www.heddata.se\/webbutik\/wp-json\/wp\/v2\/product"}],"about":[{"href":"https:\/\/www.heddata.se\/webbutik\/wp-json\/wp\/v2\/types\/product"}],"wp:featuredmedia":[{"embeddable":true,"href":"https:\/\/www.heddata.se\/webbutik\/wp-json\/wp\/v2\/media\/4783"}],"wp:attachment":[{"href":"https:\/\/www.heddata.se\/webbutik\/wp-json\/wp\/v2\/media?parent=2496"}],"wp:term":[{"taxonomy":"product_brand","embeddable":true,"href":"https:\/\/www.heddata.se\/webbutik\/wp-json\/wp\/v2\/product_brand?post=2496"},{"taxonomy":"product_cat","embeddable":true,"href":"https:\/\/www.heddata.se\/webbutik\/wp-json\/wp\/v2\/product_cat?post=2496"},{"taxonomy":"product_tag","embeddable":true,"href":"https:\/\/www.heddata.se\/webbutik\/wp-json\/wp\/v2\/product_tag?post=2496"}],"curies":[{"name":"wp","href":"https:\/\/api.w.org\/{rel}","templated":true}]}}