{"id":2410,"date":"2019-10-07T08:17:16","date_gmt":"2019-10-07T06:17:16","guid":{"rendered":"https:\/\/www.heddata.se\/webbutik\/produkt\/canon-pgi-520bk-svart-original-blacktank-for-pixma-ip3600-ip4\/"},"modified":"2026-05-08T18:10:20","modified_gmt":"2026-05-08T16:10:20","slug":"canon-pgi-520bk-svart","status":"publish","type":"product","link":"https:\/\/www.heddata.se\/webbutik\/produkt\/canon-pgi-520bk-svart\/","title":{"rendered":"Canon PGI-520BK Svart Original Bl\u00e4ckpatron"},"content":{"rendered":"<p>Canon PGI-520BK Svart Original <a href=\"https:\/\/www.heddata.se\/webbutik\/blackpatroner-toners\/blackpatroner\/\">Bl\u00e4ckpatron<\/a>. Denna Svarta bl\u00e4ckpatron ger dig upp till 341 A4-sidor. N\u00e4r du v\u00e4ljer att anv\u00e4nda Canons eget bl\u00e4ck till din Canon-skrivare kan du k\u00e4nna dig trygg i att du kommer f\u00e5 de b\u00e4sta utskrifterna din <a href=\"https:\/\/www.heddata.se\/webbutik\/skrivare-blackstrale-monolaser\/\">skrivare<\/a> kan ge dig. Samt att din maskin inte tar n\u00e5gon som helst skada vid utskrift. Denna bl\u00e4ckpatron \u00e4r framtagen av tillverkaren f\u00f6r att kunna jobba felfritt ihop med din Canon-skrivare.<\/p>\n<p>Tillverkare: <a href=\"https:\/\/www.canon.se\/\" target=\"_blank\" rel=\"noopener noreferrer\">Canon<\/a><br \/>\nF\u00e4rg: Svart<br \/>\nUtskriftsteknik: <a href=\"https:\/\/www.heddata.se\/webbutik\/skrivare-blackstrale-monolaser\/blackstraleskrivare\/\">Bl\u00e4ckstr\u00e5le<\/a><br \/>\nSidor: Upp till 341 sidor<br \/>\nKapacitet: 19 ml<\/p>\n<p>Kompatibel med: <span>PIXMA MP560, <\/span><i class=\"icon-dot list-dot\"><\/i><span>PIXMA MP550, <\/span><i class=\"icon-dot list-dot\"><\/i><span>PIXMA MP540x, <\/span><i class=\"icon-dot list-dot\"><\/i><span>PIXMA iP4700, <\/span><i class=\"icon-dot list-dot\"><\/i><span>PIXMA MP540, <\/span><i class=\"icon-dot list-dot\"><\/i><span>PIXMA iP4600x, <\/span><i class=\"icon-dot list-dot\"><\/i><span>PIXMA iP4600, <\/span><i class=\"icon-dot list-dot\"><\/i><span>PIXMA iP3600, <\/span><i class=\"icon-dot list-dot\"><\/i><span>PIXMA MX870, <\/span><i class=\"icon-dot list-dot\"><\/i><span>PIXMA MX860, <\/span><i class=\"icon-dot list-dot\"><\/i><span>PIXMA MP990, <\/span><i class=\"icon-dot list-dot\"><\/i><span>PIXMA MP630, <\/span><i class=\"icon-dot list-dot\"><\/i><span>PIXMA MP620B, <\/span><i class=\"icon-dot list-dot\"><\/i><span>PIXMA MP620, <\/span><i class=\"icon-dot list-dot\"><\/i><span>PIXMA MP980, <\/span><i class=\"icon-dot list-dot\"><\/i><span>PIXMA MP640<\/span><\/p>\n","protected":false},"excerpt":{"rendered":"<p>Canon PGI-520BK Svart Original Bl\u00e4ckpatron<\/p>\n","protected":false},"featured_media":5435,"template":"","meta":[],"product_brand":[],"product_cat":[87,61,93],"product_tag":[682,679,683,678,677,676,675,674,673,672,671,670,669,681,680,684],"class_list":{"0":"post-2410","1":"product","2":"type-product","3":"status-publish","4":"has-post-thumbnail","6":"product_cat-blackpatroner","7":"product_cat-blackpatroner-toners","8":"product_cat-canon","9":"product_tag-pixma-ip3600","10":"product_tag-pixma-ip4600","11":"product_tag-pixma-ip4600x","12":"product_tag-pixma-ip4700","13":"product_tag-pixma-mp540","14":"product_tag-pixma-mp540x","15":"product_tag-pixma-mp550","16":"product_tag-pixma-mp560","17":"product_tag-pixma-mp620","18":"product_tag-pixma-mp620b","19":"product_tag-pixma-mp630","20":"product_tag-pixma-mp640","21":"product_tag-pixma-mp980","22":"product_tag-pixma-mp990","23":"product_tag-pixma-mx860","24":"product_tag-pixma-mx870","26":"first","27":"instock","28":"taxable","29":"shipping-taxable","30":"purchasable","31":"product-type-simple"},"yoast_head":"<!-- This site is optimized with the Yoast SEO Premium plugin v26.7 (Yoast SEO v26.7) - https:\/\/yoast.com\/wordpress\/plugins\/seo\/ -->\n<title>Canon PGI-520BK Svart Original Bl\u00e4ckpatron med \u00e4kta bl\u00e4ck fr\u00e5n Canon<\/title>\n<meta name=\"description\" content=\"Canon PGI-520BK Svart Original Bl\u00e4ckpatron. Denna bl\u00e4ckpatron \u00e4r framtagen av tillverkaren f\u00f6r att kunna jobba felfritt ihop med din Canon-skrivare.\" \/>\n<meta name=\"robots\" content=\"index, follow, max-snippet:-1, max-image-preview:large, max-video-preview:-1\" \/>\n<link rel=\"canonical\" href=\"https:\/\/www.heddata.se\/webbutik\/produkt\/canon-pgi-520bk-svart\/\" \/>\n<meta property=\"og:locale\" content=\"sv_SE\" \/>\n<meta property=\"og:type\" content=\"article\" \/>\n<meta property=\"og:title\" content=\"Canon PGI-520BK Svart Original Bl\u00e4ckpatron\" \/>\n<meta property=\"og:description\" content=\"Canon PGI-520BK Svart Original Bl\u00e4ckpatron. Denna bl\u00e4ckpatron \u00e4r framtagen av tillverkaren f\u00f6r att kunna jobba felfritt ihop med din Canon-skrivare.\" \/>\n<meta property=\"og:url\" content=\"https:\/\/www.heddata.se\/webbutik\/produkt\/canon-pgi-520bk-svart\/\" \/>\n<meta property=\"og:site_name\" content=\"Datorer, Skrivare, F\u00e4rgpatroner, Mobiltelefoner\" \/>\n<meta property=\"article:modified_time\" content=\"2026-05-08T16:10:20+00:00\" \/>\n<meta property=\"og:image\" content=\"https:\/\/www.heddata.se\/webbutik\/wp-content\/uploads\/webbutik\/kategorier\/Blackpatroner-toners\/canon-pgi-520bk-svart-original-blackpatron.jpg\" \/>\n\t<meta property=\"og:image:width\" content=\"1500\" \/>\n\t<meta property=\"og:image:height\" content=\"1500\" \/>\n\t<meta property=\"og:image:type\" content=\"image\/jpeg\" \/>\n<meta name=\"twitter:card\" content=\"summary_large_image\" \/>\n<meta name=\"twitter:label1\" content=\"Ber\u00e4knad l\u00e4stid\" \/>\n\t<meta name=\"twitter:data1\" content=\"1 minut\" \/>\n<script type=\"application\/ld+json\" class=\"yoast-schema-graph\">{\"@context\":\"https:\/\/schema.org\",\"@graph\":[{\"@type\":\"WebPage\",\"@id\":\"https:\/\/www.heddata.se\/webbutik\/produkt\/canon-pgi-520bk-svart\/\",\"url\":\"https:\/\/www.heddata.se\/webbutik\/produkt\/canon-pgi-520bk-svart\/\",\"name\":\"Canon PGI-520BK Svart Original Bl\u00e4ckpatron med \u00e4kta bl\u00e4ck fr\u00e5n Canon\",\"isPartOf\":{\"@id\":\"https:\/\/www.heddata.se\/webbutik\/#website\"},\"primaryImageOfPage\":{\"@id\":\"https:\/\/www.heddata.se\/webbutik\/produkt\/canon-pgi-520bk-svart\/#primaryimage\"},\"image\":{\"@id\":\"https:\/\/www.heddata.se\/webbutik\/produkt\/canon-pgi-520bk-svart\/#primaryimage\"},\"thumbnailUrl\":\"https:\/\/www.heddata.se\/webbutik\/wp-content\/uploads\/webbutik\/kategorier\/Blackpatroner-toners\/canon-pgi-520bk-svart-original-blackpatron.jpg\",\"datePublished\":\"2019-10-07T06:17:16+00:00\",\"dateModified\":\"2026-05-08T16:10:20+00:00\",\"description\":\"Canon PGI-520BK Svart Original Bl\u00e4ckpatron. Denna bl\u00e4ckpatron \u00e4r framtagen av tillverkaren f\u00f6r att kunna jobba felfritt ihop med din Canon-skrivare.\",\"breadcrumb\":{\"@id\":\"https:\/\/www.heddata.se\/webbutik\/produkt\/canon-pgi-520bk-svart\/#breadcrumb\"},\"inLanguage\":\"sv-SE\",\"potentialAction\":[{\"@type\":\"ReadAction\",\"target\":[\"https:\/\/www.heddata.se\/webbutik\/produkt\/canon-pgi-520bk-svart\/\"]}]},{\"@type\":\"ImageObject\",\"inLanguage\":\"sv-SE\",\"@id\":\"https:\/\/www.heddata.se\/webbutik\/produkt\/canon-pgi-520bk-svart\/#primaryimage\",\"url\":\"https:\/\/www.heddata.se\/webbutik\/wp-content\/uploads\/webbutik\/kategorier\/Blackpatroner-toners\/canon-pgi-520bk-svart-original-blackpatron.jpg\",\"contentUrl\":\"https:\/\/www.heddata.se\/webbutik\/wp-content\/uploads\/webbutik\/kategorier\/Blackpatroner-toners\/canon-pgi-520bk-svart-original-blackpatron.jpg\",\"width\":1500,\"height\":1500,\"caption\":\"Canon PGI-520BK Svart Original Bl\u00e4ckpatron\"},{\"@type\":\"BreadcrumbList\",\"@id\":\"https:\/\/www.heddata.se\/webbutik\/produkt\/canon-pgi-520bk-svart\/#breadcrumb\",\"itemListElement\":[{\"@type\":\"ListItem\",\"position\":1,\"name\":\"Hem\",\"item\":\"https:\/\/www.heddata.se\/webbutik\/\"},{\"@type\":\"ListItem\",\"position\":2,\"name\":\"Produkter\",\"item\":\"https:\/\/www.heddata.se\/webbutik\/shop\/\"},{\"@type\":\"ListItem\",\"position\":3,\"name\":\"Canon PGI-520BK Svart Original Bl\u00e4ckpatron\"}]},{\"@type\":\"WebSite\",\"@id\":\"https:\/\/www.heddata.se\/webbutik\/#website\",\"url\":\"https:\/\/www.heddata.se\/webbutik\/\",\"name\":\"Datorer, Skrivare, F\u00e4rgpatroner, Mobiltelefoner\",\"description\":\"Kablar\",\"publisher\":{\"@id\":\"https:\/\/www.heddata.se\/webbutik\/#organization\"},\"potentialAction\":[{\"@type\":\"SearchAction\",\"target\":{\"@type\":\"EntryPoint\",\"urlTemplate\":\"https:\/\/www.heddata.se\/webbutik\/?s={search_term_string}\"},\"query-input\":{\"@type\":\"PropertyValueSpecification\",\"valueRequired\":true,\"valueName\":\"search_term_string\"}}],\"inLanguage\":\"sv-SE\"},{\"@type\":\"Organization\",\"@id\":\"https:\/\/www.heddata.se\/webbutik\/#organization\",\"name\":\"Heddata AB\",\"url\":\"https:\/\/www.heddata.se\/webbutik\/\",\"logo\":{\"@type\":\"ImageObject\",\"inLanguage\":\"sv-SE\",\"@id\":\"https:\/\/www.heddata.se\/webbutik\/#\/schema\/logo\/image\/\",\"url\":\"https:\/\/www.heddata.se\/webbutik\/wp-content\/uploads\/logga\/heddata-ab-logga.png\",\"contentUrl\":\"https:\/\/www.heddata.se\/webbutik\/wp-content\/uploads\/logga\/heddata-ab-logga.png\",\"width\":200,\"height\":64,\"caption\":\"Heddata AB\"},\"image\":{\"@id\":\"https:\/\/www.heddata.se\/webbutik\/#\/schema\/logo\/image\/\"}}]}<\/script>\n<!-- \/ Yoast SEO Premium plugin. -->","yoast_head_json":{"title":"Canon PGI-520BK Svart Original Bl\u00e4ckpatron med \u00e4kta bl\u00e4ck fr\u00e5n Canon","description":"Canon PGI-520BK Svart Original Bl\u00e4ckpatron. Denna bl\u00e4ckpatron \u00e4r framtagen av tillverkaren f\u00f6r att kunna jobba felfritt ihop med din Canon-skrivare.","robots":{"index":"index","follow":"follow","max-snippet":"max-snippet:-1","max-image-preview":"max-image-preview:large","max-video-preview":"max-video-preview:-1"},"canonical":"https:\/\/www.heddata.se\/webbutik\/produkt\/canon-pgi-520bk-svart\/","og_locale":"sv_SE","og_type":"article","og_title":"Canon PGI-520BK Svart Original Bl\u00e4ckpatron","og_description":"Canon PGI-520BK Svart Original Bl\u00e4ckpatron. Denna bl\u00e4ckpatron \u00e4r framtagen av tillverkaren f\u00f6r att kunna jobba felfritt ihop med din Canon-skrivare.","og_url":"https:\/\/www.heddata.se\/webbutik\/produkt\/canon-pgi-520bk-svart\/","og_site_name":"Datorer, Skrivare, F\u00e4rgpatroner, Mobiltelefoner","article_modified_time":"2026-05-08T16:10:20+00:00","og_image":[{"width":1500,"height":1500,"url":"https:\/\/www.heddata.se\/webbutik\/wp-content\/uploads\/webbutik\/kategorier\/Blackpatroner-toners\/canon-pgi-520bk-svart-original-blackpatron.jpg","type":"image\/jpeg"}],"twitter_card":"summary_large_image","twitter_misc":{"Ber\u00e4knad l\u00e4stid":"1 minut"},"schema":{"@context":"https:\/\/schema.org","@graph":[{"@type":"WebPage","@id":"https:\/\/www.heddata.se\/webbutik\/produkt\/canon-pgi-520bk-svart\/","url":"https:\/\/www.heddata.se\/webbutik\/produkt\/canon-pgi-520bk-svart\/","name":"Canon PGI-520BK Svart Original Bl\u00e4ckpatron med \u00e4kta bl\u00e4ck fr\u00e5n Canon","isPartOf":{"@id":"https:\/\/www.heddata.se\/webbutik\/#website"},"primaryImageOfPage":{"@id":"https:\/\/www.heddata.se\/webbutik\/produkt\/canon-pgi-520bk-svart\/#primaryimage"},"image":{"@id":"https:\/\/www.heddata.se\/webbutik\/produkt\/canon-pgi-520bk-svart\/#primaryimage"},"thumbnailUrl":"https:\/\/www.heddata.se\/webbutik\/wp-content\/uploads\/webbutik\/kategorier\/Blackpatroner-toners\/canon-pgi-520bk-svart-original-blackpatron.jpg","datePublished":"2019-10-07T06:17:16+00:00","dateModified":"2026-05-08T16:10:20+00:00","description":"Canon PGI-520BK Svart Original Bl\u00e4ckpatron. Denna bl\u00e4ckpatron \u00e4r framtagen av tillverkaren f\u00f6r att kunna jobba felfritt ihop med din Canon-skrivare.","breadcrumb":{"@id":"https:\/\/www.heddata.se\/webbutik\/produkt\/canon-pgi-520bk-svart\/#breadcrumb"},"inLanguage":"sv-SE","potentialAction":[{"@type":"ReadAction","target":["https:\/\/www.heddata.se\/webbutik\/produkt\/canon-pgi-520bk-svart\/"]}]},{"@type":"ImageObject","inLanguage":"sv-SE","@id":"https:\/\/www.heddata.se\/webbutik\/produkt\/canon-pgi-520bk-svart\/#primaryimage","url":"https:\/\/www.heddata.se\/webbutik\/wp-content\/uploads\/webbutik\/kategorier\/Blackpatroner-toners\/canon-pgi-520bk-svart-original-blackpatron.jpg","contentUrl":"https:\/\/www.heddata.se\/webbutik\/wp-content\/uploads\/webbutik\/kategorier\/Blackpatroner-toners\/canon-pgi-520bk-svart-original-blackpatron.jpg","width":1500,"height":1500,"caption":"Canon PGI-520BK Svart Original Bl\u00e4ckpatron"},{"@type":"BreadcrumbList","@id":"https:\/\/www.heddata.se\/webbutik\/produkt\/canon-pgi-520bk-svart\/#breadcrumb","itemListElement":[{"@type":"ListItem","position":1,"name":"Hem","item":"https:\/\/www.heddata.se\/webbutik\/"},{"@type":"ListItem","position":2,"name":"Produkter","item":"https:\/\/www.heddata.se\/webbutik\/shop\/"},{"@type":"ListItem","position":3,"name":"Canon PGI-520BK Svart Original Bl\u00e4ckpatron"}]},{"@type":"WebSite","@id":"https:\/\/www.heddata.se\/webbutik\/#website","url":"https:\/\/www.heddata.se\/webbutik\/","name":"Datorer, Skrivare, F\u00e4rgpatroner, Mobiltelefoner","description":"Kablar","publisher":{"@id":"https:\/\/www.heddata.se\/webbutik\/#organization"},"potentialAction":[{"@type":"SearchAction","target":{"@type":"EntryPoint","urlTemplate":"https:\/\/www.heddata.se\/webbutik\/?s={search_term_string}"},"query-input":{"@type":"PropertyValueSpecification","valueRequired":true,"valueName":"search_term_string"}}],"inLanguage":"sv-SE"},{"@type":"Organization","@id":"https:\/\/www.heddata.se\/webbutik\/#organization","name":"Heddata AB","url":"https:\/\/www.heddata.se\/webbutik\/","logo":{"@type":"ImageObject","inLanguage":"sv-SE","@id":"https:\/\/www.heddata.se\/webbutik\/#\/schema\/logo\/image\/","url":"https:\/\/www.heddata.se\/webbutik\/wp-content\/uploads\/logga\/heddata-ab-logga.png","contentUrl":"https:\/\/www.heddata.se\/webbutik\/wp-content\/uploads\/logga\/heddata-ab-logga.png","width":200,"height":64,"caption":"Heddata AB"},"image":{"@id":"https:\/\/www.heddata.se\/webbutik\/#\/schema\/logo\/image\/"}}]}},"_links":{"self":[{"href":"https:\/\/www.heddata.se\/webbutik\/wp-json\/wp\/v2\/product\/2410","targetHints":{"allow":["GET"]}}],"collection":[{"href":"https:\/\/www.heddata.se\/webbutik\/wp-json\/wp\/v2\/product"}],"about":[{"href":"https:\/\/www.heddata.se\/webbutik\/wp-json\/wp\/v2\/types\/product"}],"wp:featuredmedia":[{"embeddable":true,"href":"https:\/\/www.heddata.se\/webbutik\/wp-json\/wp\/v2\/media\/5435"}],"wp:attachment":[{"href":"https:\/\/www.heddata.se\/webbutik\/wp-json\/wp\/v2\/media?parent=2410"}],"wp:term":[{"taxonomy":"product_brand","embeddable":true,"href":"https:\/\/www.heddata.se\/webbutik\/wp-json\/wp\/v2\/product_brand?post=2410"},{"taxonomy":"product_cat","embeddable":true,"href":"https:\/\/www.heddata.se\/webbutik\/wp-json\/wp\/v2\/product_cat?post=2410"},{"taxonomy":"product_tag","embeddable":true,"href":"https:\/\/www.heddata.se\/webbutik\/wp-json\/wp\/v2\/product_tag?post=2410"}],"curies":[{"name":"wp","href":"https:\/\/api.w.org\/{rel}","templated":true}]}}