{"id":1973,"date":"2019-09-16T10:36:39","date_gmt":"2019-09-16T08:36:39","guid":{"rendered":"https:\/\/www.heddata.se\/webbutik\/?post_type=product&#038;p=1973"},"modified":"2026-05-05T18:12:09","modified_gmt":"2026-05-05T16:12:09","slug":"igo-usb-charger-dc-certfied-apple-tip-igo68002","status":"publish","type":"product","link":"https:\/\/www.heddata.se\/webbutik\/produkt\/igo-usb-charger-dc-certfied-apple-tip-igo68002\/","title":{"rendered":"iGo USB Charger DC + certfied Apple Tip, IGO68002"},"content":{"rendered":"<h4 id=\"tw-target-text\" class=\"tw-data-text tw-text-large tw-ta\" data-placeholder=\"\u00d6vers\u00e4ttning\"><span lang=\"sv\">iGo USB Charger DC<\/span><\/h4>\n<p class=\"tw-data-text tw-text-large tw-ta\" dir=\"ltr\" data-placeholder=\"\u00d6vers\u00e4ttning\"><span lang=\"sv\">iGo USB Charger DC laddar iPhone, iPod och m\u00e5nga andra enheter via v\u00e4gguttaget. Den medf\u00f6ljande iGo Charge &amp; Sync-kabel + Apple Dock-anslutningsspets l\u00e5ter dig ladda och synkronisera din Apple-enhet. Dessutom kan den h\u00e4r laddaren ocks\u00e5 anv\u00e4ndas med andra USB-kablar ock <a href=\"https:\/\/www.heddata.se\/webbutik\/produkt\/igo-tip-a97-microusb\/\">anslutningsspetsar.<\/a> Ocks\u00e5 perfekt f\u00f6r resor. Ingen sp\u00e4nningsomvandlare kr\u00e4vs. Kompatibel med: iPads, iPhone 4, 3GS, 3G m.m.<\/span><\/p>\n","protected":false},"excerpt":{"rendered":"<p>iGo USB Charger DC iGo USB Charger DC laddar iPhone, iPod och m\u00e5nga andra enheter via v\u00e4gguttaget. Den medf\u00f6ljande iGo Charge &amp; Sync-kabel + Apple Dock-anslutningsspets l\u00e5ter dig ladda och synkronisera din Apple-enhet. Dessutom kan den h\u00e4r laddaren ocks\u00e5 anv\u00e4ndas med andra USB-kablar ock anslutningsspetsar. Ocks\u00e5 perfekt f\u00f6r resor. Ingen sp\u00e4nningsomvandlare kr\u00e4vs. Kompatibel med: iPads, [&#8230;]\n","protected":false},"featured_media":68779,"template":"","meta":[],"product_brand":[],"product_cat":[198,118,69,123],"product_tag":[],"class_list":{"0":"post-1973","1":"product","2":"type-product","3":"status-publish","4":"has-post-thumbnail","6":"product_cat-ovrigt","7":"product_cat-telefonladdare","8":"product_cat-telefontillbehor","9":"product_cat-vaggladdare","11":"first","12":"instock","13":"sale","14":"taxable","15":"shipping-taxable","16":"purchasable","17":"product-type-simple"},"yoast_head":"<!-- This site is optimized with the Yoast SEO Premium plugin v26.7 (Yoast SEO v26.7) - https:\/\/yoast.com\/wordpress\/plugins\/seo\/ -->\n<title>iGo USB Charger DC laddar iPhone, iPod och m\u00e5nga andra enheter<\/title>\n<meta name=\"description\" content=\"iGo USB Charger DC + certfied Apple Tip, IGO68002 laddar iPhone, iPod och m\u00e5nga andra enheter via v\u00e4gguttaget olika laddningsspetsar\" \/>\n<meta name=\"robots\" content=\"index, follow, max-snippet:-1, max-image-preview:large, max-video-preview:-1\" \/>\n<link rel=\"canonical\" href=\"https:\/\/www.heddata.se\/webbutik\/produkt\/igo-usb-charger-dc-certfied-apple-tip-igo68002\/\" \/>\n<meta property=\"og:locale\" content=\"sv_SE\" \/>\n<meta property=\"og:type\" content=\"article\" \/>\n<meta property=\"og:title\" content=\"iGo USB Charger DC + certfied Apple Tip, IGO68002\" \/>\n<meta property=\"og:description\" content=\"iGo USB Charger DC + certfied Apple Tip, IGO68002 laddar iPhone, iPod och m\u00e5nga andra enheter via v\u00e4gguttaget olika laddningsspetsar\" \/>\n<meta property=\"og:url\" content=\"https:\/\/www.heddata.se\/webbutik\/produkt\/igo-usb-charger-dc-certfied-apple-tip-igo68002\/\" \/>\n<meta property=\"og:site_name\" content=\"Datorer, Skrivare, F\u00e4rgpatroner, Mobiltelefoner\" \/>\n<meta property=\"article:modified_time\" content=\"2026-05-05T16:12:09+00:00\" \/>\n<meta property=\"og:image\" content=\"https:\/\/www.heddata.se\/webbutik\/wp-content\/uploads\/igo-laddare.jpg\" \/>\n\t<meta property=\"og:image:width\" content=\"500\" \/>\n\t<meta property=\"og:image:height\" content=\"500\" \/>\n\t<meta property=\"og:image:type\" content=\"image\/jpeg\" \/>\n<meta name=\"twitter:card\" content=\"summary_large_image\" \/>\n<script type=\"application\/ld+json\" class=\"yoast-schema-graph\">{\"@context\":\"https:\/\/schema.org\",\"@graph\":[{\"@type\":\"WebPage\",\"@id\":\"https:\/\/www.heddata.se\/webbutik\/produkt\/igo-usb-charger-dc-certfied-apple-tip-igo68002\/\",\"url\":\"https:\/\/www.heddata.se\/webbutik\/produkt\/igo-usb-charger-dc-certfied-apple-tip-igo68002\/\",\"name\":\"iGo USB Charger DC laddar iPhone, iPod och m\u00e5nga andra enheter\",\"isPartOf\":{\"@id\":\"https:\/\/www.heddata.se\/webbutik\/#website\"},\"primaryImageOfPage\":{\"@id\":\"https:\/\/www.heddata.se\/webbutik\/produkt\/igo-usb-charger-dc-certfied-apple-tip-igo68002\/#primaryimage\"},\"image\":{\"@id\":\"https:\/\/www.heddata.se\/webbutik\/produkt\/igo-usb-charger-dc-certfied-apple-tip-igo68002\/#primaryimage\"},\"thumbnailUrl\":\"https:\/\/www.heddata.se\/webbutik\/wp-content\/uploads\/igo-laddare.jpg\",\"datePublished\":\"2019-09-16T08:36:39+00:00\",\"dateModified\":\"2026-05-05T16:12:09+00:00\",\"description\":\"iGo USB Charger DC + certfied Apple Tip, IGO68002 laddar iPhone, iPod och m\u00e5nga andra enheter via v\u00e4gguttaget olika laddningsspetsar\",\"breadcrumb\":{\"@id\":\"https:\/\/www.heddata.se\/webbutik\/produkt\/igo-usb-charger-dc-certfied-apple-tip-igo68002\/#breadcrumb\"},\"inLanguage\":\"sv-SE\",\"potentialAction\":[{\"@type\":\"ReadAction\",\"target\":[\"https:\/\/www.heddata.se\/webbutik\/produkt\/igo-usb-charger-dc-certfied-apple-tip-igo68002\/\"]}]},{\"@type\":\"ImageObject\",\"inLanguage\":\"sv-SE\",\"@id\":\"https:\/\/www.heddata.se\/webbutik\/produkt\/igo-usb-charger-dc-certfied-apple-tip-igo68002\/#primaryimage\",\"url\":\"https:\/\/www.heddata.se\/webbutik\/wp-content\/uploads\/igo-laddare.jpg\",\"contentUrl\":\"https:\/\/www.heddata.se\/webbutik\/wp-content\/uploads\/igo-laddare.jpg\",\"width\":500,\"height\":500,\"caption\":\"iGo USB Charger DC\"},{\"@type\":\"BreadcrumbList\",\"@id\":\"https:\/\/www.heddata.se\/webbutik\/produkt\/igo-usb-charger-dc-certfied-apple-tip-igo68002\/#breadcrumb\",\"itemListElement\":[{\"@type\":\"ListItem\",\"position\":1,\"name\":\"Hem\",\"item\":\"https:\/\/www.heddata.se\/webbutik\/\"},{\"@type\":\"ListItem\",\"position\":2,\"name\":\"Produkter\",\"item\":\"https:\/\/www.heddata.se\/webbutik\/shop\/\"},{\"@type\":\"ListItem\",\"position\":3,\"name\":\"iGo USB Charger DC + certfied Apple Tip, IGO68002\"}]},{\"@type\":\"WebSite\",\"@id\":\"https:\/\/www.heddata.se\/webbutik\/#website\",\"url\":\"https:\/\/www.heddata.se\/webbutik\/\",\"name\":\"Datorer, Skrivare, F\u00e4rgpatroner, Mobiltelefoner\",\"description\":\"Kablar\",\"publisher\":{\"@id\":\"https:\/\/www.heddata.se\/webbutik\/#organization\"},\"potentialAction\":[{\"@type\":\"SearchAction\",\"target\":{\"@type\":\"EntryPoint\",\"urlTemplate\":\"https:\/\/www.heddata.se\/webbutik\/?s={search_term_string}\"},\"query-input\":{\"@type\":\"PropertyValueSpecification\",\"valueRequired\":true,\"valueName\":\"search_term_string\"}}],\"inLanguage\":\"sv-SE\"},{\"@type\":\"Organization\",\"@id\":\"https:\/\/www.heddata.se\/webbutik\/#organization\",\"name\":\"Heddata AB\",\"url\":\"https:\/\/www.heddata.se\/webbutik\/\",\"logo\":{\"@type\":\"ImageObject\",\"inLanguage\":\"sv-SE\",\"@id\":\"https:\/\/www.heddata.se\/webbutik\/#\/schema\/logo\/image\/\",\"url\":\"https:\/\/www.heddata.se\/webbutik\/wp-content\/uploads\/logga\/heddata-ab-logga.png\",\"contentUrl\":\"https:\/\/www.heddata.se\/webbutik\/wp-content\/uploads\/logga\/heddata-ab-logga.png\",\"width\":200,\"height\":64,\"caption\":\"Heddata AB\"},\"image\":{\"@id\":\"https:\/\/www.heddata.se\/webbutik\/#\/schema\/logo\/image\/\"}}]}<\/script>\n<!-- \/ Yoast SEO Premium plugin. -->","yoast_head_json":{"title":"iGo USB Charger DC laddar iPhone, iPod och m\u00e5nga andra enheter","description":"iGo USB Charger DC + certfied Apple Tip, IGO68002 laddar iPhone, iPod och m\u00e5nga andra enheter via v\u00e4gguttaget olika laddningsspetsar","robots":{"index":"index","follow":"follow","max-snippet":"max-snippet:-1","max-image-preview":"max-image-preview:large","max-video-preview":"max-video-preview:-1"},"canonical":"https:\/\/www.heddata.se\/webbutik\/produkt\/igo-usb-charger-dc-certfied-apple-tip-igo68002\/","og_locale":"sv_SE","og_type":"article","og_title":"iGo USB Charger DC + certfied Apple Tip, IGO68002","og_description":"iGo USB Charger DC + certfied Apple Tip, IGO68002 laddar iPhone, iPod och m\u00e5nga andra enheter via v\u00e4gguttaget olika laddningsspetsar","og_url":"https:\/\/www.heddata.se\/webbutik\/produkt\/igo-usb-charger-dc-certfied-apple-tip-igo68002\/","og_site_name":"Datorer, Skrivare, F\u00e4rgpatroner, Mobiltelefoner","article_modified_time":"2026-05-05T16:12:09+00:00","og_image":[{"width":500,"height":500,"url":"https:\/\/www.heddata.se\/webbutik\/wp-content\/uploads\/igo-laddare.jpg","type":"image\/jpeg"}],"twitter_card":"summary_large_image","schema":{"@context":"https:\/\/schema.org","@graph":[{"@type":"WebPage","@id":"https:\/\/www.heddata.se\/webbutik\/produkt\/igo-usb-charger-dc-certfied-apple-tip-igo68002\/","url":"https:\/\/www.heddata.se\/webbutik\/produkt\/igo-usb-charger-dc-certfied-apple-tip-igo68002\/","name":"iGo USB Charger DC laddar iPhone, iPod och m\u00e5nga andra enheter","isPartOf":{"@id":"https:\/\/www.heddata.se\/webbutik\/#website"},"primaryImageOfPage":{"@id":"https:\/\/www.heddata.se\/webbutik\/produkt\/igo-usb-charger-dc-certfied-apple-tip-igo68002\/#primaryimage"},"image":{"@id":"https:\/\/www.heddata.se\/webbutik\/produkt\/igo-usb-charger-dc-certfied-apple-tip-igo68002\/#primaryimage"},"thumbnailUrl":"https:\/\/www.heddata.se\/webbutik\/wp-content\/uploads\/igo-laddare.jpg","datePublished":"2019-09-16T08:36:39+00:00","dateModified":"2026-05-05T16:12:09+00:00","description":"iGo USB Charger DC + certfied Apple Tip, IGO68002 laddar iPhone, iPod och m\u00e5nga andra enheter via v\u00e4gguttaget olika laddningsspetsar","breadcrumb":{"@id":"https:\/\/www.heddata.se\/webbutik\/produkt\/igo-usb-charger-dc-certfied-apple-tip-igo68002\/#breadcrumb"},"inLanguage":"sv-SE","potentialAction":[{"@type":"ReadAction","target":["https:\/\/www.heddata.se\/webbutik\/produkt\/igo-usb-charger-dc-certfied-apple-tip-igo68002\/"]}]},{"@type":"ImageObject","inLanguage":"sv-SE","@id":"https:\/\/www.heddata.se\/webbutik\/produkt\/igo-usb-charger-dc-certfied-apple-tip-igo68002\/#primaryimage","url":"https:\/\/www.heddata.se\/webbutik\/wp-content\/uploads\/igo-laddare.jpg","contentUrl":"https:\/\/www.heddata.se\/webbutik\/wp-content\/uploads\/igo-laddare.jpg","width":500,"height":500,"caption":"iGo USB Charger DC"},{"@type":"BreadcrumbList","@id":"https:\/\/www.heddata.se\/webbutik\/produkt\/igo-usb-charger-dc-certfied-apple-tip-igo68002\/#breadcrumb","itemListElement":[{"@type":"ListItem","position":1,"name":"Hem","item":"https:\/\/www.heddata.se\/webbutik\/"},{"@type":"ListItem","position":2,"name":"Produkter","item":"https:\/\/www.heddata.se\/webbutik\/shop\/"},{"@type":"ListItem","position":3,"name":"iGo USB Charger DC + certfied Apple Tip, IGO68002"}]},{"@type":"WebSite","@id":"https:\/\/www.heddata.se\/webbutik\/#website","url":"https:\/\/www.heddata.se\/webbutik\/","name":"Datorer, Skrivare, F\u00e4rgpatroner, Mobiltelefoner","description":"Kablar","publisher":{"@id":"https:\/\/www.heddata.se\/webbutik\/#organization"},"potentialAction":[{"@type":"SearchAction","target":{"@type":"EntryPoint","urlTemplate":"https:\/\/www.heddata.se\/webbutik\/?s={search_term_string}"},"query-input":{"@type":"PropertyValueSpecification","valueRequired":true,"valueName":"search_term_string"}}],"inLanguage":"sv-SE"},{"@type":"Organization","@id":"https:\/\/www.heddata.se\/webbutik\/#organization","name":"Heddata AB","url":"https:\/\/www.heddata.se\/webbutik\/","logo":{"@type":"ImageObject","inLanguage":"sv-SE","@id":"https:\/\/www.heddata.se\/webbutik\/#\/schema\/logo\/image\/","url":"https:\/\/www.heddata.se\/webbutik\/wp-content\/uploads\/logga\/heddata-ab-logga.png","contentUrl":"https:\/\/www.heddata.se\/webbutik\/wp-content\/uploads\/logga\/heddata-ab-logga.png","width":200,"height":64,"caption":"Heddata AB"},"image":{"@id":"https:\/\/www.heddata.se\/webbutik\/#\/schema\/logo\/image\/"}}]}},"_links":{"self":[{"href":"https:\/\/www.heddata.se\/webbutik\/wp-json\/wp\/v2\/product\/1973","targetHints":{"allow":["GET"]}}],"collection":[{"href":"https:\/\/www.heddata.se\/webbutik\/wp-json\/wp\/v2\/product"}],"about":[{"href":"https:\/\/www.heddata.se\/webbutik\/wp-json\/wp\/v2\/types\/product"}],"wp:featuredmedia":[{"embeddable":true,"href":"https:\/\/www.heddata.se\/webbutik\/wp-json\/wp\/v2\/media\/68779"}],"wp:attachment":[{"href":"https:\/\/www.heddata.se\/webbutik\/wp-json\/wp\/v2\/media?parent=1973"}],"wp:term":[{"taxonomy":"product_brand","embeddable":true,"href":"https:\/\/www.heddata.se\/webbutik\/wp-json\/wp\/v2\/product_brand?post=1973"},{"taxonomy":"product_cat","embeddable":true,"href":"https:\/\/www.heddata.se\/webbutik\/wp-json\/wp\/v2\/product_cat?post=1973"},{"taxonomy":"product_tag","embeddable":true,"href":"https:\/\/www.heddata.se\/webbutik\/wp-json\/wp\/v2\/product_tag?post=1973"}],"curies":[{"name":"wp","href":"https:\/\/api.w.org\/{rel}","templated":true}]}}